[INFO] cloning repository https://github.com/Siddid-Soni/advent-of-code-2024
[INFO] running `Command { std: "git" "-c" "credential.helper=" "-c" "credential.helper=/workspace/cargo-home/bin/git-credential-null" "clone" "--bare" "https://github.com/Siddid-Soni/advent-of-code-2024" "/workspace/cache/git-repos/https%3A%2F%2Fgithub.com%2FSiddid-Soni%2Fadvent-of-code-2024", kill_on_drop: false }`
[INFO] [stderr] Cloning into bare repository '/workspace/cache/git-repos/https%3A%2F%2Fgithub.com%2FSiddid-Soni%2Fadvent-of-code-2024'...
[INFO] running `Command { std: "git" "rev-parse" "HEAD", kill_on_drop: false }`
[INFO] [stdout] 1bc3a8a01d7b312416e9f5a3c3a18a446364e9ee
[INFO] testing Siddid-Soni/advent-of-code-2024 against 1.83.0 for beta-1.84.0-4-retry
[INFO] running `Command { std: "git" "clone" "/workspace/cache/git-repos/https%3A%2F%2Fgithub.com%2FSiddid-Soni%2Fadvent-of-code-2024" "/workspace/builds/worker-3-tc1/source", kill_on_drop: false }`
[INFO] [stderr] Cloning into '/workspace/builds/worker-3-tc1/source'...
[INFO] [stderr] done.
[INFO] validating manifest of git repo https://github.com/Siddid-Soni/advent-of-code-2024 on toolchain 1.83.0
[INFO] running `Command { std: CARGO_HOME="/workspace/cargo-home" RUSTUP_HOME="/workspace/rustup-home" "/workspace/cargo-home/bin/cargo" "+1.83.0" "metadata" "--manifest-path" "Cargo.toml" "--no-deps", kill_on_drop: false }`
[INFO] started tweaking git repo https://github.com/Siddid-Soni/advent-of-code-2024
[INFO] finished tweaking git repo https://github.com/Siddid-Soni/advent-of-code-2024
[INFO] tweaked toml for git repo https://github.com/Siddid-Soni/advent-of-code-2024 written to /workspace/builds/worker-3-tc1/source/Cargo.toml
[INFO] crate git repo https://github.com/Siddid-Soni/advent-of-code-2024 already has a lockfile, it will not be regenerated
[INFO] running `Command { std: CARGO_HOME="/workspace/cargo-home" RUSTUP_HOME="/workspace/rustup-home" "/workspace/cargo-home/bin/cargo" "+1.83.0" "fetch" "--manifest-path" "Cargo.toml", kill_on_drop: false }`
[INFO] [stderr]     Blocking waiting for file lock on package cache
[INFO] [stderr]     Updating crates.io index
[INFO] [stderr]  Downloading crates ...
[INFO] [stderr]   Downloaded cached_proc_macro v0.23.0
[INFO] [stderr]   Downloaded divan-macros v0.1.17
[INFO] [stderr]   Downloaded code-timing-macros v0.0.5
[INFO] [stderr]   Downloaded condtype v1.3.0
[INFO] [stderr]   Downloaded divan v0.1.17
[INFO] [stderr]   Downloaded cached v0.54.0
[INFO] running `Command { std: "docker" "create" "-v" "/var/lib/crater-agent-workspace/builds/worker-3-tc1/target:/opt/rustwide/target:rw,Z" "-v" "/var/lib/crater-agent-workspace/builds/worker-3-tc1/source:/opt/rustwide/workdir:ro,Z" "-v" "/var/lib/crater-agent-workspace/cargo-home:/opt/rustwide/cargo-home:ro,Z" "-v" "/var/lib/crater-agent-workspace/rustup-home:/opt/rustwide/rustup-home:ro,Z" "-e" "SOURCE_DIR=/opt/rustwide/workdir" "-e" "CARGO_TARGET_DIR=/opt/rustwide/target" "-e" "CARGO_HOME=/opt/rustwide/cargo-home" "-e" "RUSTUP_HOME=/opt/rustwide/rustup-home" "-w" "/opt/rustwide/workdir" "-m" "1610612736" "--user" "0:0" "--network" "none" "ghcr.io/rust-lang/crates-build-env/linux@sha256:f3a9d4ad9d972b27faf3965f35b62e55ba32bbce8f20bc8fe909558a86702fde" "/opt/rustwide/cargo-home/bin/cargo" "+1.83.0" "metadata" "--no-deps" "--format-version=1", kill_on_drop: false }`
[INFO] [stdout] 88530ea54e26f56d6e17860c19fe23b404dcac088e343b9c9f7578a9204b443d
[INFO] running `Command { std: "docker" "start" "-a" "88530ea54e26f56d6e17860c19fe23b404dcac088e343b9c9f7578a9204b443d", kill_on_drop: false }`
[INFO] running `Command { std: "docker" "inspect" "88530ea54e26f56d6e17860c19fe23b404dcac088e343b9c9f7578a9204b443d", kill_on_drop: false }`
[INFO] running `Command { std: "docker" "rm" "-f" "88530ea54e26f56d6e17860c19fe23b404dcac088e343b9c9f7578a9204b443d", kill_on_drop: false }`
[INFO] [stdout] 88530ea54e26f56d6e17860c19fe23b404dcac088e343b9c9f7578a9204b443d
[INFO] running `Command { std: "docker" "create" "-v" "/var/lib/crater-agent-workspace/builds/worker-3-tc1/target:/opt/rustwide/target:rw,Z" "-v" "/var/lib/crater-agent-workspace/builds/worker-3-tc1/source:/opt/rustwide/workdir:ro,Z" "-v" "/var/lib/crater-agent-workspace/cargo-home:/opt/rustwide/cargo-home:ro,Z" "-v" "/var/lib/crater-agent-workspace/rustup-home:/opt/rustwide/rustup-home:ro,Z" "-e" "SOURCE_DIR=/opt/rustwide/workdir" "-e" "CARGO_TARGET_DIR=/opt/rustwide/target" "-e" "CARGO_INCREMENTAL=0" "-e" "RUST_BACKTRACE=full" "-e" "RUSTFLAGS=--cap-lints=warn" "-e" "RUSTDOCFLAGS=--cap-lints=warn" "-e" "CARGO_HOME=/opt/rustwide/cargo-home" "-e" "RUSTUP_HOME=/opt/rustwide/rustup-home" "-w" "/opt/rustwide/workdir" "-m" "1610612736" "--user" "0:0" "--network" "none" "ghcr.io/rust-lang/crates-build-env/linux@sha256:f3a9d4ad9d972b27faf3965f35b62e55ba32bbce8f20bc8fe909558a86702fde" "/opt/rustwide/cargo-home/bin/cargo" "+1.83.0" "build" "--frozen" "--message-format=json", kill_on_drop: false }`
[INFO] [stdout] 42b7ac2ff7016c1cf2dd0d3dad79c7bcbbfda6f17c417bfdd9e3b663d39fb346
[INFO] running `Command { std: "docker" "start" "-a" "42b7ac2ff7016c1cf2dd0d3dad79c7bcbbfda6f17c417bfdd9e3b663d39fb346", kill_on_drop: false }`
[INFO] [stderr] warning: output filename collision.
[INFO] [stderr] The bin target `part1` in package `day-02 v0.1.0 (/opt/rustwide/workdir/day-02)` has the same output filename as the bin target `part1` in package `day-01 v0.1.0 (/opt/rustwide/workdir/day-01)`.
[INFO] [stderr] Colliding filename is: /opt/rustwide/target/debug/part1
[INFO] [stderr] The targets should have unique names.
[INFO] [stderr] Consider changing their names to be unique or compiling them separately.
[INFO] [stderr] This may become a hard error in the future; see <https://github.com/rust-lang/cargo/issues/6313>.
[INFO] [stderr] warning: output filename collision.
[INFO] [stderr] The bin target `part1` in package `day-02 v0.1.0 (/opt/rustwide/workdir/day-02)` has the same output filename as the bin target `part1` in package `day-01 v0.1.0 (/opt/rustwide/workdir/day-01)`.
[INFO] [stderr] Colliding filename is: /opt/rustwide/target/debug/part1.dwp
[INFO] [stderr] The targets should have unique names.
[INFO] [stderr] Consider changing their names to be unique or compiling them separately.
[INFO] [stderr] This may become a hard error in the future; see <https://github.com/rust-lang/cargo/issues/6313>.
[INFO] [stderr] warning: output filename collision.
[INFO] [stderr] The bin target `part2` in package `day-02 v0.1.0 (/opt/rustwide/workdir/day-02)` has the same output filename as the bin target `part2` in package `day-01 v0.1.0 (/opt/rustwide/workdir/day-01)`.
[INFO] [stderr] Colliding filename is: /opt/rustwide/target/debug/part2
[INFO] [stderr] The targets should have unique names.
[INFO] [stderr] Consider changing their names to be unique or compiling them separately.
[INFO] [stderr] This may become a hard error in the future; see <https://github.com/rust-lang/cargo/issues/6313>.
[INFO] [stderr] warning: output filename collision.
[INFO] [stderr] The bin target `part2` in package `day-02 v0.1.0 (/opt/rustwide/workdir/day-02)` has the same output filename as the bin target `part2` in package `day-01 v0.1.0 (/opt/rustwide/workdir/day-01)`.
[INFO] [stderr] Colliding filename is: /opt/rustwide/target/debug/part2.dwp
[INFO] [stderr] The targets should have unique names.
[INFO] [stderr] Consider changing their names to be unique or compiling them separately.
[INFO] [stderr] This may become a hard error in the future; see <https://github.com/rust-lang/cargo/issues/6313>.
[INFO] [stderr] warning: output filename collision.
[INFO] [stderr] The bin target `part1` in package `day-03 v0.1.0 (/opt/rustwide/workdir/day-03)` has the same output filename as the bin target `part1` in package `day-02 v0.1.0 (/opt/rustwide/workdir/day-02)`.
[INFO] [stderr] Colliding filename is: /opt/rustwide/target/debug/part1
[INFO] [stderr] The targets should have unique names.
[INFO] [stderr] Consider changing their names to be unique or compiling them separately.
[INFO] [stderr] This may become a hard error in the future; see <https://github.com/rust-lang/cargo/issues/6313>.
[INFO] [stderr] warning: output filename collision.
[INFO] [stderr] The bin target `part1` in package `day-03 v0.1.0 (/opt/rustwide/workdir/day-03)` has the same output filename as the bin target `part1` in package `day-02 v0.1.0 (/opt/rustwide/workdir/day-02)`.
[INFO] [stderr] Colliding filename is: /opt/rustwide/target/debug/part1.dwp
[INFO] [stderr] The targets should have unique names.
[INFO] [stderr] Consider changing their names to be unique or compiling them separately.
[INFO] [stderr] This may become a hard error in the future; see <https://github.com/rust-lang/cargo/issues/6313>.
[INFO] [stderr] warning: output filename collision.
[INFO] [stderr] The bin target `part2` in package `day-03 v0.1.0 (/opt/rustwide/workdir/day-03)` has the same output filename as the bin target `part2` in package `day-02 v0.1.0 (/opt/rustwide/workdir/day-02)`.
[INFO] [stderr] Colliding filename is: /opt/rustwide/target/debug/part2
[INFO] [stderr] The targets should have unique names.
[INFO] [stderr] Consider changing their names to be unique or compiling them separately.
[INFO] [stderr] This may become a hard error in the future; see <https://github.com/rust-lang/cargo/issues/6313>.
[INFO] [stderr] warning: output filename collision.
[INFO] [stderr] The bin target `part2` in package `day-03 v0.1.0 (/opt/rustwide/workdir/day-03)` has the same output filename as the bin target `part2` in package `day-02 v0.1.0 (/opt/rustwide/workdir/day-02)`.
[INFO] [stderr] Colliding filename is: /opt/rustwide/target/debug/part2.dwp
[INFO] [stderr] The targets should have unique names.
[INFO] [stderr] Consider changing their names to be unique or compiling them separately.
[INFO] [stderr] This may become a hard error in the future; see <https://github.com/rust-lang/cargo/issues/6313>.
[INFO] [stderr] warning: output filename collision.
[INFO] [stderr] The bin target `part1` in package `day-04 v0.1.0 (/opt/rustwide/workdir/day-04)` has the same output filename as the bin target `part1` in package `day-03 v0.1.0 (/opt/rustwide/workdir/day-03)`.
[INFO] [stderr] Colliding filename is: /opt/rustwide/target/debug/part1
[INFO] [stderr] The targets should have unique names.
[INFO] [stderr] Consider changing their names to be unique or compiling them separately.
[INFO] [stderr] This may become a hard error in the future; see <https://github.com/rust-lang/cargo/issues/6313>.
[INFO] [stderr] warning: output filename collision.
[INFO] [stderr] The bin target `part1` in package `day-04 v0.1.0 (/opt/rustwide/workdir/day-04)` has the same output filename as the bin target `part1` in package `day-03 v0.1.0 (/opt/rustwide/workdir/day-03)`.
[INFO] [stderr] Colliding filename is: /opt/rustwide/target/debug/part1.dwp
[INFO] [stderr] The targets should have unique names.
[INFO] [stderr] Consider changing their names to be unique or compiling them separately.
[INFO] [stderr] This may become a hard error in the future; see <https://github.com/rust-lang/cargo/issues/6313>.
[INFO] [stderr] warning: output filename collision.
[INFO] [stderr] The bin target `part2` in package `day-04 v0.1.0 (/opt/rustwide/workdir/day-04)` has the same output filename as the bin target `part2` in package `day-03 v0.1.0 (/opt/rustwide/workdir/day-03)`.
[INFO] [stderr] Colliding filename is: /opt/rustwide/target/debug/part2
[INFO] [stderr] The targets should have unique names.
[INFO] [stderr] Consider changing their names to be unique or compiling them separately.
[INFO] [stderr] This may become a hard error in the future; see <https://github.com/rust-lang/cargo/issues/6313>.
[INFO] [stderr] warning: output filename collision.
[INFO] [stderr] The bin target `part2` in package `day-04 v0.1.0 (/opt/rustwide/workdir/day-04)` has the same output filename as the bin target `part2` in package `day-03 v0.1.0 (/opt/rustwide/workdir/day-03)`.
[INFO] [stderr] Colliding filename is: /opt/rustwide/target/debug/part2.dwp
[INFO] [stderr] The targets should have unique names.
[INFO] [stderr] Consider changing their names to be unique or compiling them separately.
[INFO] [stderr] This may become a hard error in the future; see <https://github.com/rust-lang/cargo/issues/6313>.
[INFO] [stderr] warning: output filename collision.
[INFO] [stderr] The bin target `part1` in package `day-05 v0.1.0 (/opt/rustwide/workdir/day-05)` has the same output filename as the bin target `part1` in package `day-04 v0.1.0 (/opt/rustwide/workdir/day-04)`.
[INFO] [stderr] Colliding filename is: /opt/rustwide/target/debug/part1
[INFO] [stderr] The targets should have unique names.
[INFO] [stderr] Consider changing their names to be unique or compiling them separately.
[INFO] [stderr] This may become a hard error in the future; see <https://github.com/rust-lang/cargo/issues/6313>.
[INFO] [stderr] warning: output filename collision.
[INFO] [stderr] The bin target `part1` in package `day-05 v0.1.0 (/opt/rustwide/workdir/day-05)` has the same output filename as the bin target `part1` in package `day-04 v0.1.0 (/opt/rustwide/workdir/day-04)`.
[INFO] [stderr] Colliding filename is: /opt/rustwide/target/debug/part1.dwp
[INFO] [stderr] The targets should have unique names.
[INFO] [stderr] Consider changing their names to be unique or compiling them separately.
[INFO] [stderr] This may become a hard error in the future; see <https://github.com/rust-lang/cargo/issues/6313>.
[INFO] [stderr] warning: output filename collision.
[INFO] [stderr] The bin target `part2` in package `day-05 v0.1.0 (/opt/rustwide/workdir/day-05)` has the same output filename as the bin target `part2` in package `day-04 v0.1.0 (/opt/rustwide/workdir/day-04)`.
[INFO] [stderr] Colliding filename is: /opt/rustwide/target/debug/part2
[INFO] [stderr] The targets should have unique names.
[INFO] [stderr] Consider changing their names to be unique or compiling them separately.
[INFO] [stderr] This may become a hard error in the future; see <https://github.com/rust-lang/cargo/issues/6313>.
[INFO] [stderr] warning: output filename collision.
[INFO] [stderr] The bin target `part2` in package `day-05 v0.1.0 (/opt/rustwide/workdir/day-05)` has the same output filename as the bin target `part2` in package `day-04 v0.1.0 (/opt/rustwide/workdir/day-04)`.
[INFO] [stderr] Colliding filename is: /opt/rustwide/target/debug/part2.dwp
[INFO] [stderr] The targets should have unique names.
[INFO] [stderr] Consider changing their names to be unique or compiling them separately.
[INFO] [stderr] This may become a hard error in the future; see <https://github.com/rust-lang/cargo/issues/6313>.
[INFO] [stderr] warning: output filename collision.
[INFO] [stderr] The bin target `part1` in package `day-06 v0.1.0 (/opt/rustwide/workdir/day-06)` has the same output filename as the bin target `part1` in package `day-05 v0.1.0 (/opt/rustwide/workdir/day-05)`.
[INFO] [stderr] Colliding filename is: /opt/rustwide/target/debug/part1
[INFO] [stderr] The targets should have unique names.
[INFO] [stderr] Consider changing their names to be unique or compiling them separately.
[INFO] [stderr] This may become a hard error in the future; see <https://github.com/rust-lang/cargo/issues/6313>.
[INFO] [stderr] warning: output filename collision.
[INFO] [stderr] The bin target `part1` in package `day-06 v0.1.0 (/opt/rustwide/workdir/day-06)` has the same output filename as the bin target `part1` in package `day-05 v0.1.0 (/opt/rustwide/workdir/day-05)`.
[INFO] [stderr] Colliding filename is: /opt/rustwide/target/debug/part1.dwp
[INFO] [stderr] The targets should have unique names.
[INFO] [stderr] Consider changing their names to be unique or compiling them separately.
[INFO] [stderr] This may become a hard error in the future; see <https://github.com/rust-lang/cargo/issues/6313>.
[INFO] [stderr] warning: output filename collision.
[INFO] [stderr] The bin target `part2` in package `day-06 v0.1.0 (/opt/rustwide/workdir/day-06)` has the same output filename as the bin target `part2` in package `day-05 v0.1.0 (/opt/rustwide/workdir/day-05)`.
[INFO] [stderr] Colliding filename is: /opt/rustwide/target/debug/part2
[INFO] [stderr] The targets should have unique names.
[INFO] [stderr] Consider changing their names to be unique or compiling them separately.
[INFO] [stderr] This may become a hard error in the future; see <https://github.com/rust-lang/cargo/issues/6313>.
[INFO] [stderr] warning: output filename collision.
[INFO] [stderr] The bin target `part2` in package `day-06 v0.1.0 (/opt/rustwide/workdir/day-06)` has the same output filename as the bin target `part2` in package `day-05 v0.1.0 (/opt/rustwide/workdir/day-05)`.
[INFO] [stderr] Colliding filename is: /opt/rustwide/target/debug/part2.dwp
[INFO] [stderr] The targets should have unique names.
[INFO] [stderr] Consider changing their names to be unique or compiling them separately.
[INFO] [stderr] This may become a hard error in the future; see <https://github.com/rust-lang/cargo/issues/6313>.
[INFO] [stderr] warning: output filename collision.
[INFO] [stderr] The bin target `part1` in package `day-07 v0.1.0 (/opt/rustwide/workdir/day-07)` has the same output filename as the bin target `part1` in package `day-06 v0.1.0 (/opt/rustwide/workdir/day-06)`.
[INFO] [stderr] Colliding filename is: /opt/rustwide/target/debug/part1
[INFO] [stderr] The targets should have unique names.
[INFO] [stderr] Consider changing their names to be unique or compiling them separately.
[INFO] [stderr] This may become a hard error in the future; see <https://github.com/rust-lang/cargo/issues/6313>.
[INFO] [stderr] warning: output filename collision.
[INFO] [stderr] The bin target `part1` in package `day-07 v0.1.0 (/opt/rustwide/workdir/day-07)` has the same output filename as the bin target `part1` in package `day-06 v0.1.0 (/opt/rustwide/workdir/day-06)`.
[INFO] [stderr] Colliding filename is: /opt/rustwide/target/debug/part1.dwp
[INFO] [stderr] The targets should have unique names.
[INFO] [stderr] Consider changing their names to be unique or compiling them separately.
[INFO] [stderr] This may become a hard error in the future; see <https://github.com/rust-lang/cargo/issues/6313>.
[INFO] [stderr] warning: output filename collision.
[INFO] [stderr] The bin target `part2` in package `day-07 v0.1.0 (/opt/rustwide/workdir/day-07)` has the same output filename as the bin target `part2` in package `day-06 v0.1.0 (/opt/rustwide/workdir/day-06)`.
[INFO] [stderr] Colliding filename is: /opt/rustwide/target/debug/part2
[INFO] [stderr] The targets should have unique names.
[INFO] [stderr] Consider changing their names to be unique or compiling them separately.
[INFO] [stderr] This may become a hard error in the future; see <https://github.com/rust-lang/cargo/issues/6313>.
[INFO] [stderr] warning: output filename collision.
[INFO] [stderr] The bin target `part2` in package `day-07 v0.1.0 (/opt/rustwide/workdir/day-07)` has the same output filename as the bin target `part2` in package `day-06 v0.1.0 (/opt/rustwide/workdir/day-06)`.
[INFO] [stderr] Colliding filename is: /opt/rustwide/target/debug/part2.dwp
[INFO] [stderr] The targets should have unique names.
[INFO] [stderr] Consider changing their names to be unique or compiling them separately.
[INFO] [stderr] This may become a hard error in the future; see <https://github.com/rust-lang/cargo/issues/6313>.
[INFO] [stderr] warning: output filename collision.
[INFO] [stderr] The bin target `part1` in package `day-08 v0.1.0 (/opt/rustwide/workdir/day-08)` has the same output filename as the bin target `part1` in package `day-07 v0.1.0 (/opt/rustwide/workdir/day-07)`.
[INFO] [stderr] Colliding filename is: /opt/rustwide/target/debug/part1
[INFO] [stderr] The targets should have unique names.
[INFO] [stderr] Consider changing their names to be unique or compiling them separately.
[INFO] [stderr] This may become a hard error in the future; see <https://github.com/rust-lang/cargo/issues/6313>.
[INFO] [stderr] warning: output filename collision.
[INFO] [stderr] The bin target `part1` in package `day-08 v0.1.0 (/opt/rustwide/workdir/day-08)` has the same output filename as the bin target `part1` in package `day-07 v0.1.0 (/opt/rustwide/workdir/day-07)`.
[INFO] [stderr] Colliding filename is: /opt/rustwide/target/debug/part1.dwp
[INFO] [stderr] The targets should have unique names.
[INFO] [stderr] Consider changing their names to be unique or compiling them separately.
[INFO] [stderr] This may become a hard error in the future; see <https://github.com/rust-lang/cargo/issues/6313>.
[INFO] [stderr] warning: output filename collision.
[INFO] [stderr] The bin target `part2` in package `day-08 v0.1.0 (/opt/rustwide/workdir/day-08)` has the same output filename as the bin target `part2` in package `day-07 v0.1.0 (/opt/rustwide/workdir/day-07)`.
[INFO] [stderr] Colliding filename is: /opt/rustwide/target/debug/part2
[INFO] [stderr] The targets should have unique names.
[INFO] [stderr] Consider changing their names to be unique or compiling them separately.
[INFO] [stderr] This may become a hard error in the future; see <https://github.com/rust-lang/cargo/issues/6313>.
[INFO] [stderr] warning: output filename collision.
[INFO] [stderr] The bin target `part2` in package `day-08 v0.1.0 (/opt/rustwide/workdir/day-08)` has the same output filename as the bin target `part2` in package `day-07 v0.1.0 (/opt/rustwide/workdir/day-07)`.
[INFO] [stderr] Colliding filename is: /opt/rustwide/target/debug/part2.dwp
[INFO] [stderr] The targets should have unique names.
[INFO] [stderr] Consider changing their names to be unique or compiling them separately.
[INFO] [stderr] This may become a hard error in the future; see <https://github.com/rust-lang/cargo/issues/6313>.
[INFO] [stderr] warning: output filename collision.
[INFO] [stderr] The bin target `part1` in package `day-09 v0.1.0 (/opt/rustwide/workdir/day-09)` has the same output filename as the bin target `part1` in package `day-08 v0.1.0 (/opt/rustwide/workdir/day-08)`.
[INFO] [stderr] Colliding filename is: /opt/rustwide/target/debug/part1
[INFO] [stderr] The targets should have unique names.
[INFO] [stderr] Consider changing their names to be unique or compiling them separately.
[INFO] [stderr] This may become a hard error in the future; see <https://github.com/rust-lang/cargo/issues/6313>.
[INFO] [stderr] warning: output filename collision.
[INFO] [stderr] The bin target `part1` in package `day-09 v0.1.0 (/opt/rustwide/workdir/day-09)` has the same output filename as the bin target `part1` in package `day-08 v0.1.0 (/opt/rustwide/workdir/day-08)`.
[INFO] [stderr] Colliding filename is: /opt/rustwide/target/debug/part1.dwp
[INFO] [stderr] The targets should have unique names.
[INFO] [stderr] Consider changing their names to be unique or compiling them separately.
[INFO] [stderr] This may become a hard error in the future; see <https://github.com/rust-lang/cargo/issues/6313>.
[INFO] [stderr] warning: output filename collision.
[INFO] [stderr] The bin target `part2` in package `day-09 v0.1.0 (/opt/rustwide/workdir/day-09)` has the same output filename as the bin target `part2` in package `day-08 v0.1.0 (/opt/rustwide/workdir/day-08)`.
[INFO] [stderr] Colliding filename is: /opt/rustwide/target/debug/part2
[INFO] [stderr] The targets should have unique names.
[INFO] [stderr] Consider changing their names to be unique or compiling them separately.
[INFO] [stderr] This may become a hard error in the future; see <https://github.com/rust-lang/cargo/issues/6313>.
[INFO] [stderr] warning: output filename collision.
[INFO] [stderr] The bin target `part2` in package `day-09 v0.1.0 (/opt/rustwide/workdir/day-09)` has the same output filename as the bin target `part2` in package `day-08 v0.1.0 (/opt/rustwide/workdir/day-08)`.
[INFO] [stderr] Colliding filename is: /opt/rustwide/target/debug/part2.dwp
[INFO] [stderr] The targets should have unique names.
[INFO] [stderr] Consider changing their names to be unique or compiling them separately.
[INFO] [stderr] This may become a hard error in the future; see <https://github.com/rust-lang/cargo/issues/6313>.
[INFO] [stderr] warning: output filename collision.
[INFO] [stderr] The bin target `part1` in package `day-10 v0.1.0 (/opt/rustwide/workdir/day-10)` has the same output filename as the bin target `part1` in package `day-09 v0.1.0 (/opt/rustwide/workdir/day-09)`.
[INFO] [stderr] Colliding filename is: /opt/rustwide/target/debug/part1
[INFO] [stderr] The targets should have unique names.
[INFO] [stderr] Consider changing their names to be unique or compiling them separately.
[INFO] [stderr] This may become a hard error in the future; see <https://github.com/rust-lang/cargo/issues/6313>.
[INFO] [stderr] warning: output filename collision.
[INFO] [stderr] The bin target `part1` in package `day-10 v0.1.0 (/opt/rustwide/workdir/day-10)` has the same output filename as the bin target `part1` in package `day-09 v0.1.0 (/opt/rustwide/workdir/day-09)`.
[INFO] [stderr] Colliding filename is: /opt/rustwide/target/debug/part1.dwp
[INFO] [stderr] The targets should have unique names.
[INFO] [stderr] Consider changing their names to be unique or compiling them separately.
[INFO] [stderr] This may become a hard error in the future; see <https://github.com/rust-lang/cargo/issues/6313>.
[INFO] [stderr] warning: output filename collision.
[INFO] [stderr] The bin target `part2` in package `day-10 v0.1.0 (/opt/rustwide/workdir/day-10)` has the same output filename as the bin target `part2` in package `day-09 v0.1.0 (/opt/rustwide/workdir/day-09)`.
[INFO] [stderr] Colliding filename is: /opt/rustwide/target/debug/part2
[INFO] [stderr] The targets should have unique names.
[INFO] [stderr] Consider changing their names to be unique or compiling them separately.
[INFO] [stderr] This may become a hard error in the future; see <https://github.com/rust-lang/cargo/issues/6313>.
[INFO] [stderr] warning: output filename collision.
[INFO] [stderr] The bin target `part2` in package `day-10 v0.1.0 (/opt/rustwide/workdir/day-10)` has the same output filename as the bin target `part2` in package `day-09 v0.1.0 (/opt/rustwide/workdir/day-09)`.
[INFO] [stderr] Colliding filename is: /opt/rustwide/target/debug/part2.dwp
[INFO] [stderr] The targets should have unique names.
[INFO] [stderr] Consider changing their names to be unique or compiling them separately.
[INFO] [stderr] This may become a hard error in the future; see <https://github.com/rust-lang/cargo/issues/6313>.
[INFO] [stderr] warning: output filename collision.
[INFO] [stderr] The bin target `part1` in package `day-11 v0.1.0 (/opt/rustwide/workdir/day-11)` has the same output filename as the bin target `part1` in package `day-10 v0.1.0 (/opt/rustwide/workdir/day-10)`.
[INFO] [stderr] Colliding filename is: /opt/rustwide/target/debug/part1
[INFO] [stderr] The targets should have unique names.
[INFO] [stderr] Consider changing their names to be unique or compiling them separately.
[INFO] [stderr] This may become a hard error in the future; see <https://github.com/rust-lang/cargo/issues/6313>.
[INFO] [stderr] warning: output filename collision.
[INFO] [stderr] The bin target `part1` in package `day-11 v0.1.0 (/opt/rustwide/workdir/day-11)` has the same output filename as the bin target `part1` in package `day-10 v0.1.0 (/opt/rustwide/workdir/day-10)`.
[INFO] [stderr] Colliding filename is: /opt/rustwide/target/debug/part1.dwp
[INFO] [stderr] The targets should have unique names.
[INFO] [stderr] Consider changing their names to be unique or compiling them separately.
[INFO] [stderr] This may become a hard error in the future; see <https://github.com/rust-lang/cargo/issues/6313>.
[INFO] [stderr] warning: output filename collision.
[INFO] [stderr] The bin target `part2` in package `day-11 v0.1.0 (/opt/rustwide/workdir/day-11)` has the same output filename as the bin target `part2` in package `day-10 v0.1.0 (/opt/rustwide/workdir/day-10)`.
[INFO] [stderr] Colliding filename is: /opt/rustwide/target/debug/part2
[INFO] [stderr] The targets should have unique names.
[INFO] [stderr] Consider changing their names to be unique or compiling them separately.
[INFO] [stderr] This may become a hard error in the future; see <https://github.com/rust-lang/cargo/issues/6313>.
[INFO] [stderr] warning: output filename collision.
[INFO] [stderr] The bin target `part2` in package `day-11 v0.1.0 (/opt/rustwide/workdir/day-11)` has the same output filename as the bin target `part2` in package `day-10 v0.1.0 (/opt/rustwide/workdir/day-10)`.
[INFO] [stderr] Colliding filename is: /opt/rustwide/target/debug/part2.dwp
[INFO] [stderr] The targets should have unique names.
[INFO] [stderr] Consider changing their names to be unique or compiling them separately.
[INFO] [stderr] This may become a hard error in the future; see <https://github.com/rust-lang/cargo/issues/6313>.
[INFO] [stderr] warning: output filename collision.
[INFO] [stderr] The bin target `part1` in package `day-12 v0.1.0 (/opt/rustwide/workdir/day-12)` has the same output filename as the bin target `part1` in package `day-11 v0.1.0 (/opt/rustwide/workdir/day-11)`.
[INFO] [stderr] Colliding filename is: /opt/rustwide/target/debug/part1
[INFO] [stderr] The targets should have unique names.
[INFO] [stderr] Consider changing their names to be unique or compiling them separately.
[INFO] [stderr] This may become a hard error in the future; see <https://github.com/rust-lang/cargo/issues/6313>.
[INFO] [stderr] warning: output filename collision.
[INFO] [stderr] The bin target `part1` in package `day-12 v0.1.0 (/opt/rustwide/workdir/day-12)` has the same output filename as the bin target `part1` in package `day-11 v0.1.0 (/opt/rustwide/workdir/day-11)`.
[INFO] [stderr] Colliding filename is: /opt/rustwide/target/debug/part1.dwp
[INFO] [stderr] The targets should have unique names.
[INFO] [stderr] Consider changing their names to be unique or compiling them separately.
[INFO] [stderr] This may become a hard error in the future; see <https://github.com/rust-lang/cargo/issues/6313>.
[INFO] [stderr] warning: output filename collision.
[INFO] [stderr] The bin target `part2` in package `day-12 v0.1.0 (/opt/rustwide/workdir/day-12)` has the same output filename as the bin target `part2` in package `day-11 v0.1.0 (/opt/rustwide/workdir/day-11)`.
[INFO] [stderr] Colliding filename is: /opt/rustwide/target/debug/part2
[INFO] [stderr] The targets should have unique names.
[INFO] [stderr] Consider changing their names to be unique or compiling them separately.
[INFO] [stderr] This may become a hard error in the future; see <https://github.com/rust-lang/cargo/issues/6313>.
[INFO] [stderr] warning: output filename collision.
[INFO] [stderr] The bin target `part2` in package `day-12 v0.1.0 (/opt/rustwide/workdir/day-12)` has the same output filename as the bin target `part2` in package `day-11 v0.1.0 (/opt/rustwide/workdir/day-11)`.
[INFO] [stderr] Colliding filename is: /opt/rustwide/target/debug/part2.dwp
[INFO] [stderr] The targets should have unique names.
[INFO] [stderr] Consider changing their names to be unique or compiling them separately.
[INFO] [stderr] This may become a hard error in the future; see <https://github.com/rust-lang/cargo/issues/6313>.
[INFO] [stderr] warning: output filename collision.
[INFO] [stderr] The bin target `part1` in package `day-13 v0.1.0 (/opt/rustwide/workdir/day-13)` has the same output filename as the bin target `part1` in package `day-12 v0.1.0 (/opt/rustwide/workdir/day-12)`.
[INFO] [stderr] Colliding filename is: /opt/rustwide/target/debug/part1
[INFO] [stderr] The targets should have unique names.
[INFO] [stderr] Consider changing their names to be unique or compiling them separately.
[INFO] [stderr] This may become a hard error in the future; see <https://github.com/rust-lang/cargo/issues/6313>.
[INFO] [stderr] warning: output filename collision.
[INFO] [stderr] The bin target `part1` in package `day-13 v0.1.0 (/opt/rustwide/workdir/day-13)` has the same output filename as the bin target `part1` in package `day-12 v0.1.0 (/opt/rustwide/workdir/day-12)`.
[INFO] [stderr] Colliding filename is: /opt/rustwide/target/debug/part1.dwp
[INFO] [stderr] The targets should have unique names.
[INFO] [stderr] Consider changing their names to be unique or compiling them separately.
[INFO] [stderr] This may become a hard error in the future; see <https://github.com/rust-lang/cargo/issues/6313>.
[INFO] [stderr] warning: output filename collision.
[INFO] [stderr] The bin target `part2` in package `day-13 v0.1.0 (/opt/rustwide/workdir/day-13)` has the same output filename as the bin target `part2` in package `day-12 v0.1.0 (/opt/rustwide/workdir/day-12)`.
[INFO] [stderr] Colliding filename is: /opt/rustwide/target/debug/part2
[INFO] [stderr] The targets should have unique names.
[INFO] [stderr] Consider changing their names to be unique or compiling them separately.
[INFO] [stderr] This may become a hard error in the future; see <https://github.com/rust-lang/cargo/issues/6313>.
[INFO] [stderr] warning: output filename collision.
[INFO] [stderr] The bin target `part2` in package `day-13 v0.1.0 (/opt/rustwide/workdir/day-13)` has the same output filename as the bin target `part2` in package `day-12 v0.1.0 (/opt/rustwide/workdir/day-12)`.
[INFO] [stderr] Colliding filename is: /opt/rustwide/target/debug/part2.dwp
[INFO] [stderr] The targets should have unique names.
[INFO] [stderr] Consider changing their names to be unique or compiling them separately.
[INFO] [stderr] This may become a hard error in the future; see <https://github.com/rust-lang/cargo/issues/6313>.
[INFO] [stderr]    Compiling proc-macro2 v1.0.92
[INFO] [stderr]    Compiling unicode-ident v1.0.14
[INFO] [stderr]    Compiling memchr v2.7.4
[INFO] [stderr]    Compiling regex-syntax v0.8.5
[INFO] [stderr]    Compiling fnv v1.0.7
[INFO] [stderr]    Compiling ident_case v1.0.1
[INFO] [stderr]    Compiling strsim v0.11.1
[INFO] [stderr]    Compiling version_check v0.9.5
[INFO] [stderr]    Compiling thiserror v1.0.69
[INFO] [stderr]    Compiling zerocopy v0.7.35
[INFO] [stderr]    Compiling once_cell v1.20.2
[INFO] [stderr]    Compiling allocator-api2 v0.2.21
[INFO] [stderr]    Compiling web-time v1.1.0
[INFO] [stderr]    Compiling cached_proc_macro_types v0.1.1
[INFO] [stderr]    Compiling ahash v0.8.11
[INFO] [stderr]    Compiling aho-corasick v1.1.3
[INFO] [stderr]    Compiling hashbrown v0.14.5
[INFO] [stderr]    Compiling quote v1.0.37
[INFO] [stderr]    Compiling syn v2.0.90
[INFO] [stderr]    Compiling regex-automata v0.4.9
[INFO] [stderr]    Compiling regex v1.11.1
[INFO] [stderr]    Compiling darling_core v0.20.10
[INFO] [stderr]    Compiling code-timing-macros v0.0.5
[INFO] [stderr]    Compiling thiserror-impl v1.0.69
[INFO] [stderr]    Compiling day-12 v0.1.0 (/opt/rustwide/workdir/day-12)
[INFO] [stderr]    Compiling day-08 v0.1.0 (/opt/rustwide/workdir/day-08)
[INFO] [stderr]    Compiling day-06 v0.1.0 (/opt/rustwide/workdir/day-06)
[INFO] [stderr]    Compiling day-07 v0.1.0 (/opt/rustwide/workdir/day-07)
[INFO] [stderr]    Compiling day-10 v0.1.0 (/opt/rustwide/workdir/day-10)
[INFO] [stderr]    Compiling day-09 v0.1.0 (/opt/rustwide/workdir/day-09)
[INFO] [stderr]    Compiling day-01 v0.1.0 (/opt/rustwide/workdir/day-01)
[INFO] [stderr]    Compiling day-03 v0.1.0 (/opt/rustwide/workdir/day-03)
[INFO] [stderr]    Compiling day-13 v0.1.0 (/opt/rustwide/workdir/day-13)
[INFO] [stderr]    Compiling day-04 v0.1.0 (/opt/rustwide/workdir/day-04)
[INFO] [stderr]    Compiling day-02 v0.1.0 (/opt/rustwide/workdir/day-02)
[INFO] [stderr]    Compiling day-05 v0.1.0 (/opt/rustwide/workdir/day-05)
[INFO] [stderr]    Compiling darling_macro v0.20.10
[INFO] [stderr]    Compiling darling v0.20.10
[INFO] [stderr]    Compiling cached_proc_macro v0.23.0
[INFO] [stderr]    Compiling cached v0.54.0
[INFO] [stderr]    Compiling day-11 v0.1.0 (/opt/rustwide/workdir/day-11)
[INFO] [stderr]     Finished `dev` profile [unoptimized + debuginfo] target(s) in 26.25s
[INFO] running `Command { std: "docker" "inspect" "42b7ac2ff7016c1cf2dd0d3dad79c7bcbbfda6f17c417bfdd9e3b663d39fb346", kill_on_drop: false }`
[INFO] running `Command { std: "docker" "rm" "-f" "42b7ac2ff7016c1cf2dd0d3dad79c7bcbbfda6f17c417bfdd9e3b663d39fb346", kill_on_drop: false }`
[INFO] [stdout] 42b7ac2ff7016c1cf2dd0d3dad79c7bcbbfda6f17c417bfdd9e3b663d39fb346
[INFO] running `Command { std: "docker" "create" "-v" "/var/lib/crater-agent-workspace/builds/worker-3-tc1/target:/opt/rustwide/target:rw,Z" "-v" "/var/lib/crater-agent-workspace/builds/worker-3-tc1/source:/opt/rustwide/workdir:ro,Z" "-v" "/var/lib/crater-agent-workspace/cargo-home:/opt/rustwide/cargo-home:ro,Z" "-v" "/var/lib/crater-agent-workspace/rustup-home:/opt/rustwide/rustup-home:ro,Z" "-e" "SOURCE_DIR=/opt/rustwide/workdir" "-e" "CARGO_TARGET_DIR=/opt/rustwide/target" "-e" "CARGO_INCREMENTAL=0" "-e" "RUST_BACKTRACE=full" "-e" "RUSTFLAGS=--cap-lints=warn" "-e" "RUSTDOCFLAGS=--cap-lints=warn" "-e" "CARGO_HOME=/opt/rustwide/cargo-home" "-e" "RUSTUP_HOME=/opt/rustwide/rustup-home" "-w" "/opt/rustwide/workdir" "-m" "1610612736" "--user" "0:0" "--network" "none" "ghcr.io/rust-lang/crates-build-env/linux@sha256:f3a9d4ad9d972b27faf3965f35b62e55ba32bbce8f20bc8fe909558a86702fde" "/opt/rustwide/cargo-home/bin/cargo" "+1.83.0" "test" "--frozen" "--no-run" "--message-format=json", kill_on_drop: false }`
[INFO] [stdout] c3a0252d6f15938b651af5c1d8f44023d5c2ff1e73746f0a8b0cd8e2cd798571
[INFO] running `Command { std: "docker" "start" "-a" "c3a0252d6f15938b651af5c1d8f44023d5c2ff1e73746f0a8b0cd8e2cd798571", kill_on_drop: false }`
[INFO] [stderr]    Compiling rustix v0.38.41
[INFO] [stderr]    Compiling linux-raw-sys v0.4.14
[INFO] [stderr]    Compiling bitflags v2.6.0
[INFO] [stderr]    Compiling clap_lex v0.7.4
[INFO] [stderr]    Compiling anstyle v1.0.10
[INFO] [stderr]    Compiling libc v0.2.167
[INFO] [stderr]    Compiling regex-lite v0.1.6
[INFO] [stderr]    Compiling condtype v1.3.0
[INFO] [stderr]    Compiling divan-macros v0.1.17
[INFO] [stderr]    Compiling terminal_size v0.4.1
[INFO] [stderr]    Compiling clap_builder v4.5.23
[INFO] [stderr]    Compiling clap v4.5.23
[INFO] [stderr]    Compiling divan v0.1.17
[INFO] [stderr]    Compiling day-13 v0.1.0 (/opt/rustwide/workdir/day-13)
[INFO] [stderr]    Compiling day-09 v0.1.0 (/opt/rustwide/workdir/day-09)
[INFO] [stderr]    Compiling day-08 v0.1.0 (/opt/rustwide/workdir/day-08)
[INFO] [stderr]    Compiling day-07 v0.1.0 (/opt/rustwide/workdir/day-07)
[INFO] [stderr]    Compiling day-01 v0.1.0 (/opt/rustwide/workdir/day-01)
[INFO] [stderr]    Compiling day-11 v0.1.0 (/opt/rustwide/workdir/day-11)
[INFO] [stderr]    Compiling day-05 v0.1.0 (/opt/rustwide/workdir/day-05)
[INFO] [stderr]    Compiling day-10 v0.1.0 (/opt/rustwide/workdir/day-10)
[INFO] [stderr]    Compiling day-12 v0.1.0 (/opt/rustwide/workdir/day-12)
[INFO] [stderr]    Compiling day-06 v0.1.0 (/opt/rustwide/workdir/day-06)
[INFO] [stderr]    Compiling day-04 v0.1.0 (/opt/rustwide/workdir/day-04)
[INFO] [stderr]    Compiling day-03 v0.1.0 (/opt/rustwide/workdir/day-03)
[INFO] [stderr]    Compiling day-02 v0.1.0 (/opt/rustwide/workdir/day-02)
[INFO] [stderr]     Finished `test` profile [unoptimized + debuginfo] target(s) in 15.83s
[INFO] running `Command { std: "docker" "inspect" "c3a0252d6f15938b651af5c1d8f44023d5c2ff1e73746f0a8b0cd8e2cd798571", kill_on_drop: false }`
[INFO] running `Command { std: "docker" "rm" "-f" "c3a0252d6f15938b651af5c1d8f44023d5c2ff1e73746f0a8b0cd8e2cd798571", kill_on_drop: false }`
[INFO] [stdout] c3a0252d6f15938b651af5c1d8f44023d5c2ff1e73746f0a8b0cd8e2cd798571
[INFO] running `Command { std: "docker" "create" "-v" "/var/lib/crater-agent-workspace/builds/worker-3-tc1/target:/opt/rustwide/target:rw,Z" "-v" "/var/lib/crater-agent-workspace/builds/worker-3-tc1/source:/opt/rustwide/workdir:ro,Z" "-v" "/var/lib/crater-agent-workspace/cargo-home:/opt/rustwide/cargo-home:ro,Z" "-v" "/var/lib/crater-agent-workspace/rustup-home:/opt/rustwide/rustup-home:ro,Z" "-e" "SOURCE_DIR=/opt/rustwide/workdir" "-e" "CARGO_TARGET_DIR=/opt/rustwide/target" "-e" "CARGO_INCREMENTAL=0" "-e" "RUST_BACKTRACE=full" "-e" "RUSTFLAGS=--cap-lints=warn" "-e" "RUSTDOCFLAGS=--cap-lints=warn" "-e" "CARGO_HOME=/opt/rustwide/cargo-home" "-e" "RUSTUP_HOME=/opt/rustwide/rustup-home" "-w" "/opt/rustwide/workdir" "-m" "1610612736" "--user" "0:0" "--network" "none" "ghcr.io/rust-lang/crates-build-env/linux@sha256:f3a9d4ad9d972b27faf3965f35b62e55ba32bbce8f20bc8fe909558a86702fde" "/opt/rustwide/cargo-home/bin/cargo" "+1.83.0" "test" "--frozen", kill_on_drop: false }`
[INFO] [stdout] 54e5e72cdbd659a5f23d21327e33d11ed888a8941f9322649aea8ad4b3c90e4a
[INFO] running `Command { std: "docker" "start" "-a" "54e5e72cdbd659a5f23d21327e33d11ed888a8941f9322649aea8ad4b3c90e4a", kill_on_drop: false }`
[INFO] [stderr]     Finished `test` profile [unoptimized + debuginfo] target(s) in 0.11s
[INFO] [stderr]      Running unittests src/lib.rs (/opt/rustwide/target/debug/deps/day_01-dc4696451816aa15)
[INFO] [stdout] 
[INFO] [stdout] running 2 tests
[INFO] [stdout] test part1::tests::test_process ... ok
[INFO] [stdout] test part2::tests::test_process ... ok
[INFO] [stdout] 
[INFO] [stdout] test result: ok. 2 passed; 0 failed; 0 ignored; 0 measured; 0 filtered out; finished in 0.00s
[INFO] [stdout] 
[INFO] [stderr]      Running unittests src/bin/part1.rs (/opt/rustwide/target/debug/deps/part1-7c669704793547fd)
[INFO] [stdout] 
[INFO] [stdout] running 0 tests
[INFO] [stdout] 
[INFO] [stdout] test result: ok. 0 passed; 0 failed; 0 ignored; 0 measured; 0 filtered out; finished in 0.00s
[INFO] [stdout] 
[INFO] [stderr]      Running unittests src/bin/part2.rs (/opt/rustwide/target/debug/deps/part2-1294f09d2464f2bc)
[INFO] [stdout] 
[INFO] [stdout] running 0 tests
[INFO] [stdout] 
[INFO] [stdout] test result: ok. 0 passed; 0 failed; 0 ignored; 0 measured; 0 filtered out; finished in 0.00s
[INFO] [stdout] 
[INFO] [stderr]      Running unittests src/lib.rs (/opt/rustwide/target/debug/deps/day_02-2c5ba2431ddef8a2)
[INFO] [stdout] 
[INFO] [stdout] running 2 tests
[INFO] [stdout] test part1::tests::test_process ... ok
[INFO] [stdout] test part2::tests::test_process ... ok
[INFO] [stdout] 
[INFO] [stdout] test result: ok. 2 passed; 0 failed; 0 ignored; 0 measured; 0 filtered out; finished in 0.00s
[INFO] [stdout] 
[INFO] [stdout] 
[INFO] [stderr]      Running unittests src/bin/part1.rs (/opt/rustwide/target/debug/deps/part1-d1ee91119ce78f66)
[INFO] [stdout] running 0 tests
[INFO] [stdout] 
[INFO] [stdout] test result: ok. 0 passed; 0 failed; 0 ignored; 0 measured; 0 filtered out; finished in 0.00s
[INFO] [stdout] 
[INFO] [stderr]      Running unittests src/bin/part2.rs (/opt/rustwide/target/debug/deps/part2-24cac9eddbc42ae4)
[INFO] [stdout] 
[INFO] [stdout] running 0 tests
[INFO] [stdout] 
[INFO] [stdout] test result: ok. 0 passed; 0 failed; 0 ignored; 0 measured; 0 filtered out; finished in 0.00s
[INFO] [stdout] 
[INFO] [stderr]      Running unittests src/lib.rs (/opt/rustwide/target/debug/deps/day_03-c4dcf94b14e07960)
[INFO] [stdout] 
[INFO] [stdout] running 2 tests
[INFO] [stdout] test part1::tests::test_process ... ok
[INFO] [stdout] test part2::tests::test_process ... FAILED
[INFO] [stdout] 
[INFO] [stdout] failures:
[INFO] [stdout] 
[INFO] [stdout] ---- part2::tests::test_process stdout ----
[INFO] [stdout] thread 'part2::tests::test_process' panicked at day-03/src/part2.rs:32:9:
[INFO] [stdout] assertion `left == right` failed
[INFO] [stdout]   left: 42
[INFO] [stdout]  right: 48
[INFO] [stdout] stack backtrace:
[INFO] [stdout]    0:     0x58256be104aa - std::backtrace_rs::backtrace::libunwind::trace::h5a5b8284f2d0c266
[INFO] [stdout]                                at /rustc/90b35a6239c3d8bdabc530a6a0816f7ff89a0aaf/library/std/src/../../backtrace/src/backtrace/libunwind.rs:116:5
[INFO] [stdout]    1:     0x58256be104aa - std::backtrace_rs::backtrace::trace_unsynchronized::h76d4f1c9b0b875e3
[INFO] [stdout]                                at /rustc/90b35a6239c3d8bdabc530a6a0816f7ff89a0aaf/library/std/src/../../backtrace/src/backtrace/mod.rs:66:5
[INFO] [stdout]    2:     0x58256be104aa - std::sys::backtrace::_print_fmt::hc4546b8364a537c6
[INFO] [stdout]                                at /rustc/90b35a6239c3d8bdabc530a6a0816f7ff89a0aaf/library/std/src/sys/backtrace.rs:66:9
[INFO] [stdout]    3:     0x58256be104aa - <std::sys::backtrace::BacktraceLock::print::DisplayBacktrace as core::fmt::Display>::fmt::h5b6bd5631a6d1f6b
[INFO] [stdout]                                at /rustc/90b35a6239c3d8bdabc530a6a0816f7ff89a0aaf/library/std/src/sys/backtrace.rs:39:26
[INFO] [stdout]    4:     0x58256be35e43 - core::fmt::rt::Argument::fmt::h270f6602a2b96f62
[INFO] [stdout]                                at /rustc/90b35a6239c3d8bdabc530a6a0816f7ff89a0aaf/library/core/src/fmt/rt.rs:177:76
[INFO] [stdout]    5:     0x58256be35e43 - core::fmt::write::h7550c97b06c86515
[INFO] [stdout]                                at /rustc/90b35a6239c3d8bdabc530a6a0816f7ff89a0aaf/library/core/src/fmt/mod.rs:1186:21
[INFO] [stdout]    6:     0x58256be0d673 - std::io::Write::write_fmt::h509ff860e5956e5e
[INFO] [stdout]                                at /rustc/90b35a6239c3d8bdabc530a6a0816f7ff89a0aaf/library/std/src/io/mod.rs:1839:15
[INFO] [stdout]    7:     0x58256be102f2 - std::sys::backtrace::BacktraceLock::print::h2395ccd2c84ba3aa
[INFO] [stdout]                                at /rustc/90b35a6239c3d8bdabc530a6a0816f7ff89a0aaf/library/std/src/sys/backtrace.rs:42:9
[INFO] [stdout]    8:     0x58256be1190a - std::panicking::default_hook::{{closure}}::he19d4c7230e07961
[INFO] [stdout]                                at /rustc/90b35a6239c3d8bdabc530a6a0816f7ff89a0aaf/library/std/src/panicking.rs:268:22
[INFO] [stdout]    9:     0x58256be11714 - std::panicking::default_hook::hf614597d3c67bbdb
[INFO] [stdout]                                at /rustc/90b35a6239c3d8bdabc530a6a0816f7ff89a0aaf/library/std/src/panicking.rs:292:9
[INFO] [stdout]   10:     0x58256bb56179 - <alloc::boxed::Box<F,A> as core::ops::function::Fn<Args>>::call::h39b51ce4599c23d1
[INFO] [stdout]                                at /rustc/90b35a6239c3d8bdabc530a6a0816f7ff89a0aaf/library/alloc/src/boxed.rs:2468:9
[INFO] [stdout]   11:     0x58256bb56179 - test::test_main::{{closure}}::he977ae839a582784
[INFO] [stdout]                                at /rustc/90b35a6239c3d8bdabc530a6a0816f7ff89a0aaf/library/test/src/lib.rs:133:21
[INFO] [stdout]   12:     0x58256be11fa8 - <alloc::boxed::Box<F,A> as core::ops::function::Fn<Args>>::call::h9455091b6b06f9fb
[INFO] [stdout]                                at /rustc/90b35a6239c3d8bdabc530a6a0816f7ff89a0aaf/library/alloc/src/boxed.rs:2468:9
[INFO] [stdout]   13:     0x58256be11fa8 - std::panicking::rust_panic_with_hook::h8942133a8b252070
[INFO] [stdout]                                at /rustc/90b35a6239c3d8bdabc530a6a0816f7ff89a0aaf/library/std/src/panicking.rs:809:13
[INFO] [stdout]   14:     0x58256be11d6a - std::panicking::begin_panic_handler::{{closure}}::hb5f5963570096b29
[INFO] [stdout]                                at /rustc/90b35a6239c3d8bdabc530a6a0816f7ff89a0aaf/library/std/src/panicking.rs:674:13
[INFO] [stdout]   15:     0x58256be10989 - std::sys::backtrace::__rust_end_short_backtrace::h6208cedc1922feda
[INFO] [stdout]                                at /rustc/90b35a6239c3d8bdabc530a6a0816f7ff89a0aaf/library/std/src/sys/backtrace.rs:170:18
[INFO] [stdout]   16:     0x58256be119fc - rust_begin_unwind
[INFO] [stdout]                                at /rustc/90b35a6239c3d8bdabc530a6a0816f7ff89a0aaf/library/std/src/panicking.rs:665:5
[INFO] [stdout]   17:     0x58256bb16130 - core::panicking::panic_fmt::h0c3082644d1bf418
[INFO] [stdout]                                at /rustc/90b35a6239c3d8bdabc530a6a0816f7ff89a0aaf/library/core/src/panicking.rs:74:14
[INFO] [stdout]   18:     0x58256bb16534 - core::panicking::assert_failed_inner::h2ddf1fcc067fa858
[INFO] [stdout]   19:     0x58256bb1af3c - core::panicking::assert_failed::h9ae9c6572f5c7501
[INFO] [stdout]                                at /rustc/90b35a6239c3d8bdabc530a6a0816f7ff89a0aaf/library/core/src/panicking.rs:367:5
[INFO] [stdout]   20:     0x58256bb1de65 - day_03::part2::tests::test_process::h0cd479962408c02d
[INFO] [stdout]                                at /opt/rustwide/workdir/day-03/src/part2.rs:32:9
[INFO] [stdout]   21:     0x58256bb1dde7 - day_03::part2::tests::test_process::{{closure}}::h4e021ab61de0072d
[INFO] [stdout]                                at /opt/rustwide/workdir/day-03/src/part2.rs:31:22
[INFO] [stdout]   22:     0x58256bb18da6 - core::ops::function::FnOnce::call_once::hb6a4d1f27584f9b9
[INFO] [stdout]                                at /rustc/90b35a6239c3d8bdabc530a6a0816f7ff89a0aaf/library/core/src/ops/function.rs:250:5
[INFO] [stdout]   23:     0x58256bb5ab3b - core::ops::function::FnOnce::call_once::h109cf8051a59b34e
[INFO] [stdout]                                at /rustc/90b35a6239c3d8bdabc530a6a0816f7ff89a0aaf/library/core/src/ops/function.rs:250:5
[INFO] [stdout]   24:     0x58256bb5ab3b - test::__rust_begin_short_backtrace::hf4fff89d377446ba
[INFO] [stdout]                                at /rustc/90b35a6239c3d8bdabc530a6a0816f7ff89a0aaf/library/test/src/lib.rs:621:18
[INFO] [stdout]   25:     0x58256bb5a377 - test::run_test_in_process::{{closure}}::h0e39181dd7ee5a43
[INFO] [stdout]                                at /rustc/90b35a6239c3d8bdabc530a6a0816f7ff89a0aaf/library/test/src/lib.rs:644:60
[INFO] [stdout]   26:     0x58256bb5a377 - <core::panic::unwind_safe::AssertUnwindSafe<F> as core::ops::function::FnOnce<()>>::call_once::hc5a66a30f0bdfd1f
[INFO] [stdout]                                at /rustc/90b35a6239c3d8bdabc530a6a0816f7ff89a0aaf/library/core/src/panic/unwind_safe.rs:272:9
[INFO] [stdout]   27:     0x58256bb5a377 - std::panicking::try::do_call::h873b7cf639554a5e
[INFO] [stdout]                                at /rustc/90b35a6239c3d8bdabc530a6a0816f7ff89a0aaf/library/std/src/panicking.rs:557:40
[INFO] [stdout]   28:     0x58256bb5a377 - std::panicking::try::hdb19862fad9c8bd1
[INFO] [stdout]                                at /rustc/90b35a6239c3d8bdabc530a6a0816f7ff89a0aaf/library/std/src/panicking.rs:520:19
[INFO] [stdout]   29:     0x58256bb5a377 - std::panic::catch_unwind::h281fe732d236d260
[INFO] [stdout]                                at /rustc/90b35a6239c3d8bdabc530a6a0816f7ff89a0aaf/library/std/src/panic.rs:358:14
[INFO] [stdout]   30:     0x58256bb5a377 - test::run_test_in_process::h949b6df8457ed338
[INFO] [stdout]                                at /rustc/90b35a6239c3d8bdabc530a6a0816f7ff89a0aaf/library/test/src/lib.rs:644:27
[INFO] [stdout]   31:     0x58256bb5a377 - test::run_test::{{closure}}::h52c556a6d4740e10
[INFO] [stdout]                                at /rustc/90b35a6239c3d8bdabc530a6a0816f7ff89a0aaf/library/test/src/lib.rs:565:43
[INFO] [stdout]   32:     0x58256bb1f654 - test::run_test::{{closure}}::h4237f6381c45ccb9
[INFO] [stdout]                                at /rustc/90b35a6239c3d8bdabc530a6a0816f7ff89a0aaf/library/test/src/lib.rs:595:41
[INFO] [stdout]   33:     0x58256bb1f654 - std::sys::backtrace::__rust_begin_short_backtrace::h505c97a579eca628
[INFO] [stdout]                                at /rustc/90b35a6239c3d8bdabc530a6a0816f7ff89a0aaf/library/std/src/sys/backtrace.rs:154:18
[INFO] [stdout]   34:     0x58256bb22d1e - std::thread::Builder::spawn_unchecked_::{{closure}}::{{closure}}::h9e86b2e2bc107ea3
[INFO] [stdout]                                at /rustc/90b35a6239c3d8bdabc530a6a0816f7ff89a0aaf/library/std/src/thread/mod.rs:538:17
[INFO] [stdout]   35:     0x58256bb22d1e - <core::panic::unwind_safe::AssertUnwindSafe<F> as core::ops::function::FnOnce<()>>::call_once::h8b06ddb275ff4a25
[INFO] [stdout]                                at /rustc/90b35a6239c3d8bdabc530a6a0816f7ff89a0aaf/library/core/src/panic/unwind_safe.rs:272:9
[INFO] [stdout]   36:     0x58256bb22d1e - std::panicking::try::do_call::hb26ecd7cd9a9355d
[INFO] [stdout]                                at /rustc/90b35a6239c3d8bdabc530a6a0816f7ff89a0aaf/library/std/src/panicking.rs:557:40
[INFO] [stdout]   37:     0x58256bb22d1e - std::panicking::try::h8ddeca9d705f9069
[INFO] [stdout]                                at /rustc/90b35a6239c3d8bdabc530a6a0816f7ff89a0aaf/library/std/src/panicking.rs:520:19
[INFO] [stdout]   38:     0x58256bb22d1e - std::panic::catch_unwind::h49e1c33078844c46
[INFO] [stdout]                                at /rustc/90b35a6239c3d8bdabc530a6a0816f7ff89a0aaf/library/std/src/panic.rs:358:14
[INFO] [stdout]   39:     0x58256bb22d1e - std::thread::Builder::spawn_unchecked_::{{closure}}::h6073db6ff56ad35d
[INFO] [stdout]                                at /rustc/90b35a6239c3d8bdabc530a6a0816f7ff89a0aaf/library/std/src/thread/mod.rs:537:30
[INFO] [stdout]   40:     0x58256bb22d1e - core::ops::function::FnOnce::call_once{{vtable.shim}}::h2c5a5f3779c774f1
[INFO] [stdout]                                at /rustc/90b35a6239c3d8bdabc530a6a0816f7ff89a0aaf/library/core/src/ops/function.rs:250:5
[INFO] [stdout]   41:     0x58256be15cfb - <alloc::boxed::Box<F,A> as core::ops::function::FnOnce<Args>>::call_once::hf75717d9f28faebf
[INFO] [stdout]                                at /rustc/90b35a6239c3d8bdabc530a6a0816f7ff89a0aaf/library/alloc/src/boxed.rs:2454:9
[INFO] [stdout]   42:     0x58256be15cfb - <alloc::boxed::Box<F,A> as core::ops::function::FnOnce<Args>>::call_once::h7bd883a5f3c5f3c1
[INFO] [stdout]                                at /rustc/90b35a6239c3d8bdabc530a6a0816f7ff89a0aaf/library/alloc/src/boxed.rs:2454:9
[INFO] [stdout]   43:     0x58256be15cfb - std::sys::pal::unix::thread::Thread::new::thread_start::hcc78f3943333fa94
[INFO] [stdout]                                at /rustc/90b35a6239c3d8bdabc530a6a0816f7ff89a0aaf/library/std/src/sys/pal/unix/thread.rs:105:17
[INFO] [stdout]   44:     0x7f34a46ffac3 - <unknown>
[INFO] [stdout]   45:     0x7f34a4790a04 - clone
[INFO] [stdout]   46:                0x0 - <unknown>
[INFO] [stdout] 
[INFO] [stdout] 
[INFO] [stdout] failures:
[INFO] [stdout]     part2::tests::test_process
[INFO] [stdout] 
[INFO] [stdout] test result: FAILED. 1 passed; 1 failed; 0 ignored; 0 measured; 0 filtered out; finished in 0.04s
[INFO] [stdout] 
[INFO] [stderr] error: test failed, to rerun pass `-p day-03 --lib`
[INFO] running `Command { std: "docker" "inspect" "54e5e72cdbd659a5f23d21327e33d11ed888a8941f9322649aea8ad4b3c90e4a", kill_on_drop: false }`
[INFO] running `Command { std: "docker" "rm" "-f" "54e5e72cdbd659a5f23d21327e33d11ed888a8941f9322649aea8ad4b3c90e4a", kill_on_drop: false }`
[INFO] [stdout] 54e5e72cdbd659a5f23d21327e33d11ed888a8941f9322649aea8ad4b3c90e4a
