[INFO] cloning repository https://github.com/Si1veR123/rs-image-templating
[INFO] running `Command { std: "git" "-c" "credential.helper=" "-c" "credential.helper=/workspace/cargo-home/bin/git-credential-null" "clone" "--bare" "https://github.com/Si1veR123/rs-image-templating" "/workspace/cache/git-repos/https%3A%2F%2Fgithub.com%2FSi1veR123%2Frs-image-templating", kill_on_drop: false }`
[INFO] [stderr] Cloning into bare repository '/workspace/cache/git-repos/https%3A%2F%2Fgithub.com%2FSi1veR123%2Frs-image-templating'...
[INFO] running `Command { std: "git" "rev-parse" "HEAD", kill_on_drop: false }`
[INFO] [stdout] f967ec60334888e5ead40110b8af851e79c41032
[INFO] testing Si1veR123/rs-image-templating against beta-2024-12-08 for beta-1.84.0-4-retry
[INFO] running `Command { std: "git" "clone" "/workspace/cache/git-repos/https%3A%2F%2Fgithub.com%2FSi1veR123%2Frs-image-templating" "/workspace/builds/worker-0-tc2/source", kill_on_drop: false }`
[INFO] [stderr] Cloning into '/workspace/builds/worker-0-tc2/source'...
[INFO] [stderr] done.
[INFO] validating manifest of git repo https://github.com/Si1veR123/rs-image-templating on toolchain beta-2024-12-08
[INFO] running `Command { std: CARGO_HOME="/workspace/cargo-home" RUSTUP_HOME="/workspace/rustup-home" "/workspace/cargo-home/bin/cargo" "+beta-2024-12-08" "metadata" "--manifest-path" "Cargo.toml" "--no-deps", kill_on_drop: false }`
[INFO] started tweaking git repo https://github.com/Si1veR123/rs-image-templating
[INFO] finished tweaking git repo https://github.com/Si1veR123/rs-image-templating
[INFO] tweaked toml for git repo https://github.com/Si1veR123/rs-image-templating written to /workspace/builds/worker-0-tc2/source/Cargo.toml
[INFO] crate git repo https://github.com/Si1veR123/rs-image-templating already has a lockfile, it will not be regenerated
[INFO] running `Command { std: CARGO_HOME="/workspace/cargo-home" RUSTUP_HOME="/workspace/rustup-home" "/workspace/cargo-home/bin/cargo" "+beta-2024-12-08" "fetch" "--manifest-path" "Cargo.toml", kill_on_drop: false }`
[INFO] running `Command { std: "docker" "create" "-v" "/var/lib/crater-agent-workspace/builds/worker-0-tc2/target:/opt/rustwide/target:rw,Z" "-v" "/var/lib/crater-agent-workspace/builds/worker-0-tc2/source:/opt/rustwide/workdir:ro,Z" "-v" "/var/lib/crater-agent-workspace/cargo-home:/opt/rustwide/cargo-home:ro,Z" "-v" "/var/lib/crater-agent-workspace/rustup-home:/opt/rustwide/rustup-home:ro,Z" "-e" "SOURCE_DIR=/opt/rustwide/workdir" "-e" "CARGO_TARGET_DIR=/opt/rustwide/target" "-e" "CARGO_HOME=/opt/rustwide/cargo-home" "-e" "RUSTUP_HOME=/opt/rustwide/rustup-home" "-w" "/opt/rustwide/workdir" "-m" "1610612736" "--user" "0:0" "--network" "none" "ghcr.io/rust-lang/crates-build-env/linux@sha256:f3a9d4ad9d972b27faf3965f35b62e55ba32bbce8f20bc8fe909558a86702fde" "/opt/rustwide/cargo-home/bin/cargo" "+beta-2024-12-08" "metadata" "--no-deps" "--format-version=1", kill_on_drop: false }`
[INFO] [stdout] 826c54a7a88526a713448fc32d3b51f4f330afb198091cca7daa74489a6b12c7
[INFO] running `Command { std: "docker" "start" "-a" "826c54a7a88526a713448fc32d3b51f4f330afb198091cca7daa74489a6b12c7", kill_on_drop: false }`
[INFO] running `Command { std: "docker" "inspect" "826c54a7a88526a713448fc32d3b51f4f330afb198091cca7daa74489a6b12c7", kill_on_drop: false }`
[INFO] running `Command { std: "docker" "rm" "-f" "826c54a7a88526a713448fc32d3b51f4f330afb198091cca7daa74489a6b12c7", kill_on_drop: false }`
[INFO] [stdout] 826c54a7a88526a713448fc32d3b51f4f330afb198091cca7daa74489a6b12c7
[INFO] running `Command { std: "docker" "create" "-v" "/var/lib/crater-agent-workspace/builds/worker-0-tc2/target:/opt/rustwide/target:rw,Z" "-v" "/var/lib/crater-agent-workspace/builds/worker-0-tc2/source:/opt/rustwide/workdir:ro,Z" "-v" "/var/lib/crater-agent-workspace/cargo-home:/opt/rustwide/cargo-home:ro,Z" "-v" "/var/lib/crater-agent-workspace/rustup-home:/opt/rustwide/rustup-home:ro,Z" "-e" "SOURCE_DIR=/opt/rustwide/workdir" "-e" "CARGO_TARGET_DIR=/opt/rustwide/target" "-e" "CARGO_INCREMENTAL=0" "-e" "RUST_BACKTRACE=full" "-e" "RUSTFLAGS=--cap-lints=warn" "-e" "RUSTDOCFLAGS=--cap-lints=warn" "-e" "CARGO_HOME=/opt/rustwide/cargo-home" "-e" "RUSTUP_HOME=/opt/rustwide/rustup-home" "-w" "/opt/rustwide/workdir" "-m" "1610612736" "--user" "0:0" "--network" "none" "ghcr.io/rust-lang/crates-build-env/linux@sha256:f3a9d4ad9d972b27faf3965f35b62e55ba32bbce8f20bc8fe909558a86702fde" "/opt/rustwide/cargo-home/bin/cargo" "+beta-2024-12-08" "build" "--frozen" "--message-format=json", kill_on_drop: false }`
[INFO] [stdout] ce4f61fd417728693ceeeff60e2d144c58ed46a536e9e445b78461ef2666f2b5
[INFO] running `Command { std: "docker" "start" "-a" "ce4f61fd417728693ceeeff60e2d144c58ed46a536e9e445b78461ef2666f2b5", kill_on_drop: false }`
[INFO] [stderr]    Compiling proc-macro2 v1.0.86
[INFO] [stderr]    Compiling simd-adler32 v0.3.7
[INFO] [stderr]    Compiling adler v1.0.2
[INFO] [stderr]    Compiling anyhow v1.0.86
[INFO] [stderr]    Compiling arrayvec v0.7.4
[INFO] [stderr]    Compiling scopeguard v1.2.0
[INFO] [stderr]    Compiling either v1.13.0
[INFO] [stderr]    Compiling libc v0.2.155
[INFO] [stderr]    Compiling version_check v0.9.5
[INFO] [stderr]    Compiling aligned-vec v0.5.0
[INFO] [stderr]    Compiling paste v1.0.15
[INFO] [stderr]    Compiling minimal-lexical v0.2.1
[INFO] [stderr]    Compiling num-traits v0.2.19
[INFO] [stderr]    Compiling lock_api v0.4.12
[INFO] [stderr]    Compiling thiserror v1.0.63
[INFO] [stderr]    Compiling memchr v2.7.4
[INFO] [stderr]    Compiling built v0.7.4
[INFO] [stderr]    Compiling crc32fast v1.4.2
[INFO] [stderr]    Compiling miniz_oxide v0.7.4
[INFO] [stderr]    Compiling log v0.4.22
[INFO] [stderr]    Compiling maybe-rayon v0.1.1
[INFO] [stderr]    Compiling new_debug_unreachable v1.0.6
[INFO] [stderr]    Compiling imgref v1.10.1
[INFO] [stderr]    Compiling itertools v0.12.1
[INFO] [stderr]    Compiling weezl v0.1.8
[INFO] [stderr]    Compiling zerocopy v0.7.35
[INFO] [stderr]    Compiling noop_proc_macro v0.3.0
[INFO] [stderr]    Compiling bitstream-io v2.5.0
[INFO] [stderr]    Compiling nom v7.1.3
[INFO] [stderr]    Compiling ahash v0.8.11
[INFO] [stderr]    Compiling rav1e v0.7.1
[INFO] [stderr]    Compiling flate2 v1.0.31
[INFO] [stderr]    Compiling quick-error v2.0.1
[INFO] [stderr]    Compiling spin v0.9.8
[INFO] [stderr]    Compiling loop9 v0.1.5
[INFO] [stderr]    Compiling avif-serialize v0.8.1
[INFO] [stderr]    Compiling zune-inflate v0.2.54
[INFO] [stderr]    Compiling flume v0.11.0
[INFO] [stderr]    Compiling fdeflate v0.3.4
[INFO] [stderr]    Compiling half v2.4.1
[INFO] [stderr]    Compiling byteorder-lite v0.1.0
[INFO] [stderr]    Compiling allocator-api2 v0.2.18
[INFO] [stderr]    Compiling quote v1.0.36
[INFO] [stderr]    Compiling lebe v0.5.2
[INFO] [stderr]    Compiling smallvec v1.13.2
[INFO] [stderr]    Compiling bitflags v1.3.2
[INFO] [stderr]    Compiling zune-core v0.4.12
[INFO] [stderr]    Compiling bit_field v0.10.2
[INFO] [stderr]    Compiling jpeg-decoder v0.3.1
[INFO] [stderr]    Compiling syn v2.0.72
[INFO] [stderr]    Compiling hashbrown v0.14.5
[INFO] [stderr]    Compiling exr v1.72.0
[INFO] [stderr]    Compiling image-webp v0.1.3
[INFO] [stderr]    Compiling zune-jpeg v0.4.13
[INFO] [stderr]    Compiling gif v0.13.1
[INFO] [stderr]    Compiling simd_helpers v0.1.0
[INFO] [stderr]    Compiling png v0.17.13
[INFO] [stderr]    Compiling rayon v1.10.0
[INFO] [stderr]    Compiling ttf-parser v0.21.1
[INFO] [stderr]    Compiling num-integer v0.1.46
[INFO] [stderr]    Compiling v_frame v0.3.8
[INFO] [stderr]    Compiling tiff v0.9.1
[INFO] [stderr]    Compiling num-bigint v0.4.6
[INFO] [stderr]    Compiling fontdue v0.9.2
[INFO] [stderr]    Compiling num-rational v0.4.2
[INFO] [stderr]    Compiling av1-grain v0.2.3
[INFO] [stderr]    Compiling bytemuck_derive v1.7.0
[INFO] [stderr]    Compiling thiserror-impl v1.0.63
[INFO] [stderr]    Compiling profiling-procmacros v1.0.15
[INFO] [stderr]    Compiling arg_enum_proc_macro v0.3.4
[INFO] [stderr]    Compiling num-derive v0.4.2
[INFO] [stderr]    Compiling profiling v1.0.15
[INFO] [stderr]    Compiling bytemuck v1.16.1
[INFO] [stderr]    Compiling rgb v0.8.48
[INFO] [stderr]    Compiling qoi v0.4.1
[INFO] [stderr]    Compiling ravif v0.11.10
[INFO] [stderr]    Compiling image v0.25.2
[INFO] [stderr]    Compiling rs-image-templating v0.1.0 (/opt/rustwide/workdir)
[INFO] [stderr]     Finished `dev` profile [unoptimized + debuginfo] target(s) in 38.41s
[INFO] running `Command { std: "docker" "inspect" "ce4f61fd417728693ceeeff60e2d144c58ed46a536e9e445b78461ef2666f2b5", kill_on_drop: false }`
[INFO] running `Command { std: "docker" "rm" "-f" "ce4f61fd417728693ceeeff60e2d144c58ed46a536e9e445b78461ef2666f2b5", kill_on_drop: false }`
[INFO] [stdout] ce4f61fd417728693ceeeff60e2d144c58ed46a536e9e445b78461ef2666f2b5
[INFO] running `Command { std: "docker" "create" "-v" "/var/lib/crater-agent-workspace/builds/worker-0-tc2/target:/opt/rustwide/target:rw,Z" "-v" "/var/lib/crater-agent-workspace/builds/worker-0-tc2/source:/opt/rustwide/workdir:ro,Z" "-v" "/var/lib/crater-agent-workspace/cargo-home:/opt/rustwide/cargo-home:ro,Z" "-v" "/var/lib/crater-agent-workspace/rustup-home:/opt/rustwide/rustup-home:ro,Z" "-e" "SOURCE_DIR=/opt/rustwide/workdir" "-e" "CARGO_TARGET_DIR=/opt/rustwide/target" "-e" "CARGO_INCREMENTAL=0" "-e" "RUST_BACKTRACE=full" "-e" "RUSTFLAGS=--cap-lints=warn" "-e" "RUSTDOCFLAGS=--cap-lints=warn" "-e" "CARGO_HOME=/opt/rustwide/cargo-home" "-e" "RUSTUP_HOME=/opt/rustwide/rustup-home" "-w" "/opt/rustwide/workdir" "-m" "1610612736" "--user" "0:0" "--network" "none" "ghcr.io/rust-lang/crates-build-env/linux@sha256:f3a9d4ad9d972b27faf3965f35b62e55ba32bbce8f20bc8fe909558a86702fde" "/opt/rustwide/cargo-home/bin/cargo" "+beta-2024-12-08" "test" "--frozen" "--no-run" "--message-format=json", kill_on_drop: false }`
[INFO] [stdout] 431c1c02eb1a6f577b919850856533d8fde6bbe2d848a51f2aa1ee4c702dcbee
[INFO] running `Command { std: "docker" "start" "-a" "431c1c02eb1a6f577b919850856533d8fde6bbe2d848a51f2aa1ee4c702dcbee", kill_on_drop: false }`
[INFO] [stderr]    Compiling rs-image-templating v0.1.0 (/opt/rustwide/workdir)
[INFO] [stderr]     Finished `test` profile [unoptimized + debuginfo] target(s) in 4.44s
[INFO] running `Command { std: "docker" "inspect" "431c1c02eb1a6f577b919850856533d8fde6bbe2d848a51f2aa1ee4c702dcbee", kill_on_drop: false }`
[INFO] running `Command { std: "docker" "rm" "-f" "431c1c02eb1a6f577b919850856533d8fde6bbe2d848a51f2aa1ee4c702dcbee", kill_on_drop: false }`
[INFO] [stdout] 431c1c02eb1a6f577b919850856533d8fde6bbe2d848a51f2aa1ee4c702dcbee
[INFO] running `Command { std: "docker" "create" "-v" "/var/lib/crater-agent-workspace/builds/worker-0-tc2/target:/opt/rustwide/target:rw,Z" "-v" "/var/lib/crater-agent-workspace/builds/worker-0-tc2/source:/opt/rustwide/workdir:ro,Z" "-v" "/var/lib/crater-agent-workspace/cargo-home:/opt/rustwide/cargo-home:ro,Z" "-v" "/var/lib/crater-agent-workspace/rustup-home:/opt/rustwide/rustup-home:ro,Z" "-e" "SOURCE_DIR=/opt/rustwide/workdir" "-e" "CARGO_TARGET_DIR=/opt/rustwide/target" "-e" "CARGO_INCREMENTAL=0" "-e" "RUST_BACKTRACE=full" "-e" "RUSTFLAGS=--cap-lints=warn" "-e" "RUSTDOCFLAGS=--cap-lints=warn" "-e" "CARGO_HOME=/opt/rustwide/cargo-home" "-e" "RUSTUP_HOME=/opt/rustwide/rustup-home" "-w" "/opt/rustwide/workdir" "-m" "1610612736" "--user" "0:0" "--network" "none" "ghcr.io/rust-lang/crates-build-env/linux@sha256:f3a9d4ad9d972b27faf3965f35b62e55ba32bbce8f20bc8fe909558a86702fde" "/opt/rustwide/cargo-home/bin/cargo" "+beta-2024-12-08" "test" "--frozen", kill_on_drop: false }`
[INFO] [stdout] 54f2de65056e0fe3e30540d1518243ecb4ac4dca9e7f69c69ed01e85d1b38502
[INFO] running `Command { std: "docker" "start" "-a" "54f2de65056e0fe3e30540d1518243ecb4ac4dca9e7f69c69ed01e85d1b38502", kill_on_drop: false }`
[INFO] [stderr]     Finished `test` profile [unoptimized + debuginfo] target(s) in 0.10s
[INFO] [stderr]      Running unittests src/lib.rs (/opt/rustwide/target/debug/deps/image_template-4c4da536632b2df2)
[INFO] [stdout] 
[INFO] [stdout] running 24 tests
[INFO] [stdout] test bitmap::blending::tests::blend_over_u8 ... ok
[INFO] [stdout] test bitmap::blending::tests::blend_replace_u8 ... ok
[INFO] [stdout] test bitmap::image::tests::contains ... ok
[INFO] [stdout] test bitmap::image::tests::from_pixels_fail ... ok
[INFO] [stdout] test bitmap::image::tests::draw_subimage ... ok
[INFO] [stdout] test bitmap::pixel::tests::create_pixel_macro ... ok
[INFO] [stdout] test bitmap::pixel::tests::debug ... ok
[INFO] [stdout] test bitmap::pixel::tests::color_type ... ok
[INFO] [stdout] test bitmap::pixel::tests::test_channels ... ok
[INFO] [stdout] test canvas::tests::background ... ok
[INFO] [stdout] test canvas::tests::flatten ... ok
[INFO] [stdout] test bitmap::pixel::tests::pixel_alignment ... ok
[INFO] [stdout] test bitmap::pixel::tests::pixel_float_conversion ... ok
[INFO] [stdout] test canvas::tests::pixel_at ... ok
[INFO] [stdout] test bitmap::image::tests::from_pixels_valid ... ok
[INFO] [stdout] test filters::brightness::tests::brightness ... ok
[INFO] [stdout] test filters::transform::tests::rotate_test ... ok
[INFO] [stdout] test filters::transform::tests::translate_test ... ok
[INFO] [stdout] test rect::tests::overflow ... ok
[INFO] [stdout] test rect::tests::varied_coordinate ... ok
[INFO] [stdout] test rect::tests::zeroed_coordinate ... ok
[INFO] [stdout] test bitmap::image::tests::get_row ... ok
[INFO] [stdout] test bitmap::pixel::tests::pixel_no_padding ... ok
[INFO] [stderr]      Running tests/common.rs (/opt/rustwide/target/debug/deps/common-8645eb88590b3bea)
[INFO] [stdout] test bitmap::image::tests::pixel_at ... ok
[INFO] [stdout] 
[INFO] [stdout] test result: ok. 24 passed; 0 failed; 0 ignored; 0 measured; 0 filtered out; finished in 0.02s
[INFO] [stdout] 
[INFO] [stdout] 
[INFO] [stdout] running 3 tests
[INFO] [stdout] test filters::transform::all_matrix_transform ... ok
[INFO] [stdout] test text::raster_text::rasterize_basic ... ok
[INFO] [stdout] test text::glyph_layout::layout_basic ... ok
[INFO] [stdout] 
[INFO] [stdout] test result: ok. 3 passed; 0 failed; 0 ignored; 0 measured; 0 filtered out; finished in 0.84s
[INFO] [stdout] 
[INFO] [stderr]    Doc-tests image_template
[INFO] [stdout] 
[INFO] [stdout] running 30 tests
[INFO] [stdout] test src/bitmap/image.rs - bitmap::image::Image<T>::index_of_unchecked (line 115) ... ok
[INFO] [stdout] test src/bitmap/image.rs - bitmap::image::Image<T>::pixel_at_mut (line 196) ... ok
[INFO] [stdout] test src/bitmap/image.rs - bitmap::image::Image<T>::new (line 44) ... ok
[INFO] [stdout] test src/bitmap/image.rs - bitmap::image::Image<T>::shrink_height (line 265) ... ok
[INFO] [stdout] test src/bitmap/image.rs - bitmap::image::Image<T>::from_function (line 94) ... ok
[INFO] [stdout] test src/bitmap/image.rs - bitmap::image::Image<T>::contains (line 210) ... ok
[INFO] [stdout] test src/bitmap/image.rs - bitmap::image::Image<T>::pixel_at (line 183) ... ok
[INFO] [stdout] test src/bitmap/image.rs - bitmap::image::Image<T>::from_pixels (line 65) ... ok
[INFO] [stdout] test src/bitmap/image.rs - bitmap::image::Image<T>::row_mut (line 168) ... ok
[INFO] [stdout] test src/bitmap/image.rs - bitmap::image::Image<T>::new_with_fill (line 54) ... ok
[INFO] [stdout] test src/bitmap/image.rs - bitmap::image::Image<T>::index_of (line 131) ... ok
[INFO] [stdout] test src/bitmap/pixel.rs - bitmap::pixel::AlphaPixel<T>::as_different_channel (line 141) ... ok
[INFO] [stdout] test src/bitmap/image.rs - bitmap::image::Image<T>::row (line 151) ... ok
[INFO] [stdout] test src/bitmap/image.rs - bitmap::image::Image<T>::extend_height (line 247) ... ok
[INFO] [stdout] test src/lib.rs - (line 23) - compile ... ok
[INFO] [stdout] test src/bitmap/pixel.rs - bitmap::pixel::AlphaPixel<T>::try_pixel_slice_from_channels_mut (line 294) ... ok
[INFO] [stdout] test src/bitmap/pixel.rs - bitmap::pixel::AlphaPixel<T>::try_pixel_slice_from_channels (line 263) ... ok
[INFO] [stdout] test src/bitmap/image.rs - bitmap::image::Image<T>::try_from (line 376) ... ok
[INFO] [stdout] test src/bitmap/pixel.rs - bitmap::pixel::AlphaPixel<T>::as_hex_string (line 161) ... FAILED
[INFO] [stdout] test src/bitmap/pixel.rs - bitmap::pixel::AlphaPixel<T>::channels (line 175) ... ok
[INFO] [stdout] test src/rect.rs - rect::Rect::contains (line 16) ... ok
[INFO] [stdout] test src/bitmap/pixel.rs - bitmap::pixel::AlphaPixel<T>::channels_mut (line 189) ... ok
[INFO] [stdout] test src/bitmap/pixel.rs - bitmap::pixel::AlphaPixel<T>::try_pixel_vec_from_channels (line 326) ... ok
[INFO] [stdout] test src/bitmap/pixel.rs - bitmap::pixel::AlphaPixel<T>::try_from_slice (line 210) ... ok
[INFO] [stdout] test src/bitmap/pixel.rs - bitmap::pixel::AlphaPixel<T>::try_from_slice_mut (line 238) ... ok
[INFO] [stdout] test src/filters/transform.rs - filters::transform::MatrixTransform::scale (line 91) ... ok
[INFO] [stdout] test src/filters/transform.rs - filters::transform::MatrixTransform::shear_y (line 145) ... ok
[INFO] [stdout] test src/filters/transform.rs - filters::transform::MatrixTransform::rotate (line 65) ... ok
[INFO] [stdout] test src/filters/transform.rs - filters::transform::MatrixTransform::scale_axis (line 109) ... ok
[INFO] [stdout] test src/filters/transform.rs - filters::transform::MatrixTransform::shear_x (line 127) ... ok
[INFO] [stdout] 
[INFO] [stdout] failures:
[INFO] [stdout] 
[INFO] [stdout] ---- src/bitmap/pixel.rs - bitmap::pixel::AlphaPixel<T>::as_hex_string (line 161) stdout ----
[INFO] [stdout] error: linking with `cc` failed: exit status: 1
[INFO] [stdout]   |
[INFO] [stdout]   = note: LC_ALL="C" PATH="/opt/rustwide/rustup-home/toolchains/beta-2024-12-08-x86_64-unknown-linux-gnu/lib/rustlib/x86_64-unknown-linux-gnu/bin:/opt/rustwide/cargo-home/bin:/usr/local/sbin:/usr/local/bin:/usr/sbin:/usr/bin:/sbin:/bin" VSLANG="1033" "cc" "-m64" "/tmp/rustciV3Fqb/symbols.o" "/tmp/rustdoctestpcOWwe/rust_out.rust_out.9242fac72db2cd11-cgu.0.rcgu.o" "/tmp/rustdoctestpcOWwe/rust_out.2hl2tb9xdtge7mguxzn2q1kvi.rcgu.o" "-Wl,--as-needed" "-Wl,-Bstatic" "/opt/rustwide/target/debug/deps/libimage_template-5cb9bfafdac2a42a.rlib" "/opt/rustwide/target/debug/deps/libfontdue-d44aaaed3b445fa8.rlib" "/opt/rustwide/target/debug/deps/libhashbrown-88995f7bd2d7eaaa.rlib" "/opt/rustwide/target/debug/deps/libahash-885012aa19fc9d05.rlib" "/opt/rustwide/target/debug/deps/libonce_cell-334d739f4e3a4961.rlib" "/opt/rustwide/target/debug/deps/libzerocopy-7d07cba449ed1a54.rlib" "/opt/rustwide/target/debug/deps/liballocator_api2-a8da521af1b95b07.rlib" "/opt/rustwide/target/debug/deps/libttf_parser-cebf4208d9e2ef1d.rlib" "/opt/rustwide/target/debug/deps/libimage-2eacfe5c41653d53.rlib" "/opt/rustwide/target/debug/deps/libimage_webp-ab3efeec5582bc4f.rlib" "/opt/rustwide/target/debug/deps/libqoi-45272c721c0c2334.rlib" "/opt/rustwide/target/debug/deps/librayon-4e81b3f0626b6c78.rlib" "/opt/rustwide/target/debug/deps/libpng-d82a4507d7ff808d.rlib" "/opt/rustwide/target/debug/deps/libfdeflate-3d81a7ff2c147de6.rlib" "/opt/rustwide/target/debug/deps/libbitflags-85e13ed1e0c6d910.rlib" "/opt/rustwide/target/debug/deps/libexr-7313e730b92c04b6.rlib" "/opt/rustwide/target/debug/deps/libflume-376a55afad784007.rlib" "/opt/rustwide/target/debug/deps/libzune_inflate-9a239074e85f25ab.rlib" "/opt/rustwide/target/debug/deps/librayon_core-a86b3e2a6874aea0.rlib" "/opt/rustwide/target/debug/deps/libcrossbeam_deque-bd6df934c95fd429.rlib" "/opt/rustwide/target/debug/deps/libcrossbeam_epoch-94621803ecea6178.rlib" "/opt/rustwide/target/debug/deps/libcrossbeam_utils-0d72a2b2b371b2bb.rlib" "/opt/rustwide/target/debug/deps/libbit_field-da5cec2dbcd4d097.rlib" "/opt/rustwide/target/debug/deps/liblebe-19c2b1c381eaf7ca.rlib" "/opt/rustwide/target/debug/deps/libhalf-e8fa5947517d82bf.rlib" "/opt/rustwide/target/debug/deps/libsmallvec-cae3008cdb7d5db1.rlib" "/opt/rustwide/target/debug/deps/libzune_jpeg-6f867312c4a89f6e.rlib" "/opt/rustwide/target/debug/deps/libzune_core-fb3013102e7a7afb.rlib" "/opt/rustwide/target/debug/deps/libgif-b14d00dcaab9ae01.rlib" "/opt/rustwide/target/debug/deps/libcolor_quant-da6050448bfc3046.rlib" "/opt/rustwide/target/debug/deps/libbyteorder_lite-a6646c9ac090b157.rlib" "/opt/rustwide/target/debug/deps/libravif-e13a26ed1a2ffd85.rlib" "/opt/rustwide/target/debug/deps/libloop9-cfb4d749f297ee42.rlib" "/opt/rustwide/target/debug/deps/libavif_serialize-059dc590690f1f84.rlib" "/opt/rustwide/target/debug/deps/libquick_error-b33ad11c27fc8285.rlib" "/opt/rustwide/target/debug/deps/librgb-75b8a531ca4f773e.rlib" "/opt/rustwide/target/debug/deps/librav1e-d354732bc5efd485.rlib" "/opt/rustwide/target/debug/deps/libprofiling-84fd0e0e6c986da4.rlib" "/opt/rustwide/target/debug/deps/libav1_grain-1e924e80d2eba1e1.rlib" "/opt/rustwide/target/debug/deps/libnom-585f228d15538c77.rlib" "/opt/rustwide/target/debug/deps/libmemchr-d6cb21f6c03ed32f.rlib" "/opt/rustwide/target/debug/deps/libnum_rational-2a184871151a7119.rlib" "/opt/rustwide/target/debug/deps/libnum_bigint-85430b85cd70a44e.rlib" "/opt/rustwide/target/debug/deps/libnum_integer-fe33e57e3ea489e9.rlib" "/opt/rustwide/target/debug/deps/libanyhow-64aa4a1529b21937.rlib" "/opt/rustwide/target/debug/deps/libdebug_unreachable-aaccdf2e54977958.rlib" "/opt/rustwide/target/debug/deps/libmaybe_rayon-ee22a9056f8baf20.rlib" "/opt/rustwide/target/debug/deps/libv_frame-e57568e0cd56fa73.rlib" "/opt/rustwide/target/debug/deps/libaligned_vec-2a5f48632596903c.rlib" "/opt/rustwide/target/debug/deps/libarrayvec-a0a94cc2ec578d49.rlib" "/opt/rustwide/target/debug/deps/libthiserror-1e6b73f0324dde78.rlib" "/opt/rustwide/target/debug/deps/libbitstream_io-9f17ba2e5a79a17d.rlib" "/opt/rustwide/target/debug/deps/libitertools-09dcaf901a701312.rlib" "/opt/rustwide/target/debug/deps/libeither-5adc936c7a206324.rlib" "/opt/rustwide/target/debug/deps/liblog-35c349e0e34201c2.rlib" "/opt/rustwide/target/debug/deps/libimgref-8ca9e4e2c251aa00.rlib" "/opt/rustwide/target/debug/deps/libbytemuck-59eb14e81446dcba.rlib" "/opt/rustwide/target/debug/deps/libnum_traits-00d71ff11c0d1785.rlib" "/opt/rustwide/target/debug/deps/libtiff-1360f7271fa7f958.rlib" "/opt/rustwide/target/debug/deps/libflate2-b4022ec55b91fe7c.rlib" "/opt/rustwide/target/debug/deps/libminiz_oxide-cc3904f8b26bbfde.rlib" "/opt/rustwide/target/debug/deps/libsimd_adler32-4a3f6ae7a867fb6e.rlib" "/opt/rustwide/target/debug/deps/libcrc32fast-3e4e944995101d8a.rlib" "/opt/rustwide/target/debug/deps/libcfg_if-a3e7e701fcd1f47b.rlib" "/opt/rustwide/target/debug/deps/libweezl-d50931236dbebc2d.rlib" "/opt/rustwide/target/debug/deps/libjpeg_decoder-8b4f78e05ad8016b.rlib" "/opt/rustwide/rustup-home/toolchains/beta-2024-12-08-x86_64-unknown-linux-gnu/lib/rustlib/x86_64-unknown-linux-gnu/lib/libstd-02dc84f49135b6b8.rlib" "/opt/rustwide/rustup-home/toolchains/beta-2024-12-08-x86_64-unknown-linux-gnu/lib/rustlib/x86_64-unknown-linux-gnu/lib/libpanic_unwind-a8f45b397fae3f81.rlib" "/opt/rustwide/rustup-home/toolchains/beta-2024-12-08-x86_64-unknown-linux-gnu/lib/rustlib/x86_64-unknown-linux-gnu/lib/libobject-089607133c180609.rlib" "/opt/rustwide/rustup-home/toolchains/beta-2024-12-08-x86_64-unknown-linux-gnu/lib/rustlib/x86_64-unknown-linux-gnu/lib/libmemchr-fc89f091bcd86cbb.rlib" "/opt/rustwide/rustup-home/toolchains/beta-2024-12-08-x86_64-unknown-linux-gnu/lib/rustlib/x86_64-unknown-linux-gnu/lib/libaddr2line-5a60949f01c7340c.rlib" "/opt/rustwide/rustup-home/toolchains/beta-2024-12-08-x86_64-unknown-linux-gnu/lib/rustlib/x86_64-unknown-linux-gnu/lib/libgimli-d29e6a55ca253c8c.rlib" "/opt/rustwide/rustup-home/toolchains/beta-2024-12-08-x86_64-unknown-linux-gnu/lib/rustlib/x86_64-unknown-linux-gnu/lib/librustc_demangle-273c078d5f65de7a.rlib" "/opt/rustwide/rustup-home/toolchains/beta-2024-12-08-x86_64-unknown-linux-gnu/lib/rustlib/x86_64-unknown-linux-gnu/lib/libstd_detect-413c950ffbdd4454.rlib" "/opt/rustwide/rustup-home/toolchains/beta-2024-12-08-x86_64-unknown-linux-gnu/lib/rustlib/x86_64-unknown-linux-gnu/lib/libhashbrown-1853c0976a1d88a6.rlib" "/opt/rustwide/rustup-home/toolchains/beta-2024-12-08-x86_64-unknown-linux-gnu/lib/rustlib/x86_64-unknown-linux-gnu/lib/librustc_std_workspace_alloc-ccb3384ddacb0f9e.rlib" "/opt/rustwide/rustup-home/toolchains/beta-2024-12-08-x86_64-unknown-linux-gnu/lib/rustlib/x86_64-unknown-linux-gnu/lib/libminiz_oxide-0b901dfb0ca849e0.rlib" "/opt/rustwide/rustup-home/toolchains/beta-2024-12-08-x86_64-unknown-linux-gnu/lib/rustlib/x86_64-unknown-linux-gnu/lib/libadler-eebeb8d7c64543ad.rlib" "/opt/rustwide/rustup-home/toolchains/beta-2024-12-08-x86_64-unknown-linux-gnu/lib/rustlib/x86_64-unknown-linux-gnu/lib/libunwind-4723ef81d6079867.rlib" "/opt/rustwide/rustup-home/toolchains/beta-2024-12-08-x86_64-unknown-linux-gnu/lib/rustlib/x86_64-unknown-linux-gnu/lib/libcfg_if-54442f8b422f5a54.rlib" "/opt/rustwide/rustup-home/toolchains/beta-2024-12-08-x86_64-unknown-linux-gnu/lib/rustlib/x86_64-unknown-linux-gnu/lib/liblibc-e0bbe034b5282553.rlib" "/opt/rustwide/rustup-home/toolchains/beta-2024-12-08-x86_64-unknown-linux-gnu/lib/rustlib/x86_64-unknown-linux-gnu/lib/liballoc-d0febb68c1c37b90.rlib" "/opt/rustwide/rustup-home/toolchains/beta-2024-12-08-x86_64-unknown-linux-gnu/lib/rustlib/x86_64-unknown-linux-gnu/lib/librustc_std_workspace_core-4cf833632aafa84c.rlib" "/opt/rustwide/rustup-home/toolchains/beta-2024-12-08-x86_64-unknown-linux-gnu/lib/rustlib/x86_64-unknown-linux-gnu/lib/libcore-65c2c6d2d6ae570b.rlib" "/opt/rustwide/rustup-home/toolchains/beta-2024-12-08-x86_64-unknown-linux-gnu/lib/rustlib/x86_64-unknown-linux-gnu/lib/libcompiler_builtins-97929cee0dcfe424.rlib" "-Wl,-Bdynamic" "-lgcc_s" "-lutil" "-lrt" "-lpthread" "-lm" "-ldl" "-lc" "-Wl,--eh-frame-hdr" "-Wl,-z,noexecstack" "-L" "/opt/rustwide/rustup-home/toolchains/beta-2024-12-08-x86_64-unknown-linux-gnu/lib/rustlib/x86_64-unknown-linux-gnu/lib" "-o" "/tmp/rustdoctestpcOWwe/rust_out" "-Wl,--gc-sections" "-pie" "-Wl,-z,relro,-z,now" "-nodefaultlibs"
[INFO] [stdout]   = note: collect2: fatal error: ld terminated with signal 9 [Killed]
[INFO] [stdout]           compilation terminated.
[INFO] [stdout]           
[INFO] [stdout] 
[INFO] [stdout] error: aborting due to 1 previous error
[INFO] [stdout] 
[INFO] [stdout] Couldn't compile the test.
[INFO] [stdout] 
[INFO] [stdout] failures:
[INFO] [stdout]     src/bitmap/pixel.rs - bitmap::pixel::AlphaPixel<T>::as_hex_string (line 161)
[INFO] [stdout] 
[INFO] [stdout] test result: FAILED. 29 passed; 1 failed; 0 ignored; 0 measured; 0 filtered out; finished in 10.22s
[INFO] [stdout] 
[INFO] [stderr] error: doctest failed, to rerun pass `--doc`
[INFO] running `Command { std: "docker" "inspect" "54f2de65056e0fe3e30540d1518243ecb4ac4dca9e7f69c69ed01e85d1b38502", kill_on_drop: false }`
[INFO] running `Command { std: "docker" "rm" "-f" "54f2de65056e0fe3e30540d1518243ecb4ac4dca9e7f69c69ed01e85d1b38502", kill_on_drop: false }`
[INFO] [stdout] 54f2de65056e0fe3e30540d1518243ecb4ac4dca9e7f69c69ed01e85d1b38502
