[INFO] cloning repository https://github.com/Shujun-Qi/aple
[INFO] running `Command { std: "git" "-c" "credential.helper=" "-c" "credential.helper=/workspace/cargo-home/bin/git-credential-null" "clone" "--bare" "https://github.com/Shujun-Qi/aple" "/workspace/cache/git-repos/https%3A%2F%2Fgithub.com%2FShujun-Qi%2Faple", kill_on_drop: false }`
[INFO] [stderr] Cloning into bare repository '/workspace/cache/git-repos/https%3A%2F%2Fgithub.com%2FShujun-Qi%2Faple'...
[INFO] running `Command { std: "git" "rev-parse" "HEAD", kill_on_drop: false }`
[INFO] [stdout] 61fe9c650070cef782a7a36a58deb7972b725e0e
[INFO] testing Shujun-Qi/aple against beta-2024-12-08 for beta-1.84.0-4-retry
[INFO] running `Command { std: "git" "clone" "/workspace/cache/git-repos/https%3A%2F%2Fgithub.com%2FShujun-Qi%2Faple" "/workspace/builds/worker-3-tc2/source", kill_on_drop: false }`
[INFO] [stderr] Cloning into '/workspace/builds/worker-3-tc2/source'...
[INFO] [stderr] done.
[INFO] validating manifest of git repo https://github.com/Shujun-Qi/aple on toolchain beta-2024-12-08
[INFO] running `Command { std: CARGO_HOME="/workspace/cargo-home" RUSTUP_HOME="/workspace/rustup-home" "/workspace/cargo-home/bin/cargo" "+beta-2024-12-08" "metadata" "--manifest-path" "Cargo.toml" "--no-deps", kill_on_drop: false }`
[INFO] started tweaking git repo https://github.com/Shujun-Qi/aple
[INFO] finished tweaking git repo https://github.com/Shujun-Qi/aple
[INFO] tweaked toml for git repo https://github.com/Shujun-Qi/aple written to /workspace/builds/worker-3-tc2/source/Cargo.toml
[INFO] crate git repo https://github.com/Shujun-Qi/aple already has a lockfile, it will not be regenerated
[INFO] running `Command { std: CARGO_HOME="/workspace/cargo-home" RUSTUP_HOME="/workspace/rustup-home" "/workspace/cargo-home/bin/cargo" "+beta-2024-12-08" "fetch" "--manifest-path" "Cargo.toml", kill_on_drop: false }`
[INFO] running `Command { std: "docker" "create" "-v" "/var/lib/crater-agent-workspace/builds/worker-3-tc2/target:/opt/rustwide/target:rw,Z" "-v" "/var/lib/crater-agent-workspace/builds/worker-3-tc2/source:/opt/rustwide/workdir:ro,Z" "-v" "/var/lib/crater-agent-workspace/cargo-home:/opt/rustwide/cargo-home:ro,Z" "-v" "/var/lib/crater-agent-workspace/rustup-home:/opt/rustwide/rustup-home:ro,Z" "-e" "SOURCE_DIR=/opt/rustwide/workdir" "-e" "CARGO_TARGET_DIR=/opt/rustwide/target" "-e" "CARGO_HOME=/opt/rustwide/cargo-home" "-e" "RUSTUP_HOME=/opt/rustwide/rustup-home" "-w" "/opt/rustwide/workdir" "-m" "1610612736" "--user" "0:0" "--network" "none" "ghcr.io/rust-lang/crates-build-env/linux@sha256:f3a9d4ad9d972b27faf3965f35b62e55ba32bbce8f20bc8fe909558a86702fde" "/opt/rustwide/cargo-home/bin/cargo" "+beta-2024-12-08" "metadata" "--no-deps" "--format-version=1", kill_on_drop: false }`
[INFO] [stdout] 231ec5e7c6b02abc925904150bd0867c7b87f58a71236987a836fec03a949993
[INFO] running `Command { std: "docker" "start" "-a" "231ec5e7c6b02abc925904150bd0867c7b87f58a71236987a836fec03a949993", kill_on_drop: false }`
[INFO] running `Command { std: "docker" "inspect" "231ec5e7c6b02abc925904150bd0867c7b87f58a71236987a836fec03a949993", kill_on_drop: false }`
[INFO] running `Command { std: "docker" "rm" "-f" "231ec5e7c6b02abc925904150bd0867c7b87f58a71236987a836fec03a949993", kill_on_drop: false }`
[INFO] [stdout] 231ec5e7c6b02abc925904150bd0867c7b87f58a71236987a836fec03a949993
[INFO] running `Command { std: "docker" "create" "-v" "/var/lib/crater-agent-workspace/builds/worker-3-tc2/target:/opt/rustwide/target:rw,Z" "-v" "/var/lib/crater-agent-workspace/builds/worker-3-tc2/source:/opt/rustwide/workdir:ro,Z" "-v" "/var/lib/crater-agent-workspace/cargo-home:/opt/rustwide/cargo-home:ro,Z" "-v" "/var/lib/crater-agent-workspace/rustup-home:/opt/rustwide/rustup-home:ro,Z" "-e" "SOURCE_DIR=/opt/rustwide/workdir" "-e" "CARGO_TARGET_DIR=/opt/rustwide/target" "-e" "CARGO_INCREMENTAL=0" "-e" "RUST_BACKTRACE=full" "-e" "RUSTFLAGS=--cap-lints=warn" "-e" "RUSTDOCFLAGS=--cap-lints=warn" "-e" "CARGO_HOME=/opt/rustwide/cargo-home" "-e" "RUSTUP_HOME=/opt/rustwide/rustup-home" "-w" "/opt/rustwide/workdir" "-m" "1610612736" "--user" "0:0" "--network" "none" "ghcr.io/rust-lang/crates-build-env/linux@sha256:f3a9d4ad9d972b27faf3965f35b62e55ba32bbce8f20bc8fe909558a86702fde" "/opt/rustwide/cargo-home/bin/cargo" "+beta-2024-12-08" "build" "--frozen" "--message-format=json", kill_on_drop: false }`
[INFO] [stdout] 6105b45040ab355c42f0152edf3e75c01e4ff4c331cb9c9f493e12db4495fa50
[INFO] running `Command { std: "docker" "start" "-a" "6105b45040ab355c42f0152edf3e75c01e4ff4c331cb9c9f493e12db4495fa50", kill_on_drop: false }`
[INFO] [stderr]    Compiling proc-macro2 v1.0.66
[INFO] [stderr]    Compiling unicode-ident v1.0.11
[INFO] [stderr]    Compiling typenum v1.16.0
[INFO] [stderr]    Compiling libc v0.2.147
[INFO] [stderr]    Compiling const-oid v0.9.4
[INFO] [stderr]    Compiling subtle v2.5.0
[INFO] [stderr]    Compiling libm v0.2.7
[INFO] [stderr]    Compiling ppv-lite86 v0.2.17
[INFO] [stderr]    Compiling getrandom v0.1.16
[INFO] [stderr]    Compiling base64ct v1.6.0
[INFO] [stderr]    Compiling cpufeatures v0.2.9
[INFO] [stderr]    Compiling serde v1.0.171
[INFO] [stderr]    Compiling generic-array v0.14.7
[INFO] [stderr]    Compiling num-traits v0.2.16
[INFO] [stderr]    Compiling num-integer v0.1.45
[INFO] [stderr]    Compiling num-iter v0.1.43
[INFO] [stderr]    Compiling syn v1.0.109
[INFO] [stderr]    Compiling spin v0.5.2
[INFO] [stderr]    Compiling byteorder v1.4.3
[INFO] [stderr]    Compiling aho-corasick v1.0.2
[INFO] [stderr]    Compiling regex-syntax v0.7.4
[INFO] [stderr]    Compiling pem-rfc7468 v0.7.0
[INFO] [stderr]    Compiling serde_json v1.0.103
[INFO] [stderr]    Compiling num-bigint-dig v0.8.4
[INFO] [stderr]    Compiling thiserror v1.0.44
[INFO] [stderr]    Compiling cc v1.0.79
[INFO] [stderr]    Compiling lazy_static v1.4.0
[INFO] [stderr]    Compiling opaque-debug v0.3.0
[INFO] [stderr]    Compiling ryu v1.0.15
[INFO] [stderr]    Compiling itoa v1.0.9
[INFO] [stderr]    Compiling beef v0.5.2
[INFO] [stderr]    Compiling fnv v1.0.7
[INFO] [stderr]    Compiling signature v1.6.4
[INFO] [stderr]    Compiling regex-syntax v0.6.29
[INFO] [stderr]    Compiling smallvec v1.11.0
[INFO] [stderr]    Compiling ed25519 v1.5.3
[INFO] [stderr]    Compiling equivalent v1.0.1
[INFO] [stderr]    Compiling once_cell v1.18.0
[INFO] [stderr]    Compiling base64 v0.21.2
[INFO] [stderr]    Compiling untrusted v0.7.1
[INFO] [stderr]    Compiling iana-time-zone v0.1.57
[INFO] [stderr]    Compiling hashbrown v0.14.0
[INFO] [stderr]    Compiling hex v0.4.3
[INFO] [stderr]    Compiling hex-literal v0.4.1
[INFO] [stderr]    Compiling quote v1.0.32
[INFO] [stderr]    Compiling pem v3.0.1
[INFO] [stderr]    Compiling getrandom v0.2.10
[INFO] [stderr]    Compiling rtoolbox v0.0.1
[INFO] [stderr]    Compiling time v0.1.45
[INFO] [stderr]    Compiling syn v2.0.27
[INFO] [stderr]    Compiling rand_core v0.6.4
[INFO] [stderr]    Compiling rand_core v0.5.1
[INFO] [stderr]    Compiling rpassword v7.2.0
[INFO] [stderr]    Compiling ring v0.16.20
[INFO] [stderr]    Compiling rand_chacha v0.3.1
[INFO] [stderr]    Compiling rand_chacha v0.2.2
[INFO] [stderr]    Compiling rand v0.7.3
[INFO] [stderr]    Compiling rand v0.8.5
[INFO] [stderr]    Compiling crypto-common v0.1.6
[INFO] [stderr]    Compiling block-buffer v0.10.4
[INFO] [stderr]    Compiling inout v0.1.3
[INFO] [stderr]    Compiling digest v0.9.0
[INFO] [stderr]    Compiling block-buffer v0.9.0
[INFO] [stderr]    Compiling digest v0.10.7
[INFO] [stderr]    Compiling cipher v0.4.4
[INFO] [stderr]    Compiling sha2 v0.9.9
[INFO] [stderr]    Compiling sha2 v0.10.7
[INFO] [stderr]    Compiling hmac v0.12.1
[INFO] [stderr]    Compiling signature v2.1.0
[INFO] [stderr]    Compiling salsa20 v0.10.2
[INFO] [stderr]    Compiling pbkdf2 v0.12.2
[INFO] [stderr]    Compiling ed25519 v2.2.1
[INFO] [stderr]    Compiling scrypt v0.11.0
[INFO] [stderr]    Compiling chrono v0.4.26
[INFO] [stderr]    Compiling minisign v0.7.5
[INFO] [stderr]    Compiling regex-automata v0.3.3
[INFO] [stderr]    Compiling logos-derive v0.12.1
[INFO] [stderr]    Compiling regex v1.9.1
[INFO] [stderr]    Compiling logos v0.12.1
[INFO] [stderr]    Compiling zeroize_derive v1.4.2
[INFO] [stderr]    Compiling serde_derive v1.0.171
[INFO] [stderr]    Compiling thiserror-impl v1.0.44
[INFO] [stderr]    Compiling zeroize v1.6.0
[INFO] [stderr]    Compiling der v0.7.7
[INFO] [stderr]    Compiling curve25519-dalek v3.2.0
[INFO] [stderr]    Compiling spki v0.7.2
[INFO] [stderr]    Compiling pkcs8 v0.10.2
[INFO] [stderr]    Compiling pkcs1 v0.7.5
[INFO] [stderr]    Compiling rsa v0.9.2
[INFO] [stderr]    Compiling indexmap v2.0.0
[INFO] [stderr]    Compiling ed25519-dalek v1.0.1
[INFO] [stderr]    Compiling canonical_json v0.5.0
[INFO] [stderr]    Compiling aple v0.1.0 (/opt/rustwide/workdir)
[INFO] [stdout] warning: unused import: `super::*`
[INFO] [stdout]  --> src/engine/signature.rs:1:5
[INFO] [stdout]   |
[INFO] [stdout] 1 | use super::*;
[INFO] [stdout]   |     ^^^^^^^^
[INFO] [stdout]   |
[INFO] [stdout]   = note: `#[warn(unused_imports)]` on by default
[INFO] [stdout] 
[INFO] [stdout] 
[INFO] [stdout] warning: unused import: `chrono::format::format`
[INFO] [stdout]  --> src/engine/signature.rs:6:5
[INFO] [stdout]   |
[INFO] [stdout] 6 | use chrono::format::format;
[INFO] [stdout]   |     ^^^^^^^^^^^^^^^^^^^^^^
[INFO] [stdout] 
[INFO] [stdout] 
[INFO] [stdout] warning: unused import: `Error`
[INFO] [stdout]  --> src/engine/signature.rs:8:37
[INFO] [stdout]   |
[INFO] [stdout] 8 | use serde_json::{Value, from_value, Error};
[INFO] [stdout]   |                                     ^^^^^
[INFO] [stdout] 
[INFO] [stdout] 
[INFO] [stdout] warning: unused imports: `Hash` and `Hasher`
[INFO] [stdout]   --> src/engine/signature.rs:12:17
[INFO] [stdout]    |
[INFO] [stdout] 12 | use std::hash::{Hash, Hasher};
[INFO] [stdout]    |                 ^^^^  ^^^^^^
[INFO] [stdout] 
[INFO] [stdout] 
[INFO] [stdout] warning: unused imports: `Sha384` and `Sha512`
[INFO] [stdout]   --> src/engine/signature.rs:21:33
[INFO] [stdout]    |
[INFO] [stdout] 21 | use rsa::sha2::{Digest, Sha256, Sha512, Sha384};
[INFO] [stdout]    |                                 ^^^^^^  ^^^^^^
[INFO] [stdout] 
[INFO] [stdout] 
[INFO] [stdout] warning: unused import: `self`
[INFO] [stdout]  --> src/parser/parser.rs:5:66
[INFO] [stdout]   |
[INFO] [stdout] 5 | use crate::types::{Predicate, Query, Rule, Sym, Term, Principal, self};
[INFO] [stdout]   |                                                                  ^^^^
[INFO] [stdout] 
[INFO] [stdout] 
[INFO] [stdout] warning: unused import: `File`
[INFO] [stdout]  --> src/parser.rs:5:38
[INFO] [stdout]   |
[INFO] [stdout] 5 | use std::{collections::HashMap, fs::{File, OpenOptions}};
[INFO] [stdout]   |                                      ^^^^
[INFO] [stdout] 
[INFO] [stdout] 
[INFO] [stdout] warning: unused import: `std::os::unix::prelude::PermissionsExt`
[INFO] [stdout]  --> src/compiler.rs:4:5
[INFO] [stdout]   |
[INFO] [stdout] 4 | use std::os::unix::prelude::PermissionsExt;
[INFO] [stdout]   |     ^^^^^^^^^^^^^^^^^^^^^^^^^^^^^^^^^^^^^^
[INFO] [stdout] 
[INFO] [stdout] 
[INFO] [stdout] warning: unused import: `from_str`
[INFO] [stdout]  --> src/compiler.rs:6:45
[INFO] [stdout]   |
[INFO] [stdout] 6 | use serde_json::{Result, Value, from_value, from_str};
[INFO] [stdout]   |                                             ^^^^^^^^
[INFO] [stdout] 
[INFO] [stdout] 
[INFO] [stdout] warning: unused import: `Hash`
[INFO] [stdout]  --> src/compiler.rs:8:17
[INFO] [stdout]   |
[INFO] [stdout] 8 | use std::hash::{Hash, Hasher};
[INFO] [stdout]   |                 ^^^^
[INFO] [stdout] 
[INFO] [stdout] 
[INFO] [stdout] warning: unused import: `std::collections::hash_map::DefaultHasher`
[INFO] [stdout]  --> src/compiler.rs:9:5
[INFO] [stdout]   |
[INFO] [stdout] 9 | use std::collections::hash_map::DefaultHasher;
[INFO] [stdout]   |     ^^^^^^^^^^^^^^^^^^^^^^^^^^^^^^^^^^^^^^^^^
[INFO] [stdout] 
[INFO] [stdout] 
[INFO] [stdout] warning: unused imports: `RsaPrivateKey`, `pkcs8::DecodePrivateKey`, `pkcs8::EncodePrivateKey`, and `pkcs8::EncodePublicKey`
[INFO] [stdout]   --> src/compiler.rs:12:11
[INFO] [stdout]    |
[INFO] [stdout] 12 | use rsa::{RsaPrivateKey, RsaPublicKey, pkcs8::DecodePublicKey, pkcs8::EncodePublicKey, pkcs8::DecodePrivateKey, pkcs8::EncodePrivateKey};
[INFO] [stdout]    |           ^^^^^^^^^^^^^                                        ^^^^^^^^^^^^^^^^^^^^^^  ^^^^^^^^^^^^^^^^^^^^^^^  ^^^^^^^^^^^^^^^^^^^^^^^
[INFO] [stdout] 
[INFO] [stdout] 
[INFO] [stdout] warning: unused imports: `BlindedSigningKey` and `SigningKey`
[INFO] [stdout]   --> src/compiler.rs:13:16
[INFO] [stdout]    |
[INFO] [stdout] 13 | use rsa::pss::{BlindedSigningKey, VerifyingKey, Signature, SigningKey};
[INFO] [stdout]    |                ^^^^^^^^^^^^^^^^^                           ^^^^^^^^^^
[INFO] [stdout] 
[INFO] [stdout] 
[INFO] [stdout] warning: unused imports: `Keypair`, `RandomizedSigner`, and `SignatureEncoding`
[INFO] [stdout]   --> src/compiler.rs:14:22
[INFO] [stdout]    |
[INFO] [stdout] 14 | use rsa::signature::{Keypair,RandomizedSigner, SignatureEncoding, Verifier};
[INFO] [stdout]    |                      ^^^^^^^ ^^^^^^^^^^^^^^^^  ^^^^^^^^^^^^^^^^^
[INFO] [stdout] 
[INFO] [stdout] 
[INFO] [stdout] warning: unused imports: `Sha384` and `Sha512`
[INFO] [stdout]   --> src/compiler.rs:15:33
[INFO] [stdout]    |
[INFO] [stdout] 15 | use rsa::sha2::{Digest, Sha256, Sha512, Sha384};
[INFO] [stdout]    |                                 ^^^^^^  ^^^^^^
[INFO] [stdout] 
[INFO] [stdout] 
[INFO] [stdout] warning: unused import: `rsa::pkcs8::LineEnding`
[INFO] [stdout]   --> src/compiler.rs:16:5
[INFO] [stdout]    |
[INFO] [stdout] 16 | use rsa::pkcs8::LineEnding;
[INFO] [stdout]    |     ^^^^^^^^^^^^^^^^^^^^^^
[INFO] [stdout] 
[INFO] [stdout] 
[INFO] [stdout] warning: unused import: `rsa::rand_core::OsRng`
[INFO] [stdout]   --> src/compiler.rs:17:5
[INFO] [stdout]    |
[INFO] [stdout] 17 | use rsa::rand_core::OsRng;
[INFO] [stdout]    |     ^^^^^^^^^^^^^^^^^^^^^
[INFO] [stdout] 
[INFO] [stdout] 
[INFO] [stdout] warning: unused import: `crate::engine::SolutionIter`
[INFO] [stdout]   --> src/compiler.rs:22:5
[INFO] [stdout]    |
[INFO] [stdout] 22 | use crate::engine::SolutionIter;
[INFO] [stdout]    |     ^^^^^^^^^^^^^^^^^^^^^^^^^^^
[INFO] [stdout] 
[INFO] [stdout] 
[INFO] [stdout] warning: unused import: `parser::NamedUniverse`
[INFO] [stdout]   --> src/compiler.rs:23:23
[INFO] [stdout]    |
[INFO] [stdout] 23 | use crate::{types::*, parser::NamedUniverse, parser::Types};
[INFO] [stdout]    |                       ^^^^^^^^^^^^^^^^^^^^^
[INFO] [stdout] 
[INFO] [stdout] 
[INFO] [stdout] warning: unused imports: `Parser` and `Printer`
[INFO] [stdout]   --> src/compiler.rs:24:21
[INFO] [stdout]    |
[INFO] [stdout] 24 | use crate::parser::{Parser, Printer, TextualUniverse};
[INFO] [stdout]    |                     ^^^^^^  ^^^^^^^
[INFO] [stdout] 
[INFO] [stdout] 
[INFO] [stdout] warning: unused import: `Hasher`
[INFO] [stdout]  --> src/compiler.rs:8:23
[INFO] [stdout]   |
[INFO] [stdout] 8 | use std::hash::{Hash, Hasher};
[INFO] [stdout]   |                       ^^^^^^
[INFO] [stdout] 
[INFO] [stdout] 
[INFO] [stdout] warning: unused variable: `msg`
[INFO] [stdout]   --> src/engine/signature.rs:57:9
[INFO] [stdout]    |
[INFO] [stdout] 57 |     let msg = result.as_bytes();
[INFO] [stdout]    |         ^^^ help: if this is intentional, prefix it with an underscore: `_msg`
[INFO] [stdout]    |
[INFO] [stdout]    = note: `#[warn(unused_variables)]` on by default
[INFO] [stdout] 
[INFO] [stdout] 
[INFO] [stdout] warning: unused variable: `key`
[INFO] [stdout]   --> src/engine/signature.rs:58:9
[INFO] [stdout]    |
[INFO] [stdout] 58 |     let key = "-----BEGIN PUBLIC KEY-----\nMIIBojANBgkqhkiG9w0BAQEFAAOCAY8AMIIBigKCAYEAtirZR6ujYl2qQAo0O5aB\ndTCPYXrBgNGqp2+IqDRRCV3vH+SP...
[INFO] [stdout]    |         ^^^ help: if this is intentional, prefix it with an underscore: `_key`
[INFO] [stdout] 
[INFO] [stdout] 
[INFO] [stdout] warning: unused variable: `sig`
[INFO] [stdout]   --> src/engine/signature.rs:64:9
[INFO] [stdout]    |
[INFO] [stdout] 64 |     let sig = "9c3a5609e79ea68f9d7aa4b72e5ab1f00b7773f06912b789add45da026f46621b9ed06739bec692e7ea33ffc4a6dbd1e54c1e37cd01de233eeed924da8...
[INFO] [stdout]    |         ^^^ help: if this is intentional, prefix it with an underscore: `_sig`
[INFO] [stdout] 
[INFO] [stdout] 
[INFO] [stdout] warning: unused variable: `sk_str`
[INFO] [stdout]    --> src/engine/signature.rs:164:9
[INFO] [stdout]     |
[INFO] [stdout] 164 |     let sk_str = signing_key.write_pkcs8_pem_file(pk_file,LineEnding::default()).unwrap();
[INFO] [stdout]     |         ^^^^^^ help: if this is intentional, prefix it with an underscore: `_sk_str`
[INFO] [stdout] 
[INFO] [stdout] 
[INFO] [stdout] warning: unused variable: `vk_str`
[INFO] [stdout]    --> src/engine/signature.rs:165:9
[INFO] [stdout]     |
[INFO] [stdout] 165 |     let vk_str = verifying_key.write_public_key_pem_file(vk_file, LineEnding::LF).unwrap();
[INFO] [stdout]     |         ^^^^^^ help: if this is intentional, prefix it with an underscore: `_vk_str`
[INFO] [stdout] 
[INFO] [stdout] 
[INFO] [stdout] warning: unused variable: `index`
[INFO] [stdout]    --> src/compiler.rs:156:26
[INFO] [stdout]     |
[INFO] [stdout] 156 |                     for (index, var) in solution.into_iter().enumerate() {
[INFO] [stdout]     |                          ^^^^^ help: if this is intentional, prefix it with an underscore: `_index`
[INFO] [stdout] 
[INFO] [stdout] 
[INFO] [stdout] warning: unreachable pattern
[INFO] [stdout]    --> src/compiler.rs:454:13
[INFO] [stdout]     |
[INFO] [stdout] 434 |             MetadataType::INTOTO |MetadataType::TUF => {
[INFO] [stdout]     |             --------------------------------------- matches all the relevant values
[INFO] [stdout] ...
[INFO] [stdout] 454 |             _ => {
[INFO] [stdout]     |             ^ no value can reach this
[INFO] [stdout]     |
[INFO] [stdout]     = note: `#[warn(unreachable_patterns)]` on by default
[INFO] [stdout] 
[INFO] [stdout] 
[INFO] [stdout] warning: function `parse_files` is never used
[INFO] [stdout]   --> src/engine/signature.rs:54:4
[INFO] [stdout]    |
[INFO] [stdout] 54 | fn parse_files(filename: &str) -> Result<(),rsa::pkcs8::spki::Error>{
[INFO] [stdout]    |    ^^^^^^^^^^^
[INFO] [stdout]    |
[INFO] [stdout]    = note: `#[warn(dead_code)]` on by default
[INFO] [stdout] 
[INFO] [stdout] 
[INFO] [stdout] warning: function `get_msg` is never used
[INFO] [stdout]   --> src/engine/signature.rs:93:4
[INFO] [stdout]    |
[INFO] [stdout] 93 | fn get_msg(filename: &str) -> serde_json::Result<String>{
[INFO] [stdout]    |    ^^^^^^^
[INFO] [stdout] 
[INFO] [stdout] 
[INFO] [stdout] warning: function `get_sig` is never used
[INFO] [stdout]    --> src/engine/signature.rs:109:4
[INFO] [stdout]     |
[INFO] [stdout] 109 | fn get_sig(filename: &str) -> serde_json::Result<String>{
[INFO] [stdout]     |    ^^^^^^^
[INFO] [stdout] 
[INFO] [stdout] 
[INFO] [stdout] warning: function `test_sig` is never used
[INFO] [stdout]    --> src/engine/signature.rs:126:4
[INFO] [stdout]     |
[INFO] [stdout] 126 | fn test_sig(){
[INFO] [stdout]     |    ^^^^^^^^
[INFO] [stdout] 
[INFO] [stdout] 
[INFO] [stdout] warning: function `generate_keys` is never used
[INFO] [stdout]    --> src/engine/signature.rs:148:4
[INFO] [stdout]     |
[INFO] [stdout] 148 | fn generate_keys(){
[INFO] [stdout]     |    ^^^^^^^^^^^^^
[INFO] [stdout] 
[INFO] [stdout] 
[INFO] [stdout] warning: function `generate_sigs` is never used
[INFO] [stdout]    --> src/engine/signature.rs:177:4
[INFO] [stdout]     |
[INFO] [stdout] 177 | fn generate_sigs(dirname: &str){
[INFO] [stdout]     |    ^^^^^^^^^^^^^
[INFO] [stdout] 
[INFO] [stdout] 
[INFO] [stdout] warning: function `validate_sigs` is never used
[INFO] [stdout]    --> src/engine/signature.rs:205:4
[INFO] [stdout]     |
[INFO] [stdout] 205 | fn validate_sigs(dirname: &str){
[INFO] [stdout]     |    ^^^^^^^^^^^^^
[INFO] [stdout] 
[INFO] [stdout] 
[INFO] [stdout] warning: function `hash_file` is never used
[INFO] [stdout]    --> src/engine/signature.rs:231:4
[INFO] [stdout]     |
[INFO] [stdout] 231 | fn hash_file(dirname: &str){
[INFO] [stdout]     |    ^^^^^^^^^
[INFO] [stdout] 
[INFO] [stdout] 
[INFO] [stdout] warning: function `test_time` is never used
[INFO] [stdout]    --> src/engine/signature.rs:248:4
[INFO] [stdout]     |
[INFO] [stdout] 248 | fn test_time(){
[INFO] [stdout]     |    ^^^^^^^^^
[INFO] [stdout] 
[INFO] [stdout] 
[INFO] [stdout] warning: function `generate_sig_file` is never used
[INFO] [stdout]    --> src/engine/signature.rs:261:4
[INFO] [stdout]     |
[INFO] [stdout] 261 | fn generate_sig_file(filename: &str){
[INFO] [stdout]     |    ^^^^^^^^^^^^^^^^^
[INFO] [stdout] 
[INFO] [stdout] 
[INFO] [stdout] warning: function `validate_sig_file` is never used
[INFO] [stdout]    --> src/engine/signature.rs:283:4
[INFO] [stdout]     |
[INFO] [stdout] 283 | fn validate_sig_file(filename: &str){
[INFO] [stdout]     |    ^^^^^^^^^^^^^^^^^
[INFO] [stdout] 
[INFO] [stdout] 
[INFO] [stderr]     Finished `dev` profile [unoptimized + debuginfo] target(s) in 45.38s
[INFO] running `Command { std: "docker" "inspect" "6105b45040ab355c42f0152edf3e75c01e4ff4c331cb9c9f493e12db4495fa50", kill_on_drop: false }`
[INFO] running `Command { std: "docker" "rm" "-f" "6105b45040ab355c42f0152edf3e75c01e4ff4c331cb9c9f493e12db4495fa50", kill_on_drop: false }`
[INFO] [stdout] 6105b45040ab355c42f0152edf3e75c01e4ff4c331cb9c9f493e12db4495fa50
[INFO] running `Command { std: "docker" "create" "-v" "/var/lib/crater-agent-workspace/builds/worker-3-tc2/target:/opt/rustwide/target:rw,Z" "-v" "/var/lib/crater-agent-workspace/builds/worker-3-tc2/source:/opt/rustwide/workdir:ro,Z" "-v" "/var/lib/crater-agent-workspace/cargo-home:/opt/rustwide/cargo-home:ro,Z" "-v" "/var/lib/crater-agent-workspace/rustup-home:/opt/rustwide/rustup-home:ro,Z" "-e" "SOURCE_DIR=/opt/rustwide/workdir" "-e" "CARGO_TARGET_DIR=/opt/rustwide/target" "-e" "CARGO_INCREMENTAL=0" "-e" "RUST_BACKTRACE=full" "-e" "RUSTFLAGS=--cap-lints=warn" "-e" "RUSTDOCFLAGS=--cap-lints=warn" "-e" "CARGO_HOME=/opt/rustwide/cargo-home" "-e" "RUSTUP_HOME=/opt/rustwide/rustup-home" "-w" "/opt/rustwide/workdir" "-m" "1610612736" "--user" "0:0" "--network" "none" "ghcr.io/rust-lang/crates-build-env/linux@sha256:f3a9d4ad9d972b27faf3965f35b62e55ba32bbce8f20bc8fe909558a86702fde" "/opt/rustwide/cargo-home/bin/cargo" "+beta-2024-12-08" "test" "--frozen" "--no-run" "--message-format=json", kill_on_drop: false }`
[INFO] [stdout] 6018cf88b52b37f90483a3dc991d1b85d1c029fd1e10ef9c0404b119cdd7e989
[INFO] running `Command { std: "docker" "start" "-a" "6018cf88b52b37f90483a3dc991d1b85d1c029fd1e10ef9c0404b119cdd7e989", kill_on_drop: false }`
[INFO] [stdout] warning: unused import: `super::*`
[INFO] [stdout]  --> src/engine/signature.rs:1:5
[INFO] [stdout]   |
[INFO] [stdout] 1 | use super::*;
[INFO] [stdout]   |     ^^^^^^^^
[INFO] [stdout]   |
[INFO] [stdout]   = note: `#[warn(unused_imports)]` on by default
[INFO] [stdout] 
[INFO] [stdout] 
[INFO] [stdout] warning: unused import: `chrono::format::format`
[INFO] [stdout]  --> src/engine/signature.rs:6:5
[INFO] [stdout]   |
[INFO] [stdout] 6 | use chrono::format::format;
[INFO] [stdout]   |     ^^^^^^^^^^^^^^^^^^^^^^
[INFO] [stdout] 
[INFO] [stdout] 
[INFO] [stdout] warning: unused import: `Error`
[INFO] [stdout]  --> src/engine/signature.rs:8:37
[INFO] [stdout]   |
[INFO] [stdout] 8 | use serde_json::{Value, from_value, Error};
[INFO] [stdout]   |                                     ^^^^^
[INFO] [stdout] 
[INFO] [stdout] 
[INFO] [stdout] warning: unused imports: `Hash` and `Hasher`
[INFO] [stdout]   --> src/engine/signature.rs:12:17
[INFO] [stdout]    |
[INFO] [stdout] 12 | use std::hash::{Hash, Hasher};
[INFO] [stdout]    |                 ^^^^  ^^^^^^
[INFO] [stdout] 
[INFO] [stdout] 
[INFO] [stdout] warning: unused imports: `Sha384` and `Sha512`
[INFO] [stdout]   --> src/engine/signature.rs:21:33
[INFO] [stdout]    |
[INFO] [stdout] 21 | use rsa::sha2::{Digest, Sha256, Sha512, Sha384};
[INFO] [stdout]    |                                 ^^^^^^  ^^^^^^
[INFO] [stdout] 
[INFO] [stdout] 
[INFO] [stdout] warning: unused import: `self`
[INFO] [stdout]  --> src/parser/parser.rs:5:66
[INFO] [stdout]   |
[INFO] [stdout] 5 | use crate::types::{Predicate, Query, Rule, Sym, Term, Principal, self};
[INFO] [stdout]   |                                                                  ^^^^
[INFO] [stdout] 
[INFO] [stdout] 
[INFO] [stdout] warning: unused import: `File`
[INFO] [stdout]  --> src/parser.rs:5:38
[INFO] [stdout]   |
[INFO] [stdout] 5 | use std::{collections::HashMap, fs::{File, OpenOptions}};
[INFO] [stdout]   |                                      ^^^^
[INFO] [stdout] 
[INFO] [stdout] 
[INFO] [stdout] warning: unused import: `std::os::unix::prelude::PermissionsExt`
[INFO] [stdout]  --> src/compiler.rs:4:5
[INFO] [stdout]   |
[INFO] [stdout] 4 | use std::os::unix::prelude::PermissionsExt;
[INFO] [stdout]   |     ^^^^^^^^^^^^^^^^^^^^^^^^^^^^^^^^^^^^^^
[INFO] [stdout] 
[INFO] [stdout] 
[INFO] [stdout] warning: unused import: `from_str`
[INFO] [stdout]  --> src/compiler.rs:6:45
[INFO] [stdout]   |
[INFO] [stdout] 6 | use serde_json::{Result, Value, from_value, from_str};
[INFO] [stdout]   |                                             ^^^^^^^^
[INFO] [stdout] 
[INFO] [stdout] 
[INFO] [stdout] warning: unused import: `Hash`
[INFO] [stdout]  --> src/compiler.rs:8:17
[INFO] [stdout]   |
[INFO] [stdout] 8 | use std::hash::{Hash, Hasher};
[INFO] [stdout]   |                 ^^^^
[INFO] [stdout] 
[INFO] [stdout] 
[INFO] [stdout] warning: unused import: `std::collections::hash_map::DefaultHasher`
[INFO] [stdout]  --> src/compiler.rs:9:5
[INFO] [stdout]   |
[INFO] [stdout] 9 | use std::collections::hash_map::DefaultHasher;
[INFO] [stdout]   |     ^^^^^^^^^^^^^^^^^^^^^^^^^^^^^^^^^^^^^^^^^
[INFO] [stdout] 
[INFO] [stdout] 
[INFO] [stdout] warning: unused imports: `RsaPrivateKey`, `pkcs8::DecodePrivateKey`, `pkcs8::EncodePrivateKey`, and `pkcs8::EncodePublicKey`
[INFO] [stdout]   --> src/compiler.rs:12:11
[INFO] [stdout]    |
[INFO] [stdout] 12 | use rsa::{RsaPrivateKey, RsaPublicKey, pkcs8::DecodePublicKey, pkcs8::EncodePublicKey, pkcs8::DecodePrivateKey, pkcs8::EncodePrivateKey};
[INFO] [stdout]    |           ^^^^^^^^^^^^^                                        ^^^^^^^^^^^^^^^^^^^^^^  ^^^^^^^^^^^^^^^^^^^^^^^  ^^^^^^^^^^^^^^^^^^^^^^^
[INFO] [stdout] 
[INFO] [stdout] 
[INFO] [stdout] warning: unused imports: `BlindedSigningKey` and `SigningKey`
[INFO] [stdout]   --> src/compiler.rs:13:16
[INFO] [stdout]    |
[INFO] [stdout] 13 | use rsa::pss::{BlindedSigningKey, VerifyingKey, Signature, SigningKey};
[INFO] [stdout]    |                ^^^^^^^^^^^^^^^^^                           ^^^^^^^^^^
[INFO] [stdout] 
[INFO] [stdout] 
[INFO] [stdout] warning: unused imports: `Keypair`, `RandomizedSigner`, and `SignatureEncoding`
[INFO] [stdout]   --> src/compiler.rs:14:22
[INFO] [stdout]    |
[INFO] [stdout] 14 | use rsa::signature::{Keypair,RandomizedSigner, SignatureEncoding, Verifier};
[INFO] [stdout]    |                      ^^^^^^^ ^^^^^^^^^^^^^^^^  ^^^^^^^^^^^^^^^^^
[INFO] [stdout] 
[INFO] [stdout] 
[INFO] [stdout] warning: unused imports: `Sha384` and `Sha512`
[INFO] [stdout]   --> src/compiler.rs:15:33
[INFO] [stdout]    |
[INFO] [stdout] 15 | use rsa::sha2::{Digest, Sha256, Sha512, Sha384};
[INFO] [stdout]    |                                 ^^^^^^  ^^^^^^
[INFO] [stdout] 
[INFO] [stdout] 
[INFO] [stdout] warning: unused import: `rsa::pkcs8::LineEnding`
[INFO] [stdout]   --> src/compiler.rs:16:5
[INFO] [stdout]    |
[INFO] [stdout] 16 | use rsa::pkcs8::LineEnding;
[INFO] [stdout]    |     ^^^^^^^^^^^^^^^^^^^^^^
[INFO] [stdout] 
[INFO] [stdout] 
[INFO] [stdout] warning: unused import: `rsa::rand_core::OsRng`
[INFO] [stdout]   --> src/compiler.rs:17:5
[INFO] [stdout]    |
[INFO] [stdout] 17 | use rsa::rand_core::OsRng;
[INFO] [stdout]    |     ^^^^^^^^^^^^^^^^^^^^^
[INFO] [stdout] 
[INFO] [stdout] 
[INFO] [stdout] warning: unused import: `crate::engine::SolutionIter`
[INFO] [stdout]   --> src/compiler.rs:22:5
[INFO] [stdout]    |
[INFO] [stdout] 22 | use crate::engine::SolutionIter;
[INFO] [stdout]    |     ^^^^^^^^^^^^^^^^^^^^^^^^^^^
[INFO] [stdout] 
[INFO] [stdout] 
[INFO] [stdout] warning: unused import: `parser::NamedUniverse`
[INFO] [stdout]   --> src/compiler.rs:23:23
[INFO] [stdout]    |
[INFO] [stdout] 23 | use crate::{types::*, parser::NamedUniverse, parser::Types};
[INFO] [stdout]    |                       ^^^^^^^^^^^^^^^^^^^^^
[INFO] [stdout] 
[INFO] [stdout] 
[INFO] [stdout] warning: unused imports: `Parser` and `Printer`
[INFO] [stdout]   --> src/compiler.rs:24:21
[INFO] [stdout]    |
[INFO] [stdout] 24 | use crate::parser::{Parser, Printer, TextualUniverse};
[INFO] [stdout]    |                     ^^^^^^  ^^^^^^^
[INFO] [stdout] 
[INFO] [stdout] 
[INFO] [stdout] warning: unused import: `Hasher`
[INFO] [stdout]  --> src/compiler.rs:8:23
[INFO] [stdout]   |
[INFO] [stdout] 8 | use std::hash::{Hash, Hasher};
[INFO] [stdout]   |                       ^^^^^^
[INFO] [stdout] 
[INFO] [stdout] 
[INFO] [stdout] warning: unused variable: `msg`
[INFO] [stdout]   --> src/engine/signature.rs:57:9
[INFO] [stdout]    |
[INFO] [stdout] 57 |     let msg = result.as_bytes();
[INFO] [stdout]    |         ^^^ help: if this is intentional, prefix it with an underscore: `_msg`
[INFO] [stdout]    |
[INFO] [stdout]    = note: `#[warn(unused_variables)]` on by default
[INFO] [stdout] 
[INFO] [stdout] 
[INFO] [stdout] warning: unused variable: `key`
[INFO] [stdout]   --> src/engine/signature.rs:58:9
[INFO] [stdout]    |
[INFO] [stdout] 58 |     let key = "-----BEGIN PUBLIC KEY-----\nMIIBojANBgkqhkiG9w0BAQEFAAOCAY8AMIIBigKCAYEAtirZR6ujYl2qQAo0O5aB\ndTCPYXrBgNGqp2+IqDRRCV3vH+SP...
[INFO] [stdout]    |         ^^^ help: if this is intentional, prefix it with an underscore: `_key`
[INFO] [stdout] 
[INFO] [stdout] 
[INFO] [stdout] warning: unused variable: `sig`
[INFO] [stdout]   --> src/engine/signature.rs:64:9
[INFO] [stdout]    |
[INFO] [stdout] 64 |     let sig = "9c3a5609e79ea68f9d7aa4b72e5ab1f00b7773f06912b789add45da026f46621b9ed06739bec692e7ea33ffc4a6dbd1e54c1e37cd01de233eeed924da8...
[INFO] [stdout]    |         ^^^ help: if this is intentional, prefix it with an underscore: `_sig`
[INFO] [stdout] 
[INFO] [stdout] 
[INFO] [stdout] warning: unused variable: `sk_str`
[INFO] [stdout]    --> src/engine/signature.rs:164:9
[INFO] [stdout]     |
[INFO] [stdout] 164 |     let sk_str = signing_key.write_pkcs8_pem_file(pk_file,LineEnding::default()).unwrap();
[INFO] [stdout]     |         ^^^^^^ help: if this is intentional, prefix it with an underscore: `_sk_str`
[INFO] [stdout] 
[INFO] [stdout] 
[INFO] [stdout] warning: unused variable: `vk_str`
[INFO] [stdout]    --> src/engine/signature.rs:165:9
[INFO] [stdout]     |
[INFO] [stdout] 165 |     let vk_str = verifying_key.write_public_key_pem_file(vk_file, LineEnding::LF).unwrap();
[INFO] [stdout]     |         ^^^^^^ help: if this is intentional, prefix it with an underscore: `_vk_str`
[INFO] [stdout] 
[INFO] [stdout] 
[INFO] [stdout] warning: unused variable: `index`
[INFO] [stdout]    --> src/compiler.rs:156:26
[INFO] [stdout]     |
[INFO] [stdout] 156 |                     for (index, var) in solution.into_iter().enumerate() {
[INFO] [stdout]     |                          ^^^^^ help: if this is intentional, prefix it with an underscore: `_index`
[INFO] [stdout] 
[INFO] [stdout] 
[INFO] [stdout] warning: unreachable pattern
[INFO] [stdout]    --> src/compiler.rs:454:13
[INFO] [stdout]     |
[INFO] [stdout] 434 |             MetadataType::INTOTO |MetadataType::TUF => {
[INFO] [stdout]     |             --------------------------------------- matches all the relevant values
[INFO] [stdout] ...
[INFO] [stdout] 454 |             _ => {
[INFO] [stdout]     |             ^ no value can reach this
[INFO] [stdout]     |
[INFO] [stdout]     = note: `#[warn(unreachable_patterns)]` on by default
[INFO] [stdout] 
[INFO] [stdout] 
[INFO] [stdout] warning: function `parse_files` is never used
[INFO] [stdout]   --> src/engine/signature.rs:54:4
[INFO] [stdout]    |
[INFO] [stdout] 54 | fn parse_files(filename: &str) -> Result<(),rsa::pkcs8::spki::Error>{
[INFO] [stdout]    |    ^^^^^^^^^^^
[INFO] [stdout]    |
[INFO] [stdout]    = note: `#[warn(dead_code)]` on by default
[INFO] [stdout] 
[INFO] [stdout] 
[INFO] [stdout] warning: function `get_msg` is never used
[INFO] [stdout]   --> src/engine/signature.rs:93:4
[INFO] [stdout]    |
[INFO] [stdout] 93 | fn get_msg(filename: &str) -> serde_json::Result<String>{
[INFO] [stdout]    |    ^^^^^^^
[INFO] [stdout] 
[INFO] [stdout] 
[INFO] [stdout] warning: function `get_sig` is never used
[INFO] [stdout]    --> src/engine/signature.rs:109:4
[INFO] [stdout]     |
[INFO] [stdout] 109 | fn get_sig(filename: &str) -> serde_json::Result<String>{
[INFO] [stdout]     |    ^^^^^^^
[INFO] [stdout] 
[INFO] [stdout] 
[INFO] [stdout] warning: function `test_sig` is never used
[INFO] [stdout]    --> src/engine/signature.rs:126:4
[INFO] [stdout]     |
[INFO] [stdout] 126 | fn test_sig(){
[INFO] [stdout]     |    ^^^^^^^^
[INFO] [stdout] 
[INFO] [stdout] 
[INFO] [stdout] warning: function `generate_keys` is never used
[INFO] [stdout]    --> src/engine/signature.rs:148:4
[INFO] [stdout]     |
[INFO] [stdout] 148 | fn generate_keys(){
[INFO] [stdout]     |    ^^^^^^^^^^^^^
[INFO] [stdout] 
[INFO] [stdout] 
[INFO] [stdout] warning: function `generate_sigs` is never used
[INFO] [stdout]    --> src/engine/signature.rs:177:4
[INFO] [stdout]     |
[INFO] [stdout] 177 | fn generate_sigs(dirname: &str){
[INFO] [stdout]     |    ^^^^^^^^^^^^^
[INFO] [stdout] 
[INFO] [stdout] 
[INFO] [stdout] warning: function `validate_sigs` is never used
[INFO] [stdout]    --> src/engine/signature.rs:205:4
[INFO] [stdout]     |
[INFO] [stdout] 205 | fn validate_sigs(dirname: &str){
[INFO] [stdout]     |    ^^^^^^^^^^^^^
[INFO] [stdout] 
[INFO] [stdout] 
[INFO] [stdout] warning: function `hash_file` is never used
[INFO] [stdout]    --> src/engine/signature.rs:231:4
[INFO] [stdout]     |
[INFO] [stdout] 231 | fn hash_file(dirname: &str){
[INFO] [stdout]     |    ^^^^^^^^^
[INFO] [stdout] 
[INFO] [stdout] 
[INFO] [stdout] warning: function `test_time` is never used
[INFO] [stdout]    --> src/engine/signature.rs:248:4
[INFO] [stdout]     |
[INFO] [stdout] 248 | fn test_time(){
[INFO] [stdout]     |    ^^^^^^^^^
[INFO] [stdout] 
[INFO] [stdout] 
[INFO] [stdout] warning: function `generate_sig_file` is never used
[INFO] [stdout]    --> src/engine/signature.rs:261:4
[INFO] [stdout]     |
[INFO] [stdout] 261 | fn generate_sig_file(filename: &str){
[INFO] [stdout]     |    ^^^^^^^^^^^^^^^^^
[INFO] [stdout] 
[INFO] [stdout] 
[INFO] [stdout] warning: function `validate_sig_file` is never used
[INFO] [stdout]    --> src/engine/signature.rs:283:4
[INFO] [stdout]     |
[INFO] [stdout] 283 | fn validate_sig_file(filename: &str){
[INFO] [stdout]     |    ^^^^^^^^^^^^^^^^^
[INFO] [stdout] 
[INFO] [stdout] 
[INFO] [stderr]    Compiling aple v0.1.0 (/opt/rustwide/workdir)
[INFO] [stdout] warning: unused import: `super::*`
[INFO] [stdout]  --> src/engine/signature.rs:1:5
[INFO] [stdout]   |
[INFO] [stdout] 1 | use super::*;
[INFO] [stdout]   |     ^^^^^^^^
[INFO] [stdout]   |
[INFO] [stdout]   = note: `#[warn(unused_imports)]` on by default
[INFO] [stdout] 
[INFO] [stdout] 
[INFO] [stdout] warning: unused import: `chrono::format::format`
[INFO] [stdout]  --> src/engine/signature.rs:6:5
[INFO] [stdout]   |
[INFO] [stdout] 6 | use chrono::format::format;
[INFO] [stdout]   |     ^^^^^^^^^^^^^^^^^^^^^^
[INFO] [stdout] 
[INFO] [stdout] 
[INFO] [stdout] warning: unused import: `Error`
[INFO] [stdout]  --> src/engine/signature.rs:8:37
[INFO] [stdout]   |
[INFO] [stdout] 8 | use serde_json::{Value, from_value, Error};
[INFO] [stdout]   |                                     ^^^^^
[INFO] [stdout] 
[INFO] [stdout] 
[INFO] [stdout] warning: unused imports: `Hash` and `Hasher`
[INFO] [stdout]   --> src/engine/signature.rs:12:17
[INFO] [stdout]    |
[INFO] [stdout] 12 | use std::hash::{Hash, Hasher};
[INFO] [stdout]    |                 ^^^^  ^^^^^^
[INFO] [stdout] 
[INFO] [stdout] 
[INFO] [stdout] warning: unused imports: `Sha384` and `Sha512`
[INFO] [stdout]   --> src/engine/signature.rs:21:33
[INFO] [stdout]    |
[INFO] [stdout] 21 | use rsa::sha2::{Digest, Sha256, Sha512, Sha384};
[INFO] [stdout]    |                                 ^^^^^^  ^^^^^^
[INFO] [stdout] 
[INFO] [stdout] 
[INFO] [stdout] warning: unused import: `self`
[INFO] [stdout]  --> src/parser/parser.rs:5:66
[INFO] [stdout]   |
[INFO] [stdout] 5 | use crate::types::{Predicate, Query, Rule, Sym, Term, Principal, self};
[INFO] [stdout]   |                                                                  ^^^^
[INFO] [stdout] 
[INFO] [stdout] 
[INFO] [stdout] warning: unused import: `File`
[INFO] [stdout]  --> src/parser.rs:5:38
[INFO] [stdout]   |
[INFO] [stdout] 5 | use std::{collections::HashMap, fs::{File, OpenOptions}};
[INFO] [stdout]   |                                      ^^^^
[INFO] [stdout] 
[INFO] [stdout] 
[INFO] [stdout] warning: unused import: `std::os::unix::prelude::PermissionsExt`
[INFO] [stdout]  --> src/compiler.rs:4:5
[INFO] [stdout]   |
[INFO] [stdout] 4 | use std::os::unix::prelude::PermissionsExt;
[INFO] [stdout]   |     ^^^^^^^^^^^^^^^^^^^^^^^^^^^^^^^^^^^^^^
[INFO] [stdout] 
[INFO] [stdout] 
[INFO] [stdout] warning: unused import: `from_str`
[INFO] [stdout]  --> src/compiler.rs:6:45
[INFO] [stdout]   |
[INFO] [stdout] 6 | use serde_json::{Result, Value, from_value, from_str};
[INFO] [stdout]   |                                             ^^^^^^^^
[INFO] [stdout] 
[INFO] [stdout] 
[INFO] [stdout] warning: unused import: `Hash`
[INFO] [stdout]  --> src/compiler.rs:8:17
[INFO] [stdout]   |
[INFO] [stdout] 8 | use std::hash::{Hash, Hasher};
[INFO] [stdout]   |                 ^^^^
[INFO] [stdout] 
[INFO] [stdout] 
[INFO] [stdout] warning: unused import: `std::collections::hash_map::DefaultHasher`
[INFO] [stdout]  --> src/compiler.rs:9:5
[INFO] [stdout]   |
[INFO] [stdout] 9 | use std::collections::hash_map::DefaultHasher;
[INFO] [stdout]   |     ^^^^^^^^^^^^^^^^^^^^^^^^^^^^^^^^^^^^^^^^^
[INFO] [stdout] 
[INFO] [stdout] 
[INFO] [stdout] warning: unused imports: `RsaPrivateKey`, `pkcs8::DecodePrivateKey`, `pkcs8::EncodePrivateKey`, and `pkcs8::EncodePublicKey`
[INFO] [stdout]   --> src/compiler.rs:12:11
[INFO] [stdout]    |
[INFO] [stdout] 12 | use rsa::{RsaPrivateKey, RsaPublicKey, pkcs8::DecodePublicKey, pkcs8::EncodePublicKey, pkcs8::DecodePrivateKey, pkcs8::EncodePrivateKey};
[INFO] [stdout]    |           ^^^^^^^^^^^^^                                        ^^^^^^^^^^^^^^^^^^^^^^  ^^^^^^^^^^^^^^^^^^^^^^^  ^^^^^^^^^^^^^^^^^^^^^^^
[INFO] [stdout] 
[INFO] [stdout] 
[INFO] [stdout] warning: unused imports: `BlindedSigningKey` and `SigningKey`
[INFO] [stdout]   --> src/compiler.rs:13:16
[INFO] [stdout]    |
[INFO] [stdout] 13 | use rsa::pss::{BlindedSigningKey, VerifyingKey, Signature, SigningKey};
[INFO] [stdout]    |                ^^^^^^^^^^^^^^^^^                           ^^^^^^^^^^
[INFO] [stdout] 
[INFO] [stdout] 
[INFO] [stdout] warning: unused imports: `Keypair`, `RandomizedSigner`, and `SignatureEncoding`
[INFO] [stdout]   --> src/compiler.rs:14:22
[INFO] [stdout]    |
[INFO] [stdout] 14 | use rsa::signature::{Keypair,RandomizedSigner, SignatureEncoding, Verifier};
[INFO] [stdout]    |                      ^^^^^^^ ^^^^^^^^^^^^^^^^  ^^^^^^^^^^^^^^^^^
[INFO] [stdout] 
[INFO] [stdout] 
[INFO] [stdout] warning: unused imports: `Sha384` and `Sha512`
[INFO] [stdout]   --> src/compiler.rs:15:33
[INFO] [stdout]    |
[INFO] [stdout] 15 | use rsa::sha2::{Digest, Sha256, Sha512, Sha384};
[INFO] [stdout]    |                                 ^^^^^^  ^^^^^^
[INFO] [stdout] 
[INFO] [stdout] 
[INFO] [stdout] warning: unused import: `rsa::pkcs8::LineEnding`
[INFO] [stdout]   --> src/compiler.rs:16:5
[INFO] [stdout]    |
[INFO] [stdout] 16 | use rsa::pkcs8::LineEnding;
[INFO] [stdout]    |     ^^^^^^^^^^^^^^^^^^^^^^
[INFO] [stdout] 
[INFO] [stdout] 
[INFO] [stdout] warning: unused import: `rsa::rand_core::OsRng`
[INFO] [stdout]   --> src/compiler.rs:17:5
[INFO] [stdout]    |
[INFO] [stdout] 17 | use rsa::rand_core::OsRng;
[INFO] [stdout]    |     ^^^^^^^^^^^^^^^^^^^^^
[INFO] [stdout] 
[INFO] [stdout] 
[INFO] [stdout] warning: unused import: `crate::engine::SolutionIter`
[INFO] [stdout]   --> src/compiler.rs:22:5
[INFO] [stdout]    |
[INFO] [stdout] 22 | use crate::engine::SolutionIter;
[INFO] [stdout]    |     ^^^^^^^^^^^^^^^^^^^^^^^^^^^
[INFO] [stdout] 
[INFO] [stdout] 
[INFO] [stdout] warning: unused import: `parser::NamedUniverse`
[INFO] [stdout]   --> src/compiler.rs:23:23
[INFO] [stdout]    |
[INFO] [stdout] 23 | use crate::{types::*, parser::NamedUniverse, parser::Types};
[INFO] [stdout]    |                       ^^^^^^^^^^^^^^^^^^^^^
[INFO] [stdout] 
[INFO] [stdout] 
[INFO] [stdout] warning: unused imports: `Parser` and `Printer`
[INFO] [stdout]   --> src/compiler.rs:24:21
[INFO] [stdout]    |
[INFO] [stdout] 24 | use crate::parser::{Parser, Printer, TextualUniverse};
[INFO] [stdout]    |                     ^^^^^^  ^^^^^^^
[INFO] [stdout] 
[INFO] [stdout] 
[INFO] [stdout] warning: unused import: `std::result`
[INFO] [stdout]  --> src/compiler/test_compiler.rs:1:5
[INFO] [stdout]   |
[INFO] [stdout] 1 | use std::result;
[INFO] [stdout]   |     ^^^^^^^^^^^
[INFO] [stdout] 
[INFO] [stdout] 
[INFO] [stdout] warning: unused import: `Hasher`
[INFO] [stdout]  --> src/compiler.rs:8:23
[INFO] [stdout]   |
[INFO] [stdout] 8 | use std::hash::{Hash, Hasher};
[INFO] [stdout]   |                       ^^^^^^
[INFO] [stdout] 
[INFO] [stdout] 
[INFO] [stdout] warning: unused variable: `dirname`
[INFO] [stdout]   --> src/engine/signature.rs:39:9
[INFO] [stdout]    |
[INFO] [stdout] 39 |     let dirname = "test/DemoData/Tuf/debian/";
[INFO] [stdout]    |         ^^^^^^^ help: if this is intentional, prefix it with an underscore: `_dirname`
[INFO] [stdout]    |
[INFO] [stdout]    = note: `#[warn(unused_variables)]` on by default
[INFO] [stdout] 
[INFO] [stdout] 
[INFO] [stdout] warning: unused variable: `msg`
[INFO] [stdout]   --> src/engine/signature.rs:57:9
[INFO] [stdout]    |
[INFO] [stdout] 57 |     let msg = result.as_bytes();
[INFO] [stdout]    |         ^^^ help: if this is intentional, prefix it with an underscore: `_msg`
[INFO] [stdout] 
[INFO] [stdout] 
[INFO] [stdout] warning: unused variable: `key`
[INFO] [stdout]   --> src/engine/signature.rs:58:9
[INFO] [stdout]    |
[INFO] [stdout] 58 |     let key = "-----BEGIN PUBLIC KEY-----\nMIIBojANBgkqhkiG9w0BAQEFAAOCAY8AMIIBigKCAYEAtirZR6ujYl2qQAo0O5aB\ndTCPYXrBgNGqp2+IqDRRCV3vH+SP...
[INFO] [stdout]    |         ^^^ help: if this is intentional, prefix it with an underscore: `_key`
[INFO] [stdout] 
[INFO] [stdout] 
[INFO] [stdout] warning: unused variable: `sig`
[INFO] [stdout]   --> src/engine/signature.rs:64:9
[INFO] [stdout]    |
[INFO] [stdout] 64 |     let sig = "9c3a5609e79ea68f9d7aa4b72e5ab1f00b7773f06912b789add45da026f46621b9ed06739bec692e7ea33ffc4a6dbd1e54c1e37cd01de233eeed924da8...
[INFO] [stdout]    |         ^^^ help: if this is intentional, prefix it with an underscore: `_sig`
[INFO] [stdout] 
[INFO] [stdout] 
[INFO] [stdout] warning: unused variable: `sk_str`
[INFO] [stdout]    --> src/engine/signature.rs:164:9
[INFO] [stdout]     |
[INFO] [stdout] 164 |     let sk_str = signing_key.write_pkcs8_pem_file(pk_file,LineEnding::default()).unwrap();
[INFO] [stdout]     |         ^^^^^^ help: if this is intentional, prefix it with an underscore: `_sk_str`
[INFO] [stdout] 
[INFO] [stdout] 
[INFO] [stdout] warning: unused variable: `vk_str`
[INFO] [stdout]    --> src/engine/signature.rs:165:9
[INFO] [stdout]     |
[INFO] [stdout] 165 |     let vk_str = verifying_key.write_public_key_pem_file(vk_file, LineEnding::LF).unwrap();
[INFO] [stdout]     |         ^^^^^^ help: if this is intentional, prefix it with an underscore: `_vk_str`
[INFO] [stdout] 
[INFO] [stdout] 
[INFO] [stdout] warning: unused variable: `index`
[INFO] [stdout]    --> src/compiler.rs:156:26
[INFO] [stdout]     |
[INFO] [stdout] 156 |                     for (index, var) in solution.into_iter().enumerate() {
[INFO] [stdout]     |                          ^^^^^ help: if this is intentional, prefix it with an underscore: `_index`
[INFO] [stdout] 
[INFO] [stdout] 
[INFO] [stdout] warning: unreachable pattern
[INFO] [stdout]    --> src/compiler.rs:454:13
[INFO] [stdout]     |
[INFO] [stdout] 434 |             MetadataType::INTOTO |MetadataType::TUF => {
[INFO] [stdout]     |             --------------------------------------- matches all the relevant values
[INFO] [stdout] ...
[INFO] [stdout] 454 |             _ => {
[INFO] [stdout]     |             ^ no value can reach this
[INFO] [stdout]     |
[INFO] [stdout]     = note: `#[warn(unreachable_patterns)]` on by default
[INFO] [stdout] 
[INFO] [stdout] 
[INFO] [stdout] warning: function `parse_files` is never used
[INFO] [stdout]   --> src/engine/signature.rs:54:4
[INFO] [stdout]    |
[INFO] [stdout] 54 | fn parse_files(filename: &str) -> Result<(),rsa::pkcs8::spki::Error>{
[INFO] [stdout]    |    ^^^^^^^^^^^
[INFO] [stdout]    |
[INFO] [stdout]    = note: `#[warn(dead_code)]` on by default
[INFO] [stdout] 
[INFO] [stdout] 
[INFO] [stdout] warning: function `test_sig` is never used
[INFO] [stdout]    --> src/engine/signature.rs:126:4
[INFO] [stdout]     |
[INFO] [stdout] 126 | fn test_sig(){
[INFO] [stdout]     |    ^^^^^^^^
[INFO] [stdout] 
[INFO] [stdout] 
[INFO] [stdout] warning: function `generate_keys` is never used
[INFO] [stdout]    --> src/engine/signature.rs:148:4
[INFO] [stdout]     |
[INFO] [stdout] 148 | fn generate_keys(){
[INFO] [stdout]     |    ^^^^^^^^^^^^^
[INFO] [stdout] 
[INFO] [stdout] 
[INFO] [stdout] warning: function `generate_sigs` is never used
[INFO] [stdout]    --> src/engine/signature.rs:177:4
[INFO] [stdout]     |
[INFO] [stdout] 177 | fn generate_sigs(dirname: &str){
[INFO] [stdout]     |    ^^^^^^^^^^^^^
[INFO] [stdout] 
[INFO] [stdout] 
[INFO] [stdout] warning: function `validate_sigs` is never used
[INFO] [stdout]    --> src/engine/signature.rs:205:4
[INFO] [stdout]     |
[INFO] [stdout] 205 | fn validate_sigs(dirname: &str){
[INFO] [stdout]     |    ^^^^^^^^^^^^^
[INFO] [stdout] 
[INFO] [stdout] 
[INFO] [stdout] warning: function `hash_file` is never used
[INFO] [stdout]    --> src/engine/signature.rs:231:4
[INFO] [stdout]     |
[INFO] [stdout] 231 | fn hash_file(dirname: &str){
[INFO] [stdout]     |    ^^^^^^^^^
[INFO] [stdout] 
[INFO] [stdout] 
[INFO] [stdout] warning: function `test_time` is never used
[INFO] [stdout]    --> src/engine/signature.rs:248:4
[INFO] [stdout]     |
[INFO] [stdout] 248 | fn test_time(){
[INFO] [stdout]     |    ^^^^^^^^^
[INFO] [stdout] 
[INFO] [stdout] 
[INFO] [stdout] warning: function `generate_sig_file` is never used
[INFO] [stdout]    --> src/engine/signature.rs:261:4
[INFO] [stdout]     |
[INFO] [stdout] 261 | fn generate_sig_file(filename: &str){
[INFO] [stdout]     |    ^^^^^^^^^^^^^^^^^
[INFO] [stdout] 
[INFO] [stdout] 
[INFO] [stderr]     Finished `test` profile [unoptimized + debuginfo] target(s) in 2.59s
[INFO] running `Command { std: "docker" "inspect" "6018cf88b52b37f90483a3dc991d1b85d1c029fd1e10ef9c0404b119cdd7e989", kill_on_drop: false }`
[INFO] running `Command { std: "docker" "rm" "-f" "6018cf88b52b37f90483a3dc991d1b85d1c029fd1e10ef9c0404b119cdd7e989", kill_on_drop: false }`
[INFO] [stdout] 6018cf88b52b37f90483a3dc991d1b85d1c029fd1e10ef9c0404b119cdd7e989
[INFO] running `Command { std: "docker" "create" "-v" "/var/lib/crater-agent-workspace/builds/worker-3-tc2/target:/opt/rustwide/target:rw,Z" "-v" "/var/lib/crater-agent-workspace/builds/worker-3-tc2/source:/opt/rustwide/workdir:ro,Z" "-v" "/var/lib/crater-agent-workspace/cargo-home:/opt/rustwide/cargo-home:ro,Z" "-v" "/var/lib/crater-agent-workspace/rustup-home:/opt/rustwide/rustup-home:ro,Z" "-e" "SOURCE_DIR=/opt/rustwide/workdir" "-e" "CARGO_TARGET_DIR=/opt/rustwide/target" "-e" "CARGO_INCREMENTAL=0" "-e" "RUST_BACKTRACE=full" "-e" "RUSTFLAGS=--cap-lints=warn" "-e" "RUSTDOCFLAGS=--cap-lints=warn" "-e" "CARGO_HOME=/opt/rustwide/cargo-home" "-e" "RUSTUP_HOME=/opt/rustwide/rustup-home" "-w" "/opt/rustwide/workdir" "-m" "1610612736" "--user" "0:0" "--network" "none" "ghcr.io/rust-lang/crates-build-env/linux@sha256:f3a9d4ad9d972b27faf3965f35b62e55ba32bbce8f20bc8fe909558a86702fde" "/opt/rustwide/cargo-home/bin/cargo" "+beta-2024-12-08" "test" "--frozen", kill_on_drop: false }`
[INFO] [stdout] 31cf6cd1b777f685340fb5df97d4b5e4d8e91f0a233a0d006660dc5e086c7c0e
[INFO] running `Command { std: "docker" "start" "-a" "31cf6cd1b777f685340fb5df97d4b5e4d8e91f0a233a0d006660dc5e086c7c0e", kill_on_drop: false }`
[INFO] [stderr] warning: unused import: `super::*`
[INFO] [stderr]  --> src/engine/signature.rs:1:5
[INFO] [stderr]   |
[INFO] [stderr] 1 | use super::*;
[INFO] [stderr]   |     ^^^^^^^^
[INFO] [stderr]   |
[INFO] [stderr]   = note: `#[warn(unused_imports)]` on by default
[INFO] [stderr] 
[INFO] [stderr] warning: unused import: `chrono::format::format`
[INFO] [stderr]  --> src/engine/signature.rs:6:5
[INFO] [stderr]   |
[INFO] [stderr] 6 | use chrono::format::format;
[INFO] [stderr]   |     ^^^^^^^^^^^^^^^^^^^^^^
[INFO] [stderr] 
[INFO] [stderr] warning: unused import: `Error`
[INFO] [stderr]  --> src/engine/signature.rs:8:37
[INFO] [stderr]   |
[INFO] [stderr] 8 | use serde_json::{Value, from_value, Error};
[INFO] [stderr]   |                                     ^^^^^
[INFO] [stderr] 
[INFO] [stderr] warning: unused imports: `Hash` and `Hasher`
[INFO] [stderr]   --> src/engine/signature.rs:12:17
[INFO] [stderr]    |
[INFO] [stderr] 12 | use std::hash::{Hash, Hasher};
[INFO] [stderr]    |                 ^^^^  ^^^^^^
[INFO] [stderr] 
[INFO] [stderr] warning: unused imports: `Sha384` and `Sha512`
[INFO] [stderr]   --> src/engine/signature.rs:21:33
[INFO] [stderr]    |
[INFO] [stderr] 21 | use rsa::sha2::{Digest, Sha256, Sha512, Sha384};
[INFO] [stderr]    |                                 ^^^^^^  ^^^^^^
[INFO] [stderr] 
[INFO] [stderr] warning: unused import: `self`
[INFO] [stderr]  --> src/parser/parser.rs:5:66
[INFO] [stderr]   |
[INFO] [stderr] 5 | use crate::types::{Predicate, Query, Rule, Sym, Term, Principal, self};
[INFO] [stderr]   |                                                                  ^^^^
[INFO] [stderr] 
[INFO] [stderr] warning: unused import: `File`
[INFO] [stderr]  --> src/parser.rs:5:38
[INFO] [stderr]   |
[INFO] [stderr] 5 | use std::{collections::HashMap, fs::{File, OpenOptions}};
[INFO] [stderr]   |                                      ^^^^
[INFO] [stderr] 
[INFO] [stderr] warning: unused import: `std::os::unix::prelude::PermissionsExt`
[INFO] [stderr]  --> src/compiler.rs:4:5
[INFO] [stderr]   |
[INFO] [stderr] 4 | use std::os::unix::prelude::PermissionsExt;
[INFO] [stderr]   |     ^^^^^^^^^^^^^^^^^^^^^^^^^^^^^^^^^^^^^^
[INFO] [stderr] 
[INFO] [stderr] warning: unused import: `from_str`
[INFO] [stderr]  --> src/compiler.rs:6:45
[INFO] [stderr]   |
[INFO] [stderr] 6 | use serde_json::{Result, Value, from_value, from_str};
[INFO] [stderr]   |                                             ^^^^^^^^
[INFO] [stderr] 
[INFO] [stderr] warning: unused import: `Hash`
[INFO] [stderr]  --> src/compiler.rs:8:17
[INFO] [stderr]   |
[INFO] [stderr] 8 | use std::hash::{Hash, Hasher};
[INFO] [stderr]   |                 ^^^^
[INFO] [stderr] 
[INFO] [stderr] warning: unused import: `std::collections::hash_map::DefaultHasher`
[INFO] [stderr]  --> src/compiler.rs:9:5
[INFO] [stderr]   |
[INFO] [stderr] 9 | use std::collections::hash_map::DefaultHasher;
[INFO] [stderr]   |     ^^^^^^^^^^^^^^^^^^^^^^^^^^^^^^^^^^^^^^^^^
[INFO] [stderr] 
[INFO] [stderr] warning: unused imports: `RsaPrivateKey`, `pkcs8::DecodePrivateKey`, `pkcs8::EncodePrivateKey`, and `pkcs8::EncodePublicKey`
[INFO] [stderr]   --> src/compiler.rs:12:11
[INFO] [stderr]    |
[INFO] [stderr] 12 | use rsa::{RsaPrivateKey, RsaPublicKey, pkcs8::DecodePublicKey, pkcs8::EncodePublicKey, pkcs8::DecodePrivateKey, pkcs8::EncodePrivateKey};
[INFO] [stderr]    |           ^^^^^^^^^^^^^                                        ^^^^^^^^^^^^^^^^^^^^^^  ^^^^^^^^^^^^^^^^^^^^^^^  ^^^^^^^^^^^^^^^^^^^^^^^
[INFO] [stderr] 
[INFO] [stderr] warning: unused imports: `BlindedSigningKey` and `SigningKey`
[INFO] [stderr]   --> src/compiler.rs:13:16
[INFO] [stderr]    |
[INFO] [stderr] 13 | use rsa::pss::{BlindedSigningKey, VerifyingKey, Signature, SigningKey};
[INFO] [stderr]    |                ^^^^^^^^^^^^^^^^^                           ^^^^^^^^^^
[INFO] [stderr] 
[INFO] [stderr] warning: unused imports: `Keypair`, `RandomizedSigner`, and `SignatureEncoding`
[INFO] [stderr]   --> src/compiler.rs:14:22
[INFO] [stderr]    |
[INFO] [stderr] 14 | use rsa::signature::{Keypair,RandomizedSigner, SignatureEncoding, Verifier};
[INFO] [stderr]    |                      ^^^^^^^ ^^^^^^^^^^^^^^^^  ^^^^^^^^^^^^^^^^^
[INFO] [stderr] 
[INFO] [stderr] warning: unused imports: `Sha384` and `Sha512`
[INFO] [stderr]   --> src/compiler.rs:15:33
[INFO] [stderr]    |
[INFO] [stderr] 15 | use rsa::sha2::{Digest, Sha256, Sha512, Sha384};
[INFO] [stderr]    |                                 ^^^^^^  ^^^^^^
[INFO] [stderr] 
[INFO] [stderr] warning: unused import: `rsa::pkcs8::LineEnding`
[INFO] [stderr]   --> src/compiler.rs:16:5
[INFO] [stderr]    |
[INFO] [stderr] 16 | use rsa::pkcs8::LineEnding;
[INFO] [stderr]    |     ^^^^^^^^^^^^^^^^^^^^^^
[INFO] [stderr] 
[INFO] [stderr] warning: unused import: `rsa::rand_core::OsRng`
[INFO] [stderr]   --> src/compiler.rs:17:5
[INFO] [stderr]    |
[INFO] [stderr] 17 | use rsa::rand_core::OsRng;
[INFO] [stderr]    |     ^^^^^^^^^^^^^^^^^^^^^
[INFO] [stderr] 
[INFO] [stderr] warning: unused import: `crate::engine::SolutionIter`
[INFO] [stderr]   --> src/compiler.rs:22:5
[INFO] [stderr]    |
[INFO] [stderr] 22 | use crate::engine::SolutionIter;
[INFO] [stderr]    |     ^^^^^^^^^^^^^^^^^^^^^^^^^^^
[INFO] [stderr] 
[INFO] [stderr] warning: unused import: `parser::NamedUniverse`
[INFO] [stderr]   --> src/compiler.rs:23:23
[INFO] [stderr]    |
[INFO] [stderr] 23 | use crate::{types::*, parser::NamedUniverse, parser::Types};
[INFO] [stderr]    |                       ^^^^^^^^^^^^^^^^^^^^^
[INFO] [stderr] 
[INFO] [stderr] warning: unused imports: `Parser` and `Printer`
[INFO] [stderr]   --> src/compiler.rs:24:21
[INFO] [stderr]    |
[INFO] [stderr] 24 | use crate::parser::{Parser, Printer, TextualUniverse};
[INFO] [stderr]    |                     ^^^^^^  ^^^^^^^
[INFO] [stderr] 
[INFO] [stderr] warning: unused import: `Hasher`
[INFO] [stderr]  --> src/compiler.rs:8:23
[INFO] [stderr]   |
[INFO] [stderr] 8 | use std::hash::{Hash, Hasher};
[INFO] [stderr]   |                       ^^^^^^
[INFO] [stderr] 
[INFO] [stderr] warning: unused variable: `msg`
[INFO] [stderr]   --> src/engine/signature.rs:57:9
[INFO] [stderr]    |
[INFO] [stderr] 57 |     let msg = result.as_bytes();
[INFO] [stderr]    |         ^^^ help: if this is intentional, prefix it with an underscore: `_msg`
[INFO] [stderr]    |
[INFO] [stderr]    = note: `#[warn(unused_variables)]` on by default
[INFO] [stderr] 
[INFO] [stderr] warning: unused variable: `key`
[INFO] [stderr]   --> src/engine/signature.rs:58:9
[INFO] [stderr]    |
[INFO] [stderr] 58 |     let key = "-----BEGIN PUBLIC KEY-----\nMIIBojANBgkqhkiG9w0BAQEFAAOCAY8AMIIBigKCAYEAtirZR6ujYl2qQAo0O5aB\ndTCPYXrBgNGqp2+IqDRRCV3vH+SP...
[INFO] [stderr]    |         ^^^ help: if this is intentional, prefix it with an underscore: `_key`
[INFO] [stderr] 
[INFO] [stderr] warning: unused variable: `sig`
[INFO] [stderr]   --> src/engine/signature.rs:64:9
[INFO] [stderr]    |
[INFO] [stderr] 64 |     let sig = "9c3a5609e79ea68f9d7aa4b72e5ab1f00b7773f06912b789add45da026f46621b9ed06739bec692e7ea33ffc4a6dbd1e54c1e37cd01de233eeed924da8...
[INFO] [stderr]    |         ^^^ help: if this is intentional, prefix it with an underscore: `_sig`
[INFO] [stderr] 
[INFO] [stderr] warning: unused variable: `sk_str`
[INFO] [stderr]    --> src/engine/signature.rs:164:9
[INFO] [stderr]     |
[INFO] [stderr] 164 |     let sk_str = signing_key.write_pkcs8_pem_file(pk_file,LineEnding::default()).unwrap();
[INFO] [stderr]     |         ^^^^^^ help: if this is intentional, prefix it with an underscore: `_sk_str`
[INFO] [stderr] 
[INFO] [stderr] warning: unused variable: `vk_str`
[INFO] [stderr]    --> src/engine/signature.rs:165:9
[INFO] [stderr]     |
[INFO] [stderr] 165 |     let vk_str = verifying_key.write_public_key_pem_file(vk_file, LineEnding::LF).unwrap();
[INFO] [stderr]     |         ^^^^^^ help: if this is intentional, prefix it with an underscore: `_vk_str`
[INFO] [stderr] 
[INFO] [stderr] warning: unused variable: `index`
[INFO] [stderr]    --> src/compiler.rs:156:26
[INFO] [stderr]     |
[INFO] [stderr] 156 |                     for (index, var) in solution.into_iter().enumerate() {
[INFO] [stderr]     |                          ^^^^^ help: if this is intentional, prefix it with an underscore: `_index`
[INFO] [stderr] 
[INFO] [stderr] warning: unreachable pattern
[INFO] [stderr]    --> src/compiler.rs:454:13
[INFO] [stderr]     |
[INFO] [stderr] 434 |             MetadataType::INTOTO |MetadataType::TUF => {
[INFO] [stderr]     |             --------------------------------------- matches all the relevant values
[INFO] [stderr] ...
[INFO] [stderr] 454 |             _ => {
[INFO] [stderr]     |             ^ no value can reach this
[INFO] [stderr]     |
[INFO] [stderr]     = note: `#[warn(unreachable_patterns)]` on by default
[INFO] [stderr] 
[INFO] [stderr] warning: function `parse_files` is never used
[INFO] [stderr]   --> src/engine/signature.rs:54:4
[INFO] [stderr]    |
[INFO] [stderr] 54 | fn parse_files(filename: &str) -> Result<(),rsa::pkcs8::spki::Error>{
[INFO] [stderr]    |    ^^^^^^^^^^^
[INFO] [stderr]    |
[INFO] [stderr]    = note: `#[warn(dead_code)]` on by default
[INFO] [stderr] 
[INFO] [stderr] warning: function `get_msg` is never used
[INFO] [stderr]   --> src/engine/signature.rs:93:4
[INFO] [stderr]    |
[INFO] [stderr] 93 | fn get_msg(filename: &str) -> serde_json::Result<String>{
[INFO] [stderr]    |    ^^^^^^^
[INFO] [stderr] 
[INFO] [stderr] warning: function `get_sig` is never used
[INFO] [stderr]    --> src/engine/signature.rs:109:4
[INFO] [stderr]     |
[INFO] [stderr] 109 | fn get_sig(filename: &str) -> serde_json::Result<String>{
[INFO] [stderr]     |    ^^^^^^^
[INFO] [stderr] 
[INFO] [stderr] warning: function `test_sig` is never used
[INFO] [stderr]    --> src/engine/signature.rs:126:4
[INFO] [stderr]     |
[INFO] [stderr] 126 | fn test_sig(){
[INFO] [stderr]     |    ^^^^^^^^
[INFO] [stderr] 
[INFO] [stderr] warning: function `generate_keys` is never used
[INFO] [stderr]    --> src/engine/signature.rs:148:4
[INFO] [stderr]     |
[INFO] [stderr] 148 | fn generate_keys(){
[INFO] [stderr]     |    ^^^^^^^^^^^^^
[INFO] [stderr] 
[INFO] [stderr] warning: function `generate_sigs` is never used
[INFO] [stderr]    --> src/engine/signature.rs:177:4
[INFO] [stderr]     |
[INFO] [stderr] 177 | fn generate_sigs(dirname: &str){
[INFO] [stderr]     |    ^^^^^^^^^^^^^
[INFO] [stderr] 
[INFO] [stderr] warning: function `validate_sigs` is never used
[INFO] [stderr]    --> src/engine/signature.rs:205:4
[INFO] [stderr]     |
[INFO] [stderr] 205 | fn validate_sigs(dirname: &str){
[INFO] [stderr]     |    ^^^^^^^^^^^^^
[INFO] [stderr] 
[INFO] [stderr] warning: function `hash_file` is never used
[INFO] [stderr]    --> src/engine/signature.rs:231:4
[INFO] [stderr]     |
[INFO] [stderr] 231 | fn hash_file(dirname: &str){
[INFO] [stderr]     |    ^^^^^^^^^
[INFO] [stderr] 
[INFO] [stderr] warning: function `test_time` is never used
[INFO] [stderr]    --> src/engine/signature.rs:248:4
[INFO] [stderr]     |
[INFO] [stderr] 248 | fn test_time(){
[INFO] [stderr]     |    ^^^^^^^^^
[INFO] [stderr] 
[INFO] [stderr] warning: function `generate_sig_file` is never used
[INFO] [stderr]    --> src/engine/signature.rs:261:4
[INFO] [stderr]     |
[INFO] [stderr] 261 | fn generate_sig_file(filename: &str){
[INFO] [stderr]     |    ^^^^^^^^^^^^^^^^^
[INFO] [stderr] 
[INFO] [stderr] warning: function `validate_sig_file` is never used
[INFO] [stderr]    --> src/engine/signature.rs:283:4
[INFO] [stderr]     |
[INFO] [stderr] 283 | fn validate_sig_file(filename: &str){
[INFO] [stderr]     |    ^^^^^^^^^^^^^^^^^
[INFO] [stderr] 
[INFO] [stderr] warning: unused import: `std::result`
[INFO] [stderr]  --> src/compiler/test_compiler.rs:1:5
[INFO] [stderr]   |
[INFO] [stderr] 1 | use std::result;
[INFO] [stderr]   |     ^^^^^^^^^^^
[INFO] [stderr] 
[INFO] [stderr] warning: unused variable: `dirname`
[INFO] [stderr]   --> src/engine/signature.rs:39:9
[INFO] [stderr]    |
[INFO] [stderr] 39 |     let dirname = "test/DemoData/Tuf/debian/";
[INFO] [stderr]    |         ^^^^^^^ help: if this is intentional, prefix it with an underscore: `_dirname`
[INFO] [stderr]    |
[INFO] [stderr]    = note: `#[warn(unused_variables)]` on by default
[INFO] [stderr] 
[INFO] [stderr] warning: unused variable: `msg`
[INFO] [stderr]   --> src/engine/signature.rs:57:9
[INFO] [stderr]    |
[INFO] [stderr] 57 |     let msg = result.as_bytes();
[INFO] [stderr]    |         ^^^ help: if this is intentional, prefix it with an underscore: `_msg`
[INFO] [stderr] 
[INFO] [stderr] warning: `aple` (lib) generated 39 warnings (run `cargo fix --lib -p aple` to apply 20 suggestions)
[INFO] [stderr] warning: `aple` (lib test) generated 38 warnings (35 duplicates) (run `cargo fix --lib -p aple --tests` to apply 1 suggestion)
[INFO] [stderr]     Finished `test` profile [unoptimized + debuginfo] target(s) in 0.12s
[INFO] [stderr]      Running unittests src/lib.rs (/opt/rustwide/target/debug/deps/aple-2607af7a6ef6507e)
[INFO] [stdout] 
[INFO] [stdout] running 7 tests
[INFO] [stdout] test compiler::test_compiler::test_tuf ... FAILED
[INFO] [stdout] test parser::parser::test_rule_parsing ... FAILED
[INFO] [stdout] test parser::parser::test_query_parsing ... FAILED
[INFO] [stdout] test engine::signature::test_signature ... FAILED
[INFO] [stdout] test engine::test::genealogy ... FAILED
[INFO] [stdout] test compiler::test_compiler::test_intoto ... FAILED
[INFO] [stdout] test compiler::test_compiler::test_integration ... FAILED
[INFO] [stdout] 
[INFO] [stdout] failures:
[INFO] [stdout] 
[INFO] [stdout] ---- compiler::test_compiler::test_tuf stdout ----
[INFO] [stdout] thread 'compiler::test_compiler::test_tuf' panicked at src/compiler.rs:274:14:
[INFO] [stdout] Something went wrong reading the file: Os { code: 2, kind: NotFound, message: "No such file or directory" }
[INFO] [stdout] stack backtrace:
[INFO] [stdout]    0:     0x57b6276e280a - std::backtrace_rs::backtrace::libunwind::trace::h8810477743020387
[INFO] [stdout]                                at /rustc/202008a1b8de96d2e5b6bc02d379db03a877d34d/library/std/src/../../backtrace/src/backtrace/libunwind.rs:116:5
[INFO] [stdout]    1:     0x57b6276e280a - std::backtrace_rs::backtrace::trace_unsynchronized::h3aa55355dd6c54a6
[INFO] [stdout]                                at /rustc/202008a1b8de96d2e5b6bc02d379db03a877d34d/library/std/src/../../backtrace/src/backtrace/mod.rs:66:5
[INFO] [stdout]    2:     0x57b6276e280a - std::sys::backtrace::_print_fmt::h8588b0f62410823f
[INFO] [stdout]                                at /rustc/202008a1b8de96d2e5b6bc02d379db03a877d34d/library/std/src/sys/backtrace.rs:66:9
[INFO] [stdout]    3:     0x57b6276e280a - <std::sys::backtrace::BacktraceLock::print::DisplayBacktrace as core::fmt::Display>::fmt::h98c26ac25ffe89bb
[INFO] [stdout]                                at /rustc/202008a1b8de96d2e5b6bc02d379db03a877d34d/library/std/src/sys/backtrace.rs:39:26
[INFO] [stdout]    4:     0x57b627708dd3 - core::fmt::rt::Argument::fmt::hf95377f4aebd453b
[INFO] [stdout]                                at /rustc/202008a1b8de96d2e5b6bc02d379db03a877d34d/library/core/src/fmt/rt.rs:177:76
[INFO] [stdout]    5:     0x57b627708dd3 - core::fmt::write::h0dd5f6e2238c7982
[INFO] [stdout]                                at /rustc/202008a1b8de96d2e5b6bc02d379db03a877d34d/library/core/src/fmt/mod.rs:1189:21
[INFO] [stdout]    6:     0x57b6276df783 - std::io::Write::write_fmt::h03bb0ca26e6faf8c
[INFO] [stdout]                                at /rustc/202008a1b8de96d2e5b6bc02d379db03a877d34d/library/std/src/io/mod.rs:1884:15
[INFO] [stdout]    7:     0x57b6276e2652 - std::sys::backtrace::BacktraceLock::print::h5c19c1c038ee186d
[INFO] [stdout]                                at /rustc/202008a1b8de96d2e5b6bc02d379db03a877d34d/library/std/src/sys/backtrace.rs:42:9
[INFO] [stdout]    8:     0x57b6276e3c8d - std::panicking::default_hook::{{closure}}::h77172f079a1fcb13
[INFO] [stdout]                                at /rustc/202008a1b8de96d2e5b6bc02d379db03a877d34d/library/std/src/panicking.rs:268:22
[INFO] [stdout]    9:     0x57b6276e3a97 - std::panicking::default_hook::he5f8e3b203ccddba
[INFO] [stdout]                                at /rustc/202008a1b8de96d2e5b6bc02d379db03a877d34d/library/std/src/panicking.rs:292:9
[INFO] [stdout]   10:     0x57b6275e9947 - <alloc::boxed::Box<F,A> as core::ops::function::Fn<Args>>::call::h7a3c7b4a1ae77f2f
[INFO] [stdout]                                at /rustc/202008a1b8de96d2e5b6bc02d379db03a877d34d/library/alloc/src/boxed.rs:1986:9
[INFO] [stdout]   11:     0x57b6275e9947 - test::test_main::{{closure}}::hf0d3b69ae9b353d1
[INFO] [stdout]                                at /rustc/202008a1b8de96d2e5b6bc02d379db03a877d34d/library/test/src/lib.rs:134:21
[INFO] [stdout]   12:     0x57b6276e4338 - <alloc::boxed::Box<F,A> as core::ops::function::Fn<Args>>::call::h6332e82e7b189abd
[INFO] [stdout]                                at /rustc/202008a1b8de96d2e5b6bc02d379db03a877d34d/library/alloc/src/boxed.rs:1986:9
[INFO] [stdout]   13:     0x57b6276e4338 - std::panicking::rust_panic_with_hook::h53863d4e9018df39
[INFO] [stdout]                                at /rustc/202008a1b8de96d2e5b6bc02d379db03a877d34d/library/std/src/panicking.rs:809:13
[INFO] [stdout]   14:     0x57b6276e40fa - std::panicking::begin_panic_handler::{{closure}}::h67280e6fa0757873
[INFO] [stdout]                                at /rustc/202008a1b8de96d2e5b6bc02d379db03a877d34d/library/std/src/panicking.rs:674:13
[INFO] [stdout]   15:     0x57b6276e2ce9 - std::sys::backtrace::__rust_end_short_backtrace::h1dac3f54d6fbbeb2
[INFO] [stdout]                                at /rustc/202008a1b8de96d2e5b6bc02d379db03a877d34d/library/std/src/sys/backtrace.rs:170:18
[INFO] [stdout]   16:     0x57b6276e3d8c - rust_begin_unwind
[INFO] [stdout]                                at /rustc/202008a1b8de96d2e5b6bc02d379db03a877d34d/library/std/src/panicking.rs:665:5
[INFO] [stdout]   17:     0x57b62754ec20 - core::panicking::panic_fmt::h6792bd1b2bf01041
[INFO] [stdout]                                at /rustc/202008a1b8de96d2e5b6bc02d379db03a877d34d/library/core/src/panicking.rs:76:14
[INFO] [stdout]   18:     0x57b62754f0c6 - core::result::unwrap_failed::h05e0602ed34287c5
[INFO] [stdout]                                at /rustc/202008a1b8de96d2e5b6bc02d379db03a877d34d/library/core/src/result.rs:1699:5
[INFO] [stdout]   19:     0x57b627579fd4 - core::result::Result<T,E>::expect::ha82ea18a0bccb1d4
[INFO] [stdout]                                at /rustc/202008a1b8de96d2e5b6bc02d379db03a877d34d/library/core/src/result.rs:1061:23
[INFO] [stdout]   20:     0x57b62756c0ce - aple::compiler::Compiler::get_schema::hf5ce65a414f528f6
[INFO] [stdout]                                at /opt/rustwide/workdir/src/compiler.rs:273:29
[INFO] [stdout]   21:     0x57b62756a811 - aple::compiler::Compiler::compile::h86f0a3d56b7118c3
[INFO] [stdout]                                at /opt/rustwide/workdir/src/compiler.rs:123:19
[INFO] [stdout]   22:     0x57b62759da70 - aple::compiler::test_compiler::test_tuf::h84323e693c0683ba
[INFO] [stdout]                                at /opt/rustwide/workdir/src/compiler/test_compiler.rs:45:5
[INFO] [stdout]   23:     0x57b62759d9e7 - aple::compiler::test_compiler::test_tuf::{{closure}}::h08f1b245af8abad7
[INFO] [stdout]                                at /opt/rustwide/workdir/src/compiler/test_compiler.rs:41:14
[INFO] [stdout]   24:     0x57b6275a5ac6 - core::ops::function::FnOnce::call_once::hdc1ff074aa6af8b6
[INFO] [stdout]                                at /rustc/202008a1b8de96d2e5b6bc02d379db03a877d34d/library/core/src/ops/function.rs:250:5
[INFO] [stdout]   25:     0x57b6275ee46b - core::ops::function::FnOnce::call_once::h871bf86719ec9aa4
[INFO] [stdout]                                at /rustc/202008a1b8de96d2e5b6bc02d379db03a877d34d/library/core/src/ops/function.rs:250:5
[INFO] [stdout]   26:     0x57b6275ee46b - test::__rust_begin_short_backtrace::h2167df1e2b7d76fd
[INFO] [stdout]                                at /rustc/202008a1b8de96d2e5b6bc02d379db03a877d34d/library/test/src/lib.rs:632:18
[INFO] [stdout]   27:     0x57b6275ede58 - test::run_test_in_process::{{closure}}::h15d92f75a3adfb79
[INFO] [stdout]                                at /rustc/202008a1b8de96d2e5b6bc02d379db03a877d34d/library/test/src/lib.rs:655:60
[INFO] [stdout]   28:     0x57b6275ede58 - <core::panic::unwind_safe::AssertUnwindSafe<F> as core::ops::function::FnOnce<()>>::call_once::hb6c8955835a8dbbb
[INFO] [stdout]                                at /rustc/202008a1b8de96d2e5b6bc02d379db03a877d34d/library/core/src/panic/unwind_safe.rs:272:9
[INFO] [stdout]   29:     0x57b6275ede58 - std::panicking::try::do_call::hc79d0fc888a0bd30
[INFO] [stdout]                                at /rustc/202008a1b8de96d2e5b6bc02d379db03a877d34d/library/std/src/panicking.rs:557:40
[INFO] [stdout]   30:     0x57b6275ede58 - std::panicking::try::hb8a7878e3a8589d6
[INFO] [stdout]                                at /rustc/202008a1b8de96d2e5b6bc02d379db03a877d34d/library/std/src/panicking.rs:520:19
[INFO] [stdout]   31:     0x57b6275ede58 - std::panic::catch_unwind::hb8e4600ff0ff5cfa
[INFO] [stdout]                                at /rustc/202008a1b8de96d2e5b6bc02d379db03a877d34d/library/std/src/panic.rs:358:14
[INFO] [stdout]   32:     0x57b6275ede58 - test::run_test_in_process::hc2900b0b18688dd6
[INFO] [stdout]                                at /rustc/202008a1b8de96d2e5b6bc02d379db03a877d34d/library/test/src/lib.rs:655:27
[INFO] [stdout]   33:     0x57b6275ede58 - test::run_test::{{closure}}::hac2a9cb07be3d48d
[INFO] [stdout]                                at /rustc/202008a1b8de96d2e5b6bc02d379db03a877d34d/library/test/src/lib.rs:576:43
[INFO] [stdout]   34:     0x57b6275b18fa - test::run_test::{{closure}}::h4a5b729e66a38cd8
[INFO] [stderr] error: test failed, to rerun pass `--lib`
[INFO] [stdout]                                at /rustc/202008a1b8de96d2e5b6bc02d379db03a877d34d/library/test/src/lib.rs:606:41
[INFO] [stdout]   35:     0x57b6275b18fa - std::sys::backtrace::__rust_begin_short_backtrace::h0496fb742492f573
[INFO] [stdout]                                at /rustc/202008a1b8de96d2e5b6bc02d379db03a877d34d/library/std/src/sys/backtrace.rs:154:18
[INFO] [stdout]   36:     0x57b6275b5274 - std::thread::Builder::spawn_unchecked_::{{closure}}::{{closure}}::hbb6d257c550a54bd
[INFO] [stdout]                                at /rustc/202008a1b8de96d2e5b6bc02d379db03a877d34d/library/std/src/thread/mod.rs:561:17
[INFO] [stdout]   37:     0x57b6275b5274 - <core::panic::unwind_safe::AssertUnwindSafe<F> as core::ops::function::FnOnce<()>>::call_once::h46696fe4a6832328
[INFO] [stdout]                                at /rustc/202008a1b8de96d2e5b6bc02d379db03a877d34d/library/core/src/panic/unwind_safe.rs:272:9
[INFO] [stdout]   38:     0x57b6275b5274 - std::panicking::try::do_call::h2625a51b667bfb64
[INFO] [stdout]                                at /rustc/202008a1b8de96d2e5b6bc02d379db03a877d34d/library/std/src/panicking.rs:557:40
[INFO] [stdout]   39:     0x57b6275b5274 - std::panicking::try::hb956a59a1973aa4c
[INFO] [stdout]                                at /rustc/202008a1b8de96d2e5b6bc02d379db03a877d34d/library/std/src/panicking.rs:520:19
[INFO] [stdout]   40:     0x57b6275b5274 - std::panic::catch_unwind::h64f3b9d1067ef6a0
[INFO] [stdout]                                at /rustc/202008a1b8de96d2e5b6bc02d379db03a877d34d/library/std/src/panic.rs:358:14
[INFO] [stdout]   41:     0x57b6275b5274 - std::thread::Builder::spawn_unchecked_::{{closure}}::h42b2841295b6c0b2
[INFO] [stdout]                                at /rustc/202008a1b8de96d2e5b6bc02d379db03a877d34d/library/std/src/thread/mod.rs:559:30
[INFO] [stdout]   42:     0x57b6275b5274 - core::ops::function::FnOnce::call_once{{vtable.shim}}::h6127de71b8124639
[INFO] [stdout]                                at /rustc/202008a1b8de96d2e5b6bc02d379db03a877d34d/library/core/src/ops/function.rs:250:5
[INFO] [stdout]   43:     0x57b6276e863b - <alloc::boxed::Box<F,A> as core::ops::function::FnOnce<Args>>::call_once::h42f0ba71002a1b2c
[INFO] [stdout]                                at /rustc/202008a1b8de96d2e5b6bc02d379db03a877d34d/library/alloc/src/boxed.rs:1972:9
[INFO] [stdout]   44:     0x57b6276e863b - <alloc::boxed::Box<F,A> as core::ops::function::FnOnce<Args>>::call_once::had9e47d7a3dcecb8
[INFO] [stdout]                                at /rustc/202008a1b8de96d2e5b6bc02d379db03a877d34d/library/alloc/src/boxed.rs:1972:9
[INFO] [stdout]   45:     0x57b6276e863b - std::sys::pal::unix::thread::Thread::new::thread_start::h48cf765408f6f5f2
[INFO] [stdout]                                at /rustc/202008a1b8de96d2e5b6bc02d379db03a877d34d/library/std/src/sys/pal/unix/thread.rs:105:17
[INFO] [stdout]   46:     0x759678bf5ac3 - <unknown>
[INFO] [stdout]   47:     0x759678c86a04 - clone
[INFO] [stdout]   48:                0x0 - <unknown>
[INFO] [stdout] 
[INFO] [stdout] ---- parser::parser::test_rule_parsing stdout ----
[INFO] [stdout] qs: "is_natural(z).", input"is_natural(z)."
[INFO] [stdout] qs: "is_natural(s($2)) :- is_natural($2).", input"is_natural(s($0)) :- is_natural($0)."
[INFO] [stdout] thread 'parser::parser::test_rule_parsing' panicked at src/parser/parser.rs:266:5:
[INFO] [stdout] assertion `left == right` failed
[INFO] [stdout]   left: "is_natural(s($2)) :- is_natural($2)."
[INFO] [stdout]  right: "is_natural(s($0)) :- is_natural($0)."
[INFO] [stdout] stack backtrace:
[INFO] [stdout]    0:     0x57b6276e280a - std::backtrace_rs::backtrace::libunwind::trace::h8810477743020387
[INFO] [stdout]                                at /rustc/202008a1b8de96d2e5b6bc02d379db03a877d34d/library/std/src/../../backtrace/src/backtrace/libunwind.rs:116:5
[INFO] [stdout]    1:     0x57b6276e280a - std::backtrace_rs::backtrace::trace_unsynchronized::h3aa55355dd6c54a6
[INFO] [stdout]                                at /rustc/202008a1b8de96d2e5b6bc02d379db03a877d34d/library/std/src/../../backtrace/src/backtrace/mod.rs:66:5
[INFO] [stdout]    2:     0x57b6276e280a - std::sys::backtrace::_print_fmt::h8588b0f62410823f
[INFO] [stdout]                                at /rustc/202008a1b8de96d2e5b6bc02d379db03a877d34d/library/std/src/sys/backtrace.rs:66:9
[INFO] [stdout]    3:     0x57b6276e280a - <std::sys::backtrace::BacktraceLock::print::DisplayBacktrace as core::fmt::Display>::fmt::h98c26ac25ffe89bb
[INFO] [stdout]                                at /rustc/202008a1b8de96d2e5b6bc02d379db03a877d34d/library/std/src/sys/backtrace.rs:39:26
[INFO] [stdout]    4:     0x57b627708dd3 - core::fmt::rt::Argument::fmt::hf95377f4aebd453b
[INFO] [stdout]                                at /rustc/202008a1b8de96d2e5b6bc02d379db03a877d34d/library/core/src/fmt/rt.rs:177:76
[INFO] [stdout]    5:     0x57b627708dd3 - core::fmt::write::h0dd5f6e2238c7982
[INFO] [stdout]                                at /rustc/202008a1b8de96d2e5b6bc02d379db03a877d34d/library/core/src/fmt/mod.rs:1189:21
[INFO] [stdout]    6:     0x57b6276df783 - std::io::Write::write_fmt::h03bb0ca26e6faf8c
[INFO] [stdout]                                at /rustc/202008a1b8de96d2e5b6bc02d379db03a877d34d/library/std/src/io/mod.rs:1884:15
[INFO] [stdout]    7:     0x57b6276e2652 - std::sys::backtrace::BacktraceLock::print::h5c19c1c038ee186d
[INFO] [stdout]                                at /rustc/202008a1b8de96d2e5b6bc02d379db03a877d34d/library/std/src/sys/backtrace.rs:42:9
[INFO] [stdout]    8:     0x57b6276e3c8d - std::panicking::default_hook::{{closure}}::h77172f079a1fcb13
[INFO] [stdout]                                at /rustc/202008a1b8de96d2e5b6bc02d379db03a877d34d/library/std/src/panicking.rs:268:22
[INFO] [stdout]    9:     0x57b6276e3a97 - std::panicking::default_hook::he5f8e3b203ccddba
[INFO] [stdout]                                at /rustc/202008a1b8de96d2e5b6bc02d379db03a877d34d/library/std/src/panicking.rs:292:9
[INFO] [stdout]   10:     0x57b6275e9947 - <alloc::boxed::Box<F,A> as core::ops::function::Fn<Args>>::call::h7a3c7b4a1ae77f2f
[INFO] [stdout]                                at /rustc/202008a1b8de96d2e5b6bc02d379db03a877d34d/library/alloc/src/boxed.rs:1986:9
[INFO] [stdout]   11:     0x57b6275e9947 - test::test_main::{{closure}}::hf0d3b69ae9b353d1
[INFO] [stdout]                                at /rustc/202008a1b8de96d2e5b6bc02d379db03a877d34d/library/test/src/lib.rs:134:21
[INFO] [stdout]   12:     0x57b6276e4338 - <alloc::boxed::Box<F,A> as core::ops::function::Fn<Args>>::call::h6332e82e7b189abd
[INFO] [stdout]                                at /rustc/202008a1b8de96d2e5b6bc02d379db03a877d34d/library/alloc/src/boxed.rs:1986:9
[INFO] [stdout]   13:     0x57b6276e4338 - std::panicking::rust_panic_with_hook::h53863d4e9018df39
[INFO] [stdout]                                at /rustc/202008a1b8de96d2e5b6bc02d379db03a877d34d/library/std/src/panicking.rs:809:13
[INFO] [stdout]   14:     0x57b6276e40fa - std::panicking::begin_panic_handler::{{closure}}::h67280e6fa0757873
[INFO] [stdout]                                at /rustc/202008a1b8de96d2e5b6bc02d379db03a877d34d/library/std/src/panicking.rs:674:13
[INFO] [stdout]   15:     0x57b6276e2ce9 - std::sys::backtrace::__rust_end_short_backtrace::h1dac3f54d6fbbeb2
[INFO] [stdout]                                at /rustc/202008a1b8de96d2e5b6bc02d379db03a877d34d/library/std/src/sys/backtrace.rs:170:18
[INFO] [stdout]   16:     0x57b6276e3d8c - rust_begin_unwind
[INFO] [stdout]                                at /rustc/202008a1b8de96d2e5b6bc02d379db03a877d34d/library/std/src/panicking.rs:665:5
[INFO] [stdout]   17:     0x57b62754ec20 - core::panicking::panic_fmt::h6792bd1b2bf01041
[INFO] [stdout]                                at /rustc/202008a1b8de96d2e5b6bc02d379db03a877d34d/library/core/src/panicking.rs:76:14
[INFO] [stdout]   18:     0x57b62754f04c - core::panicking::assert_failed_inner::hf2c17e6d30928787
[INFO] [stdout]   19:     0x57b627594bdf - core::panicking::assert_failed::hf5b81817e2ec53a7
[INFO] [stdout]                                at /rustc/202008a1b8de96d2e5b6bc02d379db03a877d34d/library/core/src/panicking.rs:373:5
[INFO] [stdout]   20:     0x57b627582fb3 - aple::parser::parser::rule_roundtrip_test::hffd7d0cb5657893b
[INFO] [stdout]                                at /opt/rustwide/workdir/src/parser/parser.rs:266:5
[INFO] [stdout]   21:     0x57b627584163 - aple::parser::parser::test_rule_parsing::hbc492c3550d90018
[INFO] [stdout]                                at /opt/rustwide/workdir/src/parser/parser.rs:272:5
[INFO] [stdout]   22:     0x57b627584127 - aple::parser::parser::test_rule_parsing::{{closure}}::h03d604daae9a4416
[INFO] [stdout]                                at /opt/rustwide/workdir/src/parser/parser.rs:270:23
[INFO] [stdout]   23:     0x57b6275a5406 - core::ops::function::FnOnce::call_once::h22ebf1082f4b0800
[INFO] [stdout]                                at /rustc/202008a1b8de96d2e5b6bc02d379db03a877d34d/library/core/src/ops/function.rs:250:5
[INFO] [stdout]   24:     0x57b6275ee46b - core::ops::function::FnOnce::call_once::h871bf86719ec9aa4
[INFO] [stdout]                                at /rustc/202008a1b8de96d2e5b6bc02d379db03a877d34d/library/core/src/ops/function.rs:250:5
[INFO] [stdout]   25:     0x57b6275ee46b - test::__rust_begin_short_backtrace::h2167df1e2b7d76fd
[INFO] [stdout]                                at /rustc/202008a1b8de96d2e5b6bc02d379db03a877d34d/library/test/src/lib.rs:632:18
[INFO] [stdout]   26:     0x57b6275ede58 - test::run_test_in_process::{{closure}}::h15d92f75a3adfb79
[INFO] [stdout]                                at /rustc/202008a1b8de96d2e5b6bc02d379db03a877d34d/library/test/src/lib.rs:655:60
[INFO] [stdout]   27:     0x57b6275ede58 - <core::panic::unwind_safe::AssertUnwindSafe<F> as core::ops::function::FnOnce<()>>::call_once::hb6c8955835a8dbbb
[INFO] [stdout]                                at /rustc/202008a1b8de96d2e5b6bc02d379db03a877d34d/library/core/src/panic/unwind_safe.rs:272:9
[INFO] [stdout]   28:     0x57b6275ede58 - std::panicking::try::do_call::hc79d0fc888a0bd30
[INFO] [stdout]                                at /rustc/202008a1b8de96d2e5b6bc02d379db03a877d34d/library/std/src/panicking.rs:557:40
[INFO] [stdout]   29:     0x57b6275ede58 - std::panicking::try::hb8a7878e3a8589d6
[INFO] [stdout]                                at /rustc/202008a1b8de96d2e5b6bc02d379db03a877d34d/library/std/src/panicking.rs:520:19
[INFO] [stdout]   30:     0x57b6275ede58 - std::panic::catch_unwind::hb8e4600ff0ff5cfa
[INFO] [stdout]                                at /rustc/202008a1b8de96d2e5b6bc02d379db03a877d34d/library/std/src/panic.rs:358:14
[INFO] [stdout]   31:     0x57b6275ede58 - test::run_test_in_process::hc2900b0b18688dd6
[INFO] [stdout]                                at /rustc/202008a1b8de96d2e5b6bc02d379db03a877d34d/library/test/src/lib.rs:655:27
[INFO] [stdout]   32:     0x57b6275ede58 - test::run_test::{{closure}}::hac2a9cb07be3d48d
[INFO] [stdout]                                at /rustc/202008a1b8de96d2e5b6bc02d379db03a877d34d/library/test/src/lib.rs:576:43
[INFO] [stdout]   33:     0x57b6275b18fa - test::run_test::{{closure}}::h4a5b729e66a38cd8
[INFO] [stdout]                                at /rustc/202008a1b8de96d2e5b6bc02d379db03a877d34d/library/test/src/lib.rs:606:41
[INFO] [stdout]   34:     0x57b6275b18fa - std::sys::backtrace::__rust_begin_short_backtrace::h0496fb742492f573
[INFO] [stdout]                                at /rustc/202008a1b8de96d2e5b6bc02d379db03a877d34d/library/std/src/sys/backtrace.rs:154:18
[INFO] [stdout]   35:     0x57b6275b5274 - std::thread::Builder::spawn_unchecked_::{{closure}}::{{closure}}::hbb6d257c550a54bd
[INFO] [stdout]                                at /rustc/202008a1b8de96d2e5b6bc02d379db03a877d34d/library/std/src/thread/mod.rs:561:17
[INFO] [stdout]   36:     0x57b6275b5274 - <core::panic::unwind_safe::AssertUnwindSafe<F> as core::ops::function::FnOnce<()>>::call_once::h46696fe4a6832328
[INFO] [stdout]                                at /rustc/202008a1b8de96d2e5b6bc02d379db03a877d34d/library/core/src/panic/unwind_safe.rs:272:9
[INFO] [stdout]   37:     0x57b6275b5274 - std::panicking::try::do_call::h2625a51b667bfb64
[INFO] [stdout]                                at /rustc/202008a1b8de96d2e5b6bc02d379db03a877d34d/library/std/src/panicking.rs:557:40
[INFO] [stdout]   38:     0x57b6275b5274 - std::panicking::try::hb956a59a1973aa4c
[INFO] [stdout]                                at /rustc/202008a1b8de96d2e5b6bc02d379db03a877d34d/library/std/src/panicking.rs:520:19
[INFO] [stdout]   39:     0x57b6275b5274 - std::panic::catch_unwind::h64f3b9d1067ef6a0
[INFO] [stdout]                                at /rustc/202008a1b8de96d2e5b6bc02d379db03a877d34d/library/std/src/panic.rs:358:14
[INFO] [stdout]   40:     0x57b6275b5274 - std::thread::Builder::spawn_unchecked_::{{closure}}::h42b2841295b6c0b2
[INFO] [stdout]                                at /rustc/202008a1b8de96d2e5b6bc02d379db03a877d34d/library/std/src/thread/mod.rs:559:30
[INFO] [stdout]   41:     0x57b6275b5274 - core::ops::function::FnOnce::call_once{{vtable.shim}}::h6127de71b8124639
[INFO] [stdout]                                at /rustc/202008a1b8de96d2e5b6bc02d379db03a877d34d/library/core/src/ops/function.rs:250:5
[INFO] [stdout]   42:     0x57b6276e863b - <alloc::boxed::Box<F,A> as core::ops::function::FnOnce<Args>>::call_once::h42f0ba71002a1b2c
[INFO] [stdout]                                at /rustc/202008a1b8de96d2e5b6bc02d379db03a877d34d/library/alloc/src/boxed.rs:1972:9
[INFO] [stdout]   43:     0x57b6276e863b - <alloc::boxed::Box<F,A> as core::ops::function::FnOnce<Args>>::call_once::had9e47d7a3dcecb8
[INFO] [stdout]                                at /rustc/202008a1b8de96d2e5b6bc02d379db03a877d34d/library/alloc/src/boxed.rs:1972:9
[INFO] [stdout]   44:     0x57b6276e863b - std::sys::pal::unix::thread::Thread::new::thread_start::h48cf765408f6f5f2
[INFO] [stdout]                                at /rustc/202008a1b8de96d2e5b6bc02d379db03a877d34d/library/std/src/sys/pal/unix/thread.rs:105:17
[INFO] [stdout]   45:     0x759678bf5ac3 - <unknown>
[INFO] [stdout]   46:     0x759678c86a04 - clone
[INFO] [stdout]   47:                0x0 - <unknown>
[INFO] [stdout] 
[INFO] [stdout] ---- parser::parser::test_query_parsing stdout ----
[INFO] [stdout] qs: "grandparent(bob, $2).", input"grandparent(bob, $0)."
[INFO] [stdout] thread 'parser::parser::test_query_parsing' panicked at src/parser/parser.rs:246:5:
[INFO] [stdout] assertion `left == right` failed
[INFO] [stdout]   left: "grandparent(bob, $2)."
[INFO] [stdout]  right: "grandparent(bob, $0)."
[INFO] [stdout] stack backtrace:
[INFO] [stdout]    0:     0x57b6276e280a - std::backtrace_rs::backtrace::libunwind::trace::h8810477743020387
[INFO] [stdout]                                at /rustc/202008a1b8de96d2e5b6bc02d379db03a877d34d/library/std/src/../../backtrace/src/backtrace/libunwind.rs:116:5
[INFO] [stdout]    1:     0x57b6276e280a - std::backtrace_rs::backtrace::trace_unsynchronized::h3aa55355dd6c54a6
[INFO] [stdout]                                at /rustc/202008a1b8de96d2e5b6bc02d379db03a877d34d/library/std/src/../../backtrace/src/backtrace/mod.rs:66:5
[INFO] [stdout]    2:     0x57b6276e280a - std::sys::backtrace::_print_fmt::h8588b0f62410823f
[INFO] [stdout]                                at /rustc/202008a1b8de96d2e5b6bc02d379db03a877d34d/library/std/src/sys/backtrace.rs:66:9
[INFO] [stdout]    3:     0x57b6276e280a - <std::sys::backtrace::BacktraceLock::print::DisplayBacktrace as core::fmt::Display>::fmt::h98c26ac25ffe89bb
[INFO] [stdout]                                at /rustc/202008a1b8de96d2e5b6bc02d379db03a877d34d/library/std/src/sys/backtrace.rs:39:26
[INFO] [stdout]    4:     0x57b627708dd3 - core::fmt::rt::Argument::fmt::hf95377f4aebd453b
[INFO] [stdout]                                at /rustc/202008a1b8de96d2e5b6bc02d379db03a877d34d/library/core/src/fmt/rt.rs:177:76
[INFO] [stdout]    5:     0x57b627708dd3 - core::fmt::write::h0dd5f6e2238c7982
[INFO] [stdout]                                at /rustc/202008a1b8de96d2e5b6bc02d379db03a877d34d/library/core/src/fmt/mod.rs:1189:21
[INFO] [stdout]    6:     0x57b6276df783 - std::io::Write::write_fmt::h03bb0ca26e6faf8c
[INFO] [stdout]                                at /rustc/202008a1b8de96d2e5b6bc02d379db03a877d34d/library/std/src/io/mod.rs:1884:15
[INFO] [stdout]    7:     0x57b6276e2652 - std::sys::backtrace::BacktraceLock::print::h5c19c1c038ee186d
[INFO] [stdout]                                at /rustc/202008a1b8de96d2e5b6bc02d379db03a877d34d/library/std/src/sys/backtrace.rs:42:9
[INFO] [stdout]    8:     0x57b6276e3c8d - std::panicking::default_hook::{{closure}}::h77172f079a1fcb13
[INFO] [stdout]                                at /rustc/202008a1b8de96d2e5b6bc02d379db03a877d34d/library/std/src/panicking.rs:268:22
[INFO] [stdout]    9:     0x57b6276e3a97 - std::panicking::default_hook::he5f8e3b203ccddba
[INFO] [stdout]                                at /rustc/202008a1b8de96d2e5b6bc02d379db03a877d34d/library/std/src/panicking.rs:292:9
[INFO] [stdout]   10:     0x57b6275e9947 - <alloc::boxed::Box<F,A> as core::ops::function::Fn<Args>>::call::h7a3c7b4a1ae77f2f
[INFO] [stdout]                                at /rustc/202008a1b8de96d2e5b6bc02d379db03a877d34d/library/alloc/src/boxed.rs:1986:9
[INFO] [stdout]   11:     0x57b6275e9947 - test::test_main::{{closure}}::hf0d3b69ae9b353d1
[INFO] [stdout]                                at /rustc/202008a1b8de96d2e5b6bc02d379db03a877d34d/library/test/src/lib.rs:134:21
[INFO] [stdout]   12:     0x57b6276e4338 - <alloc::boxed::Box<F,A> as core::ops::function::Fn<Args>>::call::h6332e82e7b189abd
[INFO] [stdout]                                at /rustc/202008a1b8de96d2e5b6bc02d379db03a877d34d/library/alloc/src/boxed.rs:1986:9
[INFO] [stdout]   13:     0x57b6276e4338 - std::panicking::rust_panic_with_hook::h53863d4e9018df39
[INFO] [stdout]                                at /rustc/202008a1b8de96d2e5b6bc02d379db03a877d34d/library/std/src/panicking.rs:809:13
[INFO] [stdout]   14:     0x57b6276e40fa - std::panicking::begin_panic_handler::{{closure}}::h67280e6fa0757873
[INFO] [stdout]                                at /rustc/202008a1b8de96d2e5b6bc02d379db03a877d34d/library/std/src/panicking.rs:674:13
[INFO] [stdout]   15:     0x57b6276e2ce9 - std::sys::backtrace::__rust_end_short_backtrace::h1dac3f54d6fbbeb2
[INFO] [stdout]                                at /rustc/202008a1b8de96d2e5b6bc02d379db03a877d34d/library/std/src/sys/backtrace.rs:170:18
[INFO] [stdout]   16:     0x57b6276e3d8c - rust_begin_unwind
[INFO] [stdout]                                at /rustc/202008a1b8de96d2e5b6bc02d379db03a877d34d/library/std/src/panicking.rs:665:5
[INFO] [stdout]   17:     0x57b62754ec20 - core::panicking::panic_fmt::h6792bd1b2bf01041
[INFO] [stdout]                                at /rustc/202008a1b8de96d2e5b6bc02d379db03a877d34d/library/core/src/panicking.rs:76:14
[INFO] [stdout]   18:     0x57b62754f04c - core::panicking::assert_failed_inner::hf2c17e6d30928787
[INFO] [stdout]   19:     0x57b627594bdf - core::panicking::assert_failed::hf5b81817e2ec53a7
[INFO] [stdout]                                at /rustc/202008a1b8de96d2e5b6bc02d379db03a877d34d/library/core/src/panicking.rs:373:5
[INFO] [stdout]   20:     0x57b627582be1 - aple::parser::parser::query_roundtrip_test::h9e2ea47593cd5f09
[INFO] [stdout]                                at /opt/rustwide/workdir/src/parser/parser.rs:246:5
[INFO] [stdout]   21:     0x57b6275840e2 - aple::parser::parser::test_query_parsing::h0acb50566577fa54
[INFO] [stdout]                                at /opt/rustwide/workdir/src/parser/parser.rs:251:5
[INFO] [stdout]   22:     0x57b6275840b7 - aple::parser::parser::test_query_parsing::{{closure}}::h61f1ecd09b1cbc7c
[INFO] [stdout]                                at /opt/rustwide/workdir/src/parser/parser.rs:250:24
[INFO] [stdout]   23:     0x57b6275a5b06 - core::ops::function::FnOnce::call_once::he12f2251ccc1b4f5
[INFO] [stdout]                                at /rustc/202008a1b8de96d2e5b6bc02d379db03a877d34d/library/core/src/ops/function.rs:250:5
[INFO] [stdout]   24:     0x57b6275ee46b - core::ops::function::FnOnce::call_once::h871bf86719ec9aa4
[INFO] [stdout]                                at /rustc/202008a1b8de96d2e5b6bc02d379db03a877d34d/library/core/src/ops/function.rs:250:5
[INFO] [stdout]   25:     0x57b6275ee46b - test::__rust_begin_short_backtrace::h2167df1e2b7d76fd
[INFO] [stdout]                                at /rustc/202008a1b8de96d2e5b6bc02d379db03a877d34d/library/test/src/lib.rs:632:18
[INFO] [stdout]   26:     0x57b6275ede58 - test::run_test_in_process::{{closure}}::h15d92f75a3adfb79
[INFO] [stdout]                                at /rustc/202008a1b8de96d2e5b6bc02d379db03a877d34d/library/test/src/lib.rs:655:60
[INFO] [stdout]   27:     0x57b6275ede58 - <core::panic::unwind_safe::AssertUnwindSafe<F> as core::ops::function::FnOnce<()>>::call_once::hb6c8955835a8dbbb
[INFO] [stdout]                                at /rustc/202008a1b8de96d2e5b6bc02d379db03a877d34d/library/core/src/panic/unwind_safe.rs:272:9
[INFO] [stdout]   28:     0x57b6275ede58 - std::panicking::try::do_call::hc79d0fc888a0bd30
[INFO] [stdout]                                at /rustc/202008a1b8de96d2e5b6bc02d379db03a877d34d/library/std/src/panicking.rs:557:40
[INFO] [stdout]   29:     0x57b6275ede58 - std::panicking::try::hb8a7878e3a8589d6
[INFO] [stdout]                                at /rustc/202008a1b8de96d2e5b6bc02d379db03a877d34d/library/std/src/panicking.rs:520:19
[INFO] [stdout]   30:     0x57b6275ede58 - std::panic::catch_unwind::hb8e4600ff0ff5cfa
[INFO] [stdout]                                at /rustc/202008a1b8de96d2e5b6bc02d379db03a877d34d/library/std/src/panic.rs:358:14
[INFO] [stdout]   31:     0x57b6275ede58 - test::run_test_in_process::hc2900b0b18688dd6
[INFO] [stdout]                                at /rustc/202008a1b8de96d2e5b6bc02d379db03a877d34d/library/test/src/lib.rs:655:27
[INFO] [stdout]   32:     0x57b6275ede58 - test::run_test::{{closure}}::hac2a9cb07be3d48d
[INFO] [stdout]                                at /rustc/202008a1b8de96d2e5b6bc02d379db03a877d34d/library/test/src/lib.rs:576:43
[INFO] [stdout]   33:     0x57b6275b18fa - test::run_test::{{closure}}::h4a5b729e66a38cd8
[INFO] [stdout]                                at /rustc/202008a1b8de96d2e5b6bc02d379db03a877d34d/library/test/src/lib.rs:606:41
[INFO] [stdout]   34:     0x57b6275b18fa - std::sys::backtrace::__rust_begin_short_backtrace::h0496fb742492f573
[INFO] [stdout]                                at /rustc/202008a1b8de96d2e5b6bc02d379db03a877d34d/library/std/src/sys/backtrace.rs:154:18
[INFO] [stdout]   35:     0x57b6275b5274 - std::thread::Builder::spawn_unchecked_::{{closure}}::{{closure}}::hbb6d257c550a54bd
[INFO] [stdout]                                at /rustc/202008a1b8de96d2e5b6bc02d379db03a877d34d/library/std/src/thread/mod.rs:561:17
[INFO] [stdout]   36:     0x57b6275b5274 - <core::panic::unwind_safe::AssertUnwindSafe<F> as core::ops::function::FnOnce<()>>::call_once::h46696fe4a6832328
[INFO] [stdout]                                at /rustc/202008a1b8de96d2e5b6bc02d379db03a877d34d/library/core/src/panic/unwind_safe.rs:272:9
[INFO] [stdout]   37:     0x57b6275b5274 - std::panicking::try::do_call::h2625a51b667bfb64
[INFO] [stdout]                                at /rustc/202008a1b8de96d2e5b6bc02d379db03a877d34d/library/std/src/panicking.rs:557:40
[INFO] [stdout]   38:     0x57b6275b5274 - std::panicking::try::hb956a59a1973aa4c
[INFO] [stdout]                                at /rustc/202008a1b8de96d2e5b6bc02d379db03a877d34d/library/std/src/panicking.rs:520:19
[INFO] [stdout]   39:     0x57b6275b5274 - std::panic::catch_unwind::h64f3b9d1067ef6a0
[INFO] [stdout]                                at /rustc/202008a1b8de96d2e5b6bc02d379db03a877d34d/library/std/src/panic.rs:358:14
[INFO] [stdout]   40:     0x57b6275b5274 - std::thread::Builder::spawn_unchecked_::{{closure}}::h42b2841295b6c0b2
[INFO] [stdout]                                at /rustc/202008a1b8de96d2e5b6bc02d379db03a877d34d/library/std/src/thread/mod.rs:559:30
[INFO] [stdout]   41:     0x57b6275b5274 - core::ops::function::FnOnce::call_once{{vtable.shim}}::h6127de71b8124639
[INFO] [stdout]                                at /rustc/202008a1b8de96d2e5b6bc02d379db03a877d34d/library/core/src/ops/function.rs:250:5
[INFO] [stdout]   42:     0x57b6276e863b - <alloc::boxed::Box<F,A> as core::ops::function::FnOnce<Args>>::call_once::h42f0ba71002a1b2c
[INFO] [stdout]                                at /rustc/202008a1b8de96d2e5b6bc02d379db03a877d34d/library/alloc/src/boxed.rs:1972:9
[INFO] [stdout]   43:     0x57b6276e863b - <alloc::boxed::Box<F,A> as core::ops::function::FnOnce<Args>>::call_once::had9e47d7a3dcecb8
[INFO] [stdout]                                at /rustc/202008a1b8de96d2e5b6bc02d379db03a877d34d/library/alloc/src/boxed.rs:1972:9
[INFO] [stdout]   44:     0x57b6276e863b - std::sys::pal::unix::thread::Thread::new::thread_start::h48cf765408f6f5f2
[INFO] [stdout]                                at /rustc/202008a1b8de96d2e5b6bc02d379db03a877d34d/library/std/src/sys/pal/unix/thread.rs:105:17
[INFO] [stdout]   45:     0x759678bf5ac3 - <unknown>
[INFO] [stdout]   46:     0x759678c86a04 - clone
[INFO] [stdout]   47:                0x0 - <unknown>
[INFO] [stdout] 
[INFO] [stdout] ---- engine::signature::test_signature stdout ----
[INFO] [stdout] thread 'engine::signature::test_signature' panicked at src/engine/signature.rs:111:10:
[INFO] [stdout] Something went wrong reading the file: Os { code: 2, kind: NotFound, message: "No such file or directory" }
[INFO] [stdout] stack backtrace:
[INFO] [stdout]    0:     0x57b6276e280a - std::backtrace_rs::backtrace::libunwind::trace::h8810477743020387
[INFO] [stdout]                                at /rustc/202008a1b8de96d2e5b6bc02d379db03a877d34d/library/std/src/../../backtrace/src/backtrace/libunwind.rs:116:5
[INFO] [stdout]    1:     0x57b6276e280a - std::backtrace_rs::backtrace::trace_unsynchronized::h3aa55355dd6c54a6
[INFO] [stdout]                                at /rustc/202008a1b8de96d2e5b6bc02d379db03a877d34d/library/std/src/../../backtrace/src/backtrace/mod.rs:66:5
[INFO] [stdout]    2:     0x57b6276e280a - std::sys::backtrace::_print_fmt::h8588b0f62410823f
[INFO] [stdout]                                at /rustc/202008a1b8de96d2e5b6bc02d379db03a877d34d/library/std/src/sys/backtrace.rs:66:9
[INFO] [stdout]    3:     0x57b6276e280a - <std::sys::backtrace::BacktraceLock::print::DisplayBacktrace as core::fmt::Display>::fmt::h98c26ac25ffe89bb
[INFO] [stdout]                                at /rustc/202008a1b8de96d2e5b6bc02d379db03a877d34d/library/std/src/sys/backtrace.rs:39:26
[INFO] [stdout]    4:     0x57b627708dd3 - core::fmt::rt::Argument::fmt::hf95377f4aebd453b
[INFO] [stdout]                                at /rustc/202008a1b8de96d2e5b6bc02d379db03a877d34d/library/core/src/fmt/rt.rs:177:76
[INFO] [stdout]    5:     0x57b627708dd3 - core::fmt::write::h0dd5f6e2238c7982
[INFO] [stdout]                                at /rustc/202008a1b8de96d2e5b6bc02d379db03a877d34d/library/core/src/fmt/mod.rs:1189:21
[INFO] [stdout]    6:     0x57b6276df783 - std::io::Write::write_fmt::h03bb0ca26e6faf8c
[INFO] [stdout]                                at /rustc/202008a1b8de96d2e5b6bc02d379db03a877d34d/library/std/src/io/mod.rs:1884:15
[INFO] [stdout]    7:     0x57b6276e2652 - std::sys::backtrace::BacktraceLock::print::h5c19c1c038ee186d
[INFO] [stdout]                                at /rustc/202008a1b8de96d2e5b6bc02d379db03a877d34d/library/std/src/sys/backtrace.rs:42:9
[INFO] [stdout]    8:     0x57b6276e3c8d - std::panicking::default_hook::{{closure}}::h77172f079a1fcb13
[INFO] [stdout]                                at /rustc/202008a1b8de96d2e5b6bc02d379db03a877d34d/library/std/src/panicking.rs:268:22
[INFO] [stdout]    9:     0x57b6276e3a97 - std::panicking::default_hook::he5f8e3b203ccddba
[INFO] [stdout]                                at /rustc/202008a1b8de96d2e5b6bc02d379db03a877d34d/library/std/src/panicking.rs:292:9
[INFO] [stdout]   10:     0x57b6275e9947 - <alloc::boxed::Box<F,A> as core::ops::function::Fn<Args>>::call::h7a3c7b4a1ae77f2f
[INFO] [stdout]                                at /rustc/202008a1b8de96d2e5b6bc02d379db03a877d34d/library/alloc/src/boxed.rs:1986:9
[INFO] [stdout]   11:     0x57b6275e9947 - test::test_main::{{closure}}::hf0d3b69ae9b353d1
[INFO] [stdout]                                at /rustc/202008a1b8de96d2e5b6bc02d379db03a877d34d/library/test/src/lib.rs:134:21
[INFO] [stdout]   12:     0x57b6276e4338 - <alloc::boxed::Box<F,A> as core::ops::function::Fn<Args>>::call::h6332e82e7b189abd
[INFO] [stdout]                                at /rustc/202008a1b8de96d2e5b6bc02d379db03a877d34d/library/alloc/src/boxed.rs:1986:9
[INFO] [stdout]   13:     0x57b6276e4338 - std::panicking::rust_panic_with_hook::h53863d4e9018df39
[INFO] [stdout]                                at /rustc/202008a1b8de96d2e5b6bc02d379db03a877d34d/library/std/src/panicking.rs:809:13
[INFO] [stdout]   14:     0x57b6276e40fa - std::panicking::begin_panic_handler::{{closure}}::h67280e6fa0757873
[INFO] [stdout]                                at /rustc/202008a1b8de96d2e5b6bc02d379db03a877d34d/library/std/src/panicking.rs:674:13
[INFO] [stdout]   15:     0x57b6276e2ce9 - std::sys::backtrace::__rust_end_short_backtrace::h1dac3f54d6fbbeb2
[INFO] [stdout]                                at /rustc/202008a1b8de96d2e5b6bc02d379db03a877d34d/library/std/src/sys/backtrace.rs:170:18
[INFO] [stdout]   16:     0x57b6276e3d8c - rust_begin_unwind
[INFO] [stdout]                                at /rustc/202008a1b8de96d2e5b6bc02d379db03a877d34d/library/std/src/panicking.rs:665:5
[INFO] [stdout]   17:     0x57b62754ec20 - core::panicking::panic_fmt::h6792bd1b2bf01041
[INFO] [stdout]                                at /rustc/202008a1b8de96d2e5b6bc02d379db03a877d34d/library/core/src/panicking.rs:76:14
[INFO] [stdout]   18:     0x57b62754f0c6 - core::result::unwrap_failed::h05e0602ed34287c5
[INFO] [stdout]                                at /rustc/202008a1b8de96d2e5b6bc02d379db03a877d34d/library/core/src/result.rs:1699:5
[INFO] [stdout]   19:     0x57b627579fd4 - core::result::Result<T,E>::expect::ha82ea18a0bccb1d4
[INFO] [stdout]                                at /rustc/202008a1b8de96d2e5b6bc02d379db03a877d34d/library/core/src/result.rs:1061:23
[INFO] [stdout]   20:     0x57b627587f33 - aple::engine::signature::get_sig::hb94e9d08a1a328ff
[INFO] [stdout]                                at /opt/rustwide/workdir/src/engine/signature.rs:110:20
[INFO] [stdout]   21:     0x57b627588692 - aple::engine::signature::validate_sig_file::h7f4172d07d574064
[INFO] [stdout]                                at /opt/rustwide/workdir/src/engine/signature.rs:299:23
[INFO] [stdout]   22:     0x57b62758a04a - aple::engine::signature::test_signature::h4637e882397dff57
[INFO] [stdout]                                at /opt/rustwide/workdir/src/engine/signature.rs:47:5
[INFO] [stdout]   23:     0x57b62758a007 - aple::engine::signature::test_signature::{{closure}}::hf815fdd504ffef44
[INFO] [stdout]                                at /opt/rustwide/workdir/src/engine/signature.rs:37:20
[INFO] [stdout]   24:     0x57b6275a5726 - core::ops::function::FnOnce::call_once::h8861773d78c1cd1a
[INFO] [stdout]                                at /rustc/202008a1b8de96d2e5b6bc02d379db03a877d34d/library/core/src/ops/function.rs:250:5
[INFO] [stdout]   25:     0x57b6275ee46b - core::ops::function::FnOnce::call_once::h871bf86719ec9aa4
[INFO] [stdout]                                at /rustc/202008a1b8de96d2e5b6bc02d379db03a877d34d/library/core/src/ops/function.rs:250:5
[INFO] [stdout]   26:     0x57b6275ee46b - test::__rust_begin_short_backtrace::h2167df1e2b7d76fd
[INFO] [stdout]                                at /rustc/202008a1b8de96d2e5b6bc02d379db03a877d34d/library/test/src/lib.rs:632:18
[INFO] [stdout]   27:     0x57b6275ede58 - test::run_test_in_process::{{closure}}::h15d92f75a3adfb79
[INFO] [stdout]                                at /rustc/202008a1b8de96d2e5b6bc02d379db03a877d34d/library/test/src/lib.rs:655:60
[INFO] [stdout]   28:     0x57b6275ede58 - <core::panic::unwind_safe::AssertUnwindSafe<F> as core::ops::function::FnOnce<()>>::call_once::hb6c8955835a8dbbb
[INFO] [stdout]                                at /rustc/202008a1b8de96d2e5b6bc02d379db03a877d34d/library/core/src/panic/unwind_safe.rs:272:9
[INFO] [stdout]   29:     0x57b6275ede58 - std::panicking::try::do_call::hc79d0fc888a0bd30
[INFO] [stdout]                                at /rustc/202008a1b8de96d2e5b6bc02d379db03a877d34d/library/std/src/panicking.rs:557:40
[INFO] [stdout]   30:     0x57b6275ede58 - std::panicking::try::hb8a7878e3a8589d6
[INFO] [stdout]                                at /rustc/202008a1b8de96d2e5b6bc02d379db03a877d34d/library/std/src/panicking.rs:520:19
[INFO] [stdout]   31:     0x57b6275ede58 - std::panic::catch_unwind::hb8e4600ff0ff5cfa
[INFO] [stdout]                                at /rustc/202008a1b8de96d2e5b6bc02d379db03a877d34d/library/std/src/panic.rs:358:14
[INFO] [stdout]   32:     0x57b6275ede58 - test::run_test_in_process::hc2900b0b18688dd6
[INFO] [stdout]                                at /rustc/202008a1b8de96d2e5b6bc02d379db03a877d34d/library/test/src/lib.rs:655:27
[INFO] [stdout]   33:     0x57b6275ede58 - test::run_test::{{closure}}::hac2a9cb07be3d48d
[INFO] [stdout]                                at /rustc/202008a1b8de96d2e5b6bc02d379db03a877d34d/library/test/src/lib.rs:576:43
[INFO] [stdout]   34:     0x57b6275b18fa - test::run_test::{{closure}}::h4a5b729e66a38cd8
[INFO] [stdout]                                at /rustc/202008a1b8de96d2e5b6bc02d379db03a877d34d/library/test/src/lib.rs:606:41
[INFO] [stdout]   35:     0x57b6275b18fa - std::sys::backtrace::__rust_begin_short_backtrace::h0496fb742492f573
[INFO] [stdout]                                at /rustc/202008a1b8de96d2e5b6bc02d379db03a877d34d/library/std/src/sys/backtrace.rs:154:18
[INFO] [stdout]   36:     0x57b6275b5274 - std::thread::Builder::spawn_unchecked_::{{closure}}::{{closure}}::hbb6d257c550a54bd
[INFO] [stdout]                                at /rustc/202008a1b8de96d2e5b6bc02d379db03a877d34d/library/std/src/thread/mod.rs:561:17
[INFO] [stdout]   37:     0x57b6275b5274 - <core::panic::unwind_safe::AssertUnwindSafe<F> as core::ops::function::FnOnce<()>>::call_once::h46696fe4a6832328
[INFO] [stdout]                                at /rustc/202008a1b8de96d2e5b6bc02d379db03a877d34d/library/core/src/panic/unwind_safe.rs:272:9
[INFO] [stdout]   38:     0x57b6275b5274 - std::panicking::try::do_call::h2625a51b667bfb64
[INFO] [stdout]                                at /rustc/202008a1b8de96d2e5b6bc02d379db03a877d34d/library/std/src/panicking.rs:557:40
[INFO] [stdout]   39:     0x57b6275b5274 - std::panicking::try::hb956a59a1973aa4c
[INFO] [stdout]                                at /rustc/202008a1b8de96d2e5b6bc02d379db03a877d34d/library/std/src/panicking.rs:520:19
[INFO] [stdout]   40:     0x57b6275b5274 - std::panic::catch_unwind::h64f3b9d1067ef6a0
[INFO] [stdout]                                at /rustc/202008a1b8de96d2e5b6bc02d379db03a877d34d/library/std/src/panic.rs:358:14
[INFO] [stdout]   41:     0x57b6275b5274 - std::thread::Builder::spawn_unchecked_::{{closure}}::h42b2841295b6c0b2
[INFO] [stdout]                                at /rustc/202008a1b8de96d2e5b6bc02d379db03a877d34d/library/std/src/thread/mod.rs:559:30
[INFO] [stdout]   42:     0x57b6275b5274 - core::ops::function::FnOnce::call_once{{vtable.shim}}::h6127de71b8124639
[INFO] [stdout]                                at /rustc/202008a1b8de96d2e5b6bc02d379db03a877d34d/library/core/src/ops/function.rs:250:5
[INFO] [stdout]   43:     0x57b6276e863b - <alloc::boxed::Box<F,A> as core::ops::function::FnOnce<Args>>::call_once::h42f0ba71002a1b2c
[INFO] [stdout]                                at /rustc/202008a1b8de96d2e5b6bc02d379db03a877d34d/library/alloc/src/boxed.rs:1972:9
[INFO] [stdout]   44:     0x57b6276e863b - <alloc::boxed::Box<F,A> as core::ops::function::FnOnce<Args>>::call_once::had9e47d7a3dcecb8
[INFO] [stdout]                                at /rustc/202008a1b8de96d2e5b6bc02d379db03a877d34d/library/alloc/src/boxed.rs:1972:9
[INFO] [stdout]   45:     0x57b6276e863b - std::sys::pal::unix::thread::Thread::new::thread_start::h48cf765408f6f5f2
[INFO] [stdout]                                at /rustc/202008a1b8de96d2e5b6bc02d379db03a877d34d/library/std/src/sys/pal/unix/thread.rs:105:17
[INFO] [stdout]   46:     0x759678bf5ac3 - <unknown>
[INFO] [stdout]   47:     0x759678c86a04 - clone
[INFO] [stdout]   48:                0x0 - <unknown>
[INFO] [stdout] 
[INFO] [stdout] ---- engine::test::genealogy stdout ----
[INFO] [stdout] rules: [Rule { main_rule: Predicate { relation: Sym(6), args: [Pred(Predicate { relation: Sym(0), args: [] }), Pred(Predicate { relation: Sym(2), args: [] })] }, sub_rules: [] }, Rule { main_rule: Predicate { relation: Sym(6), args: [Pred(Predicate { relation: Sym(1), args: [] }), Pred(Predicate { relation: Sym(2), args: [] })] }, sub_rules: [] }, Rule { main_rule: Predicate { relation: Sym(6), args: [Pred(Predicate { relation: Sym(2), args: [] }), Pred(Predicate { relation: Sym(4), args: [] })] }, sub_rules: [] }, Rule { main_rule: Predicate { relation: Sym(6), args: [Pred(Predicate { relation: Sym(3), args: [] }), Pred(Predicate { relation: Sym(4), args: [] })] }, sub_rules: [] }, Rule { main_rule: Predicate { relation: Sym(6), args: [Pred(Predicate { relation: Sym(2), args: [] }), Pred(Predicate { relation: Sym(5), args: [] })] }, sub_rules: [] }, Rule { main_rule: Predicate { relation: Sym(6), args: [Pred(Predicate { relation: Sym(3), args: [] }), Pred(Predicate { relation: Sym(5), args: [] })] }, sub_rules: [] }, Rule { main_rule: Predicate { relation: Sym(7), args: [Principal(Principal(0)), Principal(Principal(2))] }, sub_rules: [Predicate { relation: Sym(6), args: [Principal(Principal(0)), Principal(Principal(1))] }, Predicate { relation: Sym(6), args: [Principal(Principal(1)), Principal(Principal(2))] }] }, Rule { main_rule: Predicate { relation: Sym(8), args: [Principal(Principal(1)), Principal(Principal(2))] }, sub_rules: [Predicate { relation: Sym(6), args: [Principal(Principal(0)), Principal(Principal(1))] }, Predicate { relation: Sym(6), args: [Principal(Principal(0)), Principal(Principal(2))] }] }]
[INFO] [stdout] thread 'engine::test::genealogy' panicked at src/engine/test.rs:62:5:
[INFO] [stdout] assertion `left == right` failed
[INFO] [stdout]   left: [[Some(Pred(Predicate { relation: Sym(0), args: [] }))], [Some(Pred(Predicate { relation: Sym(0), args: [] }))], [Some(Pred(Predicate { relation: Sym(1), args: [] }))], [Some(Pred(Predicate { relation: Sym(1), args: [] }))], [Some(Pred(Predicate { relation: Sym(2), args: [] }))], [Some(Pred(Predicate { relation: Sym(2), args: [] }))], [Some(Pred(Predicate { relation: Sym(2), args: [] }))], [Some(Pred(Predicate { relation: Sym(2), args: [] }))], [Some(Pred(Predicate { relation: Sym(2), args: [] }))], [Some(Pred(Predicate { relation: Sym(2), args: [] }))], [Some(Pred(Predicate { relation: Sym(3), args: [] }))], [Some(Pred(Predicate { relation: Sym(3), args: [] }))], [Some(Pred(Predicate { relation: Sym(3), args: [] }))], [Some(Pred(Predicate { relation: Sym(3), args: [] }))], [Some(Pred(Predicate { relation: Sym(3), args: [] }))], [Some(Pred(Predicate { relation: Sym(3), args: [] }))]]
[INFO] [stdout]  right: [[Some(Pred(Predicate { relation: Sym(0), args: [] }))], [Some(Pred(Predicate { relation: Sym(1), args: [] }))]]
[INFO] [stdout] stack backtrace:
[INFO] [stdout]    0:     0x57b6276e280a - std::backtrace_rs::backtrace::libunwind::trace::h8810477743020387
[INFO] [stdout]                                at /rustc/202008a1b8de96d2e5b6bc02d379db03a877d34d/library/std/src/../../backtrace/src/backtrace/libunwind.rs:116:5
[INFO] [stdout]    1:     0x57b6276e280a - std::backtrace_rs::backtrace::trace_unsynchronized::h3aa55355dd6c54a6
[INFO] [stdout]                                at /rustc/202008a1b8de96d2e5b6bc02d379db03a877d34d/library/std/src/../../backtrace/src/backtrace/mod.rs:66:5
[INFO] [stdout]    2:     0x57b6276e280a - std::sys::backtrace::_print_fmt::h8588b0f62410823f
[INFO] [stdout]                                at /rustc/202008a1b8de96d2e5b6bc02d379db03a877d34d/library/std/src/sys/backtrace.rs:66:9
[INFO] [stdout]    3:     0x57b6276e280a - <std::sys::backtrace::BacktraceLock::print::DisplayBacktrace as core::fmt::Display>::fmt::h98c26ac25ffe89bb
[INFO] [stdout]                                at /rustc/202008a1b8de96d2e5b6bc02d379db03a877d34d/library/std/src/sys/backtrace.rs:39:26
[INFO] [stdout]    4:     0x57b627708dd3 - core::fmt::rt::Argument::fmt::hf95377f4aebd453b
[INFO] [stdout]                                at /rustc/202008a1b8de96d2e5b6bc02d379db03a877d34d/library/core/src/fmt/rt.rs:177:76
[INFO] [stdout]    5:     0x57b627708dd3 - core::fmt::write::h0dd5f6e2238c7982
[INFO] [stdout]                                at /rustc/202008a1b8de96d2e5b6bc02d379db03a877d34d/library/core/src/fmt/mod.rs:1189:21
[INFO] [stdout]    6:     0x57b6276df783 - std::io::Write::write_fmt::h03bb0ca26e6faf8c
[INFO] [stdout]                                at /rustc/202008a1b8de96d2e5b6bc02d379db03a877d34d/library/std/src/io/mod.rs:1884:15
[INFO] [stdout]    7:     0x57b6276e2652 - std::sys::backtrace::BacktraceLock::print::h5c19c1c038ee186d
[INFO] [stdout]                                at /rustc/202008a1b8de96d2e5b6bc02d379db03a877d34d/library/std/src/sys/backtrace.rs:42:9
[INFO] [stdout]    8:     0x57b6276e3c8d - std::panicking::default_hook::{{closure}}::h77172f079a1fcb13
[INFO] [stdout]                                at /rustc/202008a1b8de96d2e5b6bc02d379db03a877d34d/library/std/src/panicking.rs:268:22
[INFO] [stdout]    9:     0x57b6276e3a97 - std::panicking::default_hook::he5f8e3b203ccddba
[INFO] [stdout]                                at /rustc/202008a1b8de96d2e5b6bc02d379db03a877d34d/library/std/src/panicking.rs:292:9
[INFO] [stdout]   10:     0x57b6275e9947 - <alloc::boxed::Box<F,A> as core::ops::function::Fn<Args>>::call::h7a3c7b4a1ae77f2f
[INFO] [stdout]                                at /rustc/202008a1b8de96d2e5b6bc02d379db03a877d34d/library/alloc/src/boxed.rs:1986:9
[INFO] [stdout]   11:     0x57b6275e9947 - test::test_main::{{closure}}::hf0d3b69ae9b353d1
[INFO] [stdout]                                at /rustc/202008a1b8de96d2e5b6bc02d379db03a877d34d/library/test/src/lib.rs:134:21
[INFO] [stdout]   12:     0x57b6276e4338 - <alloc::boxed::Box<F,A> as core::ops::function::Fn<Args>>::call::h6332e82e7b189abd
[INFO] [stdout]                                at /rustc/202008a1b8de96d2e5b6bc02d379db03a877d34d/library/alloc/src/boxed.rs:1986:9
[INFO] [stdout]   13:     0x57b6276e4338 - std::panicking::rust_panic_with_hook::h53863d4e9018df39
[INFO] [stdout]                                at /rustc/202008a1b8de96d2e5b6bc02d379db03a877d34d/library/std/src/panicking.rs:809:13
[INFO] [stdout]   14:     0x57b6276e40fa - std::panicking::begin_panic_handler::{{closure}}::h67280e6fa0757873
[INFO] [stdout]                                at /rustc/202008a1b8de96d2e5b6bc02d379db03a877d34d/library/std/src/panicking.rs:674:13
[INFO] [stdout]   15:     0x57b6276e2ce9 - std::sys::backtrace::__rust_end_short_backtrace::h1dac3f54d6fbbeb2
[INFO] [stdout]                                at /rustc/202008a1b8de96d2e5b6bc02d379db03a877d34d/library/std/src/sys/backtrace.rs:170:18
[INFO] [stdout]   16:     0x57b6276e3d8c - rust_begin_unwind
[INFO] [stdout]                                at /rustc/202008a1b8de96d2e5b6bc02d379db03a877d34d/library/std/src/panicking.rs:665:5
[INFO] [stdout]   17:     0x57b62754ec20 - core::panicking::panic_fmt::h6792bd1b2bf01041
[INFO] [stdout]                                at /rustc/202008a1b8de96d2e5b6bc02d379db03a877d34d/library/core/src/panicking.rs:76:14
[INFO] [stdout]   18:     0x57b62754f04c - core::panicking::assert_failed_inner::hf2c17e6d30928787
[INFO] [stdout]   19:     0x57b627594b9d - core::panicking::assert_failed::h4eae75bfd9968d83
[INFO] [stdout]                                at /rustc/202008a1b8de96d2e5b6bc02d379db03a877d34d/library/core/src/panicking.rs:373:5
[INFO] [stdout]   20:     0x57b6275a2cf3 - aple::engine::test::genealogy::h495b9989654c0e72
[INFO] [stdout]                                at /opt/rustwide/workdir/src/engine/test.rs:62:5
[INFO] [stdout]   21:     0x57b6275a1c47 - aple::engine::test::genealogy::{{closure}}::hcf609aefd8180ba5
[INFO] [stdout]                                at /opt/rustwide/workdir/src/engine/test.rs:6:15
[INFO] [stdout]   22:     0x57b6275a5a36 - core::ops::function::FnOnce::call_once::hd67f9240e8a3ee41
[INFO] [stdout]                                at /rustc/202008a1b8de96d2e5b6bc02d379db03a877d34d/library/core/src/ops/function.rs:250:5
[INFO] [stdout]   23:     0x57b6275ee46b - core::ops::function::FnOnce::call_once::h871bf86719ec9aa4
[INFO] [stdout]                                at /rustc/202008a1b8de96d2e5b6bc02d379db03a877d34d/library/core/src/ops/function.rs:250:5
[INFO] [stdout]   24:     0x57b6275ee46b - test::__rust_begin_short_backtrace::h2167df1e2b7d76fd
[INFO] [stdout]                                at /rustc/202008a1b8de96d2e5b6bc02d379db03a877d34d/library/test/src/lib.rs:632:18
[INFO] [stdout]   25:     0x57b6275ede58 - test::run_test_in_process::{{closure}}::h15d92f75a3adfb79
[INFO] [stdout]                                at /rustc/202008a1b8de96d2e5b6bc02d379db03a877d34d/library/test/src/lib.rs:655:60
[INFO] [stdout]   26:     0x57b6275ede58 - <core::panic::unwind_safe::AssertUnwindSafe<F> as core::ops::function::FnOnce<()>>::call_once::hb6c8955835a8dbbb
[INFO] [stdout]                                at /rustc/202008a1b8de96d2e5b6bc02d379db03a877d34d/library/core/src/panic/unwind_safe.rs:272:9
[INFO] [stdout]   27:     0x57b6275ede58 - std::panicking::try::do_call::hc79d0fc888a0bd30
[INFO] [stdout]                                at /rustc/202008a1b8de96d2e5b6bc02d379db03a877d34d/library/std/src/panicking.rs:557:40
[INFO] [stdout]   28:     0x57b6275ede58 - std::panicking::try::hb8a7878e3a8589d6
[INFO] [stdout]                                at /rustc/202008a1b8de96d2e5b6bc02d379db03a877d34d/library/std/src/panicking.rs:520:19
[INFO] [stdout]   29:     0x57b6275ede58 - std::panic::catch_unwind::hb8e4600ff0ff5cfa
[INFO] [stdout]                                at /rustc/202008a1b8de96d2e5b6bc02d379db03a877d34d/library/std/src/panic.rs:358:14
[INFO] [stdout]   30:     0x57b6275ede58 - test::run_test_in_process::hc2900b0b18688dd6
[INFO] [stdout]                                at /rustc/202008a1b8de96d2e5b6bc02d379db03a877d34d/library/test/src/lib.rs:655:27
[INFO] [stdout]   31:     0x57b6275ede58 - test::run_test::{{closure}}::hac2a9cb07be3d48d
[INFO] [stdout]                                at /rustc/202008a1b8de96d2e5b6bc02d379db03a877d34d/library/test/src/lib.rs:576:43
[INFO] [stdout]   32:     0x57b6275b18fa - test::run_test::{{closure}}::h4a5b729e66a38cd8
[INFO] [stdout]                                at /rustc/202008a1b8de96d2e5b6bc02d379db03a877d34d/library/test/src/lib.rs:606:41
[INFO] [stdout]   33:     0x57b6275b18fa - std::sys::backtrace::__rust_begin_short_backtrace::h0496fb742492f573
[INFO] [stdout]                                at /rustc/202008a1b8de96d2e5b6bc02d379db03a877d34d/library/std/src/sys/backtrace.rs:154:18
[INFO] [stdout]   34:     0x57b6275b5274 - std::thread::Builder::spawn_unchecked_::{{closure}}::{{closure}}::hbb6d257c550a54bd
[INFO] [stdout]                                at /rustc/202008a1b8de96d2e5b6bc02d379db03a877d34d/library/std/src/thread/mod.rs:561:17
[INFO] [stdout]   35:     0x57b6275b5274 - <core::panic::unwind_safe::AssertUnwindSafe<F> as core::ops::function::FnOnce<()>>::call_once::h46696fe4a6832328
[INFO] [stdout]                                at /rustc/202008a1b8de96d2e5b6bc02d379db03a877d34d/library/core/src/panic/unwind_safe.rs:272:9
[INFO] [stdout]   36:     0x57b6275b5274 - std::panicking::try::do_call::h2625a51b667bfb64
[INFO] [stdout]                                at /rustc/202008a1b8de96d2e5b6bc02d379db03a877d34d/library/std/src/panicking.rs:557:40
[INFO] [stdout]   37:     0x57b6275b5274 - std::panicking::try::hb956a59a1973aa4c
[INFO] [stdout]                                at /rustc/202008a1b8de96d2e5b6bc02d379db03a877d34d/library/std/src/panicking.rs:520:19
[INFO] [stdout]   38:     0x57b6275b5274 - std::panic::catch_unwind::h64f3b9d1067ef6a0
[INFO] [stdout]                                at /rustc/202008a1b8de96d2e5b6bc02d379db03a877d34d/library/std/src/panic.rs:358:14
[INFO] [stdout]   39:     0x57b6275b5274 - std::thread::Builder::spawn_unchecked_::{{closure}}::h42b2841295b6c0b2
[INFO] [stdout]                                at /rustc/202008a1b8de96d2e5b6bc02d379db03a877d34d/library/std/src/thread/mod.rs:559:30
[INFO] [stdout]   40:     0x57b6275b5274 - core::ops::function::FnOnce::call_once{{vtable.shim}}::h6127de71b8124639
[INFO] [stdout]                                at /rustc/202008a1b8de96d2e5b6bc02d379db03a877d34d/library/core/src/ops/function.rs:250:5
[INFO] [stdout]   41:     0x57b6276e863b - <alloc::boxed::Box<F,A> as core::ops::function::FnOnce<Args>>::call_once::h42f0ba71002a1b2c
[INFO] [stdout]                                at /rustc/202008a1b8de96d2e5b6bc02d379db03a877d34d/library/alloc/src/boxed.rs:1972:9
[INFO] [stdout]   42:     0x57b6276e863b - <alloc::boxed::Box<F,A> as core::ops::function::FnOnce<Args>>::call_once::had9e47d7a3dcecb8
[INFO] [stdout]                                at /rustc/202008a1b8de96d2e5b6bc02d379db03a877d34d/library/alloc/src/boxed.rs:1972:9
[INFO] [stdout]   43:     0x57b6276e863b - std::sys::pal::unix::thread::Thread::new::thread_start::h48cf765408f6f5f2
[INFO] [stdout]                                at /rustc/202008a1b8de96d2e5b6bc02d379db03a877d34d/library/std/src/sys/pal/unix/thread.rs:105:17
[INFO] [stdout]   44:     0x759678bf5ac3 - <unknown>
[INFO] [stdout]   45:     0x759678c86a04 - clone
[INFO] [stdout]   46:                0x0 - <unknown>
[INFO] [stdout] 
[INFO] [stdout] ---- compiler::test_compiler::test_intoto stdout ----
[INFO] [stdout] thread 'compiler::test_compiler::test_intoto' panicked at src/compiler.rs:197:34:
[INFO] [stdout] called `Result::unwrap()` on an `Err` value: Os { code: 30, kind: ReadOnlyFilesystem, message: "Read-only file system" }
[INFO] [stdout] stack backtrace:
[INFO] [stdout]    0:     0x57b6276e280a - std::backtrace_rs::backtrace::libunwind::trace::h8810477743020387
[INFO] [stdout]                                at /rustc/202008a1b8de96d2e5b6bc02d379db03a877d34d/library/std/src/../../backtrace/src/backtrace/libunwind.rs:116:5
[INFO] [stdout]    1:     0x57b6276e280a - std::backtrace_rs::backtrace::trace_unsynchronized::h3aa55355dd6c54a6
[INFO] [stdout]                                at /rustc/202008a1b8de96d2e5b6bc02d379db03a877d34d/library/std/src/../../backtrace/src/backtrace/mod.rs:66:5
[INFO] [stdout]    2:     0x57b6276e280a - std::sys::backtrace::_print_fmt::h8588b0f62410823f
[INFO] [stdout]                                at /rustc/202008a1b8de96d2e5b6bc02d379db03a877d34d/library/std/src/sys/backtrace.rs:66:9
[INFO] [stdout]    3:     0x57b6276e280a - <std::sys::backtrace::BacktraceLock::print::DisplayBacktrace as core::fmt::Display>::fmt::h98c26ac25ffe89bb
[INFO] [stdout]                                at /rustc/202008a1b8de96d2e5b6bc02d379db03a877d34d/library/std/src/sys/backtrace.rs:39:26
[INFO] [stdout]    4:     0x57b627708dd3 - core::fmt::rt::Argument::fmt::hf95377f4aebd453b
[INFO] [stdout]                                at /rustc/202008a1b8de96d2e5b6bc02d379db03a877d34d/library/core/src/fmt/rt.rs:177:76
[INFO] [stdout]    5:     0x57b627708dd3 - core::fmt::write::h0dd5f6e2238c7982
[INFO] [stdout]                                at /rustc/202008a1b8de96d2e5b6bc02d379db03a877d34d/library/core/src/fmt/mod.rs:1189:21
[INFO] [stdout]    6:     0x57b6276df783 - std::io::Write::write_fmt::h03bb0ca26e6faf8c
[INFO] [stdout]                                at /rustc/202008a1b8de96d2e5b6bc02d379db03a877d34d/library/std/src/io/mod.rs:1884:15
[INFO] [stdout]    7:     0x57b6276e2652 - std::sys::backtrace::BacktraceLock::print::h5c19c1c038ee186d
[INFO] [stdout]                                at /rustc/202008a1b8de96d2e5b6bc02d379db03a877d34d/library/std/src/sys/backtrace.rs:42:9
[INFO] [stdout]    8:     0x57b6276e3c8d - std::panicking::default_hook::{{closure}}::h77172f079a1fcb13
[INFO] [stdout]                                at /rustc/202008a1b8de96d2e5b6bc02d379db03a877d34d/library/std/src/panicking.rs:268:22
[INFO] [stdout]    9:     0x57b6276e3a97 - std::panicking::default_hook::he5f8e3b203ccddba
[INFO] [stdout]                                at /rustc/202008a1b8de96d2e5b6bc02d379db03a877d34d/library/std/src/panicking.rs:292:9
[INFO] [stdout]   10:     0x57b6275e9947 - <alloc::boxed::Box<F,A> as core::ops::function::Fn<Args>>::call::h7a3c7b4a1ae77f2f
[INFO] [stdout]                                at /rustc/202008a1b8de96d2e5b6bc02d379db03a877d34d/library/alloc/src/boxed.rs:1986:9
[INFO] [stdout]   11:     0x57b6275e9947 - test::test_main::{{closure}}::hf0d3b69ae9b353d1
[INFO] [stdout]                                at /rustc/202008a1b8de96d2e5b6bc02d379db03a877d34d/library/test/src/lib.rs:134:21
[INFO] [stdout]   12:     0x57b6276e4338 - <alloc::boxed::Box<F,A> as core::ops::function::Fn<Args>>::call::h6332e82e7b189abd
[INFO] [stdout]                                at /rustc/202008a1b8de96d2e5b6bc02d379db03a877d34d/library/alloc/src/boxed.rs:1986:9
[INFO] [stdout]   13:     0x57b6276e4338 - std::panicking::rust_panic_with_hook::h53863d4e9018df39
[INFO] [stdout]                                at /rustc/202008a1b8de96d2e5b6bc02d379db03a877d34d/library/std/src/panicking.rs:809:13
[INFO] [stdout]   14:     0x57b6276e40fa - std::panicking::begin_panic_handler::{{closure}}::h67280e6fa0757873
[INFO] [stdout]                                at /rustc/202008a1b8de96d2e5b6bc02d379db03a877d34d/library/std/src/panicking.rs:674:13
[INFO] [stdout]   15:     0x57b6276e2ce9 - std::sys::backtrace::__rust_end_short_backtrace::h1dac3f54d6fbbeb2
[INFO] [stdout]                                at /rustc/202008a1b8de96d2e5b6bc02d379db03a877d34d/library/std/src/sys/backtrace.rs:170:18
[INFO] [stdout]   16:     0x57b6276e3d8c - rust_begin_unwind
[INFO] [stdout]                                at /rustc/202008a1b8de96d2e5b6bc02d379db03a877d34d/library/std/src/panicking.rs:665:5
[INFO] [stdout]   17:     0x57b62754ec20 - core::panicking::panic_fmt::h6792bd1b2bf01041
[INFO] [stdout]                                at /rustc/202008a1b8de96d2e5b6bc02d379db03a877d34d/library/core/src/panicking.rs:76:14
[INFO] [stdout]   18:     0x57b62754f0c6 - core::result::unwrap_failed::h05e0602ed34287c5
[INFO] [stdout]                                at /rustc/202008a1b8de96d2e5b6bc02d379db03a877d34d/library/core/src/result.rs:1699:5
[INFO] [stdout]   19:     0x57b62756b37c - core::result::Result<T,E>::unwrap::hdc921a46de8aa52b
[INFO] [stdout]                                at /rustc/202008a1b8de96d2e5b6bc02d379db03a877d34d/library/core/src/result.rs:1104:23
[INFO] [stdout]   20:     0x57b62756b37c - aple::compiler::Compiler::query::h2c3f644dacba334b
[INFO] [stdout]                                at /opt/rustwide/workdir/src/compiler.rs:193:37
[INFO] [stdout]   21:     0x57b62759d5d2 - aple::compiler::test_compiler::test_intoto::h68d60241c5e3a334
[INFO] [stdout]                                at /opt/rustwide/workdir/src/compiler/test_compiler.rs:13:18
[INFO] [stdout]   22:     0x57b62759d4f7 - aple::compiler::test_compiler::test_intoto::{{closure}}::hf8e339ae6ef243d9
[INFO] [stdout]                                at /opt/rustwide/workdir/src/compiler/test_compiler.rs:6:17
[INFO] [stdout]   23:     0x57b6275a53c6 - core::ops::function::FnOnce::call_once::h1f9e9411fe9b14cd
[INFO] [stdout]                                at /rustc/202008a1b8de96d2e5b6bc02d379db03a877d34d/library/core/src/ops/function.rs:250:5
[INFO] [stdout]   24:     0x57b6275ee46b - core::ops::function::FnOnce::call_once::h871bf86719ec9aa4
[INFO] [stdout]                                at /rustc/202008a1b8de96d2e5b6bc02d379db03a877d34d/library/core/src/ops/function.rs:250:5
[INFO] [stdout]   25:     0x57b6275ee46b - test::__rust_begin_short_backtrace::h2167df1e2b7d76fd
[INFO] [stdout]                                at /rustc/202008a1b8de96d2e5b6bc02d379db03a877d34d/library/test/src/lib.rs:632:18
[INFO] [stdout]   26:     0x57b6275ede58 - test::run_test_in_process::{{closure}}::h15d92f75a3adfb79
[INFO] [stdout]                                at /rustc/202008a1b8de96d2e5b6bc02d379db03a877d34d/library/test/src/lib.rs:655:60
[INFO] [stdout]   27:     0x57b6275ede58 - <core::panic::unwind_safe::AssertUnwindSafe<F> as core::ops::function::FnOnce<()>>::call_once::hb6c8955835a8dbbb
[INFO] [stdout]                                at /rustc/202008a1b8de96d2e5b6bc02d379db03a877d34d/library/core/src/panic/unwind_safe.rs:272:9
[INFO] [stdout]   28:     0x57b6275ede58 - std::panicking::try::do_call::hc79d0fc888a0bd30
[INFO] [stdout]                                at /rustc/202008a1b8de96d2e5b6bc02d379db03a877d34d/library/std/src/panicking.rs:557:40
[INFO] [stdout]   29:     0x57b6275ede58 - std::panicking::try::hb8a7878e3a8589d6
[INFO] [stdout]                                at /rustc/202008a1b8de96d2e5b6bc02d379db03a877d34d/library/std/src/panicking.rs:520:19
[INFO] [stdout]   30:     0x57b6275ede58 - std::panic::catch_unwind::hb8e4600ff0ff5cfa
[INFO] [stdout]                                at /rustc/202008a1b8de96d2e5b6bc02d379db03a877d34d/library/std/src/panic.rs:358:14
[INFO] [stdout]   31:     0x57b6275ede58 - test::run_test_in_process::hc2900b0b18688dd6
[INFO] [stdout]                                at /rustc/202008a1b8de96d2e5b6bc02d379db03a877d34d/library/test/src/lib.rs:655:27
[INFO] [stdout]   32:     0x57b6275ede58 - test::run_test::{{closure}}::hac2a9cb07be3d48d
[INFO] [stdout]                                at /rustc/202008a1b8de96d2e5b6bc02d379db03a877d34d/library/test/src/lib.rs:576:43
[INFO] [stdout]   33:     0x57b6275b18fa - test::run_test::{{closure}}::h4a5b729e66a38cd8
[INFO] [stdout]                                at /rustc/202008a1b8de96d2e5b6bc02d379db03a877d34d/library/test/src/lib.rs:606:41
[INFO] [stdout]   34:     0x57b6275b18fa - std::sys::backtrace::__rust_begin_short_backtrace::h0496fb742492f573
[INFO] [stdout]                                at /rustc/202008a1b8de96d2e5b6bc02d379db03a877d34d/library/std/src/sys/backtrace.rs:154:18
[INFO] [stdout]   35:     0x57b6275b5274 - std::thread::Builder::spawn_unchecked_::{{closure}}::{{closure}}::hbb6d257c550a54bd
[INFO] [stdout]                                at /rustc/202008a1b8de96d2e5b6bc02d379db03a877d34d/library/std/src/thread/mod.rs:561:17
[INFO] [stdout]   36:     0x57b6275b5274 - <core::panic::unwind_safe::AssertUnwindSafe<F> as core::ops::function::FnOnce<()>>::call_once::h46696fe4a6832328
[INFO] [stdout]                                at /rustc/202008a1b8de96d2e5b6bc02d379db03a877d34d/library/core/src/panic/unwind_safe.rs:272:9
[INFO] [stdout]   37:     0x57b6275b5274 - std::panicking::try::do_call::h2625a51b667bfb64
[INFO] [stdout]                                at /rustc/202008a1b8de96d2e5b6bc02d379db03a877d34d/library/std/src/panicking.rs:557:40
[INFO] [stdout]   38:     0x57b6275b5274 - std::panicking::try::hb956a59a1973aa4c
[INFO] [stdout]                                at /rustc/202008a1b8de96d2e5b6bc02d379db03a877d34d/library/std/src/panicking.rs:520:19
[INFO] [stdout]   39:     0x57b6275b5274 - std::panic::catch_unwind::h64f3b9d1067ef6a0
[INFO] [stdout]                                at /rustc/202008a1b8de96d2e5b6bc02d379db03a877d34d/library/std/src/panic.rs:358:14
[INFO] [stdout]   40:     0x57b6275b5274 - std::thread::Builder::spawn_unchecked_::{{closure}}::h42b2841295b6c0b2
[INFO] [stdout]                                at /rustc/202008a1b8de96d2e5b6bc02d379db03a877d34d/library/std/src/thread/mod.rs:559:30
[INFO] [stdout]   41:     0x57b6275b5274 - core::ops::function::FnOnce::call_once{{vtable.shim}}::h6127de71b8124639
[INFO] [stdout]                                at /rustc/202008a1b8de96d2e5b6bc02d379db03a877d34d/library/core/src/ops/function.rs:250:5
[INFO] [stdout]   42:     0x57b6276e863b - <alloc::boxed::Box<F,A> as core::ops::function::FnOnce<Args>>::call_once::h42f0ba71002a1b2c
[INFO] [stdout]                                at /rustc/202008a1b8de96d2e5b6bc02d379db03a877d34d/library/alloc/src/boxed.rs:1972:9
[INFO] [stdout]   43:     0x57b6276e863b - <alloc::boxed::Box<F,A> as core::ops::function::FnOnce<Args>>::call_once::had9e47d7a3dcecb8
[INFO] [stdout]                                at /rustc/202008a1b8de96d2e5b6bc02d379db03a877d34d/library/alloc/src/boxed.rs:1972:9
[INFO] [stdout]   44:     0x57b6276e863b - std::sys::pal::unix::thread::Thread::new::thread_start::h48cf765408f6f5f2
[INFO] [stdout]                                at /rustc/202008a1b8de96d2e5b6bc02d379db03a877d34d/library/std/src/sys/pal/unix/thread.rs:105:17
[INFO] [stdout]   45:     0x759678bf5ac3 - <unknown>
[INFO] [stdout]   46:     0x759678c86a04 - clone
[INFO] [stdout]   47:                0x0 - <unknown>
[INFO] [stdout] 
[INFO] [stdout] ---- compiler::test_compiler::test_integration stdout ----
[INFO] [stdout] thread 'compiler::test_compiler::test_integration' panicked at src/compiler.rs:274:14:
[INFO] [stdout] Something went wrong reading the file: Os { code: 2, kind: NotFound, message: "No such file or directory" }
[INFO] [stdout] stack backtrace:
[INFO] [stdout]    0:     0x57b6276e280a - std::backtrace_rs::backtrace::libunwind::trace::h8810477743020387
[INFO] [stdout]                                at /rustc/202008a1b8de96d2e5b6bc02d379db03a877d34d/library/std/src/../../backtrace/src/backtrace/libunwind.rs:116:5
[INFO] [stdout]    1:     0x57b6276e280a - std::backtrace_rs::backtrace::trace_unsynchronized::h3aa55355dd6c54a6
[INFO] [stdout]                                at /rustc/202008a1b8de96d2e5b6bc02d379db03a877d34d/library/std/src/../../backtrace/src/backtrace/mod.rs:66:5
[INFO] [stdout]    2:     0x57b6276e280a - std::sys::backtrace::_print_fmt::h8588b0f62410823f
[INFO] [stdout]                                at /rustc/202008a1b8de96d2e5b6bc02d379db03a877d34d/library/std/src/sys/backtrace.rs:66:9
[INFO] [stdout]    3:     0x57b6276e280a - <std::sys::backtrace::BacktraceLock::print::DisplayBacktrace as core::fmt::Display>::fmt::h98c26ac25ffe89bb
[INFO] [stdout]                                at /rustc/202008a1b8de96d2e5b6bc02d379db03a877d34d/library/std/src/sys/backtrace.rs:39:26
[INFO] [stdout]    4:     0x57b627708dd3 - core::fmt::rt::Argument::fmt::hf95377f4aebd453b
[INFO] [stdout]                                at /rustc/202008a1b8de96d2e5b6bc02d379db03a877d34d/library/core/src/fmt/rt.rs:177:76
[INFO] [stdout]    5:     0x57b627708dd3 - core::fmt::write::h0dd5f6e2238c7982
[INFO] [stdout]                                at /rustc/202008a1b8de96d2e5b6bc02d379db03a877d34d/library/core/src/fmt/mod.rs:1189:21
[INFO] [stdout]    6:     0x57b6276df783 - std::io::Write::write_fmt::h03bb0ca26e6faf8c
[INFO] [stdout]                                at /rustc/202008a1b8de96d2e5b6bc02d379db03a877d34d/library/std/src/io/mod.rs:1884:15
[INFO] [stdout]    7:     0x57b6276e2652 - std::sys::backtrace::BacktraceLock::print::h5c19c1c038ee186d
[INFO] [stdout]                                at /rustc/202008a1b8de96d2e5b6bc02d379db03a877d34d/library/std/src/sys/backtrace.rs:42:9
[INFO] [stdout]    8:     0x57b6276e3c8d - std::panicking::default_hook::{{closure}}::h77172f079a1fcb13
[INFO] [stdout]                                at /rustc/202008a1b8de96d2e5b6bc02d379db03a877d34d/library/std/src/panicking.rs:268:22
[INFO] [stdout]    9:     0x57b6276e3a97 - std::panicking::default_hook::he5f8e3b203ccddba
[INFO] [stdout]                                at /rustc/202008a1b8de96d2e5b6bc02d379db03a877d34d/library/std/src/panicking.rs:292:9
[INFO] [stdout]   10:     0x57b6275e9947 - <alloc::boxed::Box<F,A> as core::ops::function::Fn<Args>>::call::h7a3c7b4a1ae77f2f
[INFO] [stdout]                                at /rustc/202008a1b8de96d2e5b6bc02d379db03a877d34d/library/alloc/src/boxed.rs:1986:9
[INFO] [stdout]   11:     0x57b6275e9947 - test::test_main::{{closure}}::hf0d3b69ae9b353d1
[INFO] [stdout]                                at /rustc/202008a1b8de96d2e5b6bc02d379db03a877d34d/library/test/src/lib.rs:134:21
[INFO] [stdout]   12:     0x57b6276e4338 - <alloc::boxed::Box<F,A> as core::ops::function::Fn<Args>>::call::h6332e82e7b189abd
[INFO] [stdout]                                at /rustc/202008a1b8de96d2e5b6bc02d379db03a877d34d/library/alloc/src/boxed.rs:1986:9
[INFO] [stdout]   13:     0x57b6276e4338 - std::panicking::rust_panic_with_hook::h53863d4e9018df39
[INFO] [stdout]                                at /rustc/202008a1b8de96d2e5b6bc02d379db03a877d34d/library/std/src/panicking.rs:809:13
[INFO] [stdout]   14:     0x57b6276e40fa - std::panicking::begin_panic_handler::{{closure}}::h67280e6fa0757873
[INFO] [stdout]                                at /rustc/202008a1b8de96d2e5b6bc02d379db03a877d34d/library/std/src/panicking.rs:674:13
[INFO] [stdout]   15:     0x57b6276e2ce9 - std::sys::backtrace::__rust_end_short_backtrace::h1dac3f54d6fbbeb2
[INFO] [stdout]                                at /rustc/202008a1b8de96d2e5b6bc02d379db03a877d34d/library/std/src/sys/backtrace.rs:170:18
[INFO] [stdout]   16:     0x57b6276e3d8c - rust_begin_unwind
[INFO] [stdout]                                at /rustc/202008a1b8de96d2e5b6bc02d379db03a877d34d/library/std/src/panicking.rs:665:5
[INFO] [stdout]   17:     0x57b62754ec20 - core::panicking::panic_fmt::h6792bd1b2bf01041
[INFO] [stdout]                                at /rustc/202008a1b8de96d2e5b6bc02d379db03a877d34d/library/core/src/panicking.rs:76:14
[INFO] [stdout]   18:     0x57b62754f0c6 - core::result::unwrap_failed::h05e0602ed34287c5
[INFO] [stdout]                                at /rustc/202008a1b8de96d2e5b6bc02d379db03a877d34d/library/core/src/result.rs:1699:5
[INFO] [stdout]   19:     0x57b627579fd4 - core::result::Result<T,E>::expect::ha82ea18a0bccb1d4
[INFO] [stdout]                                at /rustc/202008a1b8de96d2e5b6bc02d379db03a877d34d/library/core/src/result.rs:1061:23
[INFO] [stdout]   20:     0x57b62756c0ce - aple::compiler::Compiler::get_schema::hf5ce65a414f528f6
[INFO] [stdout]                                at /opt/rustwide/workdir/src/compiler.rs:273:29
[INFO] [stdout]   21:     0x57b62756a811 - aple::compiler::Compiler::compile::h86f0a3d56b7118c3
[INFO] [stdout]                                at /opt/rustwide/workdir/src/compiler.rs:123:19
[INFO] [stdout]   22:     0x57b62759df7b - aple::compiler::test_compiler::test_integration::hb2c781a6fefb5264
[INFO] [stdout]                                at /opt/rustwide/workdir/src/compiler/test_compiler.rs:80:5
[INFO] [stdout]   23:     0x57b62759dec7 - aple::compiler::test_compiler::test_integration::{{closure}}::h8a483c4f255c2186
[INFO] [stdout]                                at /opt/rustwide/workdir/src/compiler/test_compiler.rs:76:22
[INFO] [stdout]   24:     0x57b6275a5876 - core::ops::function::FnOnce::call_once::ha2e976c09de8a199
[INFO] [stdout]                                at /rustc/202008a1b8de96d2e5b6bc02d379db03a877d34d/library/core/src/ops/function.rs:250:5
[INFO] [stdout]   25:     0x57b6275ee46b - core::ops::function::FnOnce::call_once::h871bf86719ec9aa4
[INFO] [stdout]                                at /rustc/202008a1b8de96d2e5b6bc02d379db03a877d34d/library/core/src/ops/function.rs:250:5
[INFO] [stdout]   26:     0x57b6275ee46b - test::__rust_begin_short_backtrace::h2167df1e2b7d76fd
[INFO] [stdout]                                at /rustc/202008a1b8de96d2e5b6bc02d379db03a877d34d/library/test/src/lib.rs:632:18
[INFO] [stdout]   27:     0x57b6275ede58 - test::run_test_in_process::{{closure}}::h15d92f75a3adfb79
[INFO] [stdout]                                at /rustc/202008a1b8de96d2e5b6bc02d379db03a877d34d/library/test/src/lib.rs:655:60
[INFO] [stdout]   28:     0x57b6275ede58 - <core::panic::unwind_safe::AssertUnwindSafe<F> as core::ops::function::FnOnce<()>>::call_once::hb6c8955835a8dbbb
[INFO] [stdout]                                at /rustc/202008a1b8de96d2e5b6bc02d379db03a877d34d/library/core/src/panic/unwind_safe.rs:272:9
[INFO] [stdout]   29:     0x57b6275ede58 - std::panicking::try::do_call::hc79d0fc888a0bd30
[INFO] [stdout]                                at /rustc/202008a1b8de96d2e5b6bc02d379db03a877d34d/library/std/src/panicking.rs:557:40
[INFO] [stdout]   30:     0x57b6275ede58 - std::panicking::try::hb8a7878e3a8589d6
[INFO] [stdout]                                at /rustc/202008a1b8de96d2e5b6bc02d379db03a877d34d/library/std/src/panicking.rs:520:19
[INFO] [stdout]   31:     0x57b6275ede58 - std::panic::catch_unwind::hb8e4600ff0ff5cfa
[INFO] [stdout]                                at /rustc/202008a1b8de96d2e5b6bc02d379db03a877d34d/library/std/src/panic.rs:358:14
[INFO] [stdout]   32:     0x57b6275ede58 - test::run_test_in_process::hc2900b0b18688dd6
[INFO] [stdout]                                at /rustc/202008a1b8de96d2e5b6bc02d379db03a877d34d/library/test/src/lib.rs:655:27
[INFO] [stdout]   33:     0x57b6275ede58 - test::run_test::{{closure}}::hac2a9cb07be3d48d
[INFO] [stdout]                                at /rustc/202008a1b8de96d2e5b6bc02d379db03a877d34d/library/test/src/lib.rs:576:43
[INFO] [stdout]   34:     0x57b6275b18fa - test::run_test::{{closure}}::h4a5b729e66a38cd8
[INFO] [stdout]                                at /rustc/202008a1b8de96d2e5b6bc02d379db03a877d34d/library/test/src/lib.rs:606:41
[INFO] [stdout]   35:     0x57b6275b18fa - std::sys::backtrace::__rust_begin_short_backtrace::h0496fb742492f573
[INFO] [stdout]                                at /rustc/202008a1b8de96d2e5b6bc02d379db03a877d34d/library/std/src/sys/backtrace.rs:154:18
[INFO] [stdout]   36:     0x57b6275b5274 - std::thread::Builder::spawn_unchecked_::{{closure}}::{{closure}}::hbb6d257c550a54bd
[INFO] [stdout]                                at /rustc/202008a1b8de96d2e5b6bc02d379db03a877d34d/library/std/src/thread/mod.rs:561:17
[INFO] [stdout]   37:     0x57b6275b5274 - <core::panic::unwind_safe::AssertUnwindSafe<F> as core::ops::function::FnOnce<()>>::call_once::h46696fe4a6832328
[INFO] [stdout]                                at /rustc/202008a1b8de96d2e5b6bc02d379db03a877d34d/library/core/src/panic/unwind_safe.rs:272:9
[INFO] [stdout]   38:     0x57b6275b5274 - std::panicking::try::do_call::h2625a51b667bfb64
[INFO] [stdout]                                at /rustc/202008a1b8de96d2e5b6bc02d379db03a877d34d/library/std/src/panicking.rs:557:40
[INFO] [stdout]   39:     0x57b6275b5274 - std::panicking::try::hb956a59a1973aa4c
[INFO] [stdout]                                at /rustc/202008a1b8de96d2e5b6bc02d379db03a877d34d/library/std/src/panicking.rs:520:19
[INFO] [stdout]   40:     0x57b6275b5274 - std::panic::catch_unwind::h64f3b9d1067ef6a0
[INFO] [stdout]                                at /rustc/202008a1b8de96d2e5b6bc02d379db03a877d34d/library/std/src/panic.rs:358:14
[INFO] [stdout]   41:     0x57b6275b5274 - std::thread::Builder::spawn_unchecked_::{{closure}}::h42b2841295b6c0b2
[INFO] [stdout]                                at /rustc/202008a1b8de96d2e5b6bc02d379db03a877d34d/library/std/src/thread/mod.rs:559:30
[INFO] [stdout]   42:     0x57b6275b5274 - core::ops::function::FnOnce::call_once{{vtable.shim}}::h6127de71b8124639
[INFO] [stdout]                                at /rustc/202008a1b8de96d2e5b6bc02d379db03a877d34d/library/core/src/ops/function.rs:250:5
[INFO] [stdout]   43:     0x57b6276e863b - <alloc::boxed::Box<F,A> as core::ops::function::FnOnce<Args>>::call_once::h42f0ba71002a1b2c
[INFO] [stdout]                                at /rustc/202008a1b8de96d2e5b6bc02d379db03a877d34d/library/alloc/src/boxed.rs:1972:9
[INFO] [stdout]   44:     0x57b6276e863b - <alloc::boxed::Box<F,A> as core::ops::function::FnOnce<Args>>::call_once::had9e47d7a3dcecb8
[INFO] [stdout]                                at /rustc/202008a1b8de96d2e5b6bc02d379db03a877d34d/library/alloc/src/boxed.rs:1972:9
[INFO] [stdout]   45:     0x57b6276e863b - std::sys::pal::unix::thread::Thread::new::thread_start::h48cf765408f6f5f2
[INFO] [stdout]                                at /rustc/202008a1b8de96d2e5b6bc02d379db03a877d34d/library/std/src/sys/pal/unix/thread.rs:105:17
[INFO] [stdout]   46:     0x759678bf5ac3 - <unknown>
[INFO] [stdout]   47:     0x759678c86a04 - clone
[INFO] [stdout]   48:                0x0 - <unknown>
[INFO] [stdout] 
[INFO] [stdout] 
[INFO] [stdout] failures:
[INFO] [stdout]     compiler::test_compiler::test_integration
[INFO] [stdout]     compiler::test_compiler::test_intoto
[INFO] [stdout]     compiler::test_compiler::test_tuf
[INFO] [stdout]     engine::signature::test_signature
[INFO] [stdout]     engine::test::genealogy
[INFO] [stdout]     parser::parser::test_query_parsing
[INFO] [stdout]     parser::parser::test_rule_parsing
[INFO] [stdout] 
[INFO] [stdout] test result: FAILED. 0 passed; 7 failed; 0 ignored; 0 measured; 0 filtered out; finished in 0.55s
[INFO] [stdout] 
[INFO] running `Command { std: "docker" "inspect" "31cf6cd1b777f685340fb5df97d4b5e4d8e91f0a233a0d006660dc5e086c7c0e", kill_on_drop: false }`
[INFO] running `Command { std: "docker" "rm" "-f" "31cf6cd1b777f685340fb5df97d4b5e4d8e91f0a233a0d006660dc5e086c7c0e", kill_on_drop: false }`
[INFO] [stdout] 31cf6cd1b777f685340fb5df97d4b5e4d8e91f0a233a0d006660dc5e086c7c0e
