[INFO] cloning repository https://github.com/Shadlock0133/bigblob-decoder
[INFO] running `Command { std: "git" "-c" "credential.helper=" "-c" "credential.helper=/workspace/cargo-home/bin/git-credential-null" "clone" "--bare" "https://github.com/Shadlock0133/bigblob-decoder" "/workspace/cache/git-repos/https%3A%2F%2Fgithub.com%2FShadlock0133%2Fbigblob-decoder", kill_on_drop: false }`
[INFO] [stderr] Cloning into bare repository '/workspace/cache/git-repos/https%3A%2F%2Fgithub.com%2FShadlock0133%2Fbigblob-decoder'...
[INFO] running `Command { std: "git" "rev-parse" "HEAD", kill_on_drop: false }`
[INFO] [stdout] 98034613ef6e4de8e76aff9a5f3312c22aea8627
[INFO] testing Shadlock0133/bigblob-decoder against 1.83.0 for beta-1.84.0-4-retry
[INFO] running `Command { std: "git" "clone" "/workspace/cache/git-repos/https%3A%2F%2Fgithub.com%2FShadlock0133%2Fbigblob-decoder" "/workspace/builds/worker-1-tc1/source", kill_on_drop: false }`
[INFO] [stderr] Cloning into '/workspace/builds/worker-1-tc1/source'...
[INFO] [stderr] done.
[INFO] validating manifest of git repo https://github.com/Shadlock0133/bigblob-decoder on toolchain 1.83.0
[INFO] running `Command { std: CARGO_HOME="/workspace/cargo-home" RUSTUP_HOME="/workspace/rustup-home" "/workspace/cargo-home/bin/cargo" "+1.83.0" "metadata" "--manifest-path" "Cargo.toml" "--no-deps", kill_on_drop: false }`
[INFO] started tweaking git repo https://github.com/Shadlock0133/bigblob-decoder
[INFO] finished tweaking git repo https://github.com/Shadlock0133/bigblob-decoder
[INFO] tweaked toml for git repo https://github.com/Shadlock0133/bigblob-decoder written to /workspace/builds/worker-1-tc1/source/Cargo.toml
[INFO] crate git repo https://github.com/Shadlock0133/bigblob-decoder already has a lockfile, it will not be regenerated
[INFO] running `Command { std: CARGO_HOME="/workspace/cargo-home" RUSTUP_HOME="/workspace/rustup-home" "/workspace/cargo-home/bin/cargo" "+1.83.0" "fetch" "--manifest-path" "Cargo.toml", kill_on_drop: false }`
[INFO] [stderr]     Blocking waiting for file lock on package cache
[INFO] [stderr]     Blocking waiting for file lock on package cache
[INFO] [stderr]  Downloading crates ...
[INFO] [stderr]   Downloaded lz4_flex v0.9.5
[INFO] running `Command { std: "docker" "create" "-v" "/var/lib/crater-agent-workspace/builds/worker-1-tc1/target:/opt/rustwide/target:rw,Z" "-v" "/var/lib/crater-agent-workspace/builds/worker-1-tc1/source:/opt/rustwide/workdir:ro,Z" "-v" "/var/lib/crater-agent-workspace/cargo-home:/opt/rustwide/cargo-home:ro,Z" "-v" "/var/lib/crater-agent-workspace/rustup-home:/opt/rustwide/rustup-home:ro,Z" "-e" "SOURCE_DIR=/opt/rustwide/workdir" "-e" "CARGO_TARGET_DIR=/opt/rustwide/target" "-e" "CARGO_HOME=/opt/rustwide/cargo-home" "-e" "RUSTUP_HOME=/opt/rustwide/rustup-home" "-w" "/opt/rustwide/workdir" "-m" "1610612736" "--user" "0:0" "--network" "none" "ghcr.io/rust-lang/crates-build-env/linux@sha256:f3a9d4ad9d972b27faf3965f35b62e55ba32bbce8f20bc8fe909558a86702fde" "/opt/rustwide/cargo-home/bin/cargo" "+1.83.0" "metadata" "--no-deps" "--format-version=1", kill_on_drop: false }`
[INFO] [stdout] 600d60a774f9165f413b1caeaf204037c38ea97e246bb81e40335df004ef0cca
[INFO] running `Command { std: "docker" "start" "-a" "600d60a774f9165f413b1caeaf204037c38ea97e246bb81e40335df004ef0cca", kill_on_drop: false }`
[INFO] running `Command { std: "docker" "inspect" "600d60a774f9165f413b1caeaf204037c38ea97e246bb81e40335df004ef0cca", kill_on_drop: false }`
[INFO] running `Command { std: "docker" "rm" "-f" "600d60a774f9165f413b1caeaf204037c38ea97e246bb81e40335df004ef0cca", kill_on_drop: false }`
[INFO] [stdout] 600d60a774f9165f413b1caeaf204037c38ea97e246bb81e40335df004ef0cca
[INFO] running `Command { std: "docker" "create" "-v" "/var/lib/crater-agent-workspace/builds/worker-1-tc1/target:/opt/rustwide/target:rw,Z" "-v" "/var/lib/crater-agent-workspace/builds/worker-1-tc1/source:/opt/rustwide/workdir:ro,Z" "-v" "/var/lib/crater-agent-workspace/cargo-home:/opt/rustwide/cargo-home:ro,Z" "-v" "/var/lib/crater-agent-workspace/rustup-home:/opt/rustwide/rustup-home:ro,Z" "-e" "SOURCE_DIR=/opt/rustwide/workdir" "-e" "CARGO_TARGET_DIR=/opt/rustwide/target" "-e" "CARGO_INCREMENTAL=0" "-e" "RUST_BACKTRACE=full" "-e" "RUSTFLAGS=--cap-lints=warn" "-e" "RUSTDOCFLAGS=--cap-lints=warn" "-e" "CARGO_HOME=/opt/rustwide/cargo-home" "-e" "RUSTUP_HOME=/opt/rustwide/rustup-home" "-w" "/opt/rustwide/workdir" "-m" "1610612736" "--user" "0:0" "--network" "none" "ghcr.io/rust-lang/crates-build-env/linux@sha256:f3a9d4ad9d972b27faf3965f35b62e55ba32bbce8f20bc8fe909558a86702fde" "/opt/rustwide/cargo-home/bin/cargo" "+1.83.0" "build" "--frozen" "--message-format=json", kill_on_drop: false }`
[INFO] [stdout] 26f78ea0072b840e009c298a697f8edebcf8e3a11ce397ed7d006f0314409ab4
[INFO] running `Command { std: "docker" "start" "-a" "26f78ea0072b840e009c298a697f8edebcf8e3a11ce397ed7d006f0314409ab4", kill_on_drop: false }`
[INFO] [stderr]    Compiling autocfg v1.1.0
[INFO] [stderr]    Compiling proc-macro2 v1.0.47
[INFO] [stderr]    Compiling quote v1.0.21
[INFO] [stderr]    Compiling cfg-if v1.0.0
[INFO] [stderr]    Compiling unicode-ident v1.0.5
[INFO] [stderr]    Compiling libc v0.2.138
[INFO] [stderr]    Compiling version_check v0.9.4
[INFO] [stderr]    Compiling syn v1.0.105
[INFO] [stderr]    Compiling crossbeam-utils v0.8.14
[INFO] [stderr]    Compiling bitflags v1.3.2
[INFO] [stderr]    Compiling crc32fast v1.3.2
[INFO] [stderr]    Compiling io-lifetimes v1.0.3
[INFO] [stderr]    Compiling serde_derive v1.0.151
[INFO] [stderr]    Compiling rustix v0.36.5
[INFO] [stderr]    Compiling adler v1.0.2
[INFO] [stderr]    Compiling scopeguard v1.1.0
[INFO] [stderr]    Compiling rayon-core v1.10.1
[INFO] [stderr]    Compiling linux-raw-sys v0.1.3
[INFO] [stderr]    Compiling serde v1.0.151
[INFO] [stderr]    Compiling miniz_oxide v0.6.2
[INFO] [stderr]    Compiling heck v0.4.0
[INFO] [stderr]    Compiling serde_json v1.0.89
[INFO] [stderr]    Compiling os_str_bytes v6.4.1
[INFO] [stderr]    Compiling memoffset v0.7.1
[INFO] [stderr]    Compiling num-traits v0.2.15
[INFO] [stderr]    Compiling crossbeam-epoch v0.9.13
[INFO] [stderr]    Compiling num-integer v0.1.45
[INFO] [stderr]    Compiling proc-macro-error-attr v1.0.4
[INFO] [stderr]    Compiling proc-macro-error v1.0.4
[INFO] [stderr]    Compiling num-rational v0.4.1
[INFO] [stderr]    Compiling strsim v0.10.0
[INFO] [stderr]    Compiling clap_lex v0.3.0
[INFO] [stderr]    Compiling either v1.8.0
[INFO] [stderr]    Compiling once_cell v1.16.0
[INFO] [stderr]    Compiling termcolor v1.1.3
[INFO] [stderr]    Compiling bytemuck v1.12.3
[INFO] [stderr]    Compiling ryu v1.0.11
[INFO] [stderr]    Compiling byteorder v1.4.3
[INFO] [stderr]    Compiling itoa v1.0.4
[INFO] [stderr]    Compiling color_quant v1.1.0
[INFO] [stderr]    Compiling lz4_flex v0.9.5
[INFO] [stderr]    Compiling flate2 v1.0.25
[INFO] [stderr]    Compiling crossbeam-channel v0.5.6
[INFO] [stderr]    Compiling crossbeam-deque v0.8.2
[INFO] [stderr]    Compiling png v0.17.7
[INFO] [stderr]    Compiling num_cpus v1.14.0
[INFO] [stderr]    Compiling image v0.24.5
[INFO] [stderr]    Compiling rayon v1.6.1
[INFO] [stderr]    Compiling is-terminal v0.4.1
[INFO] [stderr]    Compiling clap_derive v4.0.21
[INFO] [stderr]    Compiling clap v4.0.29
[INFO] [stderr]    Compiling bigblob-decoder v0.1.0 (/opt/rustwide/workdir)
[INFO] [stdout] warning: unexpected `cfg` condition value: `compressor`
[INFO] [stdout]    --> src/main.rs:288:21
[INFO] [stdout]     |
[INFO] [stdout] 288 |             if cfg!(feature = "compressor") {
[INFO] [stdout]     |                     ^^^^^^^^^^^^^^^^^^^^^^
[INFO] [stdout]     |
[INFO] [stdout]     = note: expected values for `feature` are: `compressonator` and `default`
[INFO] [stdout]     = help: consider adding `compressor` as a feature in `Cargo.toml`
[INFO] [stdout]     = note: see <https://doc.rust-lang.org/nightly/rustc/check-cfg/cargo-specifics.html> for more information about checking conditional configuration
[INFO] [stdout]     = note: `#[warn(unexpected_cfgs)]` on by default
[INFO] [stdout] 
[INFO] [stdout] 
[INFO] [stderr]     Finished `dev` profile [unoptimized + debuginfo] target(s) in 31.49s
[INFO] running `Command { std: "docker" "inspect" "26f78ea0072b840e009c298a697f8edebcf8e3a11ce397ed7d006f0314409ab4", kill_on_drop: false }`
[INFO] running `Command { std: "docker" "rm" "-f" "26f78ea0072b840e009c298a697f8edebcf8e3a11ce397ed7d006f0314409ab4", kill_on_drop: false }`
[INFO] [stdout] 26f78ea0072b840e009c298a697f8edebcf8e3a11ce397ed7d006f0314409ab4
[INFO] running `Command { std: "docker" "create" "-v" "/var/lib/crater-agent-workspace/builds/worker-1-tc1/target:/opt/rustwide/target:rw,Z" "-v" "/var/lib/crater-agent-workspace/builds/worker-1-tc1/source:/opt/rustwide/workdir:ro,Z" "-v" "/var/lib/crater-agent-workspace/cargo-home:/opt/rustwide/cargo-home:ro,Z" "-v" "/var/lib/crater-agent-workspace/rustup-home:/opt/rustwide/rustup-home:ro,Z" "-e" "SOURCE_DIR=/opt/rustwide/workdir" "-e" "CARGO_TARGET_DIR=/opt/rustwide/target" "-e" "CARGO_INCREMENTAL=0" "-e" "RUST_BACKTRACE=full" "-e" "RUSTFLAGS=--cap-lints=warn" "-e" "RUSTDOCFLAGS=--cap-lints=warn" "-e" "CARGO_HOME=/opt/rustwide/cargo-home" "-e" "RUSTUP_HOME=/opt/rustwide/rustup-home" "-w" "/opt/rustwide/workdir" "-m" "1610612736" "--user" "0:0" "--network" "none" "ghcr.io/rust-lang/crates-build-env/linux@sha256:f3a9d4ad9d972b27faf3965f35b62e55ba32bbce8f20bc8fe909558a86702fde" "/opt/rustwide/cargo-home/bin/cargo" "+1.83.0" "test" "--frozen" "--no-run" "--message-format=json", kill_on_drop: false }`
[INFO] [stdout] 82ee8f8f9ba493249f753eae308f0d6710f1ee20e6fde39bf303461f2e8b4b7b
[INFO] running `Command { std: "docker" "start" "-a" "82ee8f8f9ba493249f753eae308f0d6710f1ee20e6fde39bf303461f2e8b4b7b", kill_on_drop: false }`
[INFO] [stderr]    Compiling bigblob-decoder v0.1.0 (/opt/rustwide/workdir)
[INFO] [stdout] warning: unexpected `cfg` condition value: `compressor`
[INFO] [stdout]    --> src/main.rs:288:21
[INFO] [stdout]     |
[INFO] [stdout] 288 |             if cfg!(feature = "compressor") {
[INFO] [stdout]     |                     ^^^^^^^^^^^^^^^^^^^^^^
[INFO] [stdout]     |
[INFO] [stdout]     = note: expected values for `feature` are: `compressonator` and `default`
[INFO] [stdout]     = help: consider adding `compressor` as a feature in `Cargo.toml`
[INFO] [stdout]     = note: see <https://doc.rust-lang.org/nightly/rustc/check-cfg/cargo-specifics.html> for more information about checking conditional configuration
[INFO] [stdout]     = note: `#[warn(unexpected_cfgs)]` on by default
[INFO] [stdout] 
[INFO] [stdout] 
[INFO] [stdout] warning: constant `B2` is never used
[INFO] [stdout]    --> src/bc7/decode.rs:502:11
[INFO] [stdout]     |
[INFO] [stdout] 502 |     const B2: u8 = (1 << 2) - 1;
[INFO] [stdout]     |           ^^
[INFO] [stdout]     |
[INFO] [stdout]     = note: `#[warn(dead_code)]` on by default
[INFO] [stdout] 
[INFO] [stdout] 
[INFO] [stdout] warning: constant `B3` is never used
[INFO] [stdout]    --> src/bc7/decode.rs:503:11
[INFO] [stdout]     |
[INFO] [stdout] 503 |     const B3: u8 = (1 << 3) - 1;
[INFO] [stdout]     |           ^^
[INFO] [stdout] 
[INFO] [stdout] 
[INFO] [stderr]     Finished `test` profile [unoptimized + debuginfo] target(s) in 1.56s
[INFO] running `Command { std: "docker" "inspect" "82ee8f8f9ba493249f753eae308f0d6710f1ee20e6fde39bf303461f2e8b4b7b", kill_on_drop: false }`
[INFO] running `Command { std: "docker" "rm" "-f" "82ee8f8f9ba493249f753eae308f0d6710f1ee20e6fde39bf303461f2e8b4b7b", kill_on_drop: false }`
[INFO] [stdout] 82ee8f8f9ba493249f753eae308f0d6710f1ee20e6fde39bf303461f2e8b4b7b
[INFO] running `Command { std: "docker" "create" "-v" "/var/lib/crater-agent-workspace/builds/worker-1-tc1/target:/opt/rustwide/target:rw,Z" "-v" "/var/lib/crater-agent-workspace/builds/worker-1-tc1/source:/opt/rustwide/workdir:ro,Z" "-v" "/var/lib/crater-agent-workspace/cargo-home:/opt/rustwide/cargo-home:ro,Z" "-v" "/var/lib/crater-agent-workspace/rustup-home:/opt/rustwide/rustup-home:ro,Z" "-e" "SOURCE_DIR=/opt/rustwide/workdir" "-e" "CARGO_TARGET_DIR=/opt/rustwide/target" "-e" "CARGO_INCREMENTAL=0" "-e" "RUST_BACKTRACE=full" "-e" "RUSTFLAGS=--cap-lints=warn" "-e" "RUSTDOCFLAGS=--cap-lints=warn" "-e" "CARGO_HOME=/opt/rustwide/cargo-home" "-e" "RUSTUP_HOME=/opt/rustwide/rustup-home" "-w" "/opt/rustwide/workdir" "-m" "1610612736" "--user" "0:0" "--network" "none" "ghcr.io/rust-lang/crates-build-env/linux@sha256:f3a9d4ad9d972b27faf3965f35b62e55ba32bbce8f20bc8fe909558a86702fde" "/opt/rustwide/cargo-home/bin/cargo" "+1.83.0" "test" "--frozen", kill_on_drop: false }`
[INFO] [stdout] 363ebe56f9188caa020b8839994d9154873d20cf1a36546f86f25a0ae617e243
[INFO] running `Command { std: "docker" "start" "-a" "363ebe56f9188caa020b8839994d9154873d20cf1a36546f86f25a0ae617e243", kill_on_drop: false }`
[INFO] [stderr] warning: constant `B2` is never used
[INFO] [stderr]    --> src/bc7/decode.rs:502:11
[INFO] [stderr]     |
[INFO] [stderr] 502 |     const B2: u8 = (1 << 2) - 1;
[INFO] [stderr]     |           ^^
[INFO] [stderr]     |
[INFO] [stderr]     = note: `#[warn(dead_code)]` on by default
[INFO] [stderr] 
[INFO] [stderr] warning: constant `B3` is never used
[INFO] [stderr]    --> src/bc7/decode.rs:503:11
[INFO] [stderr]     |
[INFO] [stderr] 503 |     const B3: u8 = (1 << 3) - 1;
[INFO] [stderr]     |           ^^
[INFO] [stderr] 
[INFO] [stderr] warning: `bigblob-decoder` (lib test) generated 2 warnings
[INFO] [stderr] warning: unexpected `cfg` condition value: `compressor`
[INFO] [stderr]    --> src/main.rs:288:21
[INFO] [stderr]     |
[INFO] [stderr] 288 |             if cfg!(feature = "compressor") {
[INFO] [stderr]     |                     ^^^^^^^^^^^^^^^^^^^^^^
[INFO] [stderr]     |
[INFO] [stderr]     = note: expected values for `feature` are: `compressonator` and `default`
[INFO] [stderr]     = help: consider adding `compressor` as a feature in `Cargo.toml`
[INFO] [stderr]     = note: see <https://doc.rust-lang.org/nightly/rustc/check-cfg/cargo-specifics.html> for more information about checking conditional configuration
[INFO] [stderr]     = note: `#[warn(unexpected_cfgs)]` on by default
[INFO] [stderr] 
[INFO] [stderr] warning: `bigblob-decoder` (bin "bigblob-decoder" test) generated 1 warning
[INFO] [stderr]     Finished `test` profile [unoptimized + debuginfo] target(s) in 0.08s
[INFO] [stderr]      Running unittests src/lib.rs (/opt/rustwide/target/debug/deps/bigblob_decoder-7c376e6b91b3e194)
[INFO] [stdout] 
[INFO] [stdout] running 12 tests
[INFO] [stdout] test bc7::decode::tests::check_block0_max ... ok
[INFO] [stdout] test bc7::decode::tests::check_block2_max ... ok
[INFO] [stdout] test bc7::decode::tests::check_block3_max ... ok
[INFO] [stdout] test bc7::decode::tests::check_block4_content_by_bit ... ok
[INFO] [stdout] test bc7::decode::tests::check_block1_max ... ok
[INFO] [stdout] test bc7::decode::tests::check_block4_max ... ok
[INFO] [stdout] test bc7::decode::tests::check_block4_test_content ... ok
[INFO] [stdout] test bc7::decode::tests::check_block6_max ... ok
[INFO] [stdout] test bc7::decode::tests::check_block5_max ... ok
[INFO] [stdout] test bc7::decode::tests::check_block7_max ... ok
[INFO] [stdout] test bc7::decode::tests::check_transparent_decoding ... ok
[INFO] [stdout] test bc7::decode::tests::check_block8_decoding ... FAILED
[INFO] [stdout] 
[INFO] [stdout] failures:
[INFO] [stdout] 
[INFO] [stdout] ---- bc7::decode::tests::check_block8_decoding stdout ----
[INFO] [stdout] thread 'bc7::decode::tests::check_block8_decoding' panicked at src/bc7/decode.rs:660:42:
[INFO] [stdout] called `Option::unwrap()` on a `None` value
[INFO] [stdout] stack backtrace:
[INFO] [stdout]    0:     0x5ca2e41aebba - std::backtrace_rs::backtrace::libunwind::trace::h5a5b8284f2d0c266
[INFO] [stdout]                                at /rustc/90b35a6239c3d8bdabc530a6a0816f7ff89a0aaf/library/std/src/../../backtrace/src/backtrace/libunwind.rs:116:5
[INFO] [stdout]    1:     0x5ca2e41aebba - std::backtrace_rs::backtrace::trace_unsynchronized::h76d4f1c9b0b875e3
[INFO] [stdout]                                at /rustc/90b35a6239c3d8bdabc530a6a0816f7ff89a0aaf/library/std/src/../../backtrace/src/backtrace/mod.rs:66:5
[INFO] [stdout]    2:     0x5ca2e41aebba - std::sys::backtrace::_print_fmt::hc4546b8364a537c6
[INFO] [stdout]                                at /rustc/90b35a6239c3d8bdabc530a6a0816f7ff89a0aaf/library/std/src/sys/backtrace.rs:66:9
[INFO] [stdout]    3:     0x5ca2e41aebba - <std::sys::backtrace::BacktraceLock::print::DisplayBacktrace as core::fmt::Display>::fmt::h5b6bd5631a6d1f6b
[INFO] [stdout]                                at /rustc/90b35a6239c3d8bdabc530a6a0816f7ff89a0aaf/library/std/src/sys/backtrace.rs:39:26
[INFO] [stdout]    4:     0x5ca2e41d3e43 - core::fmt::rt::Argument::fmt::h270f6602a2b96f62
[INFO] [stdout]                                at /rustc/90b35a6239c3d8bdabc530a6a0816f7ff89a0aaf/library/core/src/fmt/rt.rs:177:76
[INFO] [stdout]    5:     0x5ca2e41d3e43 - core::fmt::write::h7550c97b06c86515
[INFO] [stdout]                                at /rustc/90b35a6239c3d8bdabc530a6a0816f7ff89a0aaf/library/core/src/fmt/mod.rs:1186:21
[INFO] [stdout]    6:     0x5ca2e41abd83 - std::io::Write::write_fmt::h509ff860e5956e5e
[INFO] [stdout]                                at /rustc/90b35a6239c3d8bdabc530a6a0816f7ff89a0aaf/library/std/src/io/mod.rs:1839:15
[INFO] [stdout]    7:     0x5ca2e41aea02 - std::sys::backtrace::BacktraceLock::print::h2395ccd2c84ba3aa
[INFO] [stdout]                                at /rustc/90b35a6239c3d8bdabc530a6a0816f7ff89a0aaf/library/std/src/sys/backtrace.rs:42:9
[INFO] [stdout]    8:     0x5ca2e41b001a - std::panicking::default_hook::{{closure}}::he19d4c7230e07961
[INFO] [stdout]                                at /rustc/90b35a6239c3d8bdabc530a6a0816f7ff89a0aaf/library/std/src/panicking.rs:268:22
[INFO] [stdout]    9:     0x5ca2e41afe24 - std::panicking::default_hook::hf614597d3c67bbdb
[INFO] [stdout]                                at /rustc/90b35a6239c3d8bdabc530a6a0816f7ff89a0aaf/library/std/src/panicking.rs:292:9
[INFO] [stdout]   10:     0x5ca2e41792a9 - <alloc::boxed::Box<F,A> as core::ops::function::Fn<Args>>::call::h39b51ce4599c23d1
[INFO] [stdout]                                at /rustc/90b35a6239c3d8bdabc530a6a0816f7ff89a0aaf/library/alloc/src/boxed.rs:2468:9
[INFO] [stdout]   11:     0x5ca2e41792a9 - test::test_main::{{closure}}::he977ae839a582784
[INFO] [stdout]                                at /rustc/90b35a6239c3d8bdabc530a6a0816f7ff89a0aaf/library/test/src/lib.rs:133:21
[INFO] [stdout]   12:     0x5ca2e41b06b8 - <alloc::boxed::Box<F,A> as core::ops::function::Fn<Args>>::call::h9455091b6b06f9fb
[INFO] [stdout]                                at /rustc/90b35a6239c3d8bdabc530a6a0816f7ff89a0aaf/library/alloc/src/boxed.rs:2468:9
[INFO] [stdout]   13:     0x5ca2e41b06b8 - std::panicking::rust_panic_with_hook::h8942133a8b252070
[INFO] [stdout]                                at /rustc/90b35a6239c3d8bdabc530a6a0816f7ff89a0aaf/library/std/src/panicking.rs:809:13
[INFO] [stdout]   14:     0x5ca2e41b0446 - std::panicking::begin_panic_handler::{{closure}}::hb5f5963570096b29
[INFO] [stdout]                                at /rustc/90b35a6239c3d8bdabc530a6a0816f7ff89a0aaf/library/std/src/panicking.rs:667:13
[INFO] [stdout]   15:     0x5ca2e41af099 - std::sys::backtrace::__rust_end_short_backtrace::h6208cedc1922feda
[INFO] [stdout]                                at /rustc/90b35a6239c3d8bdabc530a6a0816f7ff89a0aaf/library/std/src/sys/backtrace.rs:170:18
[INFO] [stdout]   16:     0x5ca2e41b010c - rust_begin_unwind
[INFO] [stdout]                                at /rustc/90b35a6239c3d8bdabc530a6a0816f7ff89a0aaf/library/std/src/panicking.rs:665:5
[INFO] [stdout]   17:     0x5ca2e4126a60 - core::panicking::panic_fmt::h0c3082644d1bf418
[INFO] [stdout]                                at /rustc/90b35a6239c3d8bdabc530a6a0816f7ff89a0aaf/library/core/src/panicking.rs:74:14
[INFO] [stdout]   18:     0x5ca2e4126aec - core::panicking::panic::h957f98c65a3b3074
[INFO] [stdout]                                at /rustc/90b35a6239c3d8bdabc530a6a0816f7ff89a0aaf/library/core/src/panicking.rs:148:5
[INFO] [stdout]   19:     0x5ca2e41269d9 - core::option::unwrap_failed::h098b0d47c83374d6
[INFO] [stdout]                                at /rustc/90b35a6239c3d8bdabc530a6a0816f7ff89a0aaf/library/core/src/option.rs:2012:5
[INFO] [stdout]   20:     0x5ca2e413a717 - core::option::Option<T>::unwrap::h2d75c811c9be254a
[INFO] [stdout]                                at /rustc/90b35a6239c3d8bdabc530a6a0816f7ff89a0aaf/library/core/src/option.rs:972:21
[INFO] [stdout]   21:     0x5ca2e413a717 - bigblob_decoder::bc7::decode::tests::check_block8_decoding::h1997ae4663f86e40
[INFO] [stdout]                                at /opt/rustwide/workdir/src/bc7/decode.rs:660:22
[INFO] [stdout]   22:     0x5ca2e413a6c7 - bigblob_decoder::bc7::decode::tests::check_block8_decoding::{{closure}}::h673eb1998888e57c
[INFO] [stdout]                                at /opt/rustwide/workdir/src/bc7/decode.rs:659:31
[INFO] [stdout]   23:     0x5ca2e412fda6 - core::ops::function::FnOnce::call_once::h76f8f5858a13474f
[INFO] [stdout]                                at /rustc/90b35a6239c3d8bdabc530a6a0816f7ff89a0aaf/library/core/src/ops/function.rs:250:5
[INFO] [stdout]   24:     0x5ca2e417dc6b - core::ops::function::FnOnce::call_once::h109cf8051a59b34e
[INFO] [stdout]                                at /rustc/90b35a6239c3d8bdabc530a6a0816f7ff89a0aaf/library/core/src/ops/function.rs:250:5
[INFO] [stdout]   25:     0x5ca2e417dc6b - test::__rust_begin_short_backtrace::hf4fff89d377446ba
[INFO] [stdout]                                at /rustc/90b35a6239c3d8bdabc530a6a0816f7ff89a0aaf/library/test/src/lib.rs:621:18
[INFO] [stdout]   26:     0x5ca2e417d4a7 - test::run_test_in_process::{{closure}}::h0e39181dd7ee5a43
[INFO] [stdout]                                at /rustc/90b35a6239c3d8bdabc530a6a0816f7ff89a0aaf/library/test/src/lib.rs:644:60
[INFO] [stdout]   27:     0x5ca2e417d4a7 - <core::panic::unwind_safe::AssertUnwindSafe<F> as core::ops::function::FnOnce<()>>::call_once::hc5a66a30f0bdfd1f
[INFO] [stdout]                                at /rustc/90b35a6239c3d8bdabc530a6a0816f7ff89a0aaf/library/core/src/panic/unwind_safe.rs:272:9
[INFO] [stdout]   28:     0x5ca2e417d4a7 - std::panicking::try::do_call::h873b7cf639554a5e
[INFO] [stdout]                                at /rustc/90b35a6239c3d8bdabc530a6a0816f7ff89a0aaf/library/std/src/panicking.rs:557:40
[INFO] [stdout]   29:     0x5ca2e417d4a7 - std::panicking::try::hdb19862fad9c8bd1
[INFO] [stdout]                                at /rustc/90b35a6239c3d8bdabc530a6a0816f7ff89a0aaf/library/std/src/panicking.rs:520:19
[INFO] [stdout]   30:     0x5ca2e417d4a7 - std::panic::catch_unwind::h281fe732d236d260
[INFO] [stdout]                                at /rustc/90b35a6239c3d8bdabc530a6a0816f7ff89a0aaf/library/std/src/panic.rs:358:14
[INFO] [stdout]   31:     0x5ca2e417d4a7 - test::run_test_in_process::h949b6df8457ed338
[INFO] [stdout]                                at /rustc/90b35a6239c3d8bdabc530a6a0816f7ff89a0aaf/library/test/src/lib.rs:644:27
[INFO] [stdout]   32:     0x5ca2e417d4a7 - test::run_test::{{closure}}::h52c556a6d4740e10
[INFO] [stdout]                                at /rustc/90b35a6239c3d8bdabc530a6a0816f7ff89a0aaf/library/test/src/lib.rs:565:43
[INFO] [stdout]   33:     0x5ca2e4142784 - test::run_test::{{closure}}::h4237f6381c45ccb9
[INFO] [stdout]                                at /rustc/90b35a6239c3d8bdabc530a6a0816f7ff89a0aaf/library/test/src/lib.rs:595:41
[INFO] [stdout]   34:     0x5ca2e4142784 - std::sys::backtrace::__rust_begin_short_backtrace::h505c97a579eca628
[INFO] [stdout]                                at /rustc/90b35a6239c3d8bdabc530a6a0816f7ff89a0aaf/library/std/src/sys/backtrace.rs:154:18
[INFO] [stdout]   35:     0x5ca2e4145e4e - std::thread::Builder::spawn_unchecked_::{{closure}}::{{closure}}::h9e86b2e2bc107ea3
[INFO] [stdout]                                at /rustc/90b35a6239c3d8bdabc530a6a0816f7ff89a0aaf/library/std/src/thread/mod.rs:538:17
[INFO] [stdout]   36:     0x5ca2e4145e4e - <core::panic::unwind_safe::AssertUnwindSafe<F> as core::ops::function::FnOnce<()>>::call_once::h8b06ddb275ff4a25
[INFO] [stdout]                                at /rustc/90b35a6239c3d8bdabc530a6a0816f7ff89a0aaf/library/core/src/panic/unwind_safe.rs:272:9
[INFO] [stdout]   37:     0x5ca2e4145e4e - std::panicking::try::do_call::hb26ecd7cd9a9355d
[INFO] [stdout]                                at /rustc/90b35a6239c3d8bdabc530a6a0816f7ff89a0aaf/library/std/src/panicking.rs:557:40
[INFO] [stdout]   38:     0x5ca2e4145e4e - std::panicking::try::h8ddeca9d705f9069
[INFO] [stdout]                                at /rustc/90b35a6239c3d8bdabc530a6a0816f7ff89a0aaf/library/std/src/panicking.rs:520:19
[INFO] [stdout]   39:     0x5ca2e4145e4e - std::panic::catch_unwind::h49e1c33078844c46
[INFO] [stdout]                                at /rustc/90b35a6239c3d8bdabc530a6a0816f7ff89a0aaf/library/std/src/panic.rs:358:14
[INFO] [stdout]   40:     0x5ca2e4145e4e - std::thread::Builder::spawn_unchecked_::{{closure}}::h6073db6ff56ad35d
[INFO] [stdout]                                at /rustc/90b35a6239c3d8bdabc530a6a0816f7ff89a0aaf/library/std/src/thread/mod.rs:537:30
[INFO] [stdout]   41:     0x5ca2e4145e4e - core::ops::function::FnOnce::call_once{{vtable.shim}}::h2c5a5f3779c774f1
[INFO] [stdout]                                at /rustc/90b35a6239c3d8bdabc530a6a0816f7ff89a0aaf/library/core/src/ops/function.rs:250:5
[INFO] [stdout]   42:     0x5ca2e41b440b - <alloc::boxed::Box<F,A> as core::ops::function::FnOnce<Args>>::call_once::hf75717d9f28faebf
[INFO] [stdout]                                at /rustc/90b35a6239c3d8bdabc530a6a0816f7ff89a0aaf/library/alloc/src/boxed.rs:2454:9
[INFO] [stdout]   43:     0x5ca2e41b440b - <alloc::boxed::Box<F,A> as core::ops::function::FnOnce<Args>>::call_once::h7bd883a5f3c5f3c1
[INFO] [stdout]                                at /rustc/90b35a6239c3d8bdabc530a6a0816f7ff89a0aaf/library/alloc/src/boxed.rs:2454:9
[INFO] [stdout]   44:     0x5ca2e41b440b - std::sys::pal::unix::thread::Thread::new::thread_start::hcc78f3943333fa94
[INFO] [stdout]                                at /rustc/90b35a6239c3d8bdabc530a6a0816f7ff89a0aaf/library/std/src/sys/pal/unix/thread.rs:105:17
[INFO] [stdout]   45:     0x76a2543d2ac3 - <unknown>
[INFO] [stdout]   46:     0x76a254463a04 - clone
[INFO] [stdout]   47:                0x0 - <unknown>
[INFO] [stdout] 
[INFO] [stdout] 
[INFO] [stdout] failures:
[INFO] [stdout]     bc7::decode::tests::check_block8_decoding
[INFO] [stdout] 
[INFO] [stdout] test result: FAILED. 11 passed; 1 failed; 0 ignored; 0 measured; 0 filtered out; finished in 0.05s
[INFO] [stdout] 
[INFO] [stderr] error: test failed, to rerun pass `--lib`
[INFO] running `Command { std: "docker" "inspect" "363ebe56f9188caa020b8839994d9154873d20cf1a36546f86f25a0ae617e243", kill_on_drop: false }`
[INFO] running `Command { std: "docker" "rm" "-f" "363ebe56f9188caa020b8839994d9154873d20cf1a36546f86f25a0ae617e243", kill_on_drop: false }`
[INFO] [stdout] 363ebe56f9188caa020b8839994d9154873d20cf1a36546f86f25a0ae617e243
