[INFO] cloning repository https://github.com/Sergei1984/leetcode
[INFO] running `Command { std: "git" "-c" "credential.helper=" "-c" "credential.helper=/workspace/cargo-home/bin/git-credential-null" "clone" "--bare" "https://github.com/Sergei1984/leetcode" "/workspace/cache/git-repos/https%3A%2F%2Fgithub.com%2FSergei1984%2Fleetcode", kill_on_drop: false }`
[INFO] [stderr] Cloning into bare repository '/workspace/cache/git-repos/https%3A%2F%2Fgithub.com%2FSergei1984%2Fleetcode'...
[INFO] running `Command { std: "git" "rev-parse" "HEAD", kill_on_drop: false }`
[INFO] [stdout] 2d5c7385ec306662302dc9e7533666489995f41b
[INFO] testing Sergei1984/leetcode against 1.83.0 for beta-1.84.0-4-retry
[INFO] running `Command { std: "git" "clone" "/workspace/cache/git-repos/https%3A%2F%2Fgithub.com%2FSergei1984%2Fleetcode" "/workspace/builds/worker-3-tc1/source", kill_on_drop: false }`
[INFO] [stderr] Cloning into '/workspace/builds/worker-3-tc1/source'...
[INFO] [stderr] done.
[INFO] validating manifest of git repo https://github.com/Sergei1984/leetcode on toolchain 1.83.0
[INFO] running `Command { std: CARGO_HOME="/workspace/cargo-home" RUSTUP_HOME="/workspace/rustup-home" "/workspace/cargo-home/bin/cargo" "+1.83.0" "metadata" "--manifest-path" "Cargo.toml" "--no-deps", kill_on_drop: false }`
[INFO] started tweaking git repo https://github.com/Sergei1984/leetcode
[INFO] finished tweaking git repo https://github.com/Sergei1984/leetcode
[INFO] tweaked toml for git repo https://github.com/Sergei1984/leetcode written to /workspace/builds/worker-3-tc1/source/Cargo.toml
[INFO] crate git repo https://github.com/Sergei1984/leetcode already has a lockfile, it will not be regenerated
[INFO] running `Command { std: CARGO_HOME="/workspace/cargo-home" RUSTUP_HOME="/workspace/rustup-home" "/workspace/cargo-home/bin/cargo" "+1.83.0" "fetch" "--manifest-path" "Cargo.toml", kill_on_drop: false }`
[INFO] running `Command { std: "docker" "create" "-v" "/var/lib/crater-agent-workspace/builds/worker-3-tc1/target:/opt/rustwide/target:rw,Z" "-v" "/var/lib/crater-agent-workspace/builds/worker-3-tc1/source:/opt/rustwide/workdir:ro,Z" "-v" "/var/lib/crater-agent-workspace/cargo-home:/opt/rustwide/cargo-home:ro,Z" "-v" "/var/lib/crater-agent-workspace/rustup-home:/opt/rustwide/rustup-home:ro,Z" "-e" "SOURCE_DIR=/opt/rustwide/workdir" "-e" "CARGO_TARGET_DIR=/opt/rustwide/target" "-e" "CARGO_HOME=/opt/rustwide/cargo-home" "-e" "RUSTUP_HOME=/opt/rustwide/rustup-home" "-w" "/opt/rustwide/workdir" "-m" "1610612736" "--user" "0:0" "--network" "none" "ghcr.io/rust-lang/crates-build-env/linux@sha256:f3a9d4ad9d972b27faf3965f35b62e55ba32bbce8f20bc8fe909558a86702fde" "/opt/rustwide/cargo-home/bin/cargo" "+1.83.0" "metadata" "--no-deps" "--format-version=1", kill_on_drop: false }`
[INFO] [stdout] a9eb22bf3168c8abdeda1913d1bdfddc4b9ea734f4a0e62ea5e135f5b3d14d53
[INFO] running `Command { std: "docker" "start" "-a" "a9eb22bf3168c8abdeda1913d1bdfddc4b9ea734f4a0e62ea5e135f5b3d14d53", kill_on_drop: false }`
[INFO] running `Command { std: "docker" "inspect" "a9eb22bf3168c8abdeda1913d1bdfddc4b9ea734f4a0e62ea5e135f5b3d14d53", kill_on_drop: false }`
[INFO] running `Command { std: "docker" "rm" "-f" "a9eb22bf3168c8abdeda1913d1bdfddc4b9ea734f4a0e62ea5e135f5b3d14d53", kill_on_drop: false }`
[INFO] [stdout] a9eb22bf3168c8abdeda1913d1bdfddc4b9ea734f4a0e62ea5e135f5b3d14d53
[INFO] running `Command { std: "docker" "create" "-v" "/var/lib/crater-agent-workspace/builds/worker-3-tc1/target:/opt/rustwide/target:rw,Z" "-v" "/var/lib/crater-agent-workspace/builds/worker-3-tc1/source:/opt/rustwide/workdir:ro,Z" "-v" "/var/lib/crater-agent-workspace/cargo-home:/opt/rustwide/cargo-home:ro,Z" "-v" "/var/lib/crater-agent-workspace/rustup-home:/opt/rustwide/rustup-home:ro,Z" "-e" "SOURCE_DIR=/opt/rustwide/workdir" "-e" "CARGO_TARGET_DIR=/opt/rustwide/target" "-e" "CARGO_INCREMENTAL=0" "-e" "RUST_BACKTRACE=full" "-e" "RUSTFLAGS=--cap-lints=warn" "-e" "RUSTDOCFLAGS=--cap-lints=warn" "-e" "CARGO_HOME=/opt/rustwide/cargo-home" "-e" "RUSTUP_HOME=/opt/rustwide/rustup-home" "-w" "/opt/rustwide/workdir" "-m" "1610612736" "--user" "0:0" "--network" "none" "ghcr.io/rust-lang/crates-build-env/linux@sha256:f3a9d4ad9d972b27faf3965f35b62e55ba32bbce8f20bc8fe909558a86702fde" "/opt/rustwide/cargo-home/bin/cargo" "+1.83.0" "build" "--frozen" "--message-format=json", kill_on_drop: false }`
[INFO] [stdout] 10393ae3f239d90663cd571f4bf138d2381db62a3791d2dadc9f6a36f257c866
[INFO] running `Command { std: "docker" "start" "-a" "10393ae3f239d90663cd571f4bf138d2381db62a3791d2dadc9f6a36f257c866", kill_on_drop: false }`
[INFO] [stderr]    Compiling leetcode v0.1.0 (/opt/rustwide/workdir)
[INFO] [stderr]     Finished `dev` profile [unoptimized + debuginfo] target(s) in 0.54s
[INFO] running `Command { std: "docker" "inspect" "10393ae3f239d90663cd571f4bf138d2381db62a3791d2dadc9f6a36f257c866", kill_on_drop: false }`
[INFO] running `Command { std: "docker" "rm" "-f" "10393ae3f239d90663cd571f4bf138d2381db62a3791d2dadc9f6a36f257c866", kill_on_drop: false }`
[INFO] [stdout] 10393ae3f239d90663cd571f4bf138d2381db62a3791d2dadc9f6a36f257c866
[INFO] running `Command { std: "docker" "create" "-v" "/var/lib/crater-agent-workspace/builds/worker-3-tc1/target:/opt/rustwide/target:rw,Z" "-v" "/var/lib/crater-agent-workspace/builds/worker-3-tc1/source:/opt/rustwide/workdir:ro,Z" "-v" "/var/lib/crater-agent-workspace/cargo-home:/opt/rustwide/cargo-home:ro,Z" "-v" "/var/lib/crater-agent-workspace/rustup-home:/opt/rustwide/rustup-home:ro,Z" "-e" "SOURCE_DIR=/opt/rustwide/workdir" "-e" "CARGO_TARGET_DIR=/opt/rustwide/target" "-e" "CARGO_INCREMENTAL=0" "-e" "RUST_BACKTRACE=full" "-e" "RUSTFLAGS=--cap-lints=warn" "-e" "RUSTDOCFLAGS=--cap-lints=warn" "-e" "CARGO_HOME=/opt/rustwide/cargo-home" "-e" "RUSTUP_HOME=/opt/rustwide/rustup-home" "-w" "/opt/rustwide/workdir" "-m" "1610612736" "--user" "0:0" "--network" "none" "ghcr.io/rust-lang/crates-build-env/linux@sha256:f3a9d4ad9d972b27faf3965f35b62e55ba32bbce8f20bc8fe909558a86702fde" "/opt/rustwide/cargo-home/bin/cargo" "+1.83.0" "test" "--frozen" "--no-run" "--message-format=json", kill_on_drop: false }`
[INFO] [stdout] 4087b7260e0255a8d7e1d6ab94e00661499715a09ba03ea63f2dbcba2b6be01d
[INFO] running `Command { std: "docker" "start" "-a" "4087b7260e0255a8d7e1d6ab94e00661499715a09ba03ea63f2dbcba2b6be01d", kill_on_drop: false }`
[INFO] [stderr]    Compiling leetcode v0.1.0 (/opt/rustwide/workdir)
[INFO] [stderr]     Finished `test` profile [unoptimized + debuginfo] target(s) in 2.16s
[INFO] running `Command { std: "docker" "inspect" "4087b7260e0255a8d7e1d6ab94e00661499715a09ba03ea63f2dbcba2b6be01d", kill_on_drop: false }`
[INFO] running `Command { std: "docker" "rm" "-f" "4087b7260e0255a8d7e1d6ab94e00661499715a09ba03ea63f2dbcba2b6be01d", kill_on_drop: false }`
[INFO] [stdout] 4087b7260e0255a8d7e1d6ab94e00661499715a09ba03ea63f2dbcba2b6be01d
[INFO] running `Command { std: "docker" "create" "-v" "/var/lib/crater-agent-workspace/builds/worker-3-tc1/target:/opt/rustwide/target:rw,Z" "-v" "/var/lib/crater-agent-workspace/builds/worker-3-tc1/source:/opt/rustwide/workdir:ro,Z" "-v" "/var/lib/crater-agent-workspace/cargo-home:/opt/rustwide/cargo-home:ro,Z" "-v" "/var/lib/crater-agent-workspace/rustup-home:/opt/rustwide/rustup-home:ro,Z" "-e" "SOURCE_DIR=/opt/rustwide/workdir" "-e" "CARGO_TARGET_DIR=/opt/rustwide/target" "-e" "CARGO_INCREMENTAL=0" "-e" "RUST_BACKTRACE=full" "-e" "RUSTFLAGS=--cap-lints=warn" "-e" "RUSTDOCFLAGS=--cap-lints=warn" "-e" "CARGO_HOME=/opt/rustwide/cargo-home" "-e" "RUSTUP_HOME=/opt/rustwide/rustup-home" "-w" "/opt/rustwide/workdir" "-m" "1610612736" "--user" "0:0" "--network" "none" "ghcr.io/rust-lang/crates-build-env/linux@sha256:f3a9d4ad9d972b27faf3965f35b62e55ba32bbce8f20bc8fe909558a86702fde" "/opt/rustwide/cargo-home/bin/cargo" "+1.83.0" "test" "--frozen", kill_on_drop: false }`
[INFO] [stdout] 32a3ef181c9b3ac7be64336a3a2efdfc18f650069fb35fa4fab0ab0b1920d63c
[INFO] running `Command { std: "docker" "start" "-a" "32a3ef181c9b3ac7be64336a3a2efdfc18f650069fb35fa4fab0ab0b1920d63c", kill_on_drop: false }`
[INFO] [stderr]     Finished `test` profile [unoptimized + debuginfo] target(s) in 0.01s
[INFO] [stderr]      Running unittests src/main.rs (/opt/rustwide/target/debug/deps/leetcode-560c0e8908c1e70f)
[INFO] [stdout] 
[INFO] [stdout] running 201 tests
[INFO] [stdout] test algorithms::sorting::binary_heap::test::case_002 ... ok
[INFO] [stdout] test algorithms::sorting::binary_heap::test::case_003 ... ok
[INFO] [stdout] test algorithms::sorting::i_order::test::partition_002 ... ok
[INFO] [stdout] test algorithms::sorting::i_order::test::partition_001 ... ok
[INFO] [stdout] test algorithms::sorting::i_order::test::partition_003 ... ok
[INFO] [stdout] test algorithms::sorting::merge_sort::test::merge_outplace_002 ... ok
[INFO] [stdout] test algorithms::sorting::merge_sort::test::merge_outplace_001 ... ok
[INFO] [stdout] test p001_easy_two_sum::test::case2 ... ok
[INFO] [stdout] test p001_easy_two_sum::test::case4 ... ok
[INFO] [stdout] test p002_easy_add_two_numbers::test::case3 ... ok
[INFO] [stdout] test p002_easy_add_two_numbers::test::case2 ... ok
[INFO] [stdout] test p002_easy_add_two_numbers::test::case4 ... ok
[INFO] [stdout] test algorithms::sorting::quick_sort::test::case_003 ... ok
[INFO] [stdout] test p001_easy_two_sum::test::case1 ... ok
[INFO] [stdout] test p003_easy_longes_unique_substring::test::case4 ... ok
[INFO] [stdout] test p003_easy_longes_unique_substring::test::case3 ... ok
[INFO] [stdout] test algorithms::sorting::quick_sort::test::case_002 ... ok
[INFO] [stdout] test p004_hard_median_of_two_sorted_arrays::test::case_001 ... ok
[INFO] [stdout] test p004_hard_median_of_two_sorted_arrays::test::case_003 ... ok
[INFO] [stdout] test p004_hard_median_of_two_sorted_arrays::test::case_002 ... ok
[INFO] [stdout] test p004_hard_median_of_two_sorted_arrays::test::find_index_002 ... ok
[INFO] [stdout] test p002_easy_add_two_numbers::test::case1 ... ok
[INFO] [stdout] test p002_easy_add_two_numbers::test::case5 ... ok
[INFO] [stdout] test p003_easy_longes_unique_substring::test::case1 ... ok
[INFO] [stdout] test p004_hard_median_of_two_sorted_arrays::test::case_004 ... ok
[INFO] [stdout] test algorithms::sorting::binary_heap::test::new_001 ... ok
[INFO] [stdout] test algorithms::sorting::insertion_sort::test::case_001 ... ok
[INFO] [stdout] test algorithms::sorting::quick_sort::test::case_001 ... ok
[INFO] [stdout] test p003_easy_longes_unique_substring::test::case2 ... ok
[INFO] [stdout] test algorithms::sorting::binary_heap::test::case_001 ... ok
[INFO] [stdout] test p004_hard_median_of_two_sorted_arrays::test::find_index_003 ... ok
[INFO] [stdout] test p004_hard_median_of_two_sorted_arrays::test::find_median_value_001 ... ok
[INFO] [stdout] test p005_easy_longest_palindromic_substring::test::case1 ... ok
[INFO] [stdout] test algorithms::sorting::binary_heap::test::left_right_001 ... ok
[INFO] [stdout] test p001_easy_two_sum::test::case3 ... ok
[INFO] [stdout] test p004_hard_median_of_two_sorted_arrays::test::find_index_001 ... ok
[INFO] [stdout] test p005_easy_longest_palindromic_substring::test::case10 ... ok
[INFO] [stdout] test p005_easy_longest_palindromic_substring::test::case11 ... ok
[INFO] [stdout] test p005_easy_longest_palindromic_substring::test::case6 ... ok
[INFO] [stdout] test p005_easy_longest_palindromic_substring::test::case5 ... ok
[INFO] [stdout] test p005_easy_longest_palindromic_substring::test::case7 ... ok
[INFO] [stdout] test p005_easy_longest_palindromic_substring::test::case8 ... ok
[INFO] [stdout] test p005_easy_longest_palindromic_substring::test::case9 ... ok
[INFO] [stdout] test p007_medium_reverse_integer::test::case001 ... ok
[INFO] [stdout] test p007_medium_reverse_integer::test::case0010 ... ok
[INFO] [stdout] test p007_medium_reverse_integer::test::case0011 ... ok
[INFO] [stdout] test p007_medium_reverse_integer::test::case0013 ... ok
[INFO] [stdout] test p007_medium_reverse_integer::test::case002 ... ok
[INFO] [stdout] test p007_medium_reverse_integer::test::case003 ... ok
[INFO] [stdout] test p007_medium_reverse_integer::test::case004 ... ok
[INFO] [stdout] test p005_easy_longest_palindromic_substring::test::case2 ... ok
[INFO] [stdout] test p005_easy_longest_palindromic_substring::test::case4 ... ok
[INFO] [stdout] test p005_easy_longest_palindromic_substring::test::case3 ... ok
[INFO] [stdout] test p007_medium_reverse_integer::test::case006 ... ok
[INFO] [stdout] test p007_medium_reverse_integer::test::case007 ... ok
[INFO] [stdout] test p007_medium_reverse_integer::test::case009 ... ok
[INFO] [stdout] test p008_easy_string_to_integer::test::case2 ... ok
[INFO] [stdout] test p008_easy_string_to_integer::test::case3 ... ok
[INFO] [stdout] test p008_easy_string_to_integer::test::case4 ... ok
[INFO] [stdout] test p008_easy_string_to_integer::test::case5 ... ok
[INFO] [stdout] test p008_easy_string_to_integer::test::case7 ... ok
[INFO] [stdout] test p008_easy_string_to_integer::test::case8 ... ok
[INFO] [stdout] test p008_easy_string_to_integer::test::case6 ... ok
[INFO] [stdout] test p008_easy_string_to_integer::test::case9 ... ok
[INFO] [stdout] test p009_easy_palindrome_number::test::case_001 ... ok
[INFO] [stdout] test p008_easy_string_to_integer::test::case1 ... ok
[INFO] [stdout] test p009_easy_palindrome_number::test::case_004 ... ok
[INFO] [stdout] test p009_easy_palindrome_number::test::case_003 ... ok
[INFO] [stdout] test p010_hard_regular_expression_matching::test::case003 ... ok
[INFO] [stdout] test p010_hard_regular_expression_matching::test::case005 ... ok
[INFO] [stdout] test p009_easy_palindrome_number::test::case_002 ... ok
[INFO] [stdout] test p010_hard_regular_expression_matching::test::case007 ... ok
[INFO] [stdout] test p010_hard_regular_expression_matching::test::case006 ... ok
[INFO] [stdout] test p010_hard_regular_expression_matching::test::case008 ... ok
[INFO] [stdout] test p009_easy_palindrome_number::test::case_005 ... ok
[INFO] [stdout] test p010_hard_regular_expression_matching::test::case002 ... ok
[INFO] [stdout] test p010_hard_regular_expression_matching::test::case012_match_multiple ... ok
[INFO] [stdout] test p010_hard_regular_expression_matching::test::case013_match_multiple_to_one ... ok
[INFO] [stdout] test p010_hard_regular_expression_matching::test::case014_match_mutiple_to_zero ... ok
[INFO] [stdout] test p007_medium_reverse_integer::test::case012 ... ok
[INFO] [stdout] test p010_hard_regular_expression_matching::test::case009 ... ok
[INFO] [stdout] test p010_hard_regular_expression_matching::test::case015_match_mutiple_at_the_end_of_the_string ... ok
[INFO] [stdout] test p010_hard_regular_expression_matching::test::case010 ... ok
[INFO] [stdout] test p010_hard_regular_expression_matching::test::case001 ... ok
[INFO] [stdout] test p010_hard_regular_expression_matching::test::case004 ... ok
[INFO] [stdout] test p010_hard_regular_expression_matching::test::case011 ... ok
[INFO] [stdout] test p007_medium_reverse_integer::test::case005 ... ok
[INFO] [stdout] test p010_hard_regular_expression_matching::test::case016_match_several_mutiple_at_the_end_of_the_string ... ok
[INFO] [stdout] test p010_hard_regular_expression_matching::test::case018_match_multiple_several_at_the_start_of_string ... ok
[INFO] [stdout] test p010_hard_regular_expression_matching::test::case019_match_all ... ok
[INFO] [stdout] test p010_hard_regular_expression_matching::test::case017_match_several_at_the_start_of_string ... ok
[INFO] [stdout] test p010_hard_regular_expression_matching::test::case021 ... ok
[INFO] [stdout] test p010_hard_regular_expression_matching::test::case022_leetcode_test_case ... ok
[INFO] [stdout] test p010_hard_regular_expression_matching::test::case024_regex_longer ... ok
[INFO] [stdout] test p010_hard_regular_expression_matching::test::case025_stop_char_same_as_pattern ... ok
[INFO] [stdout] test p010_hard_regular_expression_matching::test::case029_fucked_up_lookup ... ok
[INFO] [stdout] test p010_hard_regular_expression_matching::test::case030_zero_or_more_at_the_end ... ok
[INFO] [stdout] test p010_hard_regular_expression_matching_optimized::test::capture_fixed_1 ... ok
[INFO] [stdout] test p010_hard_regular_expression_matching_optimized::test::capture_fixed_2 ... ok
[INFO] [stdout] test p010_hard_regular_expression_matching_optimized::test::capture_fixed_3 ... ok
[INFO] [stdout] test p010_hard_regular_expression_matching::test::case023_non_greedy ... ok
[INFO] [stdout] test p010_hard_regular_expression_matching_optimized::test::capture_repeatable_3 ... ok
[INFO] [stdout] test p010_hard_regular_expression_matching_optimized::test::case005 ... ok
[INFO] [stdout] test p010_hard_regular_expression_matching::test::case026_multiple_zero_patterns ... ok
[INFO] [stdout] test p010_hard_regular_expression_matching_optimized::test::capture_repeatable_2 ... ok
[INFO] [stdout] test p010_hard_regular_expression_matching_optimized::test::capture_repeatable_4 ... ok
[INFO] [stdout] test p010_hard_regular_expression_matching_optimized::test::capture_repeatable_5 ... ok
[INFO] [stdout] test p010_hard_regular_expression_matching_optimized::test::case001 ... ok
[INFO] [stdout] test p010_hard_regular_expression_matching_optimized::test::case003 ... ok
[INFO] [stdout] test p010_hard_regular_expression_matching_optimized::test::case007 ... ok
[INFO] [stdout] test p010_hard_regular_expression_matching::test::case020 ... ok
[INFO] [stdout] test p010_hard_regular_expression_matching::test::case028_simplest_zero_pattern_interaction ... ok
[INFO] [stdout] test p010_hard_regular_expression_matching_optimized::test::capture_repeatable_1 ... ok
[INFO] [stdout] test p010_hard_regular_expression_matching::test::case027_simplest_zero_pattern ... ok
[INFO] [stdout] test p010_hard_regular_expression_matching_optimized::test::case008 ... ok
[INFO] [stdout] test p010_hard_regular_expression_matching_optimized::test::case010 ... ok
[INFO] [stdout] test p010_hard_regular_expression_matching_optimized::test::case013_match_multiple_to_one ... ok
[INFO] [stdout] test p010_hard_regular_expression_matching_optimized::test::case022_leetcode_test_case ... ok
[INFO] [stdout] test p010_hard_regular_expression_matching_optimized::test::case023_non_greedy ... ok
[INFO] [stdout] test p010_hard_regular_expression_matching_optimized::test::case024_regex_longer ... ok
[INFO] [stdout] test p010_hard_regular_expression_matching_optimized::test::case025_stop_char_same_as_pattern ... ok
[INFO] [stdout] test p010_hard_regular_expression_matching_optimized::test::case026_multiple_zero_patterns ... ok
[INFO] [stdout] test p010_hard_regular_expression_matching_optimized::test::case027_simplest_zero_pattern ... ok
[INFO] [stdout] test p010_hard_regular_expression_matching_optimized::test::case028_simplest_zero_pattern_interaction ... ok
[INFO] [stdout] test p010_hard_regular_expression_matching_optimized::test::case006 ... ok
[INFO] [stdout] test p010_hard_regular_expression_matching_optimized::test::case011 ... ok
[INFO] [stdout] test p010_hard_regular_expression_matching_optimized::test::case012_match_multiple ... ok
[INFO] [stdout] test p010_hard_regular_expression_matching_optimized::test::case009 ... ok
[INFO] [stdout] test p010_hard_regular_expression_matching_optimized::test::case029_fucked_up_lookup ... ok
[INFO] [stdout] test p010_hard_regular_expression_matching_optimized::test::case014_match_mutiple_to_zero ... ok
[INFO] [stdout] test p010_hard_regular_expression_matching_optimized::test::case015_match_mutiple_at_the_end_of_the_string ... ok
[INFO] [stdout] test p010_hard_regular_expression_matching_optimized::test::case004 ... ok
[INFO] [stdout] test p010_hard_regular_expression_matching_optimized::test::case031_leetcode_test ... ok
[INFO] [stdout] test p010_hard_regular_expression_matching_optimized::test::case016_match_several_mutiple_at_the_end_of_the_string ... ok
[INFO] [stdout] test p010_hard_regular_expression_matching_optimized::test::case018_match_multiple_several_at_the_start_of_string ... ok
[INFO] [stdout] test p010_hard_regular_expression_matching_optimized::test::case017_match_several_at_the_start_of_string ... ok
[INFO] [stdout] test p010_hard_regular_expression_matching_optimized::test::case020 ... ok
[INFO] [stdout] test p010_hard_regular_expression_matching_optimized::test::case021 ... ok
[INFO] [stdout] test p010_hard_regular_expression_matching_optimized::test::case030_zero_or_more_at_the_end ... ok
[INFO] [stdout] test p010_hard_regular_expression_matching_optimized::test::case032_leetcode_test ... ok
[INFO] [stdout] test p010_hard_regular_expression_matching_optimized::test::case002 ... ok
[INFO] [stdout] test p010_hard_regular_expression_matching_optimized::test::index_of_1 ... ok
[INFO] [stdout] test p010_hard_regular_expression_matching_optimized::test::index_of_2 ... ok
[INFO] [stdout] test p010_hard_regular_expression_matching_optimized::test::case019_match_all ... ok
[INFO] [stdout] test p010_hard_regular_expression_matching_optimized::test::index_of_4 ... ok
[INFO] [stdout] test p010_hard_regular_expression_matching_optimized::test::index_of_pattern_1 ... ok
[INFO] [stdout] test p010_hard_regular_expression_matching_optimized::test::index_of_pattern_2 ... ok
[INFO] [stdout] test p010_hard_regular_expression_matching_optimized::test::match_repeatable_fixed_simple ... ok
[INFO] [stdout] test p010_hard_regular_expression_matching_optimized::test::match_repeatable_fixed_simple_not_match ... ok
[INFO] [stdout] test p010_hard_regular_expression_matching_optimized::test::match_repeatable_simple ... ok
[INFO] [stdout] test p010_hard_regular_expression_matching_optimized::test::parse_regex ... ok
[INFO] [stdout] test p010_hard_regular_expression_matching_optimized::test::parse_regex_001 ... ok
[INFO] [stdout] test p010_hard_regular_expression_matching_optimized::test::parse_regex_only_fixed ... ok
[INFO] [stdout] test p010_hard_regular_expression_matching_optimized::test::parse_regex_start_fixed_only ... ok
[INFO] [stdout] test p010_hard_regular_expression_matching_optimized::test::parse_regex_start_repeatable ... ok
[INFO] [stdout] test p010_hard_regular_expression_matching_optimized::test::parse_regex_start_repeatable_only ... ok
[INFO] [stdout] test p011_medium_container_with_most_water::test::case_001 ... ok
[INFO] [stdout] test p011_medium_container_with_most_water::test::case_002 ... ok
[INFO] [stdout] test p010_hard_regular_expression_matching_optimized::test::index_of_3 ... ok
[INFO] [stdout] test p012_medium_integer_to_roman::test::case_001 ... ok
[INFO] [stdout] test p012_medium_integer_to_roman::test::case_002 ... ok
[INFO] [stdout] test p012_medium_integer_to_roman::test::case_003 ... ok
[INFO] [stdout] test p012_medium_integer_to_roman::test::int_to_roman_base_003 ... ok
[INFO] [stdout] test p012_medium_integer_to_roman::test::case_004 ... ok
[INFO] [stdout] test p012_medium_integer_to_roman::test::int_to_roman_base_007 ... ok
[INFO] [stdout] test p012_medium_integer_to_roman::test::number_positions_001 ... ok
[INFO] [stdout] test p012_medium_integer_to_roman::test::number_positions_003 ... ok
[INFO] [stdout] test p012_medium_integer_to_roman::test::int_to_roman_base_001 ... ok
[INFO] [stdout] test p012_medium_integer_to_roman::test::int_to_roman_base_006 ... ok
[INFO] [stdout] test p013_easy_roman_to_integer::test::case3 ... ok
[INFO] [stdout] test p012_medium_integer_to_roman::test::int_to_roman_base_002 ... ok
[INFO] [stdout] test p012_medium_integer_to_roman::test::int_to_roman_base_004 ... ok
[INFO] [stdout] test p013_easy_roman_to_integer::test::case1 ... ok
[INFO] [stdout] test p013_easy_roman_to_integer::test::case2 ... ok
[INFO] [stdout] test p014_easy_longest_common_prefix::test::case2 ... ok
[INFO] [stdout] test p012_medium_integer_to_roman::test::int_to_roman_base_005 ... ok
[INFO] [stdout] test p015_medium_3sum::test::case_001 ... ok
[INFO] [stdout] test p012_medium_integer_to_roman::test::number_positions_002 ... ok
[INFO] [stdout] test p014_easy_longest_common_prefix::test::case1 ... ok
[INFO] [stdout] test p016_medium_3sum_closest::test::find_closest_002 ... ok
[INFO] [stdout] test p016_medium_3sum_closest::test::find_closest_001 ... ok
[INFO] [stdout] test p016_medium_3sum_closest::test::find_closest_003 ... ok
[INFO] [stdout] test p016_medium_3sum_closest::test::find_closest_004 ... ok
[INFO] [stdout] test p014_easy_longest_common_prefix::test::case5 ... ok
[INFO] [stdout] test p014_easy_longest_common_prefix::test::case4 ... ok
[INFO] [stdout] test p016_medium_3sum_closest::test::find_closest_005 ... ok
[INFO] [stdout] test p016_medium_zigzag_conversion::test::case_001 ... ok
[INFO] [stdout] test p014_easy_longest_common_prefix::test::case3 ... ok
[INFO] [stdout] test p016_medium_zigzag_conversion::test::case_002 ... ok
[INFO] [stdout] test p016_medium_zigzag_conversion::test::case_003 ... ok
[INFO] [stdout] test p037_hard_sudoku_solver::test::case_001_single_digit_solving ... ok
[INFO] [stdout] test p048_medium_rotate_image::test::case_001 ... ok
[INFO] [stdout] test p048_medium_rotate_image::test::case_002 ... ok
[INFO] [stdout] test p048_medium_rotate_image::test::case_003 ... ok
[INFO] [stdout] test p053_medium_maximum_subarray::test::case_001 ... ok
[INFO] [stdout] test p053_medium_maximum_subarray::test::case_002 ... ok
[INFO] [stdout] test p037_hard_sudoku_solver::test::case_002_leetcode_example ... ok
[INFO] [stdout] test p016_medium_3sum_closest::test::case_002 ... FAILED
[INFO] [stdout] test p016_medium_3sum_closest::test::case_001 ... FAILED
[INFO] [stdout] test p016_medium_3sum_closest::test::case_003 ... FAILED
[INFO] [stdout] test p016_medium_3sum_closest::test::case_004 ... FAILED
[INFO] [stdout] 
[INFO] [stdout] failures:
[INFO] [stdout] 
[INFO] [stdout] ---- p016_medium_3sum_closest::test::case_002 stdout ----
[INFO] [stdout] thread 'p016_medium_3sum_closest::test::case_002' panicked at src/p016_medium_3sum_closest.rs:117:9:
[INFO] [stdout] assertion `left == right` failed
[INFO] [stdout]   left: 2147483647
[INFO] [stdout]  right: 0
[INFO] [stdout] stack backtrace:
[INFO] [stdout]    0:     0x61a50efd0cda - std::backtrace_rs::backtrace::libunwind::trace::h5a5b8284f2d0c266
[INFO] [stdout]                                at /rustc/90b35a6239c3d8bdabc530a6a0816f7ff89a0aaf/library/std/src/../../backtrace/src/backtrace/libunwind.rs:116:5
[INFO] [stdout]    1:     0x61a50efd0cda - std::backtrace_rs::backtrace::trace_unsynchronized::h76d4f1c9b0b875e3
[INFO] [stdout]                                at /rustc/90b35a6239c3d8bdabc530a6a0816f7ff89a0aaf/library/std/src/../../backtrace/src/backtrace/mod.rs:66:5
[INFO] [stdout]    2:     0x61a50efd0cda - std::sys::backtrace::_print_fmt::hc4546b8364a537c6
[INFO] [stdout]                                at /rustc/90b35a6239c3d8bdabc530a6a0816f7ff89a0aaf/library/std/src/sys/backtrace.rs:66:9
[INFO] [stdout]    3:     0x61a50efd0cda - <std::sys::backtrace::BacktraceLock::print::DisplayBacktrace as core::fmt::Display>::fmt::h5b6bd5631a6d1f6b
[INFO] [stdout]                                at /rustc/90b35a6239c3d8bdabc530a6a0816f7ff89a0aaf/library/std/src/sys/backtrace.rs:39:26
[INFO] [stdout]    4:     0x61a50eff6563 - core::fmt::rt::Argument::fmt::h270f6602a2b96f62
[INFO] [stdout]                                at /rustc/90b35a6239c3d8bdabc530a6a0816f7ff89a0aaf/library/core/src/fmt/rt.rs:177:76
[INFO] [stdout]    5:     0x61a50eff6563 - core::fmt::write::h7550c97b06c86515
[INFO] [stdout]                                at /rustc/90b35a6239c3d8bdabc530a6a0816f7ff89a0aaf/library/core/src/fmt/mod.rs:1186:21
[INFO] [stdout]    6:     0x61a50efcdea3 - std::io::Write::write_fmt::h509ff860e5956e5e
[INFO] [stdout]                                at /rustc/90b35a6239c3d8bdabc530a6a0816f7ff89a0aaf/library/std/src/io/mod.rs:1839:15
[INFO] [stdout]    7:     0x61a50efd0b22 - std::sys::backtrace::BacktraceLock::print::h2395ccd2c84ba3aa
[INFO] [stdout]                                at /rustc/90b35a6239c3d8bdabc530a6a0816f7ff89a0aaf/library/std/src/sys/backtrace.rs:42:9
[INFO] [stdout]    8:     0x61a50efd213a - std::panicking::default_hook::{{closure}}::he19d4c7230e07961
[INFO] [stdout]                                at /rustc/90b35a6239c3d8bdabc530a6a0816f7ff89a0aaf/library/std/src/panicking.rs:268:22
[INFO] [stdout]    9:     0x61a50efd1f44 - std::panicking::default_hook::hf614597d3c67bbdb
[INFO] [stdout]                                at /rustc/90b35a6239c3d8bdabc530a6a0816f7ff89a0aaf/library/std/src/panicking.rs:292:9
[INFO] [stdout]   10:     0x61a50ef9d829 - <alloc::boxed::Box<F,A> as core::ops::function::Fn<Args>>::call::h39b51ce4599c23d1
[INFO] [stdout]                                at /rustc/90b35a6239c3d8bdabc530a6a0816f7ff89a0aaf/library/alloc/src/boxed.rs:2468:9
[INFO] [stdout]   11:     0x61a50ef9d829 - test::test_main::{{closure}}::he977ae839a582784
[INFO] [stdout]                                at /rustc/90b35a6239c3d8bdabc530a6a0816f7ff89a0aaf/library/test/src/lib.rs:133:21
[INFO] [stdout]   12:     0x61a50efd27d8 - <alloc::boxed::Box<F,A> as core::ops::function::Fn<Args>>::call::h9455091b6b06f9fb
[INFO] [stdout]                                at /rustc/90b35a6239c3d8bdabc530a6a0816f7ff89a0aaf/library/alloc/src/boxed.rs:2468:9
[INFO] [stdout]   13:     0x61a50efd27d8 - std::panicking::rust_panic_with_hook::h8942133a8b252070
[INFO] [stdout]                                at /rustc/90b35a6239c3d8bdabc530a6a0816f7ff89a0aaf/library/std/src/panicking.rs:809:13
[INFO] [stdout]   14:     0x61a50efd259a - std::panicking::begin_panic_handler::{{closure}}::hb5f5963570096b29
[INFO] [stdout]                                at /rustc/90b35a6239c3d8bdabc530a6a0816f7ff89a0aaf/library/std/src/panicking.rs:674:13
[INFO] [stdout]   15:     0x61a50efd11b9 - std::sys::backtrace::__rust_end_short_backtrace::h6208cedc1922feda
[INFO] [stdout]                                at /rustc/90b35a6239c3d8bdabc530a6a0816f7ff89a0aaf/library/std/src/sys/backtrace.rs:170:18
[INFO] [stdout]   16:     0x61a50efd222c - rust_begin_unwind
[INFO] [stdout]                                at /rustc/90b35a6239c3d8bdabc530a6a0816f7ff89a0aaf/library/std/src/panicking.rs:665:5
[INFO] [stdout]   17:     0x61a50eef9aa0 - core::panicking::panic_fmt::h0c3082644d1bf418
[INFO] [stdout]                                at /rustc/90b35a6239c3d8bdabc530a6a0816f7ff89a0aaf/library/core/src/panicking.rs:74:14
[INFO] [stdout]   18:     0x61a50eef9e6b - core::panicking::assert_failed_inner::h2ddf1fcc067fa858
[INFO] [stdout]   19:     0x61a50ef53971 - core::panicking::assert_failed::h532a5844af79454d
[INFO] [stdout]                                at /rustc/90b35a6239c3d8bdabc530a6a0816f7ff89a0aaf/library/core/src/panicking.rs:367:5
[INFO] [stdout]   20:     0x61a50ef5612b - leetcode::p016_medium_3sum_closest::test::case_002::h3f4e0e28083dcc2a
[INFO] [stdout]                                at /opt/rustwide/workdir/src/p016_medium_3sum_closest.rs:117:9
[INFO] [stdout]   21:     0x61a50ef56047 - leetcode::p016_medium_3sum_closest::test::case_002::{{closure}}::haf4ca483026a315c
[INFO] [stdout]                                at /opt/rustwide/workdir/src/p016_medium_3sum_closest.rs:116:22
[INFO] [stdout]   22:     0x61a50ef31536 - core::ops::function::FnOnce::call_once::ha2092da0ea6ac3fa
[INFO] [stdout]                                at /rustc/90b35a6239c3d8bdabc530a6a0816f7ff89a0aaf/library/core/src/ops/function.rs:250:5
[INFO] [stdout]   23:     0x61a50efa21eb - core::ops::function::FnOnce::call_once::h109cf8051a59b34e
[INFO] [stdout]                                at /rustc/90b35a6239c3d8bdabc530a6a0816f7ff89a0aaf/library/core/src/ops/function.rs:250:5
[INFO] [stdout]   24:     0x61a50efa21eb - test::__rust_begin_short_backtrace::hf4fff89d377446ba
[INFO] [stdout]                                at /rustc/90b35a6239c3d8bdabc530a6a0816f7ff89a0aaf/library/test/src/lib.rs:621:18
[INFO] [stdout]   25:     0x61a50efa1a27 - test::run_test_in_process::{{closure}}::h0e39181dd7ee5a43
[INFO] [stdout]                                at /rustc/90b35a6239c3d8bdabc530a6a0816f7ff89a0aaf/library/test/src/lib.rs:644:60
[INFO] [stdout]   26:     0x61a50efa1a27 - <core::panic::unwind_safe::AssertUnwindSafe<F> as core::ops::function::FnOnce<()>>::call_once::hc5a66a30f0bdfd1f
[INFO] [stdout]                                at /rustc/90b35a6239c3d8bdabc530a6a0816f7ff89a0aaf/library/core/src/panic/unwind_safe.rs:272:9
[INFO] [stdout]   27:     0x61a50efa1a27 - std::panicking::try::do_call::h873b7cf639554a5e
[INFO] [stdout]                                at /rustc/90b35a6239c3d8bdabc530a6a0816f7ff89a0aaf/library/std/src/panicking.rs:557:40
[INFO] [stdout]   28:     0x61a50efa1a27 - std::panicking::try::hdb19862fad9c8bd1
[INFO] [stdout]                                at /rustc/90b35a6239c3d8bdabc530a6a0816f7ff89a0aaf/library/std/src/panicking.rs:520:19
[INFO] [stdout]   29:     0x61a50efa1a27 - std::panic::catch_unwind::h281fe732d236d260
[INFO] [stdout]                                at /rustc/90b35a6239c3d8bdabc530a6a0816f7ff89a0aaf/library/std/src/panic.rs:358:14
[INFO] [stdout]   30:     0x61a50efa1a27 - test::run_test_in_process::h949b6df8457ed338
[INFO] [stdout]                                at /rustc/90b35a6239c3d8bdabc530a6a0816f7ff89a0aaf/library/test/src/lib.rs:644:27
[INFO] [stdout]   31:     0x61a50efa1a27 - test::run_test::{{closure}}::h52c556a6d4740e10
[INFO] [stdout]                                at /rustc/90b35a6239c3d8bdabc530a6a0816f7ff89a0aaf/library/test/src/lib.rs:565:43
[INFO] [stdout]   32:     0x61a50ef66d04 - test::run_test::{{closure}}::h4237f6381c45ccb9
[INFO] [stdout]                                at /rustc/90b35a6239c3d8bdabc530a6a0816f7ff89a0aaf/library/test/src/lib.rs:595:41
[INFO] [stdout]   33:     0x61a50ef66d04 - std::sys::backtrace::__rust_begin_short_backtrace::h505c97a579eca628
[INFO] [stdout]                                at /rustc/90b35a6239c3d8bdabc530a6a0816f7ff89a0aaf/library/std/src/sys/backtrace.rs:154:18
[INFO] [stdout]   34:     0x61a50ef6a3ce - std::thread::Builder::spawn_unchecked_::{{closure}}::{{closure}}::h9e86b2e2bc107ea3
[INFO] [stdout]                                at /rustc/90b35a6239c3d8bdabc530a6a0816f7ff89a0aaf/library/std/src/thread/mod.rs:538:17
[INFO] [stdout]   35:     0x61a50ef6a3ce - <core::panic::unwind_safe::AssertUnwindSafe<F> as core::ops::function::FnOnce<()>>::call_once::h8b06ddb275ff4a25
[INFO] [stdout]                                at /rustc/90b35a6239c3d8bdabc530a6a0816f7ff89a0aaf/library/core/src/panic/unwind_safe.rs:272:9
[INFO] [stdout]   36:     0x61a50ef6a3ce - std::panicking::try::do_call::hb26ecd7cd9a9355d
[INFO] [stdout]                                at /rustc/90b35a6239c3d8bdabc530a6a0816f7ff89a0aaf/library/std/src/panicking.rs:557:40
[INFO] [stdout]   37:     0x61a50ef6a3ce - std::panicking::try::h8ddeca9d705f9069
[INFO] [stdout]                                at /rustc/90b35a6239c3d8bdabc530a6a0816f7ff89a0aaf/library/std/src/panicking.rs:520:19
[INFO] [stdout]   38:     0x61a50ef6a3ce - std::panic::catch_unwind::h49e1c33078844c46
[INFO] [stdout]                                at /rustc/90b35a6239c3d8bdabc530a6a0816f7ff89a0aaf/library/std/src/panic.rs:358:14
[INFO] [stdout]   39:     0x61a50ef6a3ce - std::thread::Builder::spawn_unchecked_::{{closure}}::h6073db6ff56ad35d
[INFO] [stdout]                                at /rustc/90b35a6239c3d8bdabc530a6a0816f7ff89a0aaf/library/std/src/thread/mod.rs:537:30
[INFO] [stdout]   40:     0x61a50ef6a3ce - core::ops::function::FnOnce::call_once{{vtable.shim}}::h2c5a5f3779c774f1
[INFO] [stdout]                                at /rustc/90b35a6239c3d8bdabc530a6a0816f7ff89a0aaf/library/core/src/ops/function.rs:250:5
[INFO] [stdout]   41:     0x61a50efd652b - <alloc::boxed::Box<F,A> as core::ops::function::FnOnce<Args>>::call_once::hf75717d9f28faebf
[INFO] [stdout]                                at /rustc/90b35a6239c3d8bdabc530a6a0816f7ff89a0aaf/library/alloc/src/boxed.rs:2454:9
[INFO] [stdout]   42:     0x61a50efd652b - <alloc::boxed::Box<F,A> as core::ops::function::FnOnce<Args>>::call_once::h7bd883a5f3c5f3c1
[INFO] [stdout]                                at /rustc/90b35a6239c3d8bdabc530a6a0816f7ff89a0aaf/library/alloc/src/boxed.rs:2454:9
[INFO] [stdout]   43:     0x61a50efd652b - std::sys::pal::unix::thread::Thread::new::thread_start::hcc78f3943333fa94
[INFO] [stdout]                                at /rustc/90b35a6239c3d8bdabc530a6a0816f7ff89a0aaf/library/std/src/sys/pal/unix/thread.rs:105:17
[INFO] [stdout]   44:     0x75cd078c1ac3 - <unknown>
[INFO] [stdout]   45:     0x75cd07952a04 - clone
[INFO] [stdout]   46:                0x0 - <unknown>
[INFO] [stdout] 
[INFO] [stdout] ---- p016_medium_3sum_closest::test::case_001 stdout ----
[INFO] [stdout] thread 'p016_medium_3sum_closest::test::case_001' panicked at src/p016_medium_3sum_closest.rs:112:9:
[INFO] [stdout] assertion `left == right` failed
[INFO] [stdout]   left: 2147483647
[INFO] [stdout]  right: 2
[INFO] [stdout] stack backtrace:
[INFO] [stdout]    0:     0x61a50efd0cda - std::backtrace_rs::backtrace::libunwind::trace::h5a5b8284f2d0c266
[INFO] [stdout]                                at /rustc/90b35a6239c3d8bdabc530a6a0816f7ff89a0aaf/library/std/src/../../backtrace/src/backtrace/libunwind.rs:116:5
[INFO] [stdout]    1:     0x61a50efd0cda - std::backtrace_rs::backtrace::trace_unsynchronized::h76d4f1c9b0b875e3
[INFO] [stdout]                                at /rustc/90b35a6239c3d8bdabc530a6a0816f7ff89a0aaf/library/std/src/../../backtrace/src/backtrace/mod.rs:66:5
[INFO] [stdout]    2:     0x61a50efd0cda - std::sys::backtrace::_print_fmt::hc4546b8364a537c6
[INFO] [stdout]                                at /rustc/90b35a6239c3d8bdabc530a6a0816f7ff89a0aaf/library/std/src/sys/backtrace.rs:66:9
[INFO] [stdout]    3:     0x61a50efd0cda - <std::sys::backtrace::BacktraceLock::print::DisplayBacktrace as core::fmt::Display>::fmt::h5b6bd5631a6d1f6b
[INFO] [stdout]                                at /rustc/90b35a6239c3d8bdabc530a6a0816f7ff89a0aaf/library/std/src/sys/backtrace.rs:39:26
[INFO] [stdout]    4:     0x61a50eff6563 - core::fmt::rt::Argument::fmt::h270f6602a2b96f62
[INFO] [stdout]                                at /rustc/90b35a6239c3d8bdabc530a6a0816f7ff89a0aaf/library/core/src/fmt/rt.rs:177:76
[INFO] [stdout]    5:     0x61a50eff6563 - core::fmt::write::h7550c97b06c86515
[INFO] [stdout]                                at /rustc/90b35a6239c3d8bdabc530a6a0816f7ff89a0aaf/library/core/src/fmt/mod.rs:1186:21
[INFO] [stdout]    6:     0x61a50efcdea3 - std::io::Write::write_fmt::h509ff860e5956e5e
[INFO] [stdout]                                at /rustc/90b35a6239c3d8bdabc530a6a0816f7ff89a0aaf/library/std/src/io/mod.rs:1839:15
[INFO] [stdout]    7:     0x61a50efd0b22 - std::sys::backtrace::BacktraceLock::print::h2395ccd2c84ba3aa
[INFO] [stdout]                                at /rustc/90b35a6239c3d8bdabc530a6a0816f7ff89a0aaf/library/std/src/sys/backtrace.rs:42:9
[INFO] [stdout]    8:     0x61a50efd213a - std::panicking::default_hook::{{closure}}::he19d4c7230e07961
[INFO] [stdout]                                at /rustc/90b35a6239c3d8bdabc530a6a0816f7ff89a0aaf/library/std/src/panicking.rs:268:22
[INFO] [stdout]    9:     0x61a50efd1f44 - std::panicking::default_hook::hf614597d3c67bbdb
[INFO] [stdout]                                at /rustc/90b35a6239c3d8bdabc530a6a0816f7ff89a0aaf/library/std/src/panicking.rs:292:9
[INFO] [stdout]   10:     0x61a50ef9d829 - <alloc::boxed::Box<F,A> as core::ops::function::Fn<Args>>::call::h39b51ce4599c23d1
[INFO] [stdout]                                at /rustc/90b35a6239c3d8bdabc530a6a0816f7ff89a0aaf/library/alloc/src/boxed.rs:2468:9
[INFO] [stdout]   11:     0x61a50ef9d829 - test::test_main::{{closure}}::he977ae839a582784
[INFO] [stdout]                                at /rustc/90b35a6239c3d8bdabc530a6a0816f7ff89a0aaf/library/test/src/lib.rs:133:21
[INFO] [stdout]   12:     0x61a50efd27d8 - <alloc::boxed::Box<F,A> as core::ops::function::Fn<Args>>::call::h9455091b6b06f9fb
[INFO] [stdout]                                at /rustc/90b35a6239c3d8bdabc530a6a0816f7ff89a0aaf/library/alloc/src/boxed.rs:2468:9
[INFO] [stdout]   13:     0x61a50efd27d8 - std::panicking::rust_panic_with_hook::h8942133a8b252070
[INFO] [stdout]                                at /rustc/90b35a6239c3d8bdabc530a6a0816f7ff89a0aaf/library/std/src/panicking.rs:809:13
[INFO] [stdout]   14:     0x61a50efd259a - std::panicking::begin_panic_handler::{{closure}}::hb5f5963570096b29
[INFO] [stdout]                                at /rustc/90b35a6239c3d8bdabc530a6a0816f7ff89a0aaf/library/std/src/panicking.rs:674:13
[INFO] [stdout]   15:     0x61a50efd11b9 - std::sys::backtrace::__rust_end_short_backtrace::h6208cedc1922feda
[INFO] [stdout]                                at /rustc/90b35a6239c3d8bdabc530a6a0816f7ff89a0aaf/library/std/src/sys/backtrace.rs:170:18
[INFO] [stdout]   16:     0x61a50efd222c - rust_begin_unwind
[INFO] [stdout]                                at /rustc/90b35a6239c3d8bdabc530a6a0816f7ff89a0aaf/library/std/src/panicking.rs:665:5
[INFO] [stdout]   17:     0x61a50eef9aa0 - core::panicking::panic_fmt::h0c3082644d1bf418
[INFO] [stdout]                                at /rustc/90b35a6239c3d8bdabc530a6a0816f7ff89a0aaf/library/core/src/panicking.rs:74:14
[INFO] [stdout]   18:     0x61a50eef9e6b - core::panicking::assert_failed_inner::h2ddf1fcc067fa858
[INFO] [stdout]   19:     0x61a50ef53971 - core::panicking::assert_failed::h532a5844af79454d
[INFO] [stdout]                                at /rustc/90b35a6239c3d8bdabc530a6a0816f7ff89a0aaf/library/core/src/panicking.rs:367:5
[INFO] [stdout]   20:     0x61a50ef56022 - leetcode::p016_medium_3sum_closest::test::case_001::h80693f25a3af247b
[INFO] [stdout]                                at /opt/rustwide/workdir/src/p016_medium_3sum_closest.rs:112:9
[INFO] [stdout]   21:     0x61a50ef55f37 - leetcode::p016_medium_3sum_closest::test::case_001::{{closure}}::h0dec7e69dd587519
[INFO] [stdout]                                at /opt/rustwide/workdir/src/p016_medium_3sum_closest.rs:111:22
[INFO] [stdout]   22:     0x61a50ef30f96 - core::ops::function::FnOnce::call_once::h884baedd2f2612cc
[INFO] [stdout]                                at /rustc/90b35a6239c3d8bdabc530a6a0816f7ff89a0aaf/library/core/src/ops/function.rs:250:5
[INFO] [stdout]   23:     0x61a50efa21eb - core::ops::function::FnOnce::call_once::h109cf8051a59b34e
[INFO] [stdout]                                at /rustc/90b35a6239c3d8bdabc530a6a0816f7ff89a0aaf/library/core/src/ops/function.rs:250:5
[INFO] [stdout]   24:     0x61a50efa21eb - test::__rust_begin_short_backtrace::hf4fff89d377446ba
[INFO] [stdout]                                at /rustc/90b35a6239c3d8bdabc530a6a0816f7ff89a0aaf/library/test/src/lib.rs:621:18
[INFO] [stdout]   25:     0x61a50efa1a27 - test::run_test_in_process::{{closure}}::h0e39181dd7ee5a43
[INFO] [stdout]                                at /rustc/90b35a6239c3d8bdabc530a6a0816f7ff89a0aaf/library/test/src/lib.rs:644:60
[INFO] [stdout]   26:     0x61a50efa1a27 - <core::panic::unwind_safe::AssertUnwindSafe<F> as core::ops::function::FnOnce<()>>::call_once::hc5a66a30f0bdfd1f
[INFO] [stdout]                                at /rustc/90b35a6239c3d8bdabc530a6a0816f7ff89a0aaf/library/core/src/panic/unwind_safe.rs:272:9
[INFO] [stdout]   27:     0x61a50efa1a27 - std::panicking::try::do_call::h873b7cf639554a5e
[INFO] [stdout]                                at /rustc/90b35a6239c3d8bdabc530a6a0816f7ff89a0aaf/library/std/src/panicking.rs:557:40
[INFO] [stdout]   28:     0x61a50efa1a27 - std::panicking::try::hdb19862fad9c8bd1
[INFO] [stdout]                                at /rustc/90b35a6239c3d8bdabc530a6a0816f7ff89a0aaf/library/std/src/panicking.rs:520:19
[INFO] [stdout]   29:     0x61a50efa1a27 - std::panic::catch_unwind::h281fe732d236d260
[INFO] [stdout]                                at /rustc/90b35a6239c3d8bdabc530a6a0816f7ff89a0aaf/library/std/src/panic.rs:358:14
[INFO] [stdout]   30:     0x61a50efa1a27 - test::run_test_in_process::h949b6df8457ed338
[INFO] [stdout]                                at /rustc/90b35a6239c3d8bdabc530a6a0816f7ff89a0aaf/library/test/src/lib.rs:644:27
[INFO] [stdout]   31:     0x61a50efa1a27 - test::run_test::{{closure}}::h52c556a6d4740e10
[INFO] [stdout]                                at /rustc/90b35a6239c3d8bdabc530a6a0816f7ff89a0aaf/library/test/src/lib.rs:565:43
[INFO] [stdout]   32:     0x61a50ef66d04 - test::run_test::{{closure}}::h4237f6381c45ccb9
[INFO] [stdout]                                at /rustc/90b35a6239c3d8bdabc530a6a0816f7ff89a0aaf/library/test/src/lib.rs:595:41
[INFO] [stdout]   33:     0x61a50ef66d04 - std::sys::backtrace::__rust_begin_short_backtrace::h505c97a579eca628
[INFO] [stdout]                                at /rustc/90b35a6239c3d8bdabc530a6a0816f7ff89a0aaf/library/std/src/sys/backtrace.rs:154:18
[INFO] [stdout]   34:     0x61a50ef6a3ce - std::thread::Builder::spawn_unchecked_::{{closure}}::{{closure}}::h9e86b2e2bc107ea3
[INFO] [stdout]                                at /rustc/90b35a6239c3d8bdabc530a6a0816f7ff89a0aaf/library/std/src/thread/mod.rs:538:17
[INFO] [stdout]   35:     0x61a50ef6a3ce - <core::panic::unwind_safe::AssertUnwindSafe<F> as core::ops::function::FnOnce<()>>::call_once::h8b06ddb275ff4a25
[INFO] [stdout]                                at /rustc/90b35a6239c3d8bdabc530a6a0816f7ff89a0aaf/library/core/src/panic/unwind_safe.rs:272:9
[INFO] [stdout]   36:     0x61a50ef6a3ce - std::panicking::try::do_call::hb26ecd7cd9a9355d
[INFO] [stdout]                                at /rustc/90b35a6239c3d8bdabc530a6a0816f7ff89a0aaf/library/std/src/panicking.rs:557:40
[INFO] [stdout]   37:     0x61a50ef6a3ce - std::panicking::try::h8ddeca9d705f9069
[INFO] [stdout]                                at /rustc/90b35a6239c3d8bdabc530a6a0816f7ff89a0aaf/library/std/src/panicking.rs:520:19
[INFO] [stdout]   38:     0x61a50ef6a3ce - std::panic::catch_unwind::h49e1c33078844c46
[INFO] [stdout]                                at /rustc/90b35a6239c3d8bdabc530a6a0816f7ff89a0aaf/library/std/src/panic.rs:358:14
[INFO] [stdout]   39:     0x61a50ef6a3ce - std::thread::Builder::spawn_unchecked_::{{closure}}::h6073db6ff56ad35d
[INFO] [stdout]                                at /rustc/90b35a6239c3d8bdabc530a6a0816f7ff89a0aaf/library/std/src/thread/mod.rs:537:30
[INFO] [stdout]   40:     0x61a50ef6a3ce - core::ops::function::FnOnce::call_once{{vtable.shim}}::h2c5a5f3779c774f1
[INFO] [stdout]                                at /rustc/90b35a6239c3d8bdabc530a6a0816f7ff89a0aaf/library/core/src/ops/function.rs:250:5
[INFO] [stdout]   41:     0x61a50efd652b - <alloc::boxed::Box<F,A> as core::ops::function::FnOnce<Args>>::call_once::hf75717d9f28faebf
[INFO] [stdout]                                at /rustc/90b35a6239c3d8bdabc530a6a0816f7ff89a0aaf/library/alloc/src/boxed.rs:2454:9
[INFO] [stdout]   42:     0x61a50efd652b - <alloc::boxed::Box<F,A> as core::ops::function::FnOnce<Args>>::call_once::h7bd883a5f3c5f3c1
[INFO] [stdout]                                at /rustc/90b35a6239c3d8bdabc530a6a0816f7ff89a0aaf/library/alloc/src/boxed.rs:2454:9
[INFO] [stdout]   43:     0x61a50efd652b - std::sys::pal::unix::thread::Thread::new::thread_start::hcc78f3943333fa94
[INFO] [stdout]                                at /rustc/90b35a6239c3d8bdabc530a6a0816f7ff89a0aaf/library/std/src/sys/pal/unix/thread.rs:105:17
[INFO] [stdout]   44:     0x75cd078c1ac3 - <unknown>
[INFO] [stdout]   45:     0x75cd07952a04 - clone
[INFO] [stdout]   46:                0x0 - <unknown>
[INFO] [stdout] 
[INFO] [stdout] ---- p016_medium_3sum_closest::test::case_003 stdout ----
[INFO] [stdout] thread 'p016_medium_3sum_closest::test::case_003' panicked at src/p016_medium_3sum_closest.rs:122:9:
[INFO] [stdout] assertion `left == right` failed
[INFO] [stdout]   left: 2147483647
[INFO] [stdout]  right: 3
[INFO] [stdout] stack backtrace:
[INFO] [stdout]    0:     0x61a50efd0cda - std::backtrace_rs::backtrace::libunwind::trace::h5a5b8284f2d0c266
[INFO] [stdout]                                at /rustc/90b35a6239c3d8bdabc530a6a0816f7ff89a0aaf/library/std/src/../../backtrace/src/backtrace/libunwind.rs:116:5
[INFO] [stdout]    1:     0x61a50efd0cda - std::backtrace_rs::backtrace::trace_unsynchronized::h76d4f1c9b0b875e3
[INFO] [stdout]                                at /rustc/90b35a6239c3d8bdabc530a6a0816f7ff89a0aaf/library/std/src/../../backtrace/src/backtrace/mod.rs:66:5
[INFO] [stdout]    2:     0x61a50efd0cda - std::sys::backtrace::_print_fmt::hc4546b8364a537c6
[INFO] [stdout]                                at /rustc/90b35a6239c3d8bdabc530a6a0816f7ff89a0aaf/library/std/src/sys/backtrace.rs:66:9
[INFO] [stdout]    3:     0x61a50efd0cda - <std::sys::backtrace::BacktraceLock::print::DisplayBacktrace as core::fmt::Display>::fmt::h5b6bd5631a6d1f6b
[INFO] [stdout]                                at /rustc/90b35a6239c3d8bdabc530a6a0816f7ff89a0aaf/library/std/src/sys/backtrace.rs:39:26
[INFO] [stdout]    4:     0x61a50eff6563 - core::fmt::rt::Argument::fmt::h270f6602a2b96f62
[INFO] [stdout]                                at /rustc/90b35a6239c3d8bdabc530a6a0816f7ff89a0aaf/library/core/src/fmt/rt.rs:177:76
[INFO] [stdout]    5:     0x61a50eff6563 - core::fmt::write::h7550c97b06c86515
[INFO] [stdout]                                at /rustc/90b35a6239c3d8bdabc530a6a0816f7ff89a0aaf/library/core/src/fmt/mod.rs:1186:21
[INFO] [stdout]    6:     0x61a50efcdea3 - std::io::Write::write_fmt::h509ff860e5956e5e
[INFO] [stdout]                                at /rustc/90b35a6239c3d8bdabc530a6a0816f7ff89a0aaf/library/std/src/io/mod.rs:1839:15
[INFO] [stdout]    7:     0x61a50efd0b22 - std::sys::backtrace::BacktraceLock::print::h2395ccd2c84ba3aa
[INFO] [stdout]                                at /rustc/90b35a6239c3d8bdabc530a6a0816f7ff89a0aaf/library/std/src/sys/backtrace.rs:42:9
[INFO] [stdout]    8:     0x61a50efd213a - std::panicking::default_hook::{{closure}}::he19d4c7230e07961
[INFO] [stdout]                                at /rustc/90b35a6239c3d8bdabc530a6a0816f7ff89a0aaf/library/std/src/panicking.rs:268:22
[INFO] [stdout]    9:     0x61a50efd1f44 - std::panicking::default_hook::hf614597d3c67bbdb
[INFO] [stdout]                                at /rustc/90b35a6239c3d8bdabc530a6a0816f7ff89a0aaf/library/std/src/panicking.rs:292:9
[INFO] [stdout]   10:     0x61a50ef9d829 - <alloc::boxed::Box<F,A> as core::ops::function::Fn<Args>>::call::h39b51ce4599c23d1
[INFO] [stdout]                                at /rustc/90b35a6239c3d8bdabc530a6a0816f7ff89a0aaf/library/alloc/src/boxed.rs:2468:9
[INFO] [stdout]   11:     0x61a50ef9d829 - test::test_main::{{closure}}::he977ae839a582784
[INFO] [stdout]                                at /rustc/90b35a6239c3d8bdabc530a6a0816f7ff89a0aaf/library/test/src/lib.rs:133:21
[INFO] [stdout]   12:     0x61a50efd27d8 - <alloc::boxed::Box<F,A> as core::ops::function::Fn<Args>>::call::h9455091b6b06f9fb
[INFO] [stdout]                                at /rustc/90b35a6239c3d8bdabc530a6a0816f7ff89a0aaf/library/alloc/src/boxed.rs:2468:9
[INFO] [stdout]   13:     0x61a50efd27d8 - std::panicking::rust_panic_with_hook::h8942133a8b252070
[INFO] [stdout]                                at /rustc/90b35a6239c3d8bdabc530a6a0816f7ff89a0aaf/library/std/src/panicking.rs:809:13
[INFO] [stdout]   14:     0x61a50efd259a - std::panicking::begin_panic_handler::{{closure}}::hb5f5963570096b29
[INFO] [stdout]                                at /rustc/90b35a6239c3d8bdabc530a6a0816f7ff89a0aaf/library/std/src/panicking.rs:674:13
[INFO] [stdout]   15:     0x61a50efd11b9 - std::sys::backtrace::__rust_end_short_backtrace::h6208cedc1922feda
[INFO] [stdout]                                at /rustc/90b35a6239c3d8bdabc530a6a0816f7ff89a0aaf/library/std/src/sys/backtrace.rs:170:18
[INFO] [stdout]   16:     0x61a50efd222c - rust_begin_unwind
[INFO] [stdout]                                at /rustc/90b35a6239c3d8bdabc530a6a0816f7ff89a0aaf/library/std/src/panicking.rs:665:5
[INFO] [stdout]   17:     0x61a50eef9aa0 - core::panicking::panic_fmt::h0c3082644d1bf418
[INFO] [stdout]                                at /rustc/90b35a6239c3d8bdabc530a6a0816f7ff89a0aaf/library/core/src/panicking.rs:74:14
[INFO] [stdout]   18:     0x61a50eef9e6b - core::panicking::assert_failed_inner::h2ddf1fcc067fa858
[INFO] [stdout]   19:     0x61a50ef53971 - core::panicking::assert_failed::h532a5844af79454d
[INFO] [stdout]                                at /rustc/90b35a6239c3d8bdabc530a6a0816f7ff89a0aaf/library/core/src/panicking.rs:367:5
[INFO] [stdout]   20:     0x61a50ef56232 - leetcode::p016_medium_3sum_closest::test::case_003::ha94e5862c481fcf7
[INFO] [stdout]                                at /opt/rustwide/workdir/src/p016_medium_3sum_closest.rs:122:9
[INFO] [stdout]   21:     0x61a50ef56147 - leetcode::p016_medium_3sum_closest::test::case_003::{{closure}}::h4f5bc24fd1387b28
[INFO] [stdout]                                at /opt/rustwide/workdir/src/p016_medium_3sum_closest.rs:121:22
[INFO] [stdout]   22:     0x61a50ef31436 - core::ops::function::FnOnce::call_once::h9fc9a5b89e74d43f
[INFO] [stdout]                                at /rustc/90b35a6239c3d8bdabc530a6a0816f7ff89a0aaf/library/core/src/ops/function.rs:250:5
[INFO] [stdout]   23:     0x61a50efa21eb - core::ops::function::FnOnce::call_once::h109cf8051a59b34e
[INFO] [stdout]                                at /rustc/90b35a6239c3d8bdabc530a6a0816f7ff89a0aaf/library/core/src/ops/function.rs:250:5
[INFO] [stdout]   24:     0x61a50efa21eb - test::__rust_begin_short_backtrace::hf4fff89d377446ba
[INFO] [stdout]                                at /rustc/90b35a6239c3d8bdabc530a6a0816f7ff89a0aaf/library/test/src/lib.rs:621:18
[INFO] [stdout]   25:     0x61a50efa1a27 - test::run_test_in_process::{{closure}}::h0e39181dd7ee5a43
[INFO] [stdout]                                at /rustc/90b35a6239c3d8bdabc530a6a0816f7ff89a0aaf/library/test/src/lib.rs:644:60
[INFO] [stdout]   26:     0x61a50efa1a27 - <core::panic::unwind_safe::AssertUnwindSafe<F> as core::ops::function::FnOnce<()>>::call_once::hc5a66a30f0bdfd1f
[INFO] [stdout]                                at /rustc/90b35a6239c3d8bdabc530a6a0816f7ff89a0aaf/library/core/src/panic/unwind_safe.rs:272:9
[INFO] [stdout]   27:     0x61a50efa1a27 - std::panicking::try::do_call::h873b7cf639554a5e
[INFO] [stdout]                                at /rustc/90b35a6239c3d8bdabc530a6a0816f7ff89a0aaf/library/std/src/panicking.rs:557:40
[INFO] [stdout]   28:     0x61a50efa1a27 - std::panicking::try::hdb19862fad9c8bd1
[INFO] [stdout]                                at /rustc/90b35a6239c3d8bdabc530a6a0816f7ff89a0aaf/library/std/src/panicking.rs:520:19
[INFO] [stdout]   29:     0x61a50efa1a27 - std::panic::catch_unwind::h281fe732d236d260
[INFO] [stdout]                                at /rustc/90b35a6239c3d8bdabc530a6a0816f7ff89a0aaf/library/std/src/panic.rs:358:14
[INFO] [stdout]   30:     0x61a50efa1a27 - test::run_test_in_process::h949b6df8457ed338
[INFO] [stdout]                                at /rustc/90b35a6239c3d8bdabc530a6a0816f7ff89a0aaf/library/test/src/lib.rs:644:27
[INFO] [stdout]   31:     0x61a50efa1a27 - test::run_test::{{closure}}::h52c556a6d4740e10
[INFO] [stdout]                                at /rustc/90b35a6239c3d8bdabc530a6a0816f7ff89a0aaf/library/test/src/lib.rs:565:43
[INFO] [stdout]   32:     0x61a50ef66d04 - test::run_test::{{closure}}::h4237f6381c45ccb9
[INFO] [stdout]                                at /rustc/90b35a6239c3d8bdabc530a6a0816f7ff89a0aaf/library/test/src/lib.rs:595:41
[INFO] [stdout]   33:     0x61a50ef66d04 - std::sys::backtrace::__rust_begin_short_backtrace::h505c97a579eca628
[INFO] [stdout]                                at /rustc/90b35a6239c3d8bdabc530a6a0816f7ff89a0aaf/library/std/src/sys/backtrace.rs:154:18
[INFO] [stdout]   34:     0x61a50ef6a3ce - std::thread::Builder::spawn_unchecked_::{{closure}}::{{closure}}::h9e86b2e2bc107ea3
[INFO] [stdout]                                at /rustc/90b35a6239c3d8bdabc530a6a0816f7ff89a0aaf/library/std/src/thread/mod.rs:538:17
[INFO] [stdout]   35:     0x61a50ef6a3ce - <core::panic::unwind_safe::AssertUnwindSafe<F> as core::ops::function::FnOnce<()>>::call_once::h8b06ddb275ff4a25
[INFO] [stdout]                                at /rustc/90b35a6239c3d8bdabc530a6a0816f7ff89a0aaf/library/core/src/panic/unwind_safe.rs:272:9
[INFO] [stdout]   36:     0x61a50ef6a3ce - std::panicking::try::do_call::hb26ecd7cd9a9355d
[INFO] [stdout]                                at /rustc/90b35a6239c3d8bdabc530a6a0816f7ff89a0aaf/library/std/src/panicking.rs:557:40
[INFO] [stdout]   37:     0x61a50ef6a3ce - std::panicking::try::h8ddeca9d705f9069
[INFO] [stdout]                                at /rustc/90b35a6239c3d8bdabc530a6a0816f7ff89a0aaf/library/std/src/panicking.rs:520:19
[INFO] [stdout]   38:     0x61a50ef6a3ce - std::panic::catch_unwind::h49e1c33078844c46
[INFO] [stdout]                                at /rustc/90b35a6239c3d8bdabc530a6a0816f7ff89a0aaf/library/std/src/panic.rs:358:14
[INFO] [stdout]   39:     0x61a50ef6a3ce - std::thread::Builder::spawn_unchecked_::{{closure}}::h6073db6ff56ad35d
[INFO] [stdout]                                at /rustc/90b35a6239c3d8bdabc530a6a0816f7ff89a0aaf/library/std/src/thread/mod.rs:537:30
[INFO] [stdout]   40:     0x61a50ef6a3ce - core::ops::function::FnOnce::call_once{{vtable.shim}}::h2c5a5f3779c774f1
[INFO] [stdout]                                at /rustc/90b35a6239c3d8bdabc530a6a0816f7ff89a0aaf/library/core/src/ops/function.rs:250:5
[INFO] [stdout]   41:     0x61a50efd652b - <alloc::boxed::Box<F,A> as core::ops::function::FnOnce<Args>>::call_once::hf75717d9f28faebf
[INFO] [stdout]                                at /rustc/90b35a6239c3d8bdabc530a6a0816f7ff89a0aaf/library/alloc/src/boxed.rs:2454:9
[INFO] [stdout]   42:     0x61a50efd652b - <alloc::boxed::Box<F,A> as core::ops::function::FnOnce<Args>>::call_once::h7bd883a5f3c5f3c1
[INFO] [stdout]                                at /rustc/90b35a6239c3d8bdabc530a6a0816f7ff89a0aaf/library/alloc/src/boxed.rs:2454:9
[INFO] [stdout]   43:     0x61a50efd652b - std::sys::pal::unix::thread::Thread::new::thread_start::hcc78f3943333fa94
[INFO] [stdout]                                at /rustc/90b35a6239c3d8bdabc530a6a0816f7ff89a0aaf/library/std/src/sys/pal/unix/thread.rs:105:17
[INFO] [stdout]   44:     0x75cd078c1ac3 - <unknown>
[INFO] [stdout]   45:     0x75cd07952a04 - clone
[INFO] [stdout]   46:                0x0 - <unknown>
[INFO] [stdout] 
[INFO] [stdout] ---- p016_medium_3sum_closest::test::case_004 stdout ----
[INFO] [stdout] thread 'p016_medium_3sum_closest::test::case_004' panicked at src/p016_medium_3sum_closest.rs:127:9:
[INFO] [stdout] assertion `left == right` failed
[INFO] [stdout]   left: 2147483647
[INFO] [stdout]  right: -2
[INFO] [stdout] stack backtrace:
[INFO] [stdout]    0:     0x61a50efd0cda - std::backtrace_rs::backtrace::libunwind::trace::h5a5b8284f2d0c266
[INFO] [stdout]                                at /rustc/90b35a6239c3d8bdabc530a6a0816f7ff89a0aaf/library/std/src/../../backtrace/src/backtrace/libunwind.rs:116:5
[INFO] [stdout]    1:     0x61a50efd0cda - std::backtrace_rs::backtrace::trace_unsynchronized::h76d4f1c9b0b875e3
[INFO] [stdout]                                at /rustc/90b35a6239c3d8bdabc530a6a0816f7ff89a0aaf/library/std/src/../../backtrace/src/backtrace/mod.rs:66:5
[INFO] [stdout]    2:     0x61a50efd0cda - std::sys::backtrace::_print_fmt::hc4546b8364a537c6
[INFO] [stdout]                                at /rustc/90b35a6239c3d8bdabc530a6a0816f7ff89a0aaf/library/std/src/sys/backtrace.rs:66:9
[INFO] [stdout]    3:     0x61a50efd0cda - <std::sys::backtrace::BacktraceLock::print::DisplayBacktrace as core::fmt::Display>::fmt::h5b6bd5631a6d1f6b
[INFO] [stdout]                                at /rustc/90b35a6239c3d8bdabc530a6a0816f7ff89a0aaf/library/std/src/sys/backtrace.rs:39:26
[INFO] [stdout]    4:     0x61a50eff6563 - core::fmt::rt::Argument::fmt::h270f6602a2b96f62
[INFO] [stdout]                                at /rustc/90b35a6239c3d8bdabc530a6a0816f7ff89a0aaf/library/core/src/fmt/rt.rs:177:76
[INFO] [stdout]    5:     0x61a50eff6563 - core::fmt::write::h7550c97b06c86515
[INFO] [stdout]                                at /rustc/90b35a6239c3d8bdabc530a6a0816f7ff89a0aaf/library/core/src/fmt/mod.rs:1186:21
[INFO] [stdout]    6:     0x61a50efcdea3 - std::io::Write::write_fmt::h509ff860e5956e5e
[INFO] [stdout]                                at /rustc/90b35a6239c3d8bdabc530a6a0816f7ff89a0aaf/library/std/src/io/mod.rs:1839:15
[INFO] [stdout]    7:     0x61a50efd0b22 - std::sys::backtrace::BacktraceLock::print::h2395ccd2c84ba3aa
[INFO] [stdout]                                at /rustc/90b35a6239c3d8bdabc530a6a0816f7ff89a0aaf/library/std/src/sys/backtrace.rs:42:9
[INFO] [stdout]    8:     0x61a50efd213a - std::panicking::default_hook::{{closure}}::he19d4c7230e07961
[INFO] [stdout]                                at /rustc/90b35a6239c3d8bdabc530a6a0816f7ff89a0aaf/library/std/src/panicking.rs:268:22
[INFO] [stdout]    9:     0x61a50efd1f44 - std::panicking::default_hook::hf614597d3c67bbdb
[INFO] [stdout]                                at /rustc/90b35a6239c3d8bdabc530a6a0816f7ff89a0aaf/library/std/src/panicking.rs:292:9
[INFO] [stdout]   10:     0x61a50ef9d829 - <alloc::boxed::Box<F,A> as core::ops::function::Fn<Args>>::call::h39b51ce4599c23d1
[INFO] [stdout]                                at /rustc/90b35a6239c3d8bdabc530a6a0816f7ff89a0aaf/library/alloc/src/boxed.rs:2468:9
[INFO] [stdout]   11:     0x61a50ef9d829 - test::test_main::{{closure}}::he977ae839a582784
[INFO] [stdout]                                at /rustc/90b35a6239c3d8bdabc530a6a0816f7ff89a0aaf/library/test/src/lib.rs:133:21
[INFO] [stdout]   12:     0x61a50efd27d8 - <alloc::boxed::Box<F,A> as core::ops::function::Fn<Args>>::call::h9455091b6b06f9fb
[INFO] [stdout]                                at /rustc/90b35a6239c3d8bdabc530a6a0816f7ff89a0aaf/library/alloc/src/boxed.rs:2468:9
[INFO] [stdout]   13:     0x61a50efd27d8 - std::panicking::rust_panic_with_hook::h8942133a8b252070
[INFO] [stdout]                                at /rustc/90b35a6239c3d8bdabc530a6a0816f7ff89a0aaf/library/std/src/panicking.rs:809:13
[INFO] [stdout]   14:     0x61a50efd259a - std::panicking::begin_panic_handler::{{closure}}::hb5f5963570096b29
[INFO] [stdout]                                at /rustc/90b35a6239c3d8bdabc530a6a0816f7ff89a0aaf/library/std/src/panicking.rs:674:13
[INFO] [stdout]   15:     0x61a50efd11b9 - std::sys::backtrace::__rust_end_short_backtrace::h6208cedc1922feda
[INFO] [stdout]                                at /rustc/90b35a6239c3d8bdabc530a6a0816f7ff89a0aaf/library/std/src/sys/backtrace.rs:170:18
[INFO] [stdout]   16:     0x61a50efd222c - rust_begin_unwind
[INFO] [stdout]                                at /rustc/90b35a6239c3d8bdabc530a6a0816f7ff89a0aaf/library/std/src/panicking.rs:665:5
[INFO] [stdout]   17:     0x61a50eef9aa0 - core::panicking::panic_fmt::h0c3082644d1bf418
[INFO] [stdout]                                at /rustc/90b35a6239c3d8bdabc530a6a0816f7ff89a0aaf/library/core/src/panicking.rs:74:14
[INFO] [stdout]   18:     0x61a50eef9e6b - core::panicking::assert_failed_inner::h2ddf1fcc067fa858
[INFO] [stdout]   19:     0x61a50ef53971 - core::panicking::assert_failed::h532a5844af79454d
[INFO] [stdout]                                at /rustc/90b35a6239c3d8bdabc530a6a0816f7ff89a0aaf/library/core/src/panicking.rs:367:5
[INFO] [stdout]   20:     0x61a50ef56369 - leetcode::p016_medium_3sum_closest::test::case_004::h6bbc8606b949eeb0
[INFO] [stdout]                                at /opt/rustwide/workdir/src/p016_medium_3sum_closest.rs:127:9
[INFO] [stdout]   21:     0x61a50ef56257 - leetcode::p016_medium_3sum_closest::test::case_004::{{closure}}::hf78a21ca4854a440
[INFO] [stdout]                                at /opt/rustwide/workdir/src/p016_medium_3sum_closest.rs:126:22
[INFO] [stdout]   22:     0x61a50ef2f496 - core::ops::function::FnOnce::call_once::h0734ebedb4a70a54
[INFO] [stdout]                                at /rustc/90b35a6239c3d8bdabc530a6a0816f7ff89a0aaf/library/core/src/ops/function.rs:250:5
[INFO] [stdout]   23:     0x61a50efa21eb - core::ops::function::FnOnce::call_once::h109cf8051a59b34e
[INFO] [stdout]                                at /rustc/90b35a6239c3d8bdabc530a6a0816f7ff89a0aaf/library/core/src/ops/function.rs:250:5
[INFO] [stdout]   24:     0x61a50efa21eb - test::__rust_begin_short_backtrace::hf4fff89d377446ba
[INFO] [stdout]                                at /rustc/90b35a6239c3d8bdabc530a6a0816f7ff89a0aaf/library/test/src/lib.rs:621:18
[INFO] [stdout]   25:     0x61a50efa1a27 - test::run_test_in_process::{{closure}}::h0e39181dd7ee5a43
[INFO] [stdout]                                at /rustc/90b35a6239c3d8bdabc530a6a0816f7ff89a0aaf/library/test/src/lib.rs:644:60
[INFO] [stdout]   26:     0x61a50efa1a27 - <core::panic::unwind_safe::AssertUnwindSafe<F> as core::ops::function::FnOnce<()>>::call_once::hc5a66a30f0bdfd1f
[INFO] [stdout]                                at /rustc/90b35a6239c3d8bdabc530a6a0816f7ff89a0aaf/library/core/src/panic/unwind_safe.rs:272:9
[INFO] [stdout]   27:     0x61a50efa1a27 - std::panicking::try::do_call::h873b7cf639554a5e
[INFO] [stdout]                                at /rustc/90b35a6239c3d8bdabc530a6a0816f7ff89a0aaf/library/std/src/panicking.rs:557:40
[INFO] [stdout]   28:     0x61a50efa1a27 - std::panicking::try::hdb19862fad9c8bd1
[INFO] [stdout]                                at /rustc/90b35a6239c3d8bdabc530a6a0816f7ff89a0aaf/library/std/src/panicking.rs:520:19
[INFO] [stdout]   29:     0x61a50efa1a27 - std::panic::catch_unwind::h281fe732d236d260
[INFO] [stdout]                                at /rustc/90b35a6239c3d8bdabc530a6a0816f7ff89a0aaf/library/std/src/panic.rs:358:14
[INFO] [stdout]   30:     0x61a50efa1a27 - test::run_test_in_process::h949b6df8457ed338
[INFO] [stdout]                                at /rustc/90b35a6239c3d8bdabc530a6a0816f7ff89a0aaf/library/test/src/lib.rs:644:27
[INFO] [stdout]   31:     0x61a50efa1a27 - test::run_test::{{closure}}::h52c556a6d4740e10
[INFO] [stdout]                                at /rustc/90b35a6239c3d8bdabc530a6a0816f7ff89a0aaf/library/test/src/lib.rs:565:43
[INFO] [stdout]   32:     0x61a50ef66d04 - test::run_test::{{closure}}::h4237f6381c45ccb9
[INFO] [stdout]                                at /rustc/90b35a6239c3d8bdabc530a6a0816f7ff89a0aaf/library/test/src/lib.rs:595:41
[INFO] [stdout]   33:     0x61a50ef66d04 - std::sys::backtrace::__rust_begin_short_backtrace::h505c97a579eca628
[INFO] [stdout]                                at /rustc/90b35a6239c3d8bdabc530a6a0816f7ff89a0aaf/library/std/src/sys/backtrace.rs:154:18
[INFO] [stdout]   34:     0x61a50ef6a3ce - std::thread::Builder::spawn_unchecked_::{{closure}}::{{closure}}::h9e86b2e2bc107ea3
[INFO] [stdout]                                at /rustc/90b35a6239c3d8bdabc530a6a0816f7ff89a0aaf/library/std/src/thread/mod.rs:538:17
[INFO] [stdout]   35:     0x61a50ef6a3ce - <core::panic::unwind_safe::AssertUnwindSafe<F> as core::ops::function::FnOnce<()>>::call_once::h8b06ddb275ff4a25
[INFO] [stdout]                                at /rustc/90b35a6239c3d8bdabc530a6a0816f7ff89a0aaf/library/core/src/panic/unwind_safe.rs:272:9
[INFO] [stdout]   36:     0x61a50ef6a3ce - std::panicking::try::do_call::hb26ecd7cd9a9355d
[INFO] [stdout]                                at /rustc/90b35a6239c3d8bdabc530a6a0816f7ff89a0aaf/library/std/src/panicking.rs:557:40
[INFO] [stdout]   37:     0x61a50ef6a3ce - std::panicking::try::h8ddeca9d705f9069
[INFO] [stdout]                                at /rustc/90b35a6239c3d8bdabc530a6a0816f7ff89a0aaf/library/std/src/panicking.rs:520:19
[INFO] [stdout]   38:     0x61a50ef6a3ce - std::panic::catch_unwind::h49e1c33078844c46
[INFO] [stdout]                                at /rustc/90b35a6239c3d8bdabc530a6a0816f7ff89a0aaf/library/std/src/panic.rs:358:14
[INFO] [stdout]   39:     0x61a50ef6a3ce - std::thread::Builder::spawn_unchecked_::{{closure}}::h6073db6ff56ad35d
[INFO] [stdout]                                at /rustc/90b35a6239c3d8bdabc530a6a0816f7ff89a0aaf/library/std/src/thread/mod.rs:537:30
[INFO] [stdout]   40:     0x61a50ef6a3ce - core::ops::function::FnOnce::call_once{{vtable.shim}}::h2c5a5f3779c774f1
[INFO] [stdout]                                at /rustc/90b35a6239c3d8bdabc530a6a0816f7ff89a0aaf/library/core/src/ops/function.rs:250:5
[INFO] [stdout]   41:     0x61a50efd652b - <alloc::boxed::Box<F,A> as core::ops::function::FnOnce<Args>>::call_once::hf75717d9f28faebf
[INFO] [stdout]                                at /rustc/90b35a6239c3d8bdabc530a6a0816f7ff89a0aaf/library/alloc/src/boxed.rs:2454:9
[INFO] [stdout]   42:     0x61a50efd652b - <alloc::boxed::Box<F,A> as core::ops::function::FnOnce<Args>>::call_once::h7bd883a5f3c5f3c1
[INFO] [stdout]                                at /rustc/90b35a6239c3d8bdabc530a6a0816f7ff89a0aaf/library/alloc/src/boxed.rs:2454:9
[INFO] [stdout]   43:     0x61a50efd652b - std::sys::pal::unix::thread::Thread::new::thread_start::hcc78f3943333fa94
[INFO] [stdout]                                at /rustc/90b35a6239c3d8bdabc530a6a0816f7ff89a0aaf/library/std/src/sys/pal/unix/thread.rs:105:17
[INFO] [stdout]   44:     0x75cd078c1ac3 - <unknown>
[INFO] [stdout]   45:     0x75cd07952a04 - clone
[INFO] [stdout]   46:                0x0 - <unknown>
[INFO] [stdout] 
[INFO] [stdout] 
[INFO] [stdout] failures:
[INFO] [stdout]     p016_medium_3sum_closest::test::case_001
[INFO] [stdout]     p016_medium_3sum_closest::test::case_002
[INFO] [stdout]     p016_medium_3sum_closest::test::case_003
[INFO] [stdout]     p016_medium_3sum_closest::test::case_004
[INFO] [stdout] 
[INFO] [stdout] test result: FAILED. 197 passed; 4 failed; 0 ignored; 0 measured; 0 filtered out; finished in 0.10s
[INFO] [stdout] 
[INFO] [stderr] error: test failed, to rerun pass `--bin leetcode`
[INFO] running `Command { std: "docker" "inspect" "32a3ef181c9b3ac7be64336a3a2efdfc18f650069fb35fa4fab0ab0b1920d63c", kill_on_drop: false }`
[INFO] running `Command { std: "docker" "rm" "-f" "32a3ef181c9b3ac7be64336a3a2efdfc18f650069fb35fa4fab0ab0b1920d63c", kill_on_drop: false }`
[INFO] [stdout] 32a3ef181c9b3ac7be64336a3a2efdfc18f650069fb35fa4fab0ab0b1920d63c
