[INFO] cloning repository https://github.com/Sebekerga/native_api_1c_macro
[INFO] running `Command { std: "git" "-c" "credential.helper=" "-c" "credential.helper=/workspace/cargo-home/bin/git-credential-null" "clone" "--bare" "https://github.com/Sebekerga/native_api_1c_macro" "/workspace/cache/git-repos/https%3A%2F%2Fgithub.com%2FSebekerga%2Fnative_api_1c_macro", kill_on_drop: false }`
[INFO] [stderr] Cloning into bare repository '/workspace/cache/git-repos/https%3A%2F%2Fgithub.com%2FSebekerga%2Fnative_api_1c_macro'...
[INFO] running `Command { std: "git" "rev-parse" "HEAD", kill_on_drop: false }`
[INFO] [stdout] f765ae6871783f4002828ab8f421c6624ce4b49c
[INFO] testing Sebekerga/native_api_1c_macro against 1.83.0 for beta-1.84.0-4-retry
[INFO] running `Command { std: "git" "clone" "/workspace/cache/git-repos/https%3A%2F%2Fgithub.com%2FSebekerga%2Fnative_api_1c_macro" "/workspace/builds/worker-5-tc1/source", kill_on_drop: false }`
[INFO] [stderr] Cloning into '/workspace/builds/worker-5-tc1/source'...
[INFO] [stderr] done.
[INFO] validating manifest of git repo https://github.com/Sebekerga/native_api_1c_macro on toolchain 1.83.0
[INFO] running `Command { std: CARGO_HOME="/workspace/cargo-home" RUSTUP_HOME="/workspace/rustup-home" "/workspace/cargo-home/bin/cargo" "+1.83.0" "metadata" "--manifest-path" "Cargo.toml" "--no-deps", kill_on_drop: false }`
[INFO] started tweaking git repo https://github.com/Sebekerga/native_api_1c_macro
[INFO] removed 0 missing tests
[INFO] finished tweaking git repo https://github.com/Sebekerga/native_api_1c_macro
[INFO] tweaked toml for git repo https://github.com/Sebekerga/native_api_1c_macro written to /workspace/builds/worker-5-tc1/source/Cargo.toml
[INFO] crate git repo https://github.com/Sebekerga/native_api_1c_macro already has a lockfile, it will not be regenerated
[INFO] running `Command { std: CARGO_HOME="/workspace/cargo-home" RUSTUP_HOME="/workspace/rustup-home" "/workspace/cargo-home/bin/cargo" "+1.83.0" "fetch" "--manifest-path" "Cargo.toml", kill_on_drop: false }`
[INFO] [stderr]     Updating crates.io index
[INFO] [stderr]     Updating git repository `https://github.com/Sebekerga/native_api_1c`
[INFO] [stderr]      Locking 55 packages to latest compatible versions
[INFO] [stderr]       Adding android-tzdata v0.1.1
[INFO] [stderr]       Adding android_system_properties v0.1.5
[INFO] [stderr]       Adding autocfg v1.4.0
[INFO] [stderr]       Adding basic-toml v0.1.7 (available: v0.1.9)
[INFO] [stderr]       Adding bumpalo v3.16.0
[INFO] [stderr]       Adding cc v1.2.4
[INFO] [stderr]       Adding cfg-if v1.0.0
[INFO] [stderr]       Adding chrono v0.4.39
[INFO] [stderr]       Adding core-foundation-sys v0.8.7
[INFO] [stderr]       Adding darling v0.20.10
[INFO] [stderr]       Adding darling_core v0.20.10
[INFO] [stderr]       Adding darling_macro v0.20.10
[INFO] [stderr]       Adding dissimilar v1.0.9
[INFO] [stderr]       Adding fnv v1.0.7
[INFO] [stderr]       Adding glob v0.3.1
[INFO] [stderr]       Adding iana-time-zone v0.1.61
[INFO] [stderr]       Adding iana-time-zone-haiku v0.1.2
[INFO] [stderr]       Adding ident_case v1.0.1
[INFO] [stderr]       Adding itoa v1.0.14
[INFO] [stderr]       Adding js-sys v0.3.76
[INFO] [stderr]       Adding libc v0.2.168
[INFO] [stderr]       Adding log v0.4.22
[INFO] [stderr]       Adding native_api_1c v0.10.7 (https://github.com/Sebekerga/native_api_1c#c6f6d171)
[INFO] [stderr]       Adding native_api_1c_core v0.9.4 (https://github.com/Sebekerga/native_api_1c#c6f6d171)
[INFO] [stderr]       Adding native_api_1c_macro v0.10.5 (https://github.com/Sebekerga/native_api_1c#c6f6d171)
[INFO] [stderr]       Adding num-traits v0.2.19
[INFO] [stderr]       Adding once_cell v1.20.2
[INFO] [stderr]     Updating proc-macro2 v1.0.66 -> v1.0.92
[INFO] [stderr]       Adding ryu v1.0.18
[INFO] [stderr]       Adding serde v1.0.193 (available: v1.0.216)
[INFO] [stderr]       Adding serde_derive v1.0.193 (available: v1.0.216)
[INFO] [stderr]       Adding serde_json v1.0.109 (available: v1.0.133)
[INFO] [stderr]       Adding shlex v1.3.0
[INFO] [stderr]       Adding strsim v0.11.1
[INFO] [stderr]     Updating syn v2.0.28 -> v2.0.43 (available: v2.0.90)
[INFO] [stderr]       Adding termcolor v1.4.1
[INFO] [stderr]       Adding trybuild v1.0.86 (available: v1.0.101)
[INFO] [stderr]       Adding utf16_lit v2.0.2
[INFO] [stderr]       Adding wasm-bindgen v0.2.99
[INFO] [stderr]       Adding wasm-bindgen-backend v0.2.99
[INFO] [stderr]       Adding wasm-bindgen-macro v0.2.99
[INFO] [stderr]       Adding wasm-bindgen-macro-support v0.2.99
[INFO] [stderr]       Adding wasm-bindgen-shared v0.2.99
[INFO] [stderr]       Adding winapi-util v0.1.9
[INFO] [stderr]       Adding windows-core v0.52.0
[INFO] [stderr]       Adding windows-sys v0.59.0
[INFO] [stderr]       Adding windows-targets v0.52.6
[INFO] [stderr]       Adding windows_aarch64_gnullvm v0.52.6
[INFO] [stderr]       Adding windows_aarch64_msvc v0.52.6
[INFO] [stderr]       Adding windows_i686_gnu v0.52.6
[INFO] [stderr]       Adding windows_i686_gnullvm v0.52.6
[INFO] [stderr]       Adding windows_i686_msvc v0.52.6
[INFO] [stderr]       Adding windows_x86_64_gnu v0.52.6
[INFO] [stderr]       Adding windows_x86_64_gnullvm v0.52.6
[INFO] [stderr]       Adding windows_x86_64_msvc v0.52.6
[INFO] [stderr]     Blocking waiting for file lock on package cache
[INFO] [stderr]  Downloading crates ...
[INFO] [stderr]   Downloaded basic-toml v0.1.7
[INFO] [stderr]   Downloaded trybuild v1.0.86
[INFO] running `Command { std: "docker" "create" "-v" "/var/lib/crater-agent-workspace/builds/worker-5-tc1/target:/opt/rustwide/target:rw,Z" "-v" "/var/lib/crater-agent-workspace/builds/worker-5-tc1/source:/opt/rustwide/workdir:ro,Z" "-v" "/var/lib/crater-agent-workspace/cargo-home:/opt/rustwide/cargo-home:ro,Z" "-v" "/var/lib/crater-agent-workspace/rustup-home:/opt/rustwide/rustup-home:ro,Z" "-e" "SOURCE_DIR=/opt/rustwide/workdir" "-e" "CARGO_TARGET_DIR=/opt/rustwide/target" "-e" "CARGO_HOME=/opt/rustwide/cargo-home" "-e" "RUSTUP_HOME=/opt/rustwide/rustup-home" "-w" "/opt/rustwide/workdir" "-m" "1610612736" "--user" "0:0" "--network" "none" "ghcr.io/rust-lang/crates-build-env/linux@sha256:f3a9d4ad9d972b27faf3965f35b62e55ba32bbce8f20bc8fe909558a86702fde" "/opt/rustwide/cargo-home/bin/cargo" "+1.83.0" "metadata" "--no-deps" "--format-version=1", kill_on_drop: false }`
[INFO] [stdout] 5a4ce3ab2c489c5faadf114e1d1b59dd17b52119b78d81bbe2912155c09d07e0
[INFO] running `Command { std: "docker" "start" "-a" "5a4ce3ab2c489c5faadf114e1d1b59dd17b52119b78d81bbe2912155c09d07e0", kill_on_drop: false }`
[INFO] running `Command { std: "docker" "inspect" "5a4ce3ab2c489c5faadf114e1d1b59dd17b52119b78d81bbe2912155c09d07e0", kill_on_drop: false }`
[INFO] running `Command { std: "docker" "rm" "-f" "5a4ce3ab2c489c5faadf114e1d1b59dd17b52119b78d81bbe2912155c09d07e0", kill_on_drop: false }`
[INFO] [stdout] 5a4ce3ab2c489c5faadf114e1d1b59dd17b52119b78d81bbe2912155c09d07e0
[INFO] running `Command { std: "docker" "create" "-v" "/var/lib/crater-agent-workspace/builds/worker-5-tc1/target:/opt/rustwide/target:rw,Z" "-v" "/var/lib/crater-agent-workspace/builds/worker-5-tc1/source:/opt/rustwide/workdir:ro,Z" "-v" "/var/lib/crater-agent-workspace/cargo-home:/opt/rustwide/cargo-home:ro,Z" "-v" "/var/lib/crater-agent-workspace/rustup-home:/opt/rustwide/rustup-home:ro,Z" "-e" "SOURCE_DIR=/opt/rustwide/workdir" "-e" "CARGO_TARGET_DIR=/opt/rustwide/target" "-e" "CARGO_INCREMENTAL=0" "-e" "RUST_BACKTRACE=full" "-e" "RUSTFLAGS=--cap-lints=warn" "-e" "RUSTDOCFLAGS=--cap-lints=warn" "-e" "CARGO_HOME=/opt/rustwide/cargo-home" "-e" "RUSTUP_HOME=/opt/rustwide/rustup-home" "-w" "/opt/rustwide/workdir" "-m" "1610612736" "--user" "0:0" "--network" "none" "ghcr.io/rust-lang/crates-build-env/linux@sha256:f3a9d4ad9d972b27faf3965f35b62e55ba32bbce8f20bc8fe909558a86702fde" "/opt/rustwide/cargo-home/bin/cargo" "+1.83.0" "build" "--frozen" "--message-format=json", kill_on_drop: false }`
[INFO] [stdout] 5c00cc495c7e8b947c2bc37459b0bd2419facff6a61d51bf0e7c55f6f9c6bf1d
[INFO] running `Command { std: "docker" "start" "-a" "5c00cc495c7e8b947c2bc37459b0bd2419facff6a61d51bf0e7c55f6f9c6bf1d", kill_on_drop: false }`
[INFO] [stderr]    Compiling proc-macro2 v1.0.92
[INFO] [stderr]    Compiling unicode-ident v1.0.11
[INFO] [stderr]    Compiling quote v1.0.32
[INFO] [stderr]    Compiling syn v2.0.43
[INFO] [stderr]    Compiling native_api_1c_macro v0.10.4 (/opt/rustwide/workdir)
[INFO] [stderr]     Finished `dev` profile [unoptimized + debuginfo] target(s) in 6.95s
[INFO] running `Command { std: "docker" "inspect" "5c00cc495c7e8b947c2bc37459b0bd2419facff6a61d51bf0e7c55f6f9c6bf1d", kill_on_drop: false }`
[INFO] running `Command { std: "docker" "rm" "-f" "5c00cc495c7e8b947c2bc37459b0bd2419facff6a61d51bf0e7c55f6f9c6bf1d", kill_on_drop: false }`
[INFO] [stdout] 5c00cc495c7e8b947c2bc37459b0bd2419facff6a61d51bf0e7c55f6f9c6bf1d
[INFO] running `Command { std: "docker" "create" "-v" "/var/lib/crater-agent-workspace/builds/worker-5-tc1/target:/opt/rustwide/target:rw,Z" "-v" "/var/lib/crater-agent-workspace/builds/worker-5-tc1/source:/opt/rustwide/workdir:ro,Z" "-v" "/var/lib/crater-agent-workspace/cargo-home:/opt/rustwide/cargo-home:ro,Z" "-v" "/var/lib/crater-agent-workspace/rustup-home:/opt/rustwide/rustup-home:ro,Z" "-e" "SOURCE_DIR=/opt/rustwide/workdir" "-e" "CARGO_TARGET_DIR=/opt/rustwide/target" "-e" "CARGO_INCREMENTAL=0" "-e" "RUST_BACKTRACE=full" "-e" "RUSTFLAGS=--cap-lints=warn" "-e" "RUSTDOCFLAGS=--cap-lints=warn" "-e" "CARGO_HOME=/opt/rustwide/cargo-home" "-e" "RUSTUP_HOME=/opt/rustwide/rustup-home" "-w" "/opt/rustwide/workdir" "-m" "1610612736" "--user" "0:0" "--network" "none" "ghcr.io/rust-lang/crates-build-env/linux@sha256:f3a9d4ad9d972b27faf3965f35b62e55ba32bbce8f20bc8fe909558a86702fde" "/opt/rustwide/cargo-home/bin/cargo" "+1.83.0" "test" "--frozen" "--no-run" "--message-format=json", kill_on_drop: false }`
[INFO] [stdout] f23deb7e0aa3420222156e6f999501ef7952f13f54e3da0a62ea813e7d51dee1
[INFO] running `Command { std: "docker" "start" "-a" "f23deb7e0aa3420222156e6f999501ef7952f13f54e3da0a62ea813e7d51dee1", kill_on_drop: false }`
[INFO] [stderr]    Compiling proc-macro2 v1.0.92
[INFO] [stderr]    Compiling unicode-ident v1.0.11
[INFO] [stderr]    Compiling autocfg v1.4.0
[INFO] [stderr]    Compiling ident_case v1.0.1
[INFO] [stderr]    Compiling fnv v1.0.7
[INFO] [stderr]    Compiling strsim v0.11.1
[INFO] [stderr]    Compiling iana-time-zone v0.1.61
[INFO] [stderr]    Compiling serde v1.0.193
[INFO] [stderr]    Compiling utf16_lit v2.0.2
[INFO] [stderr]    Compiling serde_json v1.0.109
[INFO] [stderr]    Compiling ryu v1.0.18
[INFO] [stderr]    Compiling itoa v1.0.14
[INFO] [stderr]    Compiling trybuild v1.0.86
[INFO] [stderr]    Compiling dissimilar v1.0.9
[INFO] [stderr]    Compiling glob v0.3.1
[INFO] [stderr]    Compiling termcolor v1.4.1
[INFO] [stderr]    Compiling once_cell v1.20.2
[INFO] [stderr]    Compiling num-traits v0.2.19
[INFO] [stderr]    Compiling quote v1.0.32
[INFO] [stderr]    Compiling syn v2.0.43
[INFO] [stderr]    Compiling chrono v0.4.39
[INFO] [stderr]    Compiling native_api_1c_core v0.9.4 (https://github.com/Sebekerga/native_api_1c#c6f6d171)
[INFO] [stderr]    Compiling basic-toml v0.1.7
[INFO] [stderr]    Compiling darling_core v0.20.10
[INFO] [stderr]    Compiling serde_derive v1.0.193
[INFO] [stderr]    Compiling native_api_1c_macro v0.10.4 (/opt/rustwide/workdir)
[INFO] [stderr]    Compiling darling_macro v0.20.10
[INFO] [stderr]    Compiling darling v0.20.10
[INFO] [stderr]    Compiling native_api_1c_macro v0.10.5 (https://github.com/Sebekerga/native_api_1c#c6f6d171)
[INFO] [stderr]    Compiling native_api_1c v0.10.7 (https://github.com/Sebekerga/native_api_1c#c6f6d171)
[INFO] [stderr]     Finished `test` profile [unoptimized + debuginfo] target(s) in 21.90s
[INFO] running `Command { std: "docker" "inspect" "f23deb7e0aa3420222156e6f999501ef7952f13f54e3da0a62ea813e7d51dee1", kill_on_drop: false }`
[INFO] running `Command { std: "docker" "rm" "-f" "f23deb7e0aa3420222156e6f999501ef7952f13f54e3da0a62ea813e7d51dee1", kill_on_drop: false }`
[INFO] [stdout] f23deb7e0aa3420222156e6f999501ef7952f13f54e3da0a62ea813e7d51dee1
[INFO] running `Command { std: "docker" "create" "-v" "/var/lib/crater-agent-workspace/builds/worker-5-tc1/target:/opt/rustwide/target:rw,Z" "-v" "/var/lib/crater-agent-workspace/builds/worker-5-tc1/source:/opt/rustwide/workdir:ro,Z" "-v" "/var/lib/crater-agent-workspace/cargo-home:/opt/rustwide/cargo-home:ro,Z" "-v" "/var/lib/crater-agent-workspace/rustup-home:/opt/rustwide/rustup-home:ro,Z" "-e" "SOURCE_DIR=/opt/rustwide/workdir" "-e" "CARGO_TARGET_DIR=/opt/rustwide/target" "-e" "CARGO_INCREMENTAL=0" "-e" "RUST_BACKTRACE=full" "-e" "RUSTFLAGS=--cap-lints=warn" "-e" "RUSTDOCFLAGS=--cap-lints=warn" "-e" "CARGO_HOME=/opt/rustwide/cargo-home" "-e" "RUSTUP_HOME=/opt/rustwide/rustup-home" "-w" "/opt/rustwide/workdir" "-m" "1610612736" "--user" "0:0" "--network" "none" "ghcr.io/rust-lang/crates-build-env/linux@sha256:f3a9d4ad9d972b27faf3965f35b62e55ba32bbce8f20bc8fe909558a86702fde" "/opt/rustwide/cargo-home/bin/cargo" "+1.83.0" "test" "--frozen", kill_on_drop: false }`
[INFO] [stdout] e80071a70d80a38955d2829d66025f0fe7389628573f0a07e4cef2862fb9b656
[INFO] running `Command { std: "docker" "start" "-a" "e80071a70d80a38955d2829d66025f0fe7389628573f0a07e4cef2862fb9b656", kill_on_drop: false }`
[INFO] [stderr]     Finished `test` profile [unoptimized + debuginfo] target(s) in 0.05s
[INFO] [stderr]      Running unittests src/lib.rs (/opt/rustwide/target/debug/deps/native_api_1c_macro-c4961ce709cc6b35)
[INFO] [stdout] 
[INFO] [stdout] running 0 tests
[INFO] [stdout] 
[INFO] [stdout] test result: ok. 0 passed; 0 failed; 0 ignored; 0 measured; 0 filtered out; finished in 0.00s
[INFO] [stdout] 
[INFO] [stderr]      Running tests/functions.rs (/opt/rustwide/target/debug/deps/functions-72ef32341f7f98d0)
[INFO] [stdout] 
[INFO] [stdout] running 1 test
[INFO] [stderr]    Compiling proc-macro2 v1.0.92
[INFO] [stderr]    Compiling unicode-ident v1.0.11
[INFO] [stderr]    Compiling autocfg v1.4.0
[INFO] [stderr]    Compiling ident_case v1.0.1
[INFO] [stderr]    Compiling fnv v1.0.7
[INFO] [stderr]    Compiling strsim v0.11.1
[INFO] [stderr]    Compiling iana-time-zone v0.1.61
[INFO] [stderr]    Compiling utf16_lit v2.0.2
[INFO] [stderr]    Compiling num-traits v0.2.19
[INFO] [stderr]    Compiling quote v1.0.32
[INFO] [stderr]    Compiling syn v2.0.43
[INFO] [stderr]    Compiling chrono v0.4.39
[INFO] [stderr]    Compiling native_api_1c_core v0.9.4 (https://github.com/Sebekerga/native_api_1c#c6f6d171)
[INFO] [stderr]    Compiling darling_core v0.20.10
[INFO] [stderr]    Compiling native_api_1c_macro v0.10.4 (/opt/rustwide/workdir)
[INFO] [stderr]    Compiling darling_macro v0.20.10
[INFO] [stderr]    Compiling darling v0.20.10
[INFO] [stderr]    Compiling native_api_1c_macro v0.10.5 (https://github.com/Sebekerga/native_api_1c#c6f6d171)
[INFO] [stderr]    Compiling native_api_1c v0.10.7 (https://github.com/Sebekerga/native_api_1c#c6f6d171)
[INFO] [stderr]    Compiling native_api_1c_macro-tests v0.0.0 (/opt/rustwide/target/tests/trybuild/native_api_1c_macro)
[INFO] [stderr]     Finished `dev` profile [unoptimized + debuginfo] target(s) in 18.76s
[INFO] [stderr] 
[INFO] [stderr] 
[INFO] [stderr] test tests/to_build/functions/bool_type.rs [should pass] ... error
[INFO] [stderr] ┈┈┈┈┈┈┈┈┈┈┈┈┈┈┈┈┈┈┈┈┈┈┈┈┈┈┈┈┈┈┈┈┈┈┈┈┈┈┈┈┈┈┈┈┈┈┈┈┈┈┈┈┈┈┈┈┈┈┈┈
[INFO] [stderr] error[E0603]: enum `ParamValue` is private
[INFO] [stderr]  --> tests/to_build/functions/bool_type.rs:6:10
[INFO] [stderr]   |
[INFO] [stderr] 6 | #[derive(AddIn)]
[INFO] [stderr]   |          ^^^^^
[INFO] [stderr]   |          |
[INFO] [stderr]   |          private enum
[INFO] [stderr]   |          enum `ParamValue` is not publicly re-exported
[INFO] [stderr]   |
[INFO] [stderr] note: the enum `ParamValue` is defined here
[INFO] [stderr]  --> /opt/rustwide/cargo-home/git/checkouts/native_api_1c-9ab61c3be4d25741/c6f6d17/native_api_1c_core/src/ffi/provided_types.rs:9:5
[INFO] [stderr]   |
[INFO] [stderr] 9 | use crate::interface::ParamValue;
[INFO] [stderr]   |     ^^^^^^^^^^^^^^^^^^^^^^^^^^^^
[INFO] [stderr] 
[INFO] [stderr] error[E0050]: method `get_prop_val` has 3 parameters but the declaration in trait `get_prop_val` has 2
[INFO] [stderr]  --> tests/to_build/functions/bool_type.rs:6:10
[INFO] [stderr]   |
[INFO] [stderr] 6 | #[derive(AddIn)]
[INFO] [stderr]   |          ^^^^^ expected 2 parameters, found 3
[INFO] [stderr]   |
[INFO] [stderr]   = note: `get_prop_val` from trait: `fn(&Self, usize) -> Result<ParamValue, ()>`
[INFO] [stderr]   = note: this error originates in the derive macro `AddIn` (in Nightly builds, run with -Z macro-backtrace for more info)
[INFO] [stderr] 
[INFO] [stderr] error[E0053]: method `set_prop_val` has an incompatible type for trait
[INFO] [stderr]  --> tests/to_build/functions/bool_type.rs:6:10
[INFO] [stderr]   |
[INFO] [stderr] 6 | #[derive(AddIn)]
[INFO] [stderr]   |          ^^^^^ expected `ParamValue`, found `&ParamValue`
[INFO] [stderr]   |
[INFO] [stderr]   = note: expected signature `fn(&mut MyAddIn, _, ParamValue) -> Result<(), ()>`
[INFO] [stderr]              found signature `fn(&mut MyAddIn, _, &ParamValue) -> bool`
[INFO] [stderr]   = note: this error originates in the derive macro `AddIn` (in Nightly builds, run with -Z macro-backtrace for more info)
[INFO] [stderr] 
[INFO] [stderr] error[E0050]: method `get_param_def_value` has 4 parameters but the declaration in trait `get_param_def_value` has 3
[INFO] [stderr]  --> tests/to_build/functions/bool_type.rs:6:10
[INFO] [stderr]   |
[INFO] [stderr] 6 | #[derive(AddIn)]
[INFO] [stderr]   |          ^^^^^ expected 3 parameters, found 4
[INFO] [stderr]   |
[INFO] [stderr]   = note: `get_param_def_value` from trait: `fn(&Self, usize, usize) -> Option<ParamValue>`
[INFO] [stderr]   = note: this error originates in the derive macro `AddIn` (in Nightly builds, run with -Z macro-backtrace for more info)
[INFO] [stderr] 
[INFO] [stderr] error[E0053]: method `call_as_proc` has an incompatible type for trait
[INFO] [stderr]  --> tests/to_build/functions/bool_type.rs:6:10
[INFO] [stderr]   |
[INFO] [stderr] 6 | #[derive(AddIn)]
[INFO] [stderr]   |          ^^^^^ expected `ParamValues`, found `[ParamValue]`
[INFO] [stderr]   |
[INFO] [stderr]   = note: expected signature `fn(&mut MyAddIn, _, &mut ParamValues) -> Result<(), ()>`
[INFO] [stderr]              found signature `fn(&mut MyAddIn, _, &mut [ParamValue]) -> bool`
[INFO] [stderr]   = note: this error originates in the derive macro `AddIn` (in Nightly builds, run with -Z macro-backtrace for more info)
[INFO] [stderr] 
[INFO] [stderr] error[E0050]: method `call_as_func` has 4 parameters but the declaration in trait `call_as_func` has 3
[INFO] [stderr]  --> tests/to_build/functions/bool_type.rs:6:10
[INFO] [stderr]   |
[INFO] [stderr] 6 | #[derive(AddIn)]
[INFO] [stderr]   |          ^^^^^ expected 3 parameters, found 4
[INFO] [stderr]   |
[INFO] [stderr]   = note: `call_as_func` from trait: `fn(&mut Self, usize, &mut ParamValues) -> Result<ParamValue, ()>`
[INFO] [stderr]   = note: this error originates in the derive macro `AddIn` (in Nightly builds, run with -Z macro-backtrace for more info)
[INFO] [stderr] ┈┈┈┈┈┈┈┈┈┈┈┈┈┈┈┈┈┈┈┈┈┈┈┈┈┈┈┈┈┈┈┈┈┈┈┈┈┈┈┈┈┈┈┈┈┈┈┈┈┈┈┈┈┈┈┈┈┈┈┈
[INFO] [stderr] 
[INFO] [stderr] test tests/to_build/functions/int_type.rs [should pass] ... error
[INFO] [stderr] ┈┈┈┈┈┈┈┈┈┈┈┈┈┈┈┈┈┈┈┈┈┈┈┈┈┈┈┈┈┈┈┈┈┈┈┈┈┈┈┈┈┈┈┈┈┈┈┈┈┈┈┈┈┈┈┈┈┈┈┈
[INFO] [stderr] error[E0603]: enum `ParamValue` is private
[INFO] [stderr]  --> tests/to_build/functions/int_type.rs:6:10
[INFO] [stderr]   |
[INFO] [stderr] 6 | #[derive(AddIn)]
[INFO] [stderr]   |          ^^^^^
[INFO] [stderr]   |          |
[INFO] [stderr]   |          private enum
[INFO] [stderr]   |          enum `ParamValue` is not publicly re-exported
[INFO] [stderr]   |
[INFO] [stderr] note: the enum `ParamValue` is defined here
[INFO] [stderr]  --> /opt/rustwide/cargo-home/git/checkouts/native_api_1c-9ab61c3be4d25741/c6f6d17/native_api_1c_core/src/ffi/provided_types.rs:9:5
[INFO] [stderr]   |
[INFO] [stderr] 9 | use crate::interface::ParamValue;
[INFO] [stderr]   |     ^^^^^^^^^^^^^^^^^^^^^^^^^^^^
[INFO] [stderr] 
[INFO] [stderr] error[E0050]: method `get_prop_val` has 3 parameters but the declaration in trait `get_prop_val` has 2
[INFO] [stderr]  --> tests/to_build/functions/int_type.rs:6:10
[INFO] [stderr]   |
[INFO] [stderr] 6 | #[derive(AddIn)]
[INFO] [stderr]   |          ^^^^^ expected 2 parameters, found 3
[INFO] [stderr]   |
[INFO] [stderr]   = note: `get_prop_val` from trait: `fn(&Self, usize) -> Result<ParamValue, ()>`
[INFO] [stderr]   = note: this error originates in the derive macro `AddIn` (in Nightly builds, run with -Z macro-backtrace for more info)
[INFO] [stderr] 
[INFO] [stderr] error[E0053]: method `set_prop_val` has an incompatible type for trait
[INFO] [stderr]  --> tests/to_build/functions/int_type.rs:6:10
[INFO] [stderr]   |
[INFO] [stderr] 6 | #[derive(AddIn)]
[INFO] [stderr]   |          ^^^^^ expected `ParamValue`, found `&ParamValue`
[INFO] [stderr]   |
[INFO] [stderr]   = note: expected signature `fn(&mut MyAddIn, _, ParamValue) -> Result<(), ()>`
[INFO] [stderr]              found signature `fn(&mut MyAddIn, _, &ParamValue) -> bool`
[INFO] [stderr]   = note: this error originates in the derive macro `AddIn` (in Nightly builds, run with -Z macro-backtrace for more info)
[INFO] [stderr] 
[INFO] [stderr] error[E0050]: method `get_param_def_value` has 4 parameters but the declaration in trait `get_param_def_value` has 3
[INFO] [stderr]  --> tests/to_build/functions/int_type.rs:6:10
[INFO] [stderr]   |
[INFO] [stderr] 6 | #[derive(AddIn)]
[INFO] [stderr]   |          ^^^^^ expected 3 parameters, found 4
[INFO] [stderr]   |
[INFO] [stderr]   = note: `get_param_def_value` from trait: `fn(&Self, usize, usize) -> Option<ParamValue>`
[INFO] [stderr]   = note: this error originates in the derive macro `AddIn` (in Nightly builds, run with -Z macro-backtrace for more info)
[INFO] [stderr] 
[INFO] [stderr] error[E0053]: method `call_as_proc` has an incompatible type for trait
[INFO] [stderr]  --> tests/to_build/functions/int_type.rs:6:10
[INFO] [stderr]   |
[INFO] [stderr] 6 | #[derive(AddIn)]
[INFO] [stderr]   |          ^^^^^ expected `ParamValues`, found `[ParamValue]`
[INFO] [stderr]   |
[INFO] [stderr]   = note: expected signature `fn(&mut MyAddIn, _, &mut ParamValues) -> Result<(), ()>`
[INFO] [stderr]              found signature `fn(&mut MyAddIn, _, &mut [ParamValue]) -> bool`
[INFO] [stderr]   = note: this error originates in the derive macro `AddIn` (in Nightly builds, run with -Z macro-backtrace for more info)
[INFO] [stderr] 
[INFO] [stderr] error[E0050]: method `call_as_func` has 4 parameters but the declaration in trait `call_as_func` has 3
[INFO] [stderr]  --> tests/to_build/functions/int_type.rs:6:10
[INFO] [stderr]   |
[INFO] [stderr] 6 | #[derive(AddIn)]
[INFO] [stderr]   |          ^^^^^ expected 3 parameters, found 4
[INFO] [stderr]   |
[INFO] [stderr]   = note: `call_as_func` from trait: `fn(&mut Self, usize, &mut ParamValues) -> Result<ParamValue, ()>`
[INFO] [stderr]   = note: this error originates in the derive macro `AddIn` (in Nightly builds, run with -Z macro-backtrace for more info)
[INFO] [stderr] ┈┈┈┈┈┈┈┈┈┈┈┈┈┈┈┈┈┈┈┈┈┈┈┈┈┈┈┈┈┈┈┈┈┈┈┈┈┈┈┈┈┈┈┈┈┈┈┈┈┈┈┈┈┈┈┈┈┈┈┈
[INFO] [stderr] 
[INFO] [stderr] test tests/to_build/functions/float_type.rs [should pass] ... error
[INFO] [stderr] ┈┈┈┈┈┈┈┈┈┈┈┈┈┈┈┈┈┈┈┈┈┈┈┈┈┈┈┈┈┈┈┈┈┈┈┈┈┈┈┈┈┈┈┈┈┈┈┈┈┈┈┈┈┈┈┈┈┈┈┈
[INFO] [stderr] error[E0603]: enum `ParamValue` is private
[INFO] [stderr]  --> tests/to_build/functions/float_type.rs:6:10
[INFO] [stderr]   |
[INFO] [stderr] 6 | #[derive(AddIn)]
[INFO] [stderr]   |          ^^^^^
[INFO] [stderr]   |          |
[INFO] [stderr]   |          private enum
[INFO] [stderr]   |          enum `ParamValue` is not publicly re-exported
[INFO] [stderr]   |
[INFO] [stderr] note: the enum `ParamValue` is defined here
[INFO] [stderr]  --> /opt/rustwide/cargo-home/git/checkouts/native_api_1c-9ab61c3be4d25741/c6f6d17/native_api_1c_core/src/ffi/provided_types.rs:9:5
[INFO] [stderr]   |
[INFO] [stderr] 9 | use crate::interface::ParamValue;
[INFO] [stderr]   |     ^^^^^^^^^^^^^^^^^^^^^^^^^^^^
[INFO] [stderr] 
[INFO] [stderr] error[E0050]: method `get_prop_val` has 3 parameters but the declaration in trait `get_prop_val` has 2
[INFO] [stderr]  --> tests/to_build/functions/float_type.rs:6:10
[INFO] [stderr]   |
[INFO] [stderr] 6 | #[derive(AddIn)]
[INFO] [stderr]   |          ^^^^^ expected 2 parameters, found 3
[INFO] [stderr]   |
[INFO] [stderr]   = note: `get_prop_val` from trait: `fn(&Self, usize) -> Result<ParamValue, ()>`
[INFO] [stderr]   = note: this error originates in the derive macro `AddIn` (in Nightly builds, run with -Z macro-backtrace for more info)
[INFO] [stderr] 
[INFO] [stderr] error[E0053]: method `set_prop_val` has an incompatible type for trait
[INFO] [stderr]  --> tests/to_build/functions/float_type.rs:6:10
[INFO] [stderr]   |
[INFO] [stderr] 6 | #[derive(AddIn)]
[INFO] [stderr]   |          ^^^^^ expected `ParamValue`, found `&ParamValue`
[INFO] [stderr]   |
[INFO] [stderr]   = note: expected signature `fn(&mut MyAddIn, _, ParamValue) -> Result<(), ()>`
[INFO] [stderr]              found signature `fn(&mut MyAddIn, _, &ParamValue) -> bool`
[INFO] [stderr]   = note: this error originates in the derive macro `AddIn` (in Nightly builds, run with -Z macro-backtrace for more info)
[INFO] [stderr] 
[INFO] [stderr] error[E0050]: method `get_param_def_value` has 4 parameters but the declaration in trait `get_param_def_value` has 3
[INFO] [stderr]  --> tests/to_build/functions/float_type.rs:6:10
[INFO] [stderr]   |
[INFO] [stderr] 6 | #[derive(AddIn)]
[INFO] [stderr]   |          ^^^^^ expected 3 parameters, found 4
[INFO] [stderr]   |
[INFO] [stderr]   = note: `get_param_def_value` from trait: `fn(&Self, usize, usize) -> Option<ParamValue>`
[INFO] [stderr]   = note: this error originates in the derive macro `AddIn` (in Nightly builds, run with -Z macro-backtrace for more info)
[INFO] [stderr] 
[INFO] [stderr] error[E0053]: method `call_as_proc` has an incompatible type for trait
[INFO] [stderr]  --> tests/to_build/functions/float_type.rs:6:10
[INFO] [stderr]   |
[INFO] [stderr] 6 | #[derive(AddIn)]
[INFO] [stderr]   |          ^^^^^ expected `ParamValues`, found `[ParamValue]`
[INFO] [stderr]   |
[INFO] [stderr]   = note: expected signature `fn(&mut MyAddIn, _, &mut ParamValues) -> Result<(), ()>`
[INFO] [stderr]              found signature `fn(&mut MyAddIn, _, &mut [ParamValue]) -> bool`
[INFO] [stderr]   = note: this error originates in the derive macro `AddIn` (in Nightly builds, run with -Z macro-backtrace for more info)
[INFO] [stderr] 
[INFO] [stderr] error[E0050]: method `call_as_func` has 4 parameters but the declaration in trait `call_as_func` has 3
[INFO] [stderr]  --> tests/to_build/functions/float_type.rs:6:10
[INFO] [stderr]   |
[INFO] [stderr] 6 | #[derive(AddIn)]
[INFO] [stderr]   |          ^^^^^ expected 3 parameters, found 4
[INFO] [stderr]   |
[INFO] [stderr]   = note: `call_as_func` from trait: `fn(&mut Self, usize, &mut ParamValues) -> Result<ParamValue, ()>`
[INFO] [stderr]   = note: this error originates in the derive macro `AddIn` (in Nightly builds, run with -Z macro-backtrace for more info)
[INFO] [stderr] ┈┈┈┈┈┈┈┈┈┈┈┈┈┈┈┈┈┈┈┈┈┈┈┈┈┈┈┈┈┈┈┈┈┈┈┈┈┈┈┈┈┈┈┈┈┈┈┈┈┈┈┈┈┈┈┈┈┈┈┈
[INFO] [stderr] 
[INFO] [stderr] test tests/to_build/functions/str_type.rs [should pass] ... error
[INFO] [stderr] ┈┈┈┈┈┈┈┈┈┈┈┈┈┈┈┈┈┈┈┈┈┈┈┈┈┈┈┈┈┈┈┈┈┈┈┈┈┈┈┈┈┈┈┈┈┈┈┈┈┈┈┈┈┈┈┈┈┈┈┈
[INFO] [stderr] error[E0603]: enum `ParamValue` is private
[INFO] [stderr]  --> tests/to_build/functions/str_type.rs:6:10
[INFO] [stderr]   |
[INFO] [stderr] 6 | #[derive(AddIn)]
[INFO] [stderr]   |          ^^^^^
[INFO] [stderr]   |          |
[INFO] [stderr]   |          private enum
[INFO] [stderr]   |          enum `ParamValue` is not publicly re-exported
[INFO] [stderr]   |
[INFO] [stderr] note: the enum `ParamValue` is defined here
[INFO] [stderr]  --> /opt/rustwide/cargo-home/git/checkouts/native_api_1c-9ab61c3be4d25741/c6f6d17/native_api_1c_core/src/ffi/provided_types.rs:9:5
[INFO] [stderr]   |
[INFO] [stderr] 9 | use crate::interface::ParamValue;
[INFO] [stderr]   |     ^^^^^^^^^^^^^^^^^^^^^^^^^^^^
[INFO] [stderr] 
[INFO] [stderr] error[E0050]: method `get_prop_val` has 3 parameters but the declaration in trait `get_prop_val` has 2
[INFO] [stderr]  --> tests/to_build/functions/str_type.rs:6:10
[INFO] [stderr]   |
[INFO] [stderr] 6 | #[derive(AddIn)]
[INFO] [stderr]   |          ^^^^^ expected 2 parameters, found 3
[INFO] [stderr]   |
[INFO] [stderr]   = note: `get_prop_val` from trait: `fn(&Self, usize) -> Result<ParamValue, ()>`
[INFO] [stderr]   = note: this error originates in the derive macro `AddIn` (in Nightly builds, run with -Z macro-backtrace for more info)
[INFO] [stderr] 
[INFO] [stderr] error[E0053]: method `set_prop_val` has an incompatible type for trait
[INFO] [stderr]  --> tests/to_build/functions/str_type.rs:6:10
[INFO] [stderr]   |
[INFO] [stderr] 6 | #[derive(AddIn)]
[INFO] [stderr]   |          ^^^^^ expected `ParamValue`, found `&ParamValue`
[INFO] [stderr]   |
[INFO] [stderr]   = note: expected signature `fn(&mut MyAddIn, _, ParamValue) -> Result<(), ()>`
[INFO] [stderr]              found signature `fn(&mut MyAddIn, _, &ParamValue) -> bool`
[INFO] [stderr]   = note: this error originates in the derive macro `AddIn` (in Nightly builds, run with -Z macro-backtrace for more info)
[INFO] [stderr] 
[INFO] [stderr] error[E0050]: method `get_param_def_value` has 4 parameters but the declaration in trait `get_param_def_value` has 3
[INFO] [stderr]  --> tests/to_build/functions/str_type.rs:6:10
[INFO] [stderr]   |
[INFO] [stderr] 6 | #[derive(AddIn)]
[INFO] [stderr]   |          ^^^^^ expected 3 parameters, found 4
[INFO] [stderr]   |
[INFO] [stderr]   = note: `get_param_def_value` from trait: `fn(&Self, usize, usize) -> Option<ParamValue>`
[INFO] [stderr]   = note: this error originates in the derive macro `AddIn` (in Nightly builds, run with -Z macro-backtrace for more info)
[INFO] [stderr] 
[INFO] [stderr] error[E0053]: method `call_as_proc` has an incompatible type for trait
[INFO] [stderr]  --> tests/to_build/functions/str_type.rs:6:10
[INFO] [stderr]   |
[INFO] [stderr] 6 | #[derive(AddIn)]
[INFO] [stderr]   |          ^^^^^ expected `ParamValues`, found `[ParamValue]`
[INFO] [stderr]   |
[INFO] [stderr]   = note: expected signature `fn(&mut MyAddIn, _, &mut ParamValues) -> Result<(), ()>`
[INFO] [stderr]              found signature `fn(&mut MyAddIn, _, &mut [ParamValue]) -> bool`
[INFO] [stderr]   = note: this error originates in the derive macro `AddIn` (in Nightly builds, run with -Z macro-backtrace for more info)
[INFO] [stderr] 
[INFO] [stderr] error[E0050]: method `call_as_func` has 4 parameters but the declaration in trait `call_as_func` has 3
[INFO] [stderr]  --> tests/to_build/functions/str_type.rs:6:10
[INFO] [stderr]   |
[INFO] [stderr] 6 | #[derive(AddIn)]
[INFO] [stderr]   |          ^^^^^ expected 3 parameters, found 4
[INFO] [stderr]   |
[INFO] [stderr]   = note: `call_as_func` from trait: `fn(&mut Self, usize, &mut ParamValues) -> Result<ParamValue, ()>`
[INFO] [stderr]   = note: this error originates in the derive macro `AddIn` (in Nightly builds, run with -Z macro-backtrace for more info)
[INFO] [stderr] 
[INFO] [stderr] error[E0599]: no variant or associated item named `Str` found for enum `ParamValue` in the current scope
[INFO] [stderr]  --> tests/to_build/functions/str_type.rs:6:10
[INFO] [stderr]   |
[INFO] [stderr] 6 | #[derive(AddIn)]
[INFO] [stderr]   |          ^^^^^ variant or associated item not found in `ParamValue`
[INFO] [stderr]   |
[INFO] [stderr]   = note: this error originates in the derive macro `AddIn` (in Nightly builds, run with -Z macro-backtrace for more info)
[INFO] [stderr] ┈┈┈┈┈┈┈┈┈┈┈┈┈┈┈┈┈┈┈┈┈┈┈┈┈┈┈┈┈┈┈┈┈┈┈┈┈┈┈┈┈┈┈┈┈┈┈┈┈┈┈┈┈┈┈┈┈┈┈┈
[INFO] [stderr] 
[INFO] [stderr] test tests/to_build/functions/date_type.rs [should pass] ... error
[INFO] [stderr] ┈┈┈┈┈┈┈┈┈┈┈┈┈┈┈┈┈┈┈┈┈┈┈┈┈┈┈┈┈┈┈┈┈┈┈┈┈┈┈┈┈┈┈┈┈┈┈┈┈┈┈┈┈┈┈┈┈┈┈┈
[INFO] [stderr] error[E0603]: enum `ParamValue` is private
[INFO] [stderr]  --> tests/to_build/functions/date_type.rs:6:10
[INFO] [stderr]   |
[INFO] [stderr] 6 | #[derive(AddIn)]
[INFO] [stderr]   |          ^^^^^
[INFO] [stderr]   |          |
[INFO] [stderr]   |          private enum
[INFO] [stderr]   |          enum `ParamValue` is not publicly re-exported
[INFO] [stderr]   |
[INFO] [stderr] note: the enum `ParamValue` is defined here
[INFO] [stderr]  --> /opt/rustwide/cargo-home/git/checkouts/native_api_1c-9ab61c3be4d25741/c6f6d17/native_api_1c_core/src/ffi/provided_types.rs:9:5
[INFO] [stderr]   |
[INFO] [stderr] 9 | use crate::interface::ParamValue;
[INFO] [stderr]   |     ^^^^^^^^^^^^^^^^^^^^^^^^^^^^
[INFO] [stderr] 
[INFO] [stderr] error[E0050]: method `get_prop_val` has 3 parameters but the declaration in trait `get_prop_val` has 2
[INFO] [stderr]  --> tests/to_build/functions/date_type.rs:6:10
[INFO] [stderr]   |
[INFO] [stderr] 6 | #[derive(AddIn)]
[INFO] [stderr]   |          ^^^^^ expected 2 parameters, found 3
[INFO] [stderr]   |
[INFO] [stderr]   = note: `get_prop_val` from trait: `fn(&Self, usize) -> Result<ParamValue, ()>`
[INFO] [stderr]   = note: this error originates in the derive macro `AddIn` (in Nightly builds, run with -Z macro-backtrace for more info)
[INFO] [stderr] 
[INFO] [stderr] error[E0053]: method `set_prop_val` has an incompatible type for trait
[INFO] [stderr]  --> tests/to_build/functions/date_type.rs:6:10
[INFO] [stderr]   |
[INFO] [stderr] 6 | #[derive(AddIn)]
[INFO] [stderr]   |          ^^^^^ expected `ParamValue`, found `&ParamValue`
[INFO] [stderr]   |
[INFO] [stderr]   = note: expected signature `fn(&mut MyAddIn, _, ParamValue) -> Result<(), ()>`
[INFO] [stderr]              found signature `fn(&mut MyAddIn, _, &ParamValue) -> bool`
[INFO] [stderr]   = note: this error originates in the derive macro `AddIn` (in Nightly builds, run with -Z macro-backtrace for more info)
[INFO] [stderr] 
[INFO] [stderr] error[E0050]: method `get_param_def_value` has 4 parameters but the declaration in trait `get_param_def_value` has 3
[INFO] [stderr]  --> tests/to_build/functions/date_type.rs:6:10
[INFO] [stderr]   |
[INFO] [stderr] 6 | #[derive(AddIn)]
[INFO] [stderr]   |          ^^^^^ expected 3 parameters, found 4
[INFO] [stderr]   |
[INFO] [stderr]   = note: `get_param_def_value` from trait: `fn(&Self, usize, usize) -> Option<ParamValue>`
[INFO] [stderr]   = note: this error originates in the derive macro `AddIn` (in Nightly builds, run with -Z macro-backtrace for more info)
[INFO] [stderr] 
[INFO] [stderr] error[E0053]: method `call_as_proc` has an incompatible type for trait
[INFO] [stderr]  --> tests/to_build/functions/date_type.rs:6:10
[INFO] [stderr]   |
[INFO] [stderr] 6 | #[derive(AddIn)]
[INFO] [stderr]   |          ^^^^^ expected `ParamValues`, found `[ParamValue]`
[INFO] [stderr]   |
[INFO] [stderr]   = note: expected signature `fn(&mut MyAddIn, _, &mut ParamValues) -> Result<(), ()>`
[INFO] [stderr]              found signature `fn(&mut MyAddIn, _, &mut [ParamValue]) -> bool`
[INFO] [stderr]   = note: this error originates in the derive macro `AddIn` (in Nightly builds, run with -Z macro-backtrace for more info)
[INFO] [stderr] 
[INFO] [stderr] error[E0050]: method `call_as_func` has 4 parameters but the declaration in trait `call_as_func` has 3
[INFO] [stderr]  --> tests/to_build/functions/date_type.rs:6:10
[INFO] [stderr]   |
[INFO] [stderr] 6 | #[derive(AddIn)]
[INFO] [stderr]   |          ^^^^^ expected 3 parameters, found 4
[INFO] [stderr]   |
[INFO] [stderr]   = note: `call_as_func` from trait: `fn(&mut Self, usize, &mut ParamValues) -> Result<ParamValue, ()>`
[INFO] [stderr]   = note: this error originates in the derive macro `AddIn` (in Nightly builds, run with -Z macro-backtrace for more info)
[INFO] [stderr] 
[INFO] [stderr] error[E0277]: the trait bound `DateTime<FixedOffset>: From<Tm>` is not satisfied
[INFO] [stderr]  --> tests/to_build/functions/date_type.rs:6:10
[INFO] [stderr]   |
[INFO] [stderr] 6 | #[derive(AddIn)]
[INFO] [stderr]   |          ^^^^^ the trait `From<Tm>` is not implemented for `DateTime<FixedOffset>`, which is required by `Tm: Into<_>`
[INFO] [stderr]   |
[INFO] [stderr]   = help: the following other types implement trait `From<T>`:
[INFO] [stderr]             `DateTime<FixedOffset>` implements `From<DateTime<Local>>`
[INFO] [stderr]             `DateTime<FixedOffset>` implements `From<DateTime<Utc>>`
[INFO] [stderr]   = note: required for `Tm` to implement `Into<DateTime<FixedOffset>>`
[INFO] [stderr]   = note: this error originates in the derive macro `AddIn` (in Nightly builds, run with -Z macro-backtrace for more info)
[INFO] [stderr] 
[INFO] [stderr] error[E0277]: the trait bound `Tm: From<DateTime<FixedOffset>>` is not satisfied
[INFO] [stderr]  --> tests/to_build/functions/date_type.rs:6:10
[INFO] [stderr]   |
[INFO] [stderr] 6 | #[derive(AddIn)]
[INFO] [stderr]   |          ^^^^^ the trait `From<DateTime<FixedOffset>>` is not implemented for `Tm`, which is required by `DateTime<FixedOffset>: Into<_>`
[INFO] [stderr]   |
[INFO] [stderr]   = help: the following other types implement trait `From<T>`:
[INFO] [stderr]             `Tm` implements `From<&NaiveDateTime>`
[INFO] [stderr]             `Tm` implements `From<NaiveDateTime>`
[INFO] [stderr]   = note: required for `DateTime<FixedOffset>` to implement `Into<Tm>`
[INFO] [stderr]   = note: this error originates in the derive macro `AddIn` (in Nightly builds, run with -Z macro-backtrace for more info)
[INFO] [stderr] ┈┈┈┈┈┈┈┈┈┈┈┈┈┈┈┈┈┈┈┈┈┈┈┈┈┈┈┈┈┈┈┈┈┈┈┈┈┈┈┈┈┈┈┈┈┈┈┈┈┈┈┈┈┈┈┈┈┈┈┈
[INFO] [stderr] 
[INFO] [stderr] test tests/to_build/functions/blob_type.rs [should pass] ... error
[INFO] [stderr] ┈┈┈┈┈┈┈┈┈┈┈┈┈┈┈┈┈┈┈┈┈┈┈┈┈┈┈┈┈┈┈┈┈┈┈┈┈┈┈┈┈┈┈┈┈┈┈┈┈┈┈┈┈┈┈┈┈┈┈┈
[INFO] [stderr] error[E0603]: enum `ParamValue` is private
[INFO] [stderr]  --> tests/to_build/functions/blob_type.rs:6:10
[INFO] [stderr]   |
[INFO] [stderr] 6 | #[derive(AddIn)]
[INFO] [stderr]   |          ^^^^^
[INFO] [stderr]   |          |
[INFO] [stderr]   |          private enum
[INFO] [stderr]   |          enum `ParamValue` is not publicly re-exported
[INFO] [stderr]   |
[INFO] [stderr] note: the enum `ParamValue` is defined here
[INFO] [stderr]  --> /opt/rustwide/cargo-home/git/checkouts/native_api_1c-9ab61c3be4d25741/c6f6d17/native_api_1c_core/src/ffi/provided_types.rs:9:5
[INFO] [stderr]   |
[INFO] [stderr] 9 | use crate::interface::ParamValue;
[INFO] [stderr]   |     ^^^^^^^^^^^^^^^^^^^^^^^^^^^^
[INFO] [stderr] 
[INFO] [stderr] error[E0050]: method `get_prop_val` has 3 parameters but the declaration in trait `get_prop_val` has 2
[INFO] [stderr]  --> tests/to_build/functions/blob_type.rs:6:10
[INFO] [stderr]   |
[INFO] [stderr] 6 | #[derive(AddIn)]
[INFO] [stderr]   |          ^^^^^ expected 2 parameters, found 3
[INFO] [stderr]   |
[INFO] [stderr]   = note: `get_prop_val` from trait: `fn(&Self, usize) -> Result<ParamValue, ()>`
[INFO] [stderr]   = note: this error originates in the derive macro `AddIn` (in Nightly builds, run with -Z macro-backtrace for more info)
[INFO] [stderr] 
[INFO] [stderr] error[E0053]: method `set_prop_val` has an incompatible type for trait
[INFO] [stderr]  --> tests/to_build/functions/blob_type.rs:6:10
[INFO] [stderr]   |
[INFO] [stderr] 6 | #[derive(AddIn)]
[INFO] [stderr]   |          ^^^^^ expected `ParamValue`, found `&ParamValue`
[INFO] [stderr]   |
[INFO] [stderr]   = note: expected signature `fn(&mut MyAddIn, _, ParamValue) -> Result<(), ()>`
[INFO] [stderr]              found signature `fn(&mut MyAddIn, _, &ParamValue) -> bool`
[INFO] [stderr]   = note: this error originates in the derive macro `AddIn` (in Nightly builds, run with -Z macro-backtrace for more info)
[INFO] [stderr] 
[INFO] [stderr] error[E0050]: method `get_param_def_value` has 4 parameters but the declaration in trait `get_param_def_value` has 3
[INFO] [stderr]  --> tests/to_build/functions/blob_type.rs:6:10
[INFO] [stderr]   |
[INFO] [stderr] 6 | #[derive(AddIn)]
[INFO] [stderr]   |          ^^^^^ expected 3 parameters, found 4
[INFO] [stderr]   |
[INFO] [stderr]   = note: `get_param_def_value` from trait: `fn(&Self, usize, usize) -> Option<ParamValue>`
[INFO] [stderr]   = note: this error originates in the derive macro `AddIn` (in Nightly builds, run with -Z macro-backtrace for more info)
[INFO] [stderr] 
[INFO] [stderr] error[E0053]: method `call_as_proc` has an incompatible type for trait
[INFO] [stderr]  --> tests/to_build/functions/blob_type.rs:6:10
[INFO] [stderr]   |
[INFO] [stderr] 6 | #[derive(AddIn)]
[INFO] [stderr]   |          ^^^^^ expected `ParamValues`, found `[ParamValue]`
[INFO] [stderr]   |
[INFO] [stderr]   = note: expected signature `fn(&mut MyAddIn, _, &mut ParamValues) -> Result<(), ()>`
[INFO] [stderr]              found signature `fn(&mut MyAddIn, _, &mut [ParamValue]) -> bool`
[INFO] [stderr]   = note: this error originates in the derive macro `AddIn` (in Nightly builds, run with -Z macro-backtrace for more info)
[INFO] [stderr] 
[INFO] [stderr] error[E0050]: method `call_as_func` has 4 parameters but the declaration in trait `call_as_func` has 3
[INFO] [stderr]  --> tests/to_build/functions/blob_type.rs:6:10
[INFO] [stderr]   |
[INFO] [stderr] 6 | #[derive(AddIn)]
[INFO] [stderr]   |          ^^^^^ expected 3 parameters, found 4
[INFO] [stderr]   |
[INFO] [stderr]   = note: `call_as_func` from trait: `fn(&mut Self, usize, &mut ParamValues) -> Result<ParamValue, ()>`
[INFO] [stderr]   = note: this error originates in the derive macro `AddIn` (in Nightly builds, run with -Z macro-backtrace for more info)
[INFO] [stderr] ┈┈┈┈┈┈┈┈┈┈┈┈┈┈┈┈┈┈┈┈┈┈┈┈┈┈┈┈┈┈┈┈┈┈┈┈┈┈┈┈┈┈┈┈┈┈┈┈┈┈┈┈┈┈┈┈┈┈┈┈
[INFO] [stderr] 
[INFO] [stderr] test tests/to_build/functions/result/bool_type.rs [should pass] ... error
[INFO] [stderr] ┈┈┈┈┈┈┈┈┈┈┈┈┈┈┈┈┈┈┈┈┈┈┈┈┈┈┈┈┈┈┈┈┈┈┈┈┈┈┈┈┈┈┈┈┈┈┈┈┈┈┈┈┈┈┈┈┈┈┈┈
[INFO] [stderr] error[E0603]: enum `ParamValue` is private
[INFO] [stderr]  --> tests/to_build/functions/result/bool_type.rs:6:10
[INFO] [stderr]   |
[INFO] [stderr] 6 | #[derive(AddIn)]
[INFO] [stderr]   |          ^^^^^
[INFO] [stderr]   |          |
[INFO] [stderr]   |          private enum
[INFO] [stderr]   |          enum `ParamValue` is not publicly re-exported
[INFO] [stderr]   |
[INFO] [stderr] note: the enum `ParamValue` is defined here
[INFO] [stderr]  --> /opt/rustwide/cargo-home/git/checkouts/native_api_1c-9ab61c3be4d25741/c6f6d17/native_api_1c_core/src/ffi/provided_types.rs:9:5
[INFO] [stderr]   |
[INFO] [stderr] 9 | use crate::interface::ParamValue;
[INFO] [stderr]   |     ^^^^^^^^^^^^^^^^^^^^^^^^^^^^
[INFO] [stderr] 
[INFO] [stderr] error[E0050]: method `get_prop_val` has 3 parameters but the declaration in trait `get_prop_val` has 2
[INFO] [stderr]  --> tests/to_build/functions/result/bool_type.rs:6:10
[INFO] [stderr]   |
[INFO] [stderr] 6 | #[derive(AddIn)]
[INFO] [stderr]   |          ^^^^^ expected 2 parameters, found 3
[INFO] [stderr]   |
[INFO] [stderr]   = note: `get_prop_val` from trait: `fn(&Self, usize) -> Result<ParamValue, ()>`
[INFO] [stderr]   = note: this error originates in the derive macro `AddIn` (in Nightly builds, run with -Z macro-backtrace for more info)
[INFO] [stderr] 
[INFO] [stderr] error[E0053]: method `set_prop_val` has an incompatible type for trait
[INFO] [stderr]  --> tests/to_build/functions/result/bool_type.rs:6:10
[INFO] [stderr]   |
[INFO] [stderr] 6 | #[derive(AddIn)]
[INFO] [stderr]   |          ^^^^^ expected `ParamValue`, found `&ParamValue`
[INFO] [stderr]   |
[INFO] [stderr]   = note: expected signature `fn(&mut MyAddIn, _, ParamValue) -> Result<(), ()>`
[INFO] [stderr]              found signature `fn(&mut MyAddIn, _, &ParamValue) -> bool`
[INFO] [stderr]   = note: this error originates in the derive macro `AddIn` (in Nightly builds, run with -Z macro-backtrace for more info)
[INFO] [stderr] 
[INFO] [stderr] error[E0050]: method `get_param_def_value` has 4 parameters but the declaration in trait `get_param_def_value` has 3
[INFO] [stderr]  --> tests/to_build/functions/result/bool_type.rs:6:10
[INFO] [stderr]   |
[INFO] [stderr] 6 | #[derive(AddIn)]
[INFO] [stderr]   |          ^^^^^ expected 3 parameters, found 4
[INFO] [stderr]   |
[INFO] [stderr]   = note: `get_param_def_value` from trait: `fn(&Self, usize, usize) -> Option<ParamValue>`
[INFO] [stderr]   = note: this error originates in the derive macro `AddIn` (in Nightly builds, run with -Z macro-backtrace for more info)
[INFO] [stderr] 
[INFO] [stderr] error[E0053]: method `call_as_proc` has an incompatible type for trait
[INFO] [stderr]  --> tests/to_build/functions/result/bool_type.rs:6:10
[INFO] [stderr]   |
[INFO] [stderr] 6 | #[derive(AddIn)]
[INFO] [stderr]   |          ^^^^^ expected `ParamValues`, found `[ParamValue]`
[INFO] [stderr]   |
[INFO] [stderr]   = note: expected signature `fn(&mut MyAddIn, _, &mut ParamValues) -> Result<(), ()>`
[INFO] [stderr]              found signature `fn(&mut MyAddIn, _, &mut [ParamValue]) -> bool`
[INFO] [stderr]   = note: this error originates in the derive macro `AddIn` (in Nightly builds, run with -Z macro-backtrace for more info)
[INFO] [stderr] 
[INFO] [stderr] error[E0050]: method `call_as_func` has 4 parameters but the declaration in trait `call_as_func` has 3
[INFO] [stderr]  --> tests/to_build/functions/result/bool_type.rs:6:10
[INFO] [stderr]   |
[INFO] [stderr] 6 | #[derive(AddIn)]
[INFO] [stderr]   |          ^^^^^ expected 3 parameters, found 4
[INFO] [stderr]   |
[INFO] [stderr]   = note: `call_as_func` from trait: `fn(&mut Self, usize, &mut ParamValues) -> Result<ParamValue, ()>`
[INFO] [stderr]   = note: this error originates in the derive macro `AddIn` (in Nightly builds, run with -Z macro-backtrace for more info)
[INFO] [stderr] ┈┈┈┈┈┈┈┈┈┈┈┈┈┈┈┈┈┈┈┈┈┈┈┈┈┈┈┈┈┈┈┈┈┈┈┈┈┈┈┈┈┈┈┈┈┈┈┈┈┈┈┈┈┈┈┈┈┈┈┈
[INFO] [stderr] 
[INFO] [stderr] test tests/to_build/functions/result/int_type.rs [should pass] ... error
[INFO] [stderr] ┈┈┈┈┈┈┈┈┈┈┈┈┈┈┈┈┈┈┈┈┈┈┈┈┈┈┈┈┈┈┈┈┈┈┈┈┈┈┈┈┈┈┈┈┈┈┈┈┈┈┈┈┈┈┈┈┈┈┈┈
[INFO] [stderr] error[E0603]: enum `ParamValue` is private
[INFO] [stderr]  --> tests/to_build/functions/result/int_type.rs:6:10
[INFO] [stderr]   |
[INFO] [stderr] 6 | #[derive(AddIn)]
[INFO] [stderr]   |          ^^^^^
[INFO] [stderr]   |          |
[INFO] [stderr]   |          private enum
[INFO] [stderr]   |          enum `ParamValue` is not publicly re-exported
[INFO] [stderr]   |
[INFO] [stderr] note: the enum `ParamValue` is defined here
[INFO] [stderr]  --> /opt/rustwide/cargo-home/git/checkouts/native_api_1c-9ab61c3be4d25741/c6f6d17/native_api_1c_core/src/ffi/provided_types.rs:9:5
[INFO] [stderr]   |
[INFO] [stderr] 9 | use crate::interface::ParamValue;
[INFO] [stderr]   |     ^^^^^^^^^^^^^^^^^^^^^^^^^^^^
[INFO] [stderr] 
[INFO] [stderr] error[E0050]: method `get_prop_val` has 3 parameters but the declaration in trait `get_prop_val` has 2
[INFO] [stderr]  --> tests/to_build/functions/result/int_type.rs:6:10
[INFO] [stderr]   |
[INFO] [stderr] 6 | #[derive(AddIn)]
[INFO] [stderr]   |          ^^^^^ expected 2 parameters, found 3
[INFO] [stderr]   |
[INFO] [stderr]   = note: `get_prop_val` from trait: `fn(&Self, usize) -> Result<ParamValue, ()>`
[INFO] [stderr]   = note: this error originates in the derive macro `AddIn` (in Nightly builds, run with -Z macro-backtrace for more info)
[INFO] [stderr] 
[INFO] [stderr] error[E0053]: method `set_prop_val` has an incompatible type for trait
[INFO] [stderr]  --> tests/to_build/functions/result/int_type.rs:6:10
[INFO] [stderr]   |
[INFO] [stderr] 6 | #[derive(AddIn)]
[INFO] [stderr]   |          ^^^^^ expected `ParamValue`, found `&ParamValue`
[INFO] [stderr]   |
[INFO] [stderr]   = note: expected signature `fn(&mut MyAddIn, _, ParamValue) -> Result<(), ()>`
[INFO] [stderr]              found signature `fn(&mut MyAddIn, _, &ParamValue) -> bool`
[INFO] [stderr]   = note: this error originates in the derive macro `AddIn` (in Nightly builds, run with -Z macro-backtrace for more info)
[INFO] [stderr] 
[INFO] [stderr] error[E0050]: method `get_param_def_value` has 4 parameters but the declaration in trait `get_param_def_value` has 3
[INFO] [stderr]  --> tests/to_build/functions/result/int_type.rs:6:10
[INFO] [stderr]   |
[INFO] [stderr] 6 | #[derive(AddIn)]
[INFO] [stderr]   |          ^^^^^ expected 3 parameters, found 4
[INFO] [stderr]   |
[INFO] [stderr]   = note: `get_param_def_value` from trait: `fn(&Self, usize, usize) -> Option<ParamValue>`
[INFO] [stderr]   = note: this error originates in the derive macro `AddIn` (in Nightly builds, run with -Z macro-backtrace for more info)
[INFO] [stderr] 
[INFO] [stderr] error[E0053]: method `call_as_proc` has an incompatible type for trait
[INFO] [stderr]  --> tests/to_build/functions/result/int_type.rs:6:10
[INFO] [stderr]   |
[INFO] [stderr] 6 | #[derive(AddIn)]
[INFO] [stderr]   |          ^^^^^ expected `ParamValues`, found `[ParamValue]`
[INFO] [stderr]   |
[INFO] [stderr]   = note: expected signature `fn(&mut MyAddIn, _, &mut ParamValues) -> Result<(), ()>`
[INFO] [stderr]              found signature `fn(&mut MyAddIn, _, &mut [ParamValue]) -> bool`
[INFO] [stderr]   = note: this error originates in the derive macro `AddIn` (in Nightly builds, run with -Z macro-backtrace for more info)
[INFO] [stderr] 
[INFO] [stderr] error[E0050]: method `call_as_func` has 4 parameters but the declaration in trait `call_as_func` has 3
[INFO] [stderr]  --> tests/to_build/functions/result/int_type.rs:6:10
[INFO] [stderr]   |
[INFO] [stderr] 6 | #[derive(AddIn)]
[INFO] [stderr]   |          ^^^^^ expected 3 parameters, found 4
[INFO] [stderr]   |
[INFO] [stderr]   = note: `call_as_func` from trait: `fn(&mut Self, usize, &mut ParamValues) -> Result<ParamValue, ()>`
[INFO] [stderr]   = note: this error originates in the derive macro `AddIn` (in Nightly builds, run with -Z macro-backtrace for more info)
[INFO] [stderr] ┈┈┈┈┈┈┈┈┈┈┈┈┈┈┈┈┈┈┈┈┈┈┈┈┈┈┈┈┈┈┈┈┈┈┈┈┈┈┈┈┈┈┈┈┈┈┈┈┈┈┈┈┈┈┈┈┈┈┈┈
[INFO] [stderr] 
[INFO] [stderr] test tests/to_build/functions/result/float_type.rs [should pass] ... error
[INFO] [stderr] ┈┈┈┈┈┈┈┈┈┈┈┈┈┈┈┈┈┈┈┈┈┈┈┈┈┈┈┈┈┈┈┈┈┈┈┈┈┈┈┈┈┈┈┈┈┈┈┈┈┈┈┈┈┈┈┈┈┈┈┈
[INFO] [stderr] error[E0603]: enum `ParamValue` is private
[INFO] [stderr]  --> tests/to_build/functions/result/float_type.rs:6:10
[INFO] [stderr]   |
[INFO] [stderr] 6 | #[derive(AddIn)]
[INFO] [stderr]   |          ^^^^^
[INFO] [stderr]   |          |
[INFO] [stderr]   |          private enum
[INFO] [stderr]   |          enum `ParamValue` is not publicly re-exported
[INFO] [stderr]   |
[INFO] [stderr] note: the enum `ParamValue` is defined here
[INFO] [stderr]  --> /opt/rustwide/cargo-home/git/checkouts/native_api_1c-9ab61c3be4d25741/c6f6d17/native_api_1c_core/src/ffi/provided_types.rs:9:5
[INFO] [stderr]   |
[INFO] [stderr] 9 | use crate::interface::ParamValue;
[INFO] [stderr]   |     ^^^^^^^^^^^^^^^^^^^^^^^^^^^^
[INFO] [stderr] 
[INFO] [stderr] error[E0050]: method `get_prop_val` has 3 parameters but the declaration in trait `get_prop_val` has 2
[INFO] [stderr]  --> tests/to_build/functions/result/float_type.rs:6:10
[INFO] [stderr]   |
[INFO] [stderr] 6 | #[derive(AddIn)]
[INFO] [stderr]   |          ^^^^^ expected 2 parameters, found 3
[INFO] [stderr]   |
[INFO] [stderr]   = note: `get_prop_val` from trait: `fn(&Self, usize) -> Result<ParamValue, ()>`
[INFO] [stderr]   = note: this error originates in the derive macro `AddIn` (in Nightly builds, run with -Z macro-backtrace for more info)
[INFO] [stderr] 
[INFO] [stderr] error[E0053]: method `set_prop_val` has an incompatible type for trait
[INFO] [stderr]  --> tests/to_build/functions/result/float_type.rs:6:10
[INFO] [stderr]   |
[INFO] [stderr] 6 | #[derive(AddIn)]
[INFO] [stderr]   |          ^^^^^ expected `ParamValue`, found `&ParamValue`
[INFO] [stderr]   |
[INFO] [stderr]   = note: expected signature `fn(&mut MyAddIn, _, ParamValue) -> Result<(), ()>`
[INFO] [stderr]              found signature `fn(&mut MyAddIn, _, &ParamValue) -> bool`
[INFO] [stderr]   = note: this error originates in the derive macro `AddIn` (in Nightly builds, run with -Z macro-backtrace for more info)
[INFO] [stderr] 
[INFO] [stderr] error[E0050]: method `get_param_def_value` has 4 parameters but the declaration in trait `get_param_def_value` has 3
[INFO] [stderr]  --> tests/to_build/functions/result/float_type.rs:6:10
[INFO] [stderr]   |
[INFO] [stderr] 6 | #[derive(AddIn)]
[INFO] [stderr]   |          ^^^^^ expected 3 parameters, found 4
[INFO] [stderr]   |
[INFO] [stderr]   = note: `get_param_def_value` from trait: `fn(&Self, usize, usize) -> Option<ParamValue>`
[INFO] [stderr]   = note: this error originates in the derive macro `AddIn` (in Nightly builds, run with -Z macro-backtrace for more info)
[INFO] [stderr] 
[INFO] [stderr] error[E0053]: method `call_as_proc` has an incompatible type for trait
[INFO] [stderr]  --> tests/to_build/functions/result/float_type.rs:6:10
[INFO] [stderr]   |
[INFO] [stderr] 6 | #[derive(AddIn)]
[INFO] [stderr]   |          ^^^^^ expected `ParamValues`, found `[ParamValue]`
[INFO] [stderr]   |
[INFO] [stderr]   = note: expected signature `fn(&mut MyAddIn, _, &mut ParamValues) -> Result<(), ()>`
[INFO] [stderr]              found signature `fn(&mut MyAddIn, _, &mut [ParamValue]) -> bool`
[INFO] [stderr]   = note: this error originates in the derive macro `AddIn` (in Nightly builds, run with -Z macro-backtrace for more info)
[INFO] [stderr] 
[INFO] [stderr] error[E0050]: method `call_as_func` has 4 parameters but the declaration in trait `call_as_func` has 3
[INFO] [stderr]  --> tests/to_build/functions/result/float_type.rs:6:10
[INFO] [stderr]   |
[INFO] [stderr] 6 | #[derive(AddIn)]
[INFO] [stderr]   |          ^^^^^ expected 3 parameters, found 4
[INFO] [stderr]   |
[INFO] [stderr]   = note: `call_as_func` from trait: `fn(&mut Self, usize, &mut ParamValues) -> Result<ParamValue, ()>`
[INFO] [stderr]   = note: this error originates in the derive macro `AddIn` (in Nightly builds, run with -Z macro-backtrace for more info)
[INFO] [stderr] ┈┈┈┈┈┈┈┈┈┈┈┈┈┈┈┈┈┈┈┈┈┈┈┈┈┈┈┈┈┈┈┈┈┈┈┈┈┈┈┈┈┈┈┈┈┈┈┈┈┈┈┈┈┈┈┈┈┈┈┈
[INFO] [stderr] 
[INFO] [stderr] test tests/to_build/functions/result/str_type.rs [should pass] ... error
[INFO] [stderr] ┈┈┈┈┈┈┈┈┈┈┈┈┈┈┈┈┈┈┈┈┈┈┈┈┈┈┈┈┈┈┈┈┈┈┈┈┈┈┈┈┈┈┈┈┈┈┈┈┈┈┈┈┈┈┈┈┈┈┈┈
[INFO] [stderr] error[E0603]: enum `ParamValue` is private
[INFO] [stderr]  --> tests/to_build/functions/result/str_type.rs:6:10
[INFO] [stderr]   |
[INFO] [stderr] 6 | #[derive(AddIn)]
[INFO] [stderr]   |          ^^^^^
[INFO] [stderr]   |          |
[INFO] [stderr]   |          private enum
[INFO] [stderr]   |          enum `ParamValue` is not publicly re-exported
[INFO] [stderr]   |
[INFO] [stderr] note: the enum `ParamValue` is defined here
[INFO] [stderr]  --> /opt/rustwide/cargo-home/git/checkouts/native_api_1c-9ab61c3be4d25741/c6f6d17/native_api_1c_core/src/ffi/provided_types.rs:9:5
[INFO] [stderr]   |
[INFO] [stderr] 9 | use crate::interface::ParamValue;
[INFO] [stderr]   |     ^^^^^^^^^^^^^^^^^^^^^^^^^^^^
[INFO] [stderr] 
[INFO] [stderr] error[E0050]: method `get_prop_val` has 3 parameters but the declaration in trait `get_prop_val` has 2
[INFO] [stderr]  --> tests/to_build/functions/result/str_type.rs:6:10
[INFO] [stderr]   |
[INFO] [stderr] 6 | #[derive(AddIn)]
[INFO] [stderr]   |          ^^^^^ expected 2 parameters, found 3
[INFO] [stderr]   |
[INFO] [stderr]   = note: `get_prop_val` from trait: `fn(&Self, usize) -> Result<ParamValue, ()>`
[INFO] [stderr]   = note: this error originates in the derive macro `AddIn` (in Nightly builds, run with -Z macro-backtrace for more info)
[INFO] [stderr] 
[INFO] [stderr] error[E0053]: method `set_prop_val` has an incompatible type for trait
[INFO] [stderr]  --> tests/to_build/functions/result/str_type.rs:6:10
[INFO] [stderr]   |
[INFO] [stderr] 6 | #[derive(AddIn)]
[INFO] [stderr]   |          ^^^^^ expected `ParamValue`, found `&ParamValue`
[INFO] [stderr]   |
[INFO] [stderr]   = note: expected signature `fn(&mut MyAddIn, _, ParamValue) -> Result<(), ()>`
[INFO] [stderr]              found signature `fn(&mut MyAddIn, _, &ParamValue) -> bool`
[INFO] [stderr]   = note: this error originates in the derive macro `AddIn` (in Nightly builds, run with -Z macro-backtrace for more info)
[INFO] [stderr] 
[INFO] [stderr] error[E0050]: method `get_param_def_value` has 4 parameters but the declaration in trait `get_param_def_value` has 3
[INFO] [stderr]  --> tests/to_build/functions/result/str_type.rs:6:10
[INFO] [stderr]   |
[INFO] [stderr] 6 | #[derive(AddIn)]
[INFO] [stderr]   |          ^^^^^ expected 3 parameters, found 4
[INFO] [stderr]   |
[INFO] [stderr]   = note: `get_param_def_value` from trait: `fn(&Self, usize, usize) -> Option<ParamValue>`
[INFO] [stderr]   = note: this error originates in the derive macro `AddIn` (in Nightly builds, run with -Z macro-backtrace for more info)
[INFO] [stderr] 
[INFO] [stderr] error[E0053]: method `call_as_proc` has an incompatible type for trait
[INFO] [stderr]  --> tests/to_build/functions/result/str_type.rs:6:10
[INFO] [stderr]   |
[INFO] [stderr] 6 | #[derive(AddIn)]
[INFO] [stderr]   |          ^^^^^ expected `ParamValues`, found `[ParamValue]`
[INFO] [stderr]   |
[INFO] [stderr]   = note: expected signature `fn(&mut MyAddIn, _, &mut ParamValues) -> Result<(), ()>`
[INFO] [stderr]              found signature `fn(&mut MyAddIn, _, &mut [ParamValue]) -> bool`
[INFO] [stderr]   = note: this error originates in the derive macro `AddIn` (in Nightly builds, run with -Z macro-backtrace for more info)
[INFO] [stderr] 
[INFO] [stderr] error[E0050]: method `call_as_func` has 4 parameters but the declaration in trait `call_as_func` has 3
[INFO] [stderr]  --> tests/to_build/functions/result/str_type.rs:6:10
[INFO] [stderr]   |
[INFO] [stderr] 6 | #[derive(AddIn)]
[INFO] [stderr]   |          ^^^^^ expected 3 parameters, found 4
[INFO] [stderr]   |
[INFO] [stderr]   = note: `call_as_func` from trait: `fn(&mut Self, usize, &mut ParamValues) -> Result<ParamValue, ()>`
[INFO] [stderr]   = note: this error originates in the derive macro `AddIn` (in Nightly builds, run with -Z macro-backtrace for more info)
[INFO] [stderr] 
[INFO] [stderr] error[E0599]: no variant or associated item named `Str` found for enum `ParamValue` in the current scope
[INFO] [stderr]  --> tests/to_build/functions/result/str_type.rs:6:10
[INFO] [stderr]   |
[INFO] [stderr] 6 | #[derive(AddIn)]
[INFO] [stderr]   |          ^^^^^ variant or associated item not found in `ParamValue`
[INFO] [stderr]   |
[INFO] [stderr]   = note: this error originates in the derive macro `AddIn` (in Nightly builds, run with -Z macro-backtrace for more info)
[INFO] [stderr] ┈┈┈┈┈┈┈┈┈┈┈┈┈┈┈┈┈┈┈┈┈┈┈┈┈┈┈┈┈┈┈┈┈┈┈┈┈┈┈┈┈┈┈┈┈┈┈┈┈┈┈┈┈┈┈┈┈┈┈┈
[INFO] [stderr] 
[INFO] [stderr] test tests/to_build/functions/result/date_type.rs [should pass] ... error
[INFO] [stderr] ┈┈┈┈┈┈┈┈┈┈┈┈┈┈┈┈┈┈┈┈┈┈┈┈┈┈┈┈┈┈┈┈┈┈┈┈┈┈┈┈┈┈┈┈┈┈┈┈┈┈┈┈┈┈┈┈┈┈┈┈
[INFO] [stderr] error[E0603]: enum `ParamValue` is private
[INFO] [stderr]  --> tests/to_build/functions/result/date_type.rs:6:10
[INFO] [stderr]   |
[INFO] [stderr] 6 | #[derive(AddIn)]
[INFO] [stderr]   |          ^^^^^
[INFO] [stderr]   |          |
[INFO] [stderr]   |          private enum
[INFO] [stderr]   |          enum `ParamValue` is not publicly re-exported
[INFO] [stderr]   |
[INFO] [stderr] note: the enum `ParamValue` is defined here
[INFO] [stderr]  --> /opt/rustwide/cargo-home/git/checkouts/native_api_1c-9ab61c3be4d25741/c6f6d17/native_api_1c_core/src/ffi/provided_types.rs:9:5
[INFO] [stderr]   |
[INFO] [stderr] 9 | use crate::interface::ParamValue;
[INFO] [stderr]   |     ^^^^^^^^^^^^^^^^^^^^^^^^^^^^
[INFO] [stderr] 
[INFO] [stderr] error[E0050]: method `get_prop_val` has 3 parameters but the declaration in trait `get_prop_val` has 2
[INFO] [stderr]  --> tests/to_build/functions/result/date_type.rs:6:10
[INFO] [stderr]   |
[INFO] [stderr] 6 | #[derive(AddIn)]
[INFO] [stderr]   |          ^^^^^ expected 2 parameters, found 3
[INFO] [stderr]   |
[INFO] [stderr]   = note: `get_prop_val` from trait: `fn(&Self, usize) -> Result<ParamValue, ()>`
[INFO] [stderr]   = note: this error originates in the derive macro `AddIn` (in Nightly builds, run with -Z macro-backtrace for more info)
[INFO] [stderr] 
[INFO] [stderr] error[E0053]: method `set_prop_val` has an incompatible type for trait
[INFO] [stderr]  --> tests/to_build/functions/result/date_type.rs:6:10
[INFO] [stderr]   |
[INFO] [stderr] 6 | #[derive(AddIn)]
[INFO] [stderr]   |          ^^^^^ expected `ParamValue`, found `&ParamValue`
[INFO] [stderr]   |
[INFO] [stderr]   = note: expected signature `fn(&mut MyAddIn, _, ParamValue) -> Result<(), ()>`
[INFO] [stderr]              found signature `fn(&mut MyAddIn, _, &ParamValue) -> bool`
[INFO] [stderr]   = note: this error originates in the derive macro `AddIn` (in Nightly builds, run with -Z macro-backtrace for more info)
[INFO] [stderr] 
[INFO] [stderr] error[E0050]: method `get_param_def_value` has 4 parameters but the declaration in trait `get_param_def_value` has 3
[INFO] [stderr]  --> tests/to_build/functions/result/date_type.rs:6:10
[INFO] [stderr]   |
[INFO] [stderr] 6 | #[derive(AddIn)]
[INFO] [stderr]   |          ^^^^^ expected 3 parameters, found 4
[INFO] [stderr]   |
[INFO] [stderr]   = note: `get_param_def_value` from trait: `fn(&Self, usize, usize) -> Option<ParamValue>`
[INFO] [stderr]   = note: this error originates in the derive macro `AddIn` (in Nightly builds, run with -Z macro-backtrace for more info)
[INFO] [stderr] 
[INFO] [stderr] error[E0053]: method `call_as_proc` has an incompatible type for trait
[INFO] [stderr]  --> tests/to_build/functions/result/date_type.rs:6:10
[INFO] [stderr]   |
[INFO] [stderr] 6 | #[derive(AddIn)]
[INFO] [stderr]   |          ^^^^^ expected `ParamValues`, found `[ParamValue]`
[INFO] [stderr]   |
[INFO] [stderr]   = note: expected signature `fn(&mut MyAddIn, _, &mut ParamValues) -> Result<(), ()>`
[INFO] [stderr]              found signature `fn(&mut MyAddIn, _, &mut [ParamValue]) -> bool`
[INFO] [stderr]   = note: this error originates in the derive macro `AddIn` (in Nightly builds, run with -Z macro-backtrace for more info)
[INFO] [stderr] 
[INFO] [stderr] error[E0050]: method `call_as_func` has 4 parameters but the declaration in trait `call_as_func` has 3
[INFO] [stderr]  --> tests/to_build/functions/result/date_type.rs:6:10
[INFO] [stderr]   |
[INFO] [stderr] 6 | #[derive(AddIn)]
[INFO] [stderr]   |          ^^^^^ expected 3 parameters, found 4
[INFO] [stderr]   |
[INFO] [stderr]   = note: `call_as_func` from trait: `fn(&mut Self, usize, &mut ParamValues) -> Result<ParamValue, ()>`
[INFO] [stderr]   = note: this error originates in the derive macro `AddIn` (in Nightly builds, run with -Z macro-backtrace for more info)
[INFO] [stderr] 
[INFO] [stderr] error[E0277]: the trait bound `DateTime<FixedOffset>: From<Tm>` is not satisfied
[INFO] [stderr]  --> tests/to_build/functions/result/date_type.rs:6:10
[INFO] [stderr]   |
[INFO] [stderr] 6 | #[derive(AddIn)]
[INFO] [stderr]   |          ^^^^^ the trait `From<Tm>` is not implemented for `DateTime<FixedOffset>`, which is required by `Tm: Into<_>`
[INFO] [stderr]   |
[INFO] [stderr]   = help: the following other types implement trait `From<T>`:
[INFO] [stderr]             `DateTime<FixedOffset>` implements `From<DateTime<Local>>`
[INFO] [stderr]             `DateTime<FixedOffset>` implements `From<DateTime<Utc>>`
[INFO] [stderr]   = note: required for `Tm` to implement `Into<DateTime<FixedOffset>>`
[INFO] [stderr]   = note: this error originates in the derive macro `AddIn` (in Nightly builds, run with -Z macro-backtrace for more info)
[INFO] [stderr] 
[INFO] [stderr] error[E0277]: the trait bound `Tm: From<DateTime<FixedOffset>>` is not satisfied
[INFO] [stderr]  --> tests/to_build/functions/result/date_type.rs:6:10
[INFO] [stderr]   |
[INFO] [stderr] 6 | #[derive(AddIn)]
[INFO] [stderr]   |          ^^^^^ the trait `From<DateTime<FixedOffset>>` is not implemented for `Tm`, which is required by `DateTime<FixedOffset>: Into<_>`
[INFO] [stderr]   |
[INFO] [stderr]   = help: the following other types implement trait `From<T>`:
[INFO] [stderr]             `Tm` implements `From<&NaiveDateTime>`
[INFO] [stderr]             `Tm` implements `From<NaiveDateTime>`
[INFO] [stderr]   = note: required for `DateTime<FixedOffset>` to implement `Into<Tm>`
[INFO] [stderr]   = note: this error originates in the derive macro `AddIn` (in Nightly builds, run with -Z macro-backtrace for more info)
[INFO] [stderr] ┈┈┈┈┈┈┈┈┈┈┈┈┈┈┈┈┈┈┈┈┈┈┈┈┈┈┈┈┈┈┈┈┈┈┈┈┈┈┈┈┈┈┈┈┈┈┈┈┈┈┈┈┈┈┈┈┈┈┈┈
[INFO] [stderr] 
[INFO] [stderr] test tests/to_build/functions/result/blob_type.rs [should pass] ... error
[INFO] [stderr] ┈┈┈┈┈┈┈┈┈┈┈┈┈┈┈┈┈┈┈┈┈┈┈┈┈┈┈┈┈┈┈┈┈┈┈┈┈┈┈┈┈┈┈┈┈┈┈┈┈┈┈┈┈┈┈┈┈┈┈┈
[INFO] [stderr] error[E0603]: enum `ParamValue` is private
[INFO] [stderr]  --> tests/to_build/functions/result/blob_type.rs:6:10
[INFO] [stderr]   |
[INFO] [stderr] 6 | #[derive(AddIn)]
[INFO] [stderr]   |          ^^^^^
[INFO] [stderr]   |          |
[INFO] [stderr]   |          private enum
[INFO] [stderr]   |          enum `ParamValue` is not publicly re-exported
[INFO] [stderr]   |
[INFO] [stderr] note: the enum `ParamValue` is defined here
[INFO] [stderr]  --> /opt/rustwide/cargo-home/git/checkouts/native_api_1c-9ab61c3be4d25741/c6f6d17/native_api_1c_core/src/ffi/provided_types.rs:9:5
[INFO] [stderr]   |
[INFO] [stderr] 9 | use crate::interface::ParamValue;
[INFO] [stderr]   |     ^^^^^^^^^^^^^^^^^^^^^^^^^^^^
[INFO] [stderr] 
[INFO] [stderr] error[E0050]: method `get_prop_val` has 3 parameters but the declaration in trait `get_prop_val` has 2
[INFO] [stderr]  --> tests/to_build/functions/result/blob_type.rs:6:10
[INFO] [stderr]   |
[INFO] [stderr] 6 | #[derive(AddIn)]
[INFO] [stderr]   |          ^^^^^ expected 2 parameters, found 3
[INFO] [stderr]   |
[INFO] [stderr]   = note: `get_prop_val` from trait: `fn(&Self, usize) -> Result<ParamValue, ()>`
[INFO] [stderr]   = note: this error originates in the derive macro `AddIn` (in Nightly builds, run with -Z macro-backtrace for more info)
[INFO] [stderr] 
[INFO] [stderr] error[E0053]: method `set_prop_val` has an incompatible type for trait
[INFO] [stderr]  --> tests/to_build/functions/result/blob_type.rs:6:10
[INFO] [stderr]   |
[INFO] [stderr] 6 | #[derive(AddIn)]
[INFO] [stderr]   |          ^^^^^ expected `ParamValue`, found `&ParamValue`
[INFO] [stderr]   |
[INFO] [stderr]   = note: expected signature `fn(&mut MyAddIn, _, ParamValue) -> Result<(), ()>`
[INFO] [stderr]              found signature `fn(&mut MyAddIn, _, &ParamValue) -> bool`
[INFO] [stderr]   = note: this error originates in the derive macro `AddIn` (in Nightly builds, run with -Z macro-backtrace for more info)
[INFO] [stderr] 
[INFO] [stderr] error[E0050]: method `get_param_def_value` has 4 parameters but the declaration in trait `get_param_def_value` has 3
[INFO] [stderr]  --> tests/to_build/functions/result/blob_type.rs:6:10
[INFO] [stderr]   |
[INFO] [stderr] 6 | #[derive(AddIn)]
[INFO] [stderr]   |          ^^^^^ expected 3 parameters, found 4
[INFO] [stderr]   |
[INFO] [stderr]   = note: `get_param_def_value` from trait: `fn(&Self, usize, usize) -> Option<ParamValue>`
[INFO] [stderr]   = note: this error originates in the derive macro `AddIn` (in Nightly builds, run with -Z macro-backtrace for more info)
[INFO] [stderr] 
[INFO] [stderr] error[E0053]: method `call_as_proc` has an incompatible type for trait
[INFO] [stderr]  --> tests/to_build/functions/result/blob_type.rs:6:10
[INFO] [stderr]   |
[INFO] [stderr] 6 | #[derive(AddIn)]
[INFO] [stderr]   |          ^^^^^ expected `ParamValues`, found `[ParamValue]`
[INFO] [stderr]   |
[INFO] [stderr]   = note: expected signature `fn(&mut MyAddIn, _, &mut ParamValues) -> Result<(), ()>`
[INFO] [stderr]              found signature `fn(&mut MyAddIn, _, &mut [ParamValue]) -> bool`
[INFO] [stderr]   = note: this error originates in the derive macro `AddIn` (in Nightly builds, run with -Z macro-backtrace for more info)
[INFO] [stderr] 
[INFO] [stderr] error[E0050]: method `call_as_func` has 4 parameters but the declaration in trait `call_as_func` has 3
[INFO] [stderr]  --> tests/to_build/functions/result/blob_type.rs:6:10
[INFO] [stderr]   |
[INFO] [stderr] 6 | #[derive(AddIn)]
[INFO] [stderr]   |          ^^^^^ expected 3 parameters, found 4
[INFO] [stderr]   |
[INFO] [stderr]   = note: `call_as_func` from trait: `fn(&mut Self, usize, &mut ParamValues) -> Result<ParamValue, ()>`
[INFO] [stderr]   = note: this error originates in the derive macro `AddIn` (in Nightly builds, run with -Z macro-backtrace for more info)
[INFO] [stderr] ┈┈┈┈┈┈┈┈┈┈┈┈┈┈┈┈┈┈┈┈┈┈┈┈┈┈┈┈┈┈┈┈┈┈┈┈┈┈┈┈┈┈┈┈┈┈┈┈┈┈┈┈┈┈┈┈┈┈┈┈
[INFO] [stderr] 
[INFO] [stderr] test tests/to_build/functions/out_params/bool_type.rs [should pass] ... error
[INFO] [stderr] ┈┈┈┈┈┈┈┈┈┈┈┈┈┈┈┈┈┈┈┈┈┈┈┈┈┈┈┈┈┈┈┈┈┈┈┈┈┈┈┈┈┈┈┈┈┈┈┈┈┈┈┈┈┈┈┈┈┈┈┈
[INFO] [stderr] error[E0603]: enum `ParamValue` is private
[INFO] [stderr]  --> tests/to_build/functions/out_params/bool_type.rs:6:10
[INFO] [stderr]   |
[INFO] [stderr] 6 | #[derive(AddIn)]
[INFO] [stderr]   |          ^^^^^
[INFO] [stderr]   |          |
[INFO] [stderr]   |          private enum
[INFO] [stderr]   |          enum `ParamValue` is not publicly re-exported
[INFO] [stderr]   |
[INFO] [stderr] note: the enum `ParamValue` is defined here
[INFO] [stderr]  --> /opt/rustwide/cargo-home/git/checkouts/native_api_1c-9ab61c3be4d25741/c6f6d17/native_api_1c_core/src/ffi/provided_types.rs:9:5
[INFO] [stderr]   |
[INFO] [stderr] 9 | use crate::interface::ParamValue;
[INFO] [stderr]   |     ^^^^^^^^^^^^^^^^^^^^^^^^^^^^
[INFO] [stderr] 
[INFO] [stderr] error[E0050]: method `get_prop_val` has 3 parameters but the declaration in trait `get_prop_val` has 2
[INFO] [stderr]  --> tests/to_build/functions/out_params/bool_type.rs:6:10
[INFO] [stderr]   |
[INFO] [stderr] 6 | #[derive(AddIn)]
[INFO] [stderr]   |          ^^^^^ expected 2 parameters, found 3
[INFO] [stderr]   |
[INFO] [stderr]   = note: `get_prop_val` from trait: `fn(&Self, usize) -> Result<ParamValue, ()>`
[INFO] [stderr]   = note: this error originates in the derive macro `AddIn` (in Nightly builds, run with -Z macro-backtrace for more info)
[INFO] [stderr] 
[INFO] [stderr] error[E0053]: method `set_prop_val` has an incompatible type for trait
[INFO] [stderr]  --> tests/to_build/functions/out_params/bool_type.rs:6:10
[INFO] [stderr]   |
[INFO] [stderr] 6 | #[derive(AddIn)]
[INFO] [stderr]   |          ^^^^^ expected `ParamValue`, found `&ParamValue`
[INFO] [stderr]   |
[INFO] [stderr]   = note: expected signature `fn(&mut MyAddIn, _, ParamValue) -> Result<(), ()>`
[INFO] [stderr]              found signature `fn(&mut MyAddIn, _, &ParamValue) -> bool`
[INFO] [stderr]   = note: this error originates in the derive macro `AddIn` (in Nightly builds, run with -Z macro-backtrace for more info)
[INFO] [stderr] 
[INFO] [stderr] error[E0050]: method `get_param_def_value` has 4 parameters but the declaration in trait `get_param_def_value` has 3
[INFO] [stderr]  --> tests/to_build/functions/out_params/bool_type.rs:6:10
[INFO] [stderr]   |
[INFO] [stderr] 6 | #[derive(AddIn)]
[INFO] [stderr]   |          ^^^^^ expected 3 parameters, found 4
[INFO] [stderr]   |
[INFO] [stderr]   = note: `get_param_def_value` from trait: `fn(&Self, usize, usize) -> Option<ParamValue>`
[INFO] [stderr]   = note: this error originates in the derive macro `AddIn` (in Nightly builds, run with -Z macro-backtrace for more info)
[INFO] [stderr] 
[INFO] [stderr] error[E0053]: method `call_as_proc` has an incompatible type for trait
[INFO] [stderr]  --> tests/to_build/functions/out_params/bool_type.rs:6:10
[INFO] [stderr]   |
[INFO] [stderr] 6 | #[derive(AddIn)]
[INFO] [stderr]   |          ^^^^^ expected `ParamValues`, found `[ParamValue]`
[INFO] [stderr]   |
[INFO] [stderr]   = note: expected signature `fn(&mut MyAddIn, _, &mut ParamValues) -> Result<(), ()>`
[INFO] [stderr]              found signature `fn(&mut MyAddIn, _, &mut [ParamValue]) -> bool`
[INFO] [stderr]   = note: this error originates in the derive macro `AddIn` (in Nightly builds, run with -Z macro-backtrace for more info)
[INFO] [stderr] 
[INFO] [stderr] error[E0050]: method `call_as_func` has 4 parameters but the declaration in trait `call_as_func` has 3
[INFO] [stderr]  --> tests/to_build/functions/out_params/bool_type.rs:6:10
[INFO] [stderr]   |
[INFO] [stderr] 6 | #[derive(AddIn)]
[INFO] [stderr]   |          ^^^^^ expected 3 parameters, found 4
[INFO] [stderr]   |
[INFO] [stderr]   = note: `call_as_func` from trait: `fn(&mut Self, usize, &mut ParamValues) -> Result<ParamValue, ()>`
[INFO] [stderr]   = note: this error originates in the derive macro `AddIn` (in Nightly builds, run with -Z macro-backtrace for more info)
[INFO] [stderr] ┈┈┈┈┈┈┈┈┈┈┈┈┈┈┈┈┈┈┈┈┈┈┈┈┈┈┈┈┈┈┈┈┈┈┈┈┈┈┈┈┈┈┈┈┈┈┈┈┈┈┈┈┈┈┈┈┈┈┈┈
[INFO] [stderr] 
[INFO] [stderr] test tests/to_build/functions/out_params/int_type.rs [should pass] ... error
[INFO] [stderr] ┈┈┈┈┈┈┈┈┈┈┈┈┈┈┈┈┈┈┈┈┈┈┈┈┈┈┈┈┈┈┈┈┈┈┈┈┈┈┈┈┈┈┈┈┈┈┈┈┈┈┈┈┈┈┈┈┈┈┈┈
[INFO] [stderr] error[E0603]: enum `ParamValue` is private
[INFO] [stderr]  --> tests/to_build/functions/out_params/int_type.rs:6:10
[INFO] [stderr]   |
[INFO] [stderr] 6 | #[derive(AddIn)]
[INFO] [stderr]   |          ^^^^^
[INFO] [stderr]   |          |
[INFO] [stderr]   |          private enum
[INFO] [stderr]   |          enum `ParamValue` is not publicly re-exported
[INFO] [stderr]   |
[INFO] [stderr] note: the enum `ParamValue` is defined here
[INFO] [stderr]  --> /opt/rustwide/cargo-home/git/checkouts/native_api_1c-9ab61c3be4d25741/c6f6d17/native_api_1c_core/src/ffi/provided_types.rs:9:5
[INFO] [stderr]   |
[INFO] [stderr] 9 | use crate::interface::ParamValue;
[INFO] [stderr]   |     ^^^^^^^^^^^^^^^^^^^^^^^^^^^^
[INFO] [stderr] 
[INFO] [stderr] error[E0050]: method `get_prop_val` has 3 parameters but the declaration in trait `get_prop_val` has 2
[INFO] [stderr]  --> tests/to_build/functions/out_params/int_type.rs:6:10
[INFO] [stderr]   |
[INFO] [stderr] 6 | #[derive(AddIn)]
[INFO] [stderr]   |          ^^^^^ expected 2 parameters, found 3
[INFO] [stderr]   |
[INFO] [stderr]   = note: `get_prop_val` from trait: `fn(&Self, usize) -> Result<ParamValue, ()>`
[INFO] [stderr]   = note: this error originates in the derive macro `AddIn` (in Nightly builds, run with -Z macro-backtrace for more info)
[INFO] [stderr] 
[INFO] [stderr] error[E0053]: method `set_prop_val` has an incompatible type for trait
[INFO] [stderr]  --> tests/to_build/functions/out_params/int_type.rs:6:10
[INFO] [stderr]   |
[INFO] [stderr] 6 | #[derive(AddIn)]
[INFO] [stderr]   |          ^^^^^ expected `ParamValue`, found `&ParamValue`
[INFO] [stderr]   |
[INFO] [stderr]   = note: expected signature `fn(&mut MyAddIn, _, ParamValue) -> Result<(), ()>`
[INFO] [stderr]              found signature `fn(&mut MyAddIn, _, &ParamValue) -> bool`
[INFO] [stderr]   = note: this error originates in the derive macro `AddIn` (in Nightly builds, run with -Z macro-backtrace for more info)
[INFO] [stderr] 
[INFO] [stderr] error[E0050]: method `get_param_def_value` has 4 parameters but the declaration in trait `get_param_def_value` has 3
[INFO] [stderr]  --> tests/to_build/functions/out_params/int_type.rs:6:10
[INFO] [stderr]   |
[INFO] [stderr] 6 | #[derive(AddIn)]
[INFO] [stderr]   |          ^^^^^ expected 3 parameters, found 4
[INFO] [stderr]   |
[INFO] [stderr]   = note: `get_param_def_value` from trait: `fn(&Self, usize, usize) -> Option<ParamValue>`
[INFO] [stderr]   = note: this error originates in the derive macro `AddIn` (in Nightly builds, run with -Z macro-backtrace for more info)
[INFO] [stderr] 
[INFO] [stderr] error[E0053]: method `call_as_proc` has an incompatible type for trait
[INFO] [stderr]  --> tests/to_build/functions/out_params/int_type.rs:6:10
[INFO] [stderr]   |
[INFO] [stderr] 6 | #[derive(AddIn)]
[INFO] [stderr]   |          ^^^^^ expected `ParamValues`, found `[ParamValue]`
[INFO] [stderr]   |
[INFO] [stderr]   = note: expected signature `fn(&mut MyAddIn, _, &mut ParamValues) -> Result<(), ()>`
[INFO] [stderr]              found signature `fn(&mut MyAddIn, _, &mut [ParamValue]) -> bool`
[INFO] [stderr]   = note: this error originates in the derive macro `AddIn` (in Nightly builds, run with -Z macro-backtrace for more info)
[INFO] [stderr] 
[INFO] [stderr] error[E0050]: method `call_as_func` has 4 parameters but the declaration in trait `call_as_func` has 3
[INFO] [stderr]  --> tests/to_build/functions/out_params/int_type.rs:6:10
[INFO] [stderr]   |
[INFO] [stderr] 6 | #[derive(AddIn)]
[INFO] [stderr]   |          ^^^^^ expected 3 parameters, found 4
[INFO] [stderr]   |
[INFO] [stderr]   = note: `call_as_func` from trait: `fn(&mut Self, usize, &mut ParamValues) -> Result<ParamValue, ()>`
[INFO] [stderr]   = note: this error originates in the derive macro `AddIn` (in Nightly builds, run with -Z macro-backtrace for more info)
[INFO] [stderr] ┈┈┈┈┈┈┈┈┈┈┈┈┈┈┈┈┈┈┈┈┈┈┈┈┈┈┈┈┈┈┈┈┈┈┈┈┈┈┈┈┈┈┈┈┈┈┈┈┈┈┈┈┈┈┈┈┈┈┈┈
[INFO] [stderr] 
[INFO] [stderr] test tests/to_build/functions/out_params/float_type.rs [should pass] ... error
[INFO] [stderr] ┈┈┈┈┈┈┈┈┈┈┈┈┈┈┈┈┈┈┈┈┈┈┈┈┈┈┈┈┈┈┈┈┈┈┈┈┈┈┈┈┈┈┈┈┈┈┈┈┈┈┈┈┈┈┈┈┈┈┈┈
[INFO] [stderr] error[E0603]: enum `ParamValue` is private
[INFO] [stderr]  --> tests/to_build/functions/out_params/float_type.rs:6:10
[INFO] [stderr]   |
[INFO] [stderr] 6 | #[derive(AddIn)]
[INFO] [stderr]   |          ^^^^^
[INFO] [stderr]   |          |
[INFO] [stderr]   |          private enum
[INFO] [stderr]   |          enum `ParamValue` is not publicly re-exported
[INFO] [stderr]   |
[INFO] [stderr] note: the enum `ParamValue` is defined here
[INFO] [stderr]  --> /opt/rustwide/cargo-home/git/checkouts/native_api_1c-9ab61c3be4d25741/c6f6d17/native_api_1c_core/src/ffi/provided_types.rs:9:5
[INFO] [stderr]   |
[INFO] [stderr] 9 | use crate::interface::ParamValue;
[INFO] [stderr]   |     ^^^^^^^^^^^^^^^^^^^^^^^^^^^^
[INFO] [stderr] 
[INFO] [stderr] error[E0050]: method `get_prop_val` has 3 parameters but the declaration in trait `get_prop_val` has 2
[INFO] [stderr]  --> tests/to_build/functions/out_params/float_type.rs:6:10
[INFO] [stderr]   |
[INFO] [stderr] 6 | #[derive(AddIn)]
[INFO] [stderr]   |          ^^^^^ expected 2 parameters, found 3
[INFO] [stderr]   |
[INFO] [stderr]   = note: `get_prop_val` from trait: `fn(&Self, usize) -> Result<ParamValue, ()>`
[INFO] [stderr]   = note: this error originates in the derive macro `AddIn` (in Nightly builds, run with -Z macro-backtrace for more info)
[INFO] [stderr] 
[INFO] [stderr] error[E0053]: method `set_prop_val` has an incompatible type for trait
[INFO] [stderr]  --> tests/to_build/functions/out_params/float_type.rs:6:10
[INFO] [stderr]   |
[INFO] [stderr] 6 | #[derive(AddIn)]
[INFO] [stderr]   |          ^^^^^ expected `ParamValue`, found `&ParamValue`
[INFO] [stderr]   |
[INFO] [stderr]   = note: expected signature `fn(&mut MyAddIn, _, ParamValue) -> Result<(), ()>`
[INFO] [stderr]              found signature `fn(&mut MyAddIn, _, &ParamValue) -> bool`
[INFO] [stderr]   = note: this error originates in the derive macro `AddIn` (in Nightly builds, run with -Z macro-backtrace for more info)
[INFO] [stderr] 
[INFO] [stderr] error[E0050]: method `get_param_def_value` has 4 parameters but the declaration in trait `get_param_def_value` has 3
[INFO] [stderr]  --> tests/to_build/functions/out_params/float_type.rs:6:10
[INFO] [stderr]   |
[INFO] [stderr] 6 | #[derive(AddIn)]
[INFO] [stderr]   |          ^^^^^ expected 3 parameters, found 4
[INFO] [stderr]   |
[INFO] [stderr]   = note: `get_param_def_value` from trait: `fn(&Self, usize, usize) -> Option<ParamValue>`
[INFO] [stderr]   = note: this error originates in the derive macro `AddIn` (in Nightly builds, run with -Z macro-backtrace for more info)
[INFO] [stderr] 
[INFO] [stderr] error[E0053]: method `call_as_proc` has an incompatible type for trait
[INFO] [stderr]  --> tests/to_build/functions/out_params/float_type.rs:6:10
[INFO] [stderr]   |
[INFO] [stderr] 6 | #[derive(AddIn)]
[INFO] [stderr]   |          ^^^^^ expected `ParamValues`, found `[ParamValue]`
[INFO] [stderr]   |
[INFO] [stderr]   = note: expected signature `fn(&mut MyAddIn, _, &mut ParamValues) -> Result<(), ()>`
[INFO] [stderr]              found signature `fn(&mut MyAddIn, _, &mut [ParamValue]) -> bool`
[INFO] [stderr]   = note: this error originates in the derive macro `AddIn` (in Nightly builds, run with -Z macro-backtrace for more info)
[INFO] [stderr] 
[INFO] [stderr] error[E0050]: method `call_as_func` has 4 parameters but the declaration in trait `call_as_func` has 3
[INFO] [stderr]  --> tests/to_build/functions/out_params/float_type.rs:6:10
[INFO] [stderr]   |
[INFO] [stderr] 6 | #[derive(AddIn)]
[INFO] [stderr]   |          ^^^^^ expected 3 parameters, found 4
[INFO] [stderr]   |
[INFO] [stderr]   = note: `call_as_func` from trait: `fn(&mut Self, usize, &mut ParamValues) -> Result<ParamValue, ()>`
[INFO] [stderr]   = note: this error originates in the derive macro `AddIn` (in Nightly builds, run with -Z macro-backtrace for more info)
[INFO] [stderr] ┈┈┈┈┈┈┈┈┈┈┈┈┈┈┈┈┈┈┈┈┈┈┈┈┈┈┈┈┈┈┈┈┈┈┈┈┈┈┈┈┈┈┈┈┈┈┈┈┈┈┈┈┈┈┈┈┈┈┈┈
[INFO] [stderr] 
[INFO] [stderr] test tests/to_build/functions/out_params/str_type.rs [should pass] ... error
[INFO] [stderr] ┈┈┈┈┈┈┈┈┈┈┈┈┈┈┈┈┈┈┈┈┈┈┈┈┈┈┈┈┈┈┈┈┈┈┈┈┈┈┈┈┈┈┈┈┈┈┈┈┈┈┈┈┈┈┈┈┈┈┈┈
[INFO] [stderr] error[E0603]: enum `ParamValue` is private
[INFO] [stderr]  --> tests/to_build/functions/out_params/str_type.rs:6:10
[INFO] [stderr]   |
[INFO] [stderr] 6 | #[derive(AddIn)]
[INFO] [stderr]   |          ^^^^^
[INFO] [stderr]   |          |
[INFO] [stderr]   |          private enum
[INFO] [stderr]   |          enum `ParamValue` is not publicly re-exported
[INFO] [stderr]   |
[INFO] [stderr] note: the enum `ParamValue` is defined here
[INFO] [stderr]  --> /opt/rustwide/cargo-home/git/checkouts/native_api_1c-9ab61c3be4d25741/c6f6d17/native_api_1c_core/src/ffi/provided_types.rs:9:5
[INFO] [stderr]   |
[INFO] [stderr] 9 | use crate::interface::ParamValue;
[INFO] [stderr]   |     ^^^^^^^^^^^^^^^^^^^^^^^^^^^^
[INFO] [stderr] 
[INFO] [stderr] error[E0050]: method `get_prop_val` has 3 parameters but the declaration in trait `get_prop_val` has 2
[INFO] [stderr]  --> tests/to_build/functions/out_params/str_type.rs:6:10
[INFO] [stderr]   |
[INFO] [stderr] 6 | #[derive(AddIn)]
[INFO] [stderr]   |          ^^^^^ expected 2 parameters, found 3
[INFO] [stderr]   |
[INFO] [stderr]   = note: `get_prop_val` from trait: `fn(&Self, usize) -> Result<ParamValue, ()>`
[INFO] [stderr]   = note: this error originates in the derive macro `AddIn` (in Nightly builds, run with -Z macro-backtrace for more info)
[INFO] [stderr] 
[INFO] [stderr] error[E0053]: method `set_prop_val` has an incompatible type for trait
[INFO] [stderr]  --> tests/to_build/functions/out_params/str_type.rs:6:10
[INFO] [stderr]   |
[INFO] [stderr] 6 | #[derive(AddIn)]
[INFO] [stderr]   |          ^^^^^ expected `ParamValue`, found `&ParamValue`
[INFO] [stderr]   |
[INFO] [stderr]   = note: expected signature `fn(&mut MyAddIn, _, ParamValue) -> Result<(), ()>`
[INFO] [stderr]              found signature `fn(&mut MyAddIn, _, &ParamValue) -> bool`
[INFO] [stderr]   = note: this error originates in the derive macro `AddIn` (in Nightly builds, run with -Z macro-backtrace for more info)
[INFO] [stderr] 
[INFO] [stderr] error[E0050]: method `get_param_def_value` has 4 parameters but the declaration in trait `get_param_def_value` has 3
[INFO] [stderr]  --> tests/to_build/functions/out_params/str_type.rs:6:10
[INFO] [stderr]   |
[INFO] [stderr] 6 | #[derive(AddIn)]
[INFO] [stderr]   |          ^^^^^ expected 3 parameters, found 4
[INFO] [stderr]   |
[INFO] [stderr]   = note: `get_param_def_value` from trait: `fn(&Self, usize, usize) -> Option<ParamValue>`
[INFO] [stderr]   = note: this error originates in the derive macro `AddIn` (in Nightly builds, run with -Z macro-backtrace for more info)
[INFO] [stderr] 
[INFO] [stderr] error[E0053]: method `call_as_proc` has an incompatible type for trait
[INFO] [stderr]  --> tests/to_build/functions/out_params/str_type.rs:6:10
[INFO] [stderr]   |
[INFO] [stderr] 6 | #[derive(AddIn)]
[INFO] [stderr]   |          ^^^^^ expected `ParamValues`, found `[ParamValue]`
[INFO] [stderr]   |
[INFO] [stderr]   = note: expected signature `fn(&mut MyAddIn, _, &mut ParamValues) -> Result<(), ()>`
[INFO] [stderr]              found signature `fn(&mut MyAddIn, _, &mut [ParamValue]) -> bool`
[INFO] [stderr]   = note: this error originates in the derive macro `AddIn` (in Nightly builds, run with -Z macro-backtrace for more info)
[INFO] [stderr] 
[INFO] [stderr] error[E0050]: method `call_as_func` has 4 parameters but the declaration in trait `call_as_func` has 3
[INFO] [stderr]  --> tests/to_build/functions/out_params/str_type.rs:6:10
[INFO] [stderr]   |
[INFO] [stderr] 6 | #[derive(AddIn)]
[INFO] [stderr]   |          ^^^^^ expected 3 parameters, found 4
[INFO] [stderr]   |
[INFO] [stderr]   = note: `call_as_func` from trait: `fn(&mut Self, usize, &mut ParamValues) -> Result<ParamValue, ()>`
[INFO] [stderr]   = note: this error originates in the derive macro `AddIn` (in Nightly builds, run with -Z macro-backtrace for more info)
[INFO] [stderr] 
[INFO] [stderr] error[E0599]: no variant or associated item named `Str` found for enum `ParamValue` in the current scope
[INFO] [stderr]  --> tests/to_build/functions/out_params/str_type.rs:6:10
[INFO] [stderr]   |
[INFO] [stderr] 6 | #[derive(AddIn)]
[INFO] [stderr]   |          ^^^^^ variant or associated item not found in `ParamValue`
[INFO] [stderr]   |
[INFO] [stderr]   = note: this error originates in the derive macro `AddIn` (in Nightly builds, run with -Z macro-backtrace for more info)
[INFO] [stderr] ┈┈┈┈┈┈┈┈┈┈┈┈┈┈┈┈┈┈┈┈┈┈┈┈┈┈┈┈┈┈┈┈┈┈┈┈┈┈┈┈┈┈┈┈┈┈┈┈┈┈┈┈┈┈┈┈┈┈┈┈
[INFO] [stderr] 
[INFO] [stderr] test tests/to_build/functions/out_params/blob_type.rs [should pass] ... error
[INFO] [stderr] ┈┈┈┈┈┈┈┈┈┈┈┈┈┈┈┈┈┈┈┈┈┈┈┈┈┈┈┈┈┈┈┈┈┈┈┈┈┈┈┈┈┈┈┈┈┈┈┈┈┈┈┈┈┈┈┈┈┈┈┈
[INFO] [stderr] error[E0603]: enum `ParamValue` is private
[INFO] [stderr]  --> tests/to_build/functions/out_params/blob_type.rs:6:10
[INFO] [stderr]   |
[INFO] [stderr] 6 | #[derive(AddIn)]
[INFO] [stderr]   |          ^^^^^
[INFO] [stderr]   |          |
[INFO] [stderr]   |          private enum
[INFO] [stderr]   |          enum `ParamValue` is not publicly re-exported
[INFO] [stderr]   |
[INFO] [stderr] note: the enum `ParamValue` is defined here
[INFO] [stderr]  --> /opt/rustwide/cargo-home/git/checkouts/native_api_1c-9ab61c3be4d25741/c6f6d17/native_api_1c_core/src/ffi/provided_types.rs:9:5
[INFO] [stderr]   |
[INFO] [stderr] 9 | use crate::interface::ParamValue;
[INFO] [stderr]   |     ^^^^^^^^^^^^^^^^^^^^^^^^^^^^
[INFO] [stderr] 
[INFO] [stderr] error[E0050]: method `get_prop_val` has 3 parameters but the declaration in trait `get_prop_val` has 2
[INFO] [stderr]  --> tests/to_build/functions/out_params/blob_type.rs:6:10
[INFO] [stderr]   |
[INFO] [stderr] 6 | #[derive(AddIn)]
[INFO] [stderr]   |          ^^^^^ expected 2 parameters, found 3
[INFO] [stderr]   |
[INFO] [stderr]   = note: `get_prop_val` from trait: `fn(&Self, usize) -> Result<ParamValue, ()>`
[INFO] [stderr]   = note: this error originates in the derive macro `AddIn` (in Nightly builds, run with -Z macro-backtrace for more info)
[INFO] [stderr] 
[INFO] [stderr] error[E0053]: method `set_prop_val` has an incompatible type for trait
[INFO] [stderr]  --> tests/to_build/functions/out_params/blob_type.rs:6:10
[INFO] [stderr]   |
[INFO] [stderr] 6 | #[derive(AddIn)]
[INFO] [stderr]   |          ^^^^^ expected `ParamValue`, found `&ParamValue`
[INFO] [stderr]   |
[INFO] [stderr]   = note: expected signature `fn(&mut MyAddIn, _, ParamValue) -> Result<(), ()>`
[INFO] [stderr]              found signature `fn(&mut MyAddIn, _, &ParamValue) -> bool`
[INFO] [stderr]   = note: this error originates in the derive macro `AddIn` (in Nightly builds, run with -Z macro-backtrace for more info)
[INFO] [stderr] 
[INFO] [stderr] error[E0050]: method `get_param_def_value` has 4 parameters but the declaration in trait `get_param_def_value` has 3
[INFO] [stderr]  --> tests/to_build/functions/out_params/blob_type.rs:6:10
[INFO] [stderr]   |
[INFO] [stderr] 6 | #[derive(AddIn)]
[INFO] [stderr]   |          ^^^^^ expected 3 parameters, found 4
[INFO] [stderr]   |
[INFO] [stderr]   = note: `get_param_def_value` from trait: `fn(&Self, usize, usize) -> Option<ParamValue>`
[INFO] [stderr]   = note: this error originates in the derive macro `AddIn` (in Nightly builds, run with -Z macro-backtrace for more info)
[INFO] [stderr] 
[INFO] [stderr] error[E0053]: method `call_as_proc` has an incompatible type for trait
[INFO] [stderr]  --> tests/to_build/functions/out_params/blob_type.rs:6:10
[INFO] [stderr]   |
[INFO] [stderr] 6 | #[derive(AddIn)]
[INFO] [stderr]   |          ^^^^^ expected `ParamValues`, found `[ParamValue]`
[INFO] [stderr]   |
[INFO] [stderr]   = note: expected signature `fn(&mut MyAddIn, _, &mut ParamValues) -> Result<(), ()>`
[INFO] [stderr]              found signature `fn(&mut MyAddIn, _, &mut [ParamValue]) -> bool`
[INFO] [stderr]   = note: this error originates in the derive macro `AddIn` (in Nightly builds, run with -Z macro-backtrace for more info)
[INFO] [stderr] 
[INFO] [stderr] error[E0050]: method `call_as_func` has 4 parameters but the declaration in trait `call_as_func` has 3
[INFO] [stderr]  --> tests/to_build/functions/out_params/blob_type.rs:6:10
[INFO] [stderr]   |
[INFO] [stderr] 6 | #[derive(AddIn)]
[INFO] [stderr]   |          ^^^^^ expected 3 parameters, found 4
[INFO] [stderr]   |
[INFO] [stderr]   = note: `call_as_func` from trait: `fn(&mut Self, usize, &mut ParamValues) -> Result<ParamValue, ()>`
[INFO] [stderr]   = note: this error originates in the derive macro `AddIn` (in Nightly builds, run with -Z macro-backtrace for more info)
[INFO] [stderr] ┈┈┈┈┈┈┈┈┈┈┈┈┈┈┈┈┈┈┈┈┈┈┈┈┈┈┈┈┈┈┈┈┈┈┈┈┈┈┈┈┈┈┈┈┈┈┈┈┈┈┈┈┈┈┈┈┈┈┈┈
[INFO] [stderr] 
[INFO] [stderr] test tests/to_build/functions/defaults/bool_type.rs [should pass] ... error
[INFO] [stderr] ┈┈┈┈┈┈┈┈┈┈┈┈┈┈┈┈┈┈┈┈┈┈┈┈┈┈┈┈┈┈┈┈┈┈┈┈┈┈┈┈┈┈┈┈┈┈┈┈┈┈┈┈┈┈┈┈┈┈┈┈
[INFO] [stderr] error[E0603]: enum `ParamValue` is private
[INFO] [stderr]  --> tests/to_build/functions/defaults/bool_type.rs:6:10
[INFO] [stderr]   |
[INFO] [stderr] 6 | #[derive(AddIn)]
[INFO] [stderr]   |          ^^^^^
[INFO] [stderr]   |          |
[INFO] [stderr]   |          private enum
[INFO] [stderr]   |          enum `ParamValue` is not publicly re-exported
[INFO] [stderr]   |
[INFO] [stderr] note: the enum `ParamValue` is defined here
[INFO] [stderr]  --> /opt/rustwide/cargo-home/git/checkouts/native_api_1c-9ab61c3be4d25741/c6f6d17/native_api_1c_core/src/ffi/provided_types.rs:9:5
[INFO] [stderr]   |
[INFO] [stderr] 9 | use crate::interface::ParamValue;
[INFO] [stderr]   |     ^^^^^^^^^^^^^^^^^^^^^^^^^^^^
[INFO] [stderr] 
[INFO] [stderr] error[E0050]: method `get_prop_val` has 3 parameters but the declaration in trait `get_prop_val` has 2
[INFO] [stderr]  --> tests/to_build/functions/defaults/bool_type.rs:6:10
[INFO] [stderr]   |
[INFO] [stderr] 6 | #[derive(AddIn)]
[INFO] [stderr]   |          ^^^^^ expected 2 parameters, found 3
[INFO] [stderr]   |
[INFO] [stderr]   = note: `get_prop_val` from trait: `fn(&Self, usize) -> Result<ParamValue, ()>`
[INFO] [stderr]   = note: this error originates in the derive macro `AddIn` (in Nightly builds, run with -Z macro-backtrace for more info)
[INFO] [stderr] 
[INFO] [stderr] error[E0053]: method `set_prop_val` has an incompatible type for trait
[INFO] [stderr]  --> tests/to_build/functions/defaults/bool_type.rs:6:10
[INFO] [stderr]   |
[INFO] [stderr] 6 | #[derive(AddIn)]
[INFO] [stderr]   |          ^^^^^ expected `ParamValue`, found `&ParamValue`
[INFO] [stderr]   |
[INFO] [stderr]   = note: expected signature `fn(&mut MyAddIn, _, ParamValue) -> Result<(), ()>`
[INFO] [stderr]              found signature `fn(&mut MyAddIn, _, &ParamValue) -> bool`
[INFO] [stderr]   = note: this error originates in the derive macro `AddIn` (in Nightly builds, run with -Z macro-backtrace for more info)
[INFO] [stderr] 
[INFO] [stderr] error[E0050]: method `get_param_def_value` has 4 parameters but the declaration in trait `get_param_def_value` has 3
[INFO] [stderr]  --> tests/to_build/functions/defaults/bool_type.rs:6:10
[INFO] [stderr]   |
[INFO] [stderr] 6 | #[derive(AddIn)]
[INFO] [stderr]   |          ^^^^^ expected 3 parameters, found 4
[INFO] [stderr]   |
[INFO] [stderr]   = note: `get_param_def_value` from trait: `fn(&Self, usize, usize) -> Option<ParamValue>`
[INFO] [stderr]   = note: this error originates in the derive macro `AddIn` (in Nightly builds, run with -Z macro-backtrace for more info)
[INFO] [stderr] 
[INFO] [stderr] error[E0053]: method `call_as_proc` has an incompatible type for trait
[INFO] [stderr]  --> tests/to_build/functions/defaults/bool_type.rs:6:10
[INFO] [stderr]   |
[INFO] [stderr] 6 | #[derive(AddIn)]
[INFO] [stderr]   |          ^^^^^ expected `ParamValues`, found `[ParamValue]`
[INFO] [stderr]   |
[INFO] [stderr]   = note: expected signature `fn(&mut MyAddIn, _, &mut ParamValues) -> Result<(), ()>`
[INFO] [stderr]              found signature `fn(&mut MyAddIn, _, &mut [ParamValue]) -> bool`
[INFO] [stderr]   = note: this error originates in the derive macro `AddIn` (in Nightly builds, run with -Z macro-backtrace for more info)
[INFO] [stderr] 
[INFO] [stderr] error[E0050]: method `call_as_func` has 4 parameters but the declaration in trait `call_as_func` has 3
[INFO] [stderr]  --> tests/to_build/functions/defaults/bool_type.rs:6:10
[INFO] [stderr]   |
[INFO] [stderr] 6 | #[derive(AddIn)]
[INFO] [stderr]   |          ^^^^^ expected 3 parameters, found 4
[INFO] [stderr]   |
[INFO] [stderr]   = note: `call_as_func` from trait: `fn(&mut Self, usize, &mut ParamValues) -> Result<ParamValue, ()>`
[INFO] [stderr]   = note: this error originates in the derive macro `AddIn` (in Nightly builds, run with -Z macro-backtrace for more info)
[INFO] [stderr] ┈┈┈┈┈┈┈┈┈┈┈┈┈┈┈┈┈┈┈┈┈┈┈┈┈┈┈┈┈┈┈┈┈┈┈┈┈┈┈┈┈┈┈┈┈┈┈┈┈┈┈┈┈┈┈┈┈┈┈┈
[INFO] [stderr] 
[INFO] [stderr] test tests/to_build/functions/defaults/int_type.rs [should pass] ... error
[INFO] [stderr] ┈┈┈┈┈┈┈┈┈┈┈┈┈┈┈┈┈┈┈┈┈┈┈┈┈┈┈┈┈┈┈┈┈┈┈┈┈┈┈┈┈┈┈┈┈┈┈┈┈┈┈┈┈┈┈┈┈┈┈┈
[INFO] [stderr] error[E0603]: enum `ParamValue` is private
[INFO] [stderr]  --> tests/to_build/functions/defaults/int_type.rs:6:10
[INFO] [stderr]   |
[INFO] [stderr] 6 | #[derive(AddIn)]
[INFO] [stderr]   |          ^^^^^
[INFO] [stderr]   |          |
[INFO] [stderr]   |          private enum
[INFO] [stderr]   |          enum `ParamValue` is not publicly re-exported
[INFO] [stderr]   |
[INFO] [stderr] note: the enum `ParamValue` is defined here
[INFO] [stderr]  --> /opt/rustwide/cargo-home/git/checkouts/native_api_1c-9ab61c3be4d25741/c6f6d17/native_api_1c_core/src/ffi/provided_types.rs:9:5
[INFO] [stderr]   |
[INFO] [stderr] 9 | use crate::interface::ParamValue;
[INFO] [stderr]   |     ^^^^^^^^^^^^^^^^^^^^^^^^^^^^
[INFO] [stderr] 
[INFO] [stderr] error[E0050]: method `get_prop_val` has 3 parameters but the declaration in trait `get_prop_val` has 2
[INFO] [stderr]  --> tests/to_build/functions/defaults/int_type.rs:6:10
[INFO] [stderr]   |
[INFO] [stderr] 6 | #[derive(AddIn)]
[INFO] [stderr]   |          ^^^^^ expected 2 parameters, found 3
[INFO] [stderr]   |
[INFO] [stderr]   = note: `get_prop_val` from trait: `fn(&Self, usize) -> Result<ParamValue, ()>`
[INFO] [stderr]   = note: this error originates in the derive macro `AddIn` (in Nightly builds, run with -Z macro-backtrace for more info)
[INFO] [stderr] 
[INFO] [stderr] error[E0053]: method `set_prop_val` has an incompatible type for trait
[INFO] [stderr]  --> tests/to_build/functions/defaults/int_type.rs:6:10
[INFO] [stderr]   |
[INFO] [stderr] 6 | #[derive(AddIn)]
[INFO] [stderr]   |          ^^^^^ expected `ParamValue`, found `&ParamValue`
[INFO] [stderr]   |
[INFO] [stderr]   = note: expected signature `fn(&mut MyAddIn, _, ParamValue) -> Result<(), ()>`
[INFO] [stderr]              found signature `fn(&mut MyAddIn, _, &ParamValue) -> bool`
[INFO] [stderr]   = note: this error originates in the derive macro `AddIn` (in Nightly builds, run with -Z macro-backtrace for more info)
[INFO] [stderr] 
[INFO] [stderr] error[E0050]: method `get_param_def_value` has 4 parameters but the declaration in trait `get_param_def_value` has 3
[INFO] [stderr]  --> tests/to_build/functions/defaults/int_type.rs:6:10
[INFO] [stderr]   |
[INFO] [stderr] 6 | #[derive(AddIn)]
[INFO] [stderr]   |          ^^^^^ expected 3 parameters, found 4
[INFO] [stderr]   |
[INFO] [stderr]   = note: `get_param_def_value` from trait: `fn(&Self, usize, usize) -> Option<ParamValue>`
[INFO] [stderr]   = note: this error originates in the derive macro `AddIn` (in Nightly builds, run with -Z macro-backtrace for more info)
[INFO] [stderr] 
[INFO] [stderr] error[E0053]: method `call_as_proc` has an incompatible type for trait
[INFO] [stderr]  --> tests/to_build/functions/defaults/int_type.rs:6:10
[INFO] [stderr]   |
[INFO] [stderr] 6 | #[derive(AddIn)]
[INFO] [stderr]   |          ^^^^^ expected `ParamValues`, found `[ParamValue]`
[INFO] [stderr]   |
[INFO] [stderr]   = note: expected signature `fn(&mut MyAddIn, _, &mut ParamValues) -> Result<(), ()>`
[INFO] [stderr]              found signature `fn(&mut MyAddIn, _, &mut [ParamValue]) -> bool`
[INFO] [stderr]   = note: this error originates in the derive macro `AddIn` (in Nightly builds, run with -Z macro-backtrace for more info)
[INFO] [stderr] 
[INFO] [stderr] error[E0050]: method `call_as_func` has 4 parameters but the declaration in trait `call_as_func` has 3
[INFO] [stderr]  --> tests/to_build/functions/defaults/int_type.rs:6:10
[INFO] [stderr]   |
[INFO] [stderr] 6 | #[derive(AddIn)]
[INFO] [stderr]   |          ^^^^^ expected 3 parameters, found 4
[INFO] [stderr]   |
[INFO] [stderr]   = note: `call_as_func` from trait: `fn(&mut Self, usize, &mut ParamValues) -> Result<ParamValue, ()>`
[INFO] [stderr]   = note: this error originates in the derive macro `AddIn` (in Nightly builds, run with -Z macro-backtrace for more info)
[INFO] [stderr] ┈┈┈┈┈┈┈┈┈┈┈┈┈┈┈┈┈┈┈┈┈┈┈┈┈┈┈┈┈┈┈┈┈┈┈┈┈┈┈┈┈┈┈┈┈┈┈┈┈┈┈┈┈┈┈┈┈┈┈┈
[INFO] [stderr] 
[INFO] [stderr] test tests/to_build/functions/defaults/float_type.rs [should pass] ... error
[INFO] [stderr] ┈┈┈┈┈┈┈┈┈┈┈┈┈┈┈┈┈┈┈┈┈┈┈┈┈┈┈┈┈┈┈┈┈┈┈┈┈┈┈┈┈┈┈┈┈┈┈┈┈┈┈┈┈┈┈┈┈┈┈┈
[INFO] [stderr] error[E0603]: enum `ParamValue` is private
[INFO] [stderr]  --> tests/to_build/functions/defaults/float_type.rs:6:10
[INFO] [stderr]   |
[INFO] [stderr] 6 | #[derive(AddIn)]
[INFO] [stderr]   |          ^^^^^
[INFO] [stderr]   |          |
[INFO] [stderr]   |          private enum
[INFO] [stderr]   |          enum `ParamValue` is not publicly re-exported
[INFO] [stderr]   |
[INFO] [stderr] note: the enum `ParamValue` is defined here
[INFO] [stderr]  --> /opt/rustwide/cargo-home/git/checkouts/native_api_1c-9ab61c3be4d25741/c6f6d17/native_api_1c_core/src/ffi/provided_types.rs:9:5
[INFO] [stderr]   |
[INFO] [stderr] 9 | use crate::interface::ParamValue;
[INFO] [stderr]   |     ^^^^^^^^^^^^^^^^^^^^^^^^^^^^
[INFO] [stderr] 
[INFO] [stderr] error[E0050]: method `get_prop_val` has 3 parameters but the declaration in trait `get_prop_val` has 2
[INFO] [stderr]  --> tests/to_build/functions/defaults/float_type.rs:6:10
[INFO] [stderr]   |
[INFO] [stderr] 6 | #[derive(AddIn)]
[INFO] [stderr]   |          ^^^^^ expected 2 parameters, found 3
[INFO] [stderr]   |
[INFO] [stderr]   = note: `get_prop_val` from trait: `fn(&Self, usize) -> Result<ParamValue, ()>`
[INFO] [stderr]   = note: this error originates in the derive macro `AddIn` (in Nightly builds, run with -Z macro-backtrace for more info)
[INFO] [stderr] 
[INFO] [stderr] error[E0053]: method `set_prop_val` has an incompatible type for trait
[INFO] [stderr]  --> tests/to_build/functions/defaults/float_type.rs:6:10
[INFO] [stderr]   |
[INFO] [stderr] 6 | #[derive(AddIn)]
[INFO] [stderr]   |          ^^^^^ expected `ParamValue`, found `&ParamValue`
[INFO] [stderr]   |
[INFO] [stderr]   = note: expected signature `fn(&mut MyAddIn, _, ParamValue) -> Result<(), ()>`
[INFO] [stderr]              found signature `fn(&mut MyAddIn, _, &ParamValue) -> bool`
[INFO] [stderr]   = note: this error originates in the derive macro `AddIn` (in Nightly builds, run with -Z macro-backtrace for more info)
[INFO] [stderr] 
[INFO] [stderr] error[E0050]: method `get_param_def_value` has 4 parameters but the declaration in trait `get_param_def_value` has 3
[INFO] [stderr]  --> tests/to_build/functions/defaults/float_type.rs:6:10
[INFO] [stderr]   |
[INFO] [stderr] 6 | #[derive(AddIn)]
[INFO] [stderr]   |          ^^^^^ expected 3 parameters, found 4
[INFO] [stderr]   |
[INFO] [stderr]   = note: `get_param_def_value` from trait: `fn(&Self, usize, usize) -> Option<ParamValue>`
[INFO] [stderr]   = note: this error originates in the derive macro `AddIn` (in Nightly builds, run with -Z macro-backtrace for more info)
[INFO] [stderr] 
[INFO] [stderr] error[E0053]: method `call_as_proc` has an incompatible type for trait
[INFO] [stderr]  --> tests/to_build/functions/defaults/float_type.rs:6:10
[INFO] [stderr]   |
[INFO] [stderr] 6 | #[derive(AddIn)]
[INFO] [stderr]   |          ^^^^^ expected `ParamValues`, found `[ParamValue]`
[INFO] [stderr]   |
[INFO] [stderr]   = note: expected signature `fn(&mut MyAddIn, _, &mut ParamValues) -> Result<(), ()>`
[INFO] [stderr]              found signature `fn(&mut MyAddIn, _, &mut [ParamValue]) -> bool`
[INFO] [stderr]   = note: this error originates in the derive macro `AddIn` (in Nightly builds, run with -Z macro-backtrace for more info)
[INFO] [stderr] 
[INFO] [stderr] error[E0050]: method `call_as_func` has 4 parameters but the declaration in trait `call_as_func` has 3
[INFO] [stderr]  --> tests/to_build/functions/defaults/float_type.rs:6:10
[INFO] [stderr]   |
[INFO] [stderr] 6 | #[derive(AddIn)]
[INFO] [stderr]   |          ^^^^^ expected 3 parameters, found 4
[INFO] [stderr]   |
[INFO] [stderr]   = note: `call_as_func` from trait: `fn(&mut Self, usize, &mut ParamValues) -> Result<ParamValue, ()>`
[INFO] [stderr]   = note: this error originates in the derive macro `AddIn` (in Nightly builds, run with -Z macro-backtrace for more info)
[INFO] [stderr] ┈┈┈┈┈┈┈┈┈┈┈┈┈┈┈┈┈┈┈┈┈┈┈┈┈┈┈┈┈┈┈┈┈┈┈┈┈┈┈┈┈┈┈┈┈┈┈┈┈┈┈┈┈┈┈┈┈┈┈┈
[INFO] [stderr] 
[INFO] [stderr] test tests/to_build/functions/defaults/str_type.rs [should pass] ... error
[INFO] [stderr] ┈┈┈┈┈┈┈┈┈┈┈┈┈┈┈┈┈┈┈┈┈┈┈┈┈┈┈┈┈┈┈┈┈┈┈┈┈┈┈┈┈┈┈┈┈┈┈┈┈┈┈┈┈┈┈┈┈┈┈┈
[INFO] [stderr] error[E0603]: enum `ParamValue` is private
[INFO] [stderr]  --> tests/to_build/functions/defaults/str_type.rs:6:10
[INFO] [stderr]   |
[INFO] [stderr] 6 | #[derive(AddIn)]
[INFO] [stderr]   |          ^^^^^
[INFO] [stderr]   |          |
[INFO] [stderr]   |          private enum
[INFO] [stderr]   |          enum `ParamValue` is not publicly re-exported
[INFO] [stderr]   |
[INFO] [stderr] note: the enum `ParamValue` is defined here
[INFO] [stderr]  --> /opt/rustwide/cargo-home/git/checkouts/native_api_1c-9ab61c3be4d25741/c6f6d17/native_api_1c_core/src/ffi/provided_types.rs:9:5
[INFO] [stderr]   |
[INFO] [stderr] 9 | use crate::interface::ParamValue;
[INFO] [stderr]   |     ^^^^^^^^^^^^^^^^^^^^^^^^^^^^
[INFO] [stderr] 
[INFO] [stderr] error[E0050]: method `get_prop_val` has 3 parameters but the declaration in trait `get_prop_val` has 2
[INFO] [stderr]  --> tests/to_build/functions/defaults/str_type.rs:6:10
[INFO] [stderr]   |
[INFO] [stderr] 6 | #[derive(AddIn)]
[INFO] [stderr]   |          ^^^^^ expected 2 parameters, found 3
[INFO] [stderr]   |
[INFO] [stderr]   = note: `get_prop_val` from trait: `fn(&Self, usize) -> Result<ParamValue, ()>`
[INFO] [stderr]   = note: this error originates in the derive macro `AddIn` (in Nightly builds, run with -Z macro-backtrace for more info)
[INFO] [stderr] 
[INFO] [stderr] error[E0053]: method `set_prop_val` has an incompatible type for trait
[INFO] [stderr]  --> tests/to_build/functions/defaults/str_type.rs:6:10
[INFO] [stderr]   |
[INFO] [stderr] 6 | #[derive(AddIn)]
[INFO] [stderr]   |          ^^^^^ expected `ParamValue`, found `&ParamValue`
[INFO] [stderr]   |
[INFO] [stderr]   = note: expected signature `fn(&mut MyAddIn, _, ParamValue) -> Result<(), ()>`
[INFO] [stderr]              found signature `fn(&mut MyAddIn, _, &ParamValue) -> bool`
[INFO] [stderr]   = note: this error originates in the derive macro `AddIn` (in Nightly builds, run with -Z macro-backtrace for more info)
[INFO] [stderr] 
[INFO] [stderr] error[E0050]: method `get_param_def_value` has 4 parameters but the declaration in trait `get_param_def_value` has 3
[INFO] [stderr]  --> tests/to_build/functions/defaults/str_type.rs:6:10
[INFO] [stderr]   |
[INFO] [stderr] 6 | #[derive(AddIn)]
[INFO] [stderr]   |          ^^^^^ expected 3 parameters, found 4
[INFO] [stderr]   |
[INFO] [stderr]   = note: `get_param_def_value` from trait: `fn(&Self, usize, usize) -> Option<ParamValue>`
[INFO] [stderr]   = note: this error originates in the derive macro `AddIn` (in Nightly builds, run with -Z macro-backtrace for more info)
[INFO] [stderr] 
[INFO] [stderr] error[E0053]: method `call_as_proc` has an incompatible type for trait
[INFO] [stderr]  --> tests/to_build/functions/defaults/str_type.rs:6:10
[INFO] [stderr]   |
[INFO] [stderr] 6 | #[derive(AddIn)]
[INFO] [stderr]   |          ^^^^^ expected `ParamValues`, found `[ParamValue]`
[INFO] [stderr]   |
[INFO] [stderr]   = note: expected signature `fn(&mut MyAddIn, _, &mut ParamValues) -> Result<(), ()>`
[INFO] [stderr]              found signature `fn(&mut MyAddIn, _, &mut [ParamValue]) -> bool`
[INFO] [stderr]   = note: this error originates in the derive macro `AddIn` (in Nightly builds, run with -Z macro-backtrace for more info)
[INFO] [stderr] 
[INFO] [stderr] error[E0050]: method `call_as_func` has 4 parameters but the declaration in trait `call_as_func` has 3
[INFO] [stderr]  --> tests/to_build/functions/defaults/str_type.rs:6:10
[INFO] [stderr]   |
[INFO] [stderr] 6 | #[derive(AddIn)]
[INFO] [stderr]   |          ^^^^^ expected 3 parameters, found 4
[INFO] [stderr]   |
[INFO] [stderr]   = note: `call_as_func` from trait: `fn(&mut Self, usize, &mut ParamValues) -> Result<ParamValue, ()>`
[INFO] [stderr]   = note: this error originates in the derive macro `AddIn` (in Nightly builds, run with -Z macro-backtrace for more info)
[INFO] [stderr] 
[INFO] [stderr] error[E0599]: no variant or associated item named `Str` found for enum `ParamValue` in the current scope
[INFO] [stderr]  --> tests/to_build/functions/defaults/str_type.rs:6:10
[INFO] [stderr]   |
[INFO] [stderr] 6 | #[derive(AddIn)]
[INFO] [stderr]   |          ^^^^^ variant or associated item not found in `ParamValue`
[INFO] [stderr]   |
[INFO] [stderr]   = note: this error originates in the derive macro `AddIn` (in Nightly builds, run with -Z macro-backtrace for more info)
[INFO] [stderr] ┈┈┈┈┈┈┈┈┈┈┈┈┈┈┈┈┈┈┈┈┈┈┈┈┈┈┈┈┈┈┈┈┈┈┈┈┈┈┈┈┈┈┈┈┈┈┈┈┈┈┈┈┈┈┈┈┈┈┈┈
[INFO] [stderr] 
[INFO] [stderr] test tests/to_build/functions/defaults/date_type.rs [should fail to compile] ... ok
[INFO] [stderr] test tests/to_build/functions/defaults/blob_type.rs [should fail to compile] ... ok
[INFO] [stderr] 
[INFO] [stderr] 
[INFO] [stdout] test tests ... FAILED
[INFO] [stdout] 
[INFO] [stdout] failures:
[INFO] [stdout] 
[INFO] [stdout] ---- tests stdout ----
[INFO] [stdout] thread 'tests' panicked at /opt/rustwide/cargo-home/registry/src/index.crates.io-6f17d22bba15001f/trybuild-1.0.86/src/run.rs:101:13:
[INFO] [stdout] 21 of 23 tests failed
[INFO] [stdout] stack backtrace:
[INFO] [stdout]    0:     0x62b38d10a8ba - std::backtrace_rs::backtrace::libunwind::trace::h5a5b8284f2d0c266
[INFO] [stdout]                                at /rustc/90b35a6239c3d8bdabc530a6a0816f7ff89a0aaf/library/std/src/../../backtrace/src/backtrace/libunwind.rs:116:5
[INFO] [stdout]    1:     0x62b38d10a8ba - std::backtrace_rs::backtrace::trace_unsynchronized::h76d4f1c9b0b875e3
[INFO] [stdout]                                at /rustc/90b35a6239c3d8bdabc530a6a0816f7ff89a0aaf/library/std/src/../../backtrace/src/backtrace/mod.rs:66:5
[INFO] [stdout]    2:     0x62b38d10a8ba - std::sys::backtrace::_print_fmt::hc4546b8364a537c6
[INFO] [stdout]                                at /rustc/90b35a6239c3d8bdabc530a6a0816f7ff89a0aaf/library/std/src/sys/backtrace.rs:66:9
[INFO] [stdout]    3:     0x62b38d10a8ba - <std::sys::backtrace::BacktraceLock::print::DisplayBacktrace as core::fmt::Display>::fmt::h5b6bd5631a6d1f6b
[INFO] [stdout]                                at /rustc/90b35a6239c3d8bdabc530a6a0816f7ff89a0aaf/library/std/src/sys/backtrace.rs:39:26
[INFO] [stdout]    4:     0x62b38d132723 - core::fmt::rt::Argument::fmt::h270f6602a2b96f62
[INFO] [stdout]                                at /rustc/90b35a6239c3d8bdabc530a6a0816f7ff89a0aaf/library/core/src/fmt/rt.rs:177:76
[INFO] [stdout]    5:     0x62b38d132723 - core::fmt::write::h7550c97b06c86515
[INFO] [stdout]                                at /rustc/90b35a6239c3d8bdabc530a6a0816f7ff89a0aaf/library/core/src/fmt/mod.rs:1186:21
[INFO] [stdout]    6:     0x62b38d106f93 - std::io::Write::write_fmt::h509ff860e5956e5e
[INFO] [stdout]                                at /rustc/90b35a6239c3d8bdabc530a6a0816f7ff89a0aaf/library/std/src/io/mod.rs:1839:15
[INFO] [stdout]    7:     0x62b38d10a702 - std::sys::backtrace::BacktraceLock::print::h2395ccd2c84ba3aa
[INFO] [stdout]                                at /rustc/90b35a6239c3d8bdabc530a6a0816f7ff89a0aaf/library/std/src/sys/backtrace.rs:42:9
[INFO] [stdout]    8:     0x62b38d10bd1a - std::panicking::default_hook::{{closure}}::he19d4c7230e07961
[INFO] [stdout]                                at /rustc/90b35a6239c3d8bdabc530a6a0816f7ff89a0aaf/library/std/src/panicking.rs:268:22
[INFO] [stdout]    9:     0x62b38d10bb24 - std::panicking::default_hook::hf614597d3c67bbdb
[INFO] [stdout]                                at /rustc/90b35a6239c3d8bdabc530a6a0816f7ff89a0aaf/library/std/src/panicking.rs:292:9
[INFO] [stdout]   10:     0x62b38d0d5369 - <alloc::boxed::Box<F,A> as core::ops::function::Fn<Args>>::call::h39b51ce4599c23d1
[INFO] [stdout]                                at /rustc/90b35a6239c3d8bdabc530a6a0816f7ff89a0aaf/library/alloc/src/boxed.rs:2468:9
[INFO] [stdout]   11:     0x62b38d0d5369 - test::test_main::{{closure}}::he977ae839a582784
[INFO] [stdout]                                at /rustc/90b35a6239c3d8bdabc530a6a0816f7ff89a0aaf/library/test/src/lib.rs:133:21
[INFO] [stdout]   12:     0x62b38d10c3b8 - <alloc::boxed::Box<F,A> as core::ops::function::Fn<Args>>::call::h9455091b6b06f9fb
[INFO] [stdout]                                at /rustc/90b35a6239c3d8bdabc530a6a0816f7ff89a0aaf/library/alloc/src/boxed.rs:2468:9
[INFO] [stdout]   13:     0x62b38d10c3b8 - std::panicking::rust_panic_with_hook::h8942133a8b252070
[INFO] [stdout]                                at /rustc/90b35a6239c3d8bdabc530a6a0816f7ff89a0aaf/library/std/src/panicking.rs:809:13
[INFO] [stdout]   14:     0x62b38d10c17a - std::panicking::begin_panic_handler::{{closure}}::hb5f5963570096b29
[INFO] [stdout]                                at /rustc/90b35a6239c3d8bdabc530a6a0816f7ff89a0aaf/library/std/src/panicking.rs:674:13
[INFO] [stdout]   15:     0x62b38d10ad99 - std::sys::backtrace::__rust_end_short_backtrace::h6208cedc1922feda
[INFO] [stdout]                                at /rustc/90b35a6239c3d8bdabc530a6a0816f7ff89a0aaf/library/std/src/sys/backtrace.rs:170:18
[INFO] [stdout]   16:     0x62b38d10be0c - rust_begin_unwind
[INFO] [stdout]                                at /rustc/90b35a6239c3d8bdabc530a6a0816f7ff89a0aaf/library/std/src/panicking.rs:665:5
[INFO] [stdout]   17:     0x62b38ceb1ca0 - core::panicking::panic_fmt::h0c3082644d1bf418
[INFO] [stdout]                                at /rustc/90b35a6239c3d8bdabc530a6a0816f7ff89a0aaf/library/core/src/panicking.rs:74:14
[INFO] [stdout]   18:     0x62b38cec621c - trybuild::run::<impl trybuild::Runner>::run::h7c1366a8cba9162e
[INFO] [stdout]                                at /opt/rustwide/cargo-home/registry/src/index.crates.io-6f17d22bba15001f/trybuild-1.0.86/src/run.rs:101:13
[INFO] [stdout]   19:     0x62b38cecb958 - <trybuild::TestCases as core::ops::drop::Drop>::drop::h2dd0f42e472ba376
[INFO] [stdout]                                at /opt/rustwide/cargo-home/registry/src/index.crates.io-6f17d22bba15001f/trybuild-1.0.86/src/lib.rs:317:13
[INFO] [stdout]   20:     0x62b38ceb28a7 - core::ptr::drop_in_place<trybuild::TestCases>::h619c3acaa5d0fd23
[INFO] [stdout]                                at /rustc/90b35a6239c3d8bdabc530a6a0816f7ff89a0aaf/library/core/src/ptr/mod.rs:574:1
[INFO] [stdout]   21:     0x62b38ceb3336 - functions::tests::h9b61ceca99e3c6c0
[INFO] [stdout]                                at /opt/rustwide/workdir/tests/functions.rs:31:1
[INFO] [stdout]   22:     0x62b38ceb30b7 - functions::tests::{{closure}}::h5f048e38edd143bf
[INFO] [stdout]                                at /opt/rustwide/workdir/tests/functions.rs:2:11
[INFO] [stdout]   23:     0x62b38ceb2846 - core::ops::function::FnOnce::call_once::h5fcd33080a425efb
[INFO] [stdout]                                at /rustc/90b35a6239c3d8bdabc530a6a0816f7ff89a0aaf/library/core/src/ops/function.rs:250:5
[INFO] [stdout]   24:     0x62b38d0d9d2b - core::ops::function::FnOnce::call_once::h109cf8051a59b34e
[INFO] [stdout]                                at /rustc/90b35a6239c3d8bdabc530a6a0816f7ff89a0aaf/library/core/src/ops/function.rs:250:5
[INFO] [stdout]   25:     0x62b38d0d9d2b - test::__rust_begin_short_backtrace::hf4fff89d377446ba
[INFO] [stdout]                                at /rustc/90b35a6239c3d8bdabc530a6a0816f7ff89a0aaf/library/test/src/lib.rs:621:18
[INFO] [stdout]   26:     0x62b38d0d9567 - test::run_test_in_process::{{closure}}::h0e39181dd7ee5a43
[INFO] [stdout]                                at /rustc/90b35a6239c3d8bdabc530a6a0816f7ff89a0aaf/library/test/src/lib.rs:644:60
[INFO] [stdout]   27:     0x62b38d0d9567 - <core::panic::unwind_safe::AssertUnwindSafe<F> as core::ops::function::FnOnce<()>>::call_once::hc5a66a30f0bdfd1f
[INFO] [stdout]                                at /rustc/90b35a6239c3d8bdabc530a6a0816f7ff89a0aaf/library/core/src/panic/unwind_safe.rs:272:9
[INFO] [stdout]   28:     0x62b38d0d9567 - std::panicking::try::do_call::h873b7cf639554a5e
[INFO] [stdout]                                at /rustc/90b35a6239c3d8bdabc530a6a0816f7ff89a0aaf/library/std/src/panicking.rs:557:40
[INFO] [stdout]   29:     0x62b38d0d9567 - std::panicking::try::hdb19862fad9c8bd1
[INFO] [stdout]                                at /rustc/90b35a6239c3d8bdabc530a6a0816f7ff89a0aaf/library/std/src/panicking.rs:520:19
[INFO] [stdout]   30:     0x62b38d0d9567 - std::panic::catch_unwind::h281fe732d236d260
[INFO] [stdout]                                at /rustc/90b35a6239c3d8bdabc530a6a0816f7ff89a0aaf/library/std/src/panic.rs:358:14
[INFO] [stdout]   31:     0x62b38d0d9567 - test::run_test_in_process::h949b6df8457ed338
[INFO] [stdout]                                at /rustc/90b35a6239c3d8bdabc530a6a0816f7ff89a0aaf/library/test/src/lib.rs:644:27
[INFO] [stdout]   32:     0x62b38d0d9567 - test::run_test::{{closure}}::h52c556a6d4740e10
[INFO] [stdout]                                at /rustc/90b35a6239c3d8bdabc530a6a0816f7ff89a0aaf/library/test/src/lib.rs:565:43
[INFO] [stdout]   33:     0x62b38d09e844 - test::run_test::{{closure}}::h4237f6381c45ccb9
[INFO] [stdout]                                at /rustc/90b35a6239c3d8bdabc530a6a0816f7ff89a0aaf/library/test/src/lib.rs:595:41
[INFO] [stdout]   34:     0x62b38d09e844 - std::sys::backtrace::__rust_begin_short_backtrace::h505c97a579eca628
[INFO] [stdout]                                at /rustc/90b35a6239c3d8bdabc530a6a0816f7ff89a0aaf/library/std/src/sys/backtrace.rs:154:18
[INFO] [stdout]   35:     0x62b38d0a1f0e - std::thread::Builder::spawn_unchecked_::{{closure}}::{{closure}}::h9e86b2e2bc107ea3
[INFO] [stdout]                                at /rustc/90b35a6239c3d8bdabc530a6a0816f7ff89a0aaf/library/std/src/thread/mod.rs:538:17
[INFO] [stdout]   36:     0x62b38d0a1f0e - <core::panic::unwind_safe::AssertUnwindSafe<F> as core::ops::function::FnOnce<()>>::call_once::h8b06ddb275ff4a25
[INFO] [stdout]                                at /rustc/90b35a6239c3d8bdabc530a6a0816f7ff89a0aaf/library/core/src/panic/unwind_safe.rs:272:9
[INFO] [stdout]   37:     0x62b38d0a1f0e - std::panicking::try::do_call::hb26ecd7cd9a9355d
[INFO] [stdout]                                at /rustc/90b35a6239c3d8bdabc530a6a0816f7ff89a0aaf/library/std/src/panicking.rs:557:40
[INFO] [stdout]   38:     0x62b38d0a1f0e - std::panicking::try::h8ddeca9d705f9069
[INFO] [stdout]                                at /rustc/90b35a6239c3d8bdabc530a6a0816f7ff89a0aaf/library/std/src/panicking.rs:520:19
[INFO] [stdout]   39:     0x62b38d0a1f0e - std::panic::catch_unwind::h49e1c33078844c46
[INFO] [stdout]                                at /rustc/90b35a6239c3d8bdabc530a6a0816f7ff89a0aaf/library/std/src/panic.rs:358:14
[INFO] [stdout]   40:     0x62b38d0a1f0e - std::thread::Builder::spawn_unchecked_::{{closure}}::h6073db6ff56ad35d
[INFO] [stdout]                                at /rustc/90b35a6239c3d8bdabc530a6a0816f7ff89a0aaf/library/std/src/thread/mod.rs:537:30
[INFO] [stdout]   41:     0x62b38d0a1f0e - core::ops::function::FnOnce::call_once{{vtable.shim}}::h2c5a5f3779c774f1
[INFO] [stdout]                                at /rustc/90b35a6239c3d8bdabc530a6a0816f7ff89a0aaf/library/core/src/ops/function.rs:250:5
[INFO] [stdout]   42:     0x62b38d1110ab - <alloc::boxed::Box<F,A> as core::ops::function::FnOnce<Args>>::call_once::hf75717d9f28faebf
[INFO] [stdout]                                at /rustc/90b35a6239c3d8bdabc530a6a0816f7ff89a0aaf/library/alloc/src/boxed.rs:2454:9
[INFO] [stdout]   43:     0x62b38d1110ab - <alloc::boxed::Box<F,A> as core::ops::function::FnOnce<Args>>::call_once::h7bd883a5f3c5f3c1
[INFO] [stdout]                                at /rustc/90b35a6239c3d8bdabc530a6a0816f7ff89a0aaf/library/alloc/src/boxed.rs:2454:9
[INFO] [stdout]   44:     0x62b38d1110ab - std::sys::pal::unix::thread::Thread::new::thread_start::hcc78f3943333fa94
[INFO] [stdout]                                at /rustc/90b35a6239c3d8bdabc530a6a0816f7ff89a0aaf/library/std/src/sys/pal/unix/thread.rs:105:17
[INFO] [stdout]   45:     0x70d4431ebac3 - <unknown>
[INFO] [stdout]   46:     0x70d44327ca04 - clone
[INFO] [stdout]   47:                0x0 - <unknown>
[INFO] [stdout] 
[INFO] [stdout] 
[INFO] [stdout] failures:
[INFO] [stdout]     tests
[INFO] [stdout] 
[INFO] [stdout] test result: FAILED. 0 passed; 1 failed; 0 ignored; 0 measured; 0 filtered out; finished in 25.92s
[INFO] [stdout] 
[INFO] [stderr] error: test failed, to rerun pass `--test functions`
[INFO] running `Command { std: "docker" "inspect" "e80071a70d80a38955d2829d66025f0fe7389628573f0a07e4cef2862fb9b656", kill_on_drop: false }`
[INFO] running `Command { std: "docker" "rm" "-f" "e80071a70d80a38955d2829d66025f0fe7389628573f0a07e4cef2862fb9b656", kill_on_drop: false }`
[INFO] [stdout] e80071a70d80a38955d2829d66025f0fe7389628573f0a07e4cef2862fb9b656
