[INFO] cloning repository https://github.com/Sean-McConnachie/modelutils_rs
[INFO] running `Command { std: "git" "-c" "credential.helper=" "-c" "credential.helper=/workspace/cargo-home/bin/git-credential-null" "clone" "--bare" "https://github.com/Sean-McConnachie/modelutils_rs" "/workspace/cache/git-repos/https%3A%2F%2Fgithub.com%2FSean-McConnachie%2Fmodelutils_rs", kill_on_drop: false }`
[INFO] [stderr] Cloning into bare repository '/workspace/cache/git-repos/https%3A%2F%2Fgithub.com%2FSean-McConnachie%2Fmodelutils_rs'...
[INFO] running `Command { std: "git" "rev-parse" "HEAD", kill_on_drop: false }`
[INFO] [stdout] 1d76c5d97a12c6c0eca99149a6733d62be24ffe3
[INFO] testing Sean-McConnachie/modelutils_rs against 1.83.0 for beta-1.84.0-4-retry
[INFO] running `Command { std: "git" "clone" "/workspace/cache/git-repos/https%3A%2F%2Fgithub.com%2FSean-McConnachie%2Fmodelutils_rs" "/workspace/builds/worker-2-tc1/source", kill_on_drop: false }`
[INFO] [stderr] Cloning into '/workspace/builds/worker-2-tc1/source'...
[INFO] [stderr] done.
[INFO] validating manifest of git repo https://github.com/Sean-McConnachie/modelutils_rs on toolchain 1.83.0
[INFO] running `Command { std: CARGO_HOME="/workspace/cargo-home" RUSTUP_HOME="/workspace/rustup-home" "/workspace/cargo-home/bin/cargo" "+1.83.0" "metadata" "--manifest-path" "Cargo.toml" "--no-deps", kill_on_drop: false }`
[INFO] started tweaking git repo https://github.com/Sean-McConnachie/modelutils_rs
[INFO] finished tweaking git repo https://github.com/Sean-McConnachie/modelutils_rs
[INFO] tweaked toml for git repo https://github.com/Sean-McConnachie/modelutils_rs written to /workspace/builds/worker-2-tc1/source/Cargo.toml
[INFO] crate git repo https://github.com/Sean-McConnachie/modelutils_rs already has a lockfile, it will not be regenerated
[INFO] running `Command { std: CARGO_HOME="/workspace/cargo-home" RUSTUP_HOME="/workspace/rustup-home" "/workspace/cargo-home/bin/cargo" "+1.83.0" "fetch" "--manifest-path" "Cargo.toml", kill_on_drop: false }`
[INFO] running `Command { std: "docker" "create" "-v" "/var/lib/crater-agent-workspace/builds/worker-2-tc1/target:/opt/rustwide/target:rw,Z" "-v" "/var/lib/crater-agent-workspace/builds/worker-2-tc1/source:/opt/rustwide/workdir:ro,Z" "-v" "/var/lib/crater-agent-workspace/cargo-home:/opt/rustwide/cargo-home:ro,Z" "-v" "/var/lib/crater-agent-workspace/rustup-home:/opt/rustwide/rustup-home:ro,Z" "-e" "SOURCE_DIR=/opt/rustwide/workdir" "-e" "CARGO_TARGET_DIR=/opt/rustwide/target" "-e" "CARGO_HOME=/opt/rustwide/cargo-home" "-e" "RUSTUP_HOME=/opt/rustwide/rustup-home" "-w" "/opt/rustwide/workdir" "-m" "1610612736" "--user" "0:0" "--network" "none" "ghcr.io/rust-lang/crates-build-env/linux@sha256:f3a9d4ad9d972b27faf3965f35b62e55ba32bbce8f20bc8fe909558a86702fde" "/opt/rustwide/cargo-home/bin/cargo" "+1.83.0" "metadata" "--no-deps" "--format-version=1", kill_on_drop: false }`
[INFO] [stdout] cc906523fd4742f0fca702c841137f64f355e4da8d263a4161623ed8d95a2eac
[INFO] running `Command { std: "docker" "start" "-a" "cc906523fd4742f0fca702c841137f64f355e4da8d263a4161623ed8d95a2eac", kill_on_drop: false }`
[INFO] running `Command { std: "docker" "inspect" "cc906523fd4742f0fca702c841137f64f355e4da8d263a4161623ed8d95a2eac", kill_on_drop: false }`
[INFO] running `Command { std: "docker" "rm" "-f" "cc906523fd4742f0fca702c841137f64f355e4da8d263a4161623ed8d95a2eac", kill_on_drop: false }`
[INFO] [stdout] cc906523fd4742f0fca702c841137f64f355e4da8d263a4161623ed8d95a2eac
[INFO] running `Command { std: "docker" "create" "-v" "/var/lib/crater-agent-workspace/builds/worker-2-tc1/target:/opt/rustwide/target:rw,Z" "-v" "/var/lib/crater-agent-workspace/builds/worker-2-tc1/source:/opt/rustwide/workdir:ro,Z" "-v" "/var/lib/crater-agent-workspace/cargo-home:/opt/rustwide/cargo-home:ro,Z" "-v" "/var/lib/crater-agent-workspace/rustup-home:/opt/rustwide/rustup-home:ro,Z" "-e" "SOURCE_DIR=/opt/rustwide/workdir" "-e" "CARGO_TARGET_DIR=/opt/rustwide/target" "-e" "CARGO_INCREMENTAL=0" "-e" "RUST_BACKTRACE=full" "-e" "RUSTFLAGS=--cap-lints=warn" "-e" "RUSTDOCFLAGS=--cap-lints=warn" "-e" "CARGO_HOME=/opt/rustwide/cargo-home" "-e" "RUSTUP_HOME=/opt/rustwide/rustup-home" "-w" "/opt/rustwide/workdir" "-m" "1610612736" "--user" "0:0" "--network" "none" "ghcr.io/rust-lang/crates-build-env/linux@sha256:f3a9d4ad9d972b27faf3965f35b62e55ba32bbce8f20bc8fe909558a86702fde" "/opt/rustwide/cargo-home/bin/cargo" "+1.83.0" "build" "--frozen" "--message-format=json", kill_on_drop: false }`
[INFO] [stdout] dacbb7f2684f0a533d46cc16f49cbad440079009617d30259975b5e3edc2f95d
[INFO] running `Command { std: "docker" "start" "-a" "dacbb7f2684f0a533d46cc16f49cbad440079009617d30259975b5e3edc2f95d", kill_on_drop: false }`
[INFO] [stderr]    Compiling autocfg v1.1.0
[INFO] [stderr]    Compiling libc v0.2.147
[INFO] [stderr]    Compiling scopeguard v1.2.0
[INFO] [stderr]    Compiling crossbeam-utils v0.8.16
[INFO] [stderr]    Compiling proc-macro2 v1.0.66
[INFO] [stderr]    Compiling simd-adler32 v0.3.7
[INFO] [stderr]    Compiling unicode-ident v1.0.11
[INFO] [stderr]    Compiling rayon-core v1.11.0
[INFO] [stderr]    Compiling adler v1.0.2
[INFO] [stderr]    Compiling crc32fast v1.3.2
[INFO] [stderr]    Compiling futures-core v0.3.28
[INFO] [stderr]    Compiling either v1.9.0
[INFO] [stderr]    Compiling version_check v0.9.4
[INFO] [stderr]    Compiling serde v1.0.183
[INFO] [stderr]    Compiling futures-sink v0.3.28
[INFO] [stderr]    Compiling weezl v0.1.7
[INFO] [stderr]    Compiling serde_derive v1.0.183
[INFO] [stderr]    Compiling bit_field v0.10.2
[INFO] [stderr]    Compiling once_cell v1.18.0
[INFO] [stderr]    Compiling miniz_oxide v0.7.1
[INFO] [stderr]    Compiling fdeflate v0.3.0
[INFO] [stderr]    Compiling zune-inflate v0.2.54
[INFO] [stderr]    Compiling lebe v0.5.2
[INFO] [stderr]    Compiling serde_json v1.0.105
[INFO] [stderr]    Compiling half v2.2.1
[INFO] [stderr]    Compiling smallvec v1.11.0
[INFO] [stderr]    Compiling color_quant v1.1.0
[INFO] [stderr]    Compiling ahash v0.8.3
[INFO] [stderr]    Compiling bytemuck v1.13.1
[INFO] [stderr]    Compiling bitflags v1.3.2
[INFO] [stderr]    Compiling crossbeam-channel v0.5.8
[INFO] [stderr]    Compiling gif v0.12.0
[INFO] [stderr]    Compiling memoffset v0.9.0
[INFO] [stderr]    Compiling crossbeam-epoch v0.9.15
[INFO] [stderr]    Compiling lock_api v0.4.10
[INFO] [stderr]    Compiling num-traits v0.2.16
[INFO] [stderr]    Compiling num-integer v0.1.45
[INFO] [stderr]    Compiling flate2 v1.0.27
[INFO] [stderr]    Compiling num-rational v0.4.1
[INFO] [stderr]    Compiling qoi v0.4.1
[INFO] [stderr]    Compiling itoa v1.0.9
[INFO] [stderr]    Compiling ryu v1.0.15
[INFO] [stderr]    Compiling byteorder v1.4.3
[INFO] [stderr]    Compiling spin v0.9.8
[INFO] [stderr]    Compiling quote v1.0.33
[INFO] [stderr]    Compiling crossbeam-deque v0.8.3
[INFO] [stderr]    Compiling getrandom v0.2.10
[INFO] [stderr]    Compiling num_cpus v1.16.0
[INFO] [stderr]    Compiling syn v2.0.29
[INFO] [stderr]    Compiling png v0.17.10
[INFO] [stderr]    Compiling nanorand v0.7.0
[INFO] [stderr]    Compiling tobj v4.0.0
[INFO] [stderr]    Compiling rayon v1.7.0
[INFO] [stderr]    Compiling pin-project-internal v1.1.3
[INFO] [stderr]    Compiling jpeg-decoder v0.3.0
[INFO] [stderr]    Compiling tiff v0.9.0
[INFO] [stderr]    Compiling pin-project v1.1.3
[INFO] [stderr]    Compiling flume v0.10.14
[INFO] [stderr]    Compiling exr v1.7.0
[INFO] [stderr]    Compiling image v0.24.7
[INFO] [stderr]    Compiling modelutils_rs v0.1.0 (/opt/rustwide/workdir)
[INFO] [stderr]     Finished `dev` profile [unoptimized + debuginfo] target(s) in 27.38s
[INFO] running `Command { std: "docker" "inspect" "dacbb7f2684f0a533d46cc16f49cbad440079009617d30259975b5e3edc2f95d", kill_on_drop: false }`
[INFO] running `Command { std: "docker" "rm" "-f" "dacbb7f2684f0a533d46cc16f49cbad440079009617d30259975b5e3edc2f95d", kill_on_drop: false }`
[INFO] [stdout] dacbb7f2684f0a533d46cc16f49cbad440079009617d30259975b5e3edc2f95d
[INFO] running `Command { std: "docker" "create" "-v" "/var/lib/crater-agent-workspace/builds/worker-2-tc1/target:/opt/rustwide/target:rw,Z" "-v" "/var/lib/crater-agent-workspace/builds/worker-2-tc1/source:/opt/rustwide/workdir:ro,Z" "-v" "/var/lib/crater-agent-workspace/cargo-home:/opt/rustwide/cargo-home:ro,Z" "-v" "/var/lib/crater-agent-workspace/rustup-home:/opt/rustwide/rustup-home:ro,Z" "-e" "SOURCE_DIR=/opt/rustwide/workdir" "-e" "CARGO_TARGET_DIR=/opt/rustwide/target" "-e" "CARGO_INCREMENTAL=0" "-e" "RUST_BACKTRACE=full" "-e" "RUSTFLAGS=--cap-lints=warn" "-e" "RUSTDOCFLAGS=--cap-lints=warn" "-e" "CARGO_HOME=/opt/rustwide/cargo-home" "-e" "RUSTUP_HOME=/opt/rustwide/rustup-home" "-w" "/opt/rustwide/workdir" "-m" "1610612736" "--user" "0:0" "--network" "none" "ghcr.io/rust-lang/crates-build-env/linux@sha256:f3a9d4ad9d972b27faf3965f35b62e55ba32bbce8f20bc8fe909558a86702fde" "/opt/rustwide/cargo-home/bin/cargo" "+1.83.0" "test" "--frozen" "--no-run" "--message-format=json", kill_on_drop: false }`
[INFO] [stdout] 293a2366a260ec68451a37b26e7753edda7f51db95201d4052c150e307659246
[INFO] running `Command { std: "docker" "start" "-a" "293a2366a260ec68451a37b26e7753edda7f51db95201d4052c150e307659246", kill_on_drop: false }`
[INFO] [stderr]    Compiling modelutils_rs v0.1.0 (/opt/rustwide/workdir)
[INFO] [stderr]     Finished `test` profile [unoptimized + debuginfo] target(s) in 0.79s
[INFO] running `Command { std: "docker" "inspect" "293a2366a260ec68451a37b26e7753edda7f51db95201d4052c150e307659246", kill_on_drop: false }`
[INFO] running `Command { std: "docker" "rm" "-f" "293a2366a260ec68451a37b26e7753edda7f51db95201d4052c150e307659246", kill_on_drop: false }`
[INFO] [stdout] 293a2366a260ec68451a37b26e7753edda7f51db95201d4052c150e307659246
[INFO] running `Command { std: "docker" "create" "-v" "/var/lib/crater-agent-workspace/builds/worker-2-tc1/target:/opt/rustwide/target:rw,Z" "-v" "/var/lib/crater-agent-workspace/builds/worker-2-tc1/source:/opt/rustwide/workdir:ro,Z" "-v" "/var/lib/crater-agent-workspace/cargo-home:/opt/rustwide/cargo-home:ro,Z" "-v" "/var/lib/crater-agent-workspace/rustup-home:/opt/rustwide/rustup-home:ro,Z" "-e" "SOURCE_DIR=/opt/rustwide/workdir" "-e" "CARGO_TARGET_DIR=/opt/rustwide/target" "-e" "CARGO_INCREMENTAL=0" "-e" "RUST_BACKTRACE=full" "-e" "RUSTFLAGS=--cap-lints=warn" "-e" "RUSTDOCFLAGS=--cap-lints=warn" "-e" "CARGO_HOME=/opt/rustwide/cargo-home" "-e" "RUSTUP_HOME=/opt/rustwide/rustup-home" "-w" "/opt/rustwide/workdir" "-m" "1610612736" "--user" "0:0" "--network" "none" "ghcr.io/rust-lang/crates-build-env/linux@sha256:f3a9d4ad9d972b27faf3965f35b62e55ba32bbce8f20bc8fe909558a86702fde" "/opt/rustwide/cargo-home/bin/cargo" "+1.83.0" "test" "--frozen", kill_on_drop: false }`
[INFO] [stdout] c102667aa28bce1d3589545c8520598c4acbe4caab1b917753eca03b7dca63ac
[INFO] running `Command { std: "docker" "start" "-a" "c102667aa28bce1d3589545c8520598c4acbe4caab1b917753eca03b7dca63ac", kill_on_drop: false }`
[INFO] [stderr]     Finished `test` profile [unoptimized + debuginfo] target(s) in 0.08s
[INFO] [stderr]      Running unittests src/lib.rs (/opt/rustwide/target/debug/deps/modelutils_rs-1dcf4003608126b5)
[INFO] [stdout] 
[INFO] [stdout] running 0 tests
[INFO] [stdout] 
[INFO] [stdout] test result: ok. 0 passed; 0 failed; 0 ignored; 0 measured; 0 filtered out; finished in 0.00s
[INFO] [stdout] 
[INFO] [stderr]      Running unittests src/main.rs (/opt/rustwide/target/debug/deps/modelutils_rs-c067dd642796fa74)
[INFO] [stdout] 
[INFO] [stdout] running 0 tests
[INFO] [stdout] 
[INFO] [stdout] test result: ok. 0 passed; 0 failed; 0 ignored; 0 measured; 0 filtered out; finished in 0.00s
[INFO] [stdout] 
[INFO] [stderr]    Doc-tests modelutils_rs
[INFO] [stdout] 
[INFO] [stdout] running 1 test
[INFO] [stdout] test src/lib.rs - vec3 (line 4) ... FAILED
[INFO] [stdout] 
[INFO] [stdout] failures:
[INFO] [stdout] 
[INFO] [stdout] ---- src/lib.rs - vec3 (line 4) stdout ----
[INFO] [stdout] error[E0308]: mismatched types
[INFO] [stdout]    --> src/lib.rs:39:51
[INFO] [stdout]     |
[INFO] [stdout] 37  |         let arr3d = model2arr::model_2_arr(model, DIMS, RESOLUTION);
[INFO] [stdout]     |                     ----------------------        ^^^^ expected `(u16, u16, u16)`, found `(usize, usize, usize)`
[INFO] [stdout]     |                     |
[INFO] [stdout]     |                     arguments to this function are incorrect
[INFO] [stdout]     |
[INFO] [stdout]     = note: expected tuple `(u16, u16, u16)`
[INFO] [stdout]                found tuple `(usize, usize, usize)`
[INFO] [stdout] note: function defined here
[INFO] [stdout]    --> /opt/rustwide/workdir/src/model2arr.rs:196:8
[INFO] [stdout]     |
[INFO] [stdout] 196 | pub fn model_2_arr(
[INFO] [stdout]     |        ^^^^^^^^^^^
[INFO] [stdout] 
[INFO] [stdout] error: aborting due to 1 previous error
[INFO] [stdout] 
[INFO] [stdout] For more information about this error, try `rustc --explain E0308`.
[INFO] [stdout] Couldn't compile the test.
[INFO] [stdout] 
[INFO] [stdout] failures:
[INFO] [stdout]     src/lib.rs - vec3 (line 4)
[INFO] [stdout] 
[INFO] [stdout] test result: FAILED. 0 passed; 1 failed; 0 ignored; 0 measured; 0 filtered out; finished in 0.17s
[INFO] [stdout] 
[INFO] [stderr] error: doctest failed, to rerun pass `--doc`
[INFO] running `Command { std: "docker" "inspect" "c102667aa28bce1d3589545c8520598c4acbe4caab1b917753eca03b7dca63ac", kill_on_drop: false }`
[INFO] running `Command { std: "docker" "rm" "-f" "c102667aa28bce1d3589545c8520598c4acbe4caab1b917753eca03b7dca63ac", kill_on_drop: false }`
[INFO] [stdout] c102667aa28bce1d3589545c8520598c4acbe4caab1b917753eca03b7dca63ac
