[INFO] cloning repository https://github.com/Scharxi/what_is
[INFO] running `Command { std: "git" "-c" "credential.helper=" "-c" "credential.helper=/workspace/cargo-home/bin/git-credential-null" "clone" "--bare" "https://github.com/Scharxi/what_is" "/workspace/cache/git-repos/https%3A%2F%2Fgithub.com%2FScharxi%2Fwhat_is", kill_on_drop: false }`
[INFO] [stderr] Cloning into bare repository '/workspace/cache/git-repos/https%3A%2F%2Fgithub.com%2FScharxi%2Fwhat_is'...
[INFO] running `Command { std: "git" "rev-parse" "HEAD", kill_on_drop: false }`
[INFO] [stdout] c2fc37af94403d8aec4243ce0cbdf0439ec69c7c
[INFO] testing Scharxi/what_is against 1.83.0 for beta-1.84.0-4-retry
[INFO] running `Command { std: "git" "clone" "/workspace/cache/git-repos/https%3A%2F%2Fgithub.com%2FScharxi%2Fwhat_is" "/workspace/builds/worker-5-tc1/source", kill_on_drop: false }`
[INFO] [stderr] Cloning into '/workspace/builds/worker-5-tc1/source'...
[INFO] [stderr] done.
[INFO] validating manifest of git repo https://github.com/Scharxi/what_is on toolchain 1.83.0
[INFO] running `Command { std: CARGO_HOME="/workspace/cargo-home" RUSTUP_HOME="/workspace/rustup-home" "/workspace/cargo-home/bin/cargo" "+1.83.0" "metadata" "--manifest-path" "Cargo.toml" "--no-deps", kill_on_drop: false }`
[INFO] started tweaking git repo https://github.com/Scharxi/what_is
[INFO] finished tweaking git repo https://github.com/Scharxi/what_is
[INFO] tweaked toml for git repo https://github.com/Scharxi/what_is written to /workspace/builds/worker-5-tc1/source/Cargo.toml
[INFO] crate git repo https://github.com/Scharxi/what_is already has a lockfile, it will not be regenerated
[INFO] running `Command { std: CARGO_HOME="/workspace/cargo-home" RUSTUP_HOME="/workspace/rustup-home" "/workspace/cargo-home/bin/cargo" "+1.83.0" "fetch" "--manifest-path" "Cargo.toml", kill_on_drop: false }`
[INFO] [stderr]     Blocking waiting for file lock on package cache
[INFO] [stderr]     Blocking waiting for file lock on package cache
[INFO] [stderr]  Downloading crates ...
[INFO] [stderr]   Downloaded tokio v1.23.0
[INFO] running `Command { std: "docker" "create" "-v" "/var/lib/crater-agent-workspace/builds/worker-5-tc1/target:/opt/rustwide/target:rw,Z" "-v" "/var/lib/crater-agent-workspace/builds/worker-5-tc1/source:/opt/rustwide/workdir:ro,Z" "-v" "/var/lib/crater-agent-workspace/cargo-home:/opt/rustwide/cargo-home:ro,Z" "-v" "/var/lib/crater-agent-workspace/rustup-home:/opt/rustwide/rustup-home:ro,Z" "-e" "SOURCE_DIR=/opt/rustwide/workdir" "-e" "CARGO_TARGET_DIR=/opt/rustwide/target" "-e" "CARGO_HOME=/opt/rustwide/cargo-home" "-e" "RUSTUP_HOME=/opt/rustwide/rustup-home" "-w" "/opt/rustwide/workdir" "-m" "1610612736" "--user" "0:0" "--network" "none" "ghcr.io/rust-lang/crates-build-env/linux@sha256:f3a9d4ad9d972b27faf3965f35b62e55ba32bbce8f20bc8fe909558a86702fde" "/opt/rustwide/cargo-home/bin/cargo" "+1.83.0" "metadata" "--no-deps" "--format-version=1", kill_on_drop: false }`
[INFO] [stdout] 0ef8903143890571ea1264fbf15f6bc98ae0b3d84fe03d56b2c6e045de2a343d
[INFO] running `Command { std: "docker" "start" "-a" "0ef8903143890571ea1264fbf15f6bc98ae0b3d84fe03d56b2c6e045de2a343d", kill_on_drop: false }`
[INFO] running `Command { std: "docker" "inspect" "0ef8903143890571ea1264fbf15f6bc98ae0b3d84fe03d56b2c6e045de2a343d", kill_on_drop: false }`
[INFO] running `Command { std: "docker" "rm" "-f" "0ef8903143890571ea1264fbf15f6bc98ae0b3d84fe03d56b2c6e045de2a343d", kill_on_drop: false }`
[INFO] [stdout] 0ef8903143890571ea1264fbf15f6bc98ae0b3d84fe03d56b2c6e045de2a343d
[INFO] running `Command { std: "docker" "create" "-v" "/var/lib/crater-agent-workspace/builds/worker-5-tc1/target:/opt/rustwide/target:rw,Z" "-v" "/var/lib/crater-agent-workspace/builds/worker-5-tc1/source:/opt/rustwide/workdir:ro,Z" "-v" "/var/lib/crater-agent-workspace/cargo-home:/opt/rustwide/cargo-home:ro,Z" "-v" "/var/lib/crater-agent-workspace/rustup-home:/opt/rustwide/rustup-home:ro,Z" "-e" "SOURCE_DIR=/opt/rustwide/workdir" "-e" "CARGO_TARGET_DIR=/opt/rustwide/target" "-e" "CARGO_INCREMENTAL=0" "-e" "RUST_BACKTRACE=full" "-e" "RUSTFLAGS=--cap-lints=warn" "-e" "RUSTDOCFLAGS=--cap-lints=warn" "-e" "CARGO_HOME=/opt/rustwide/cargo-home" "-e" "RUSTUP_HOME=/opt/rustwide/rustup-home" "-w" "/opt/rustwide/workdir" "-m" "1610612736" "--user" "0:0" "--network" "none" "ghcr.io/rust-lang/crates-build-env/linux@sha256:f3a9d4ad9d972b27faf3965f35b62e55ba32bbce8f20bc8fe909558a86702fde" "/opt/rustwide/cargo-home/bin/cargo" "+1.83.0" "build" "--frozen" "--message-format=json", kill_on_drop: false }`
[INFO] [stdout] c43efa88b56de393a531b3bde9b95d04943565cb95ace283734179c7f2475a5c
[INFO] running `Command { std: "docker" "start" "-a" "c43efa88b56de393a531b3bde9b95d04943565cb95ace283734179c7f2475a5c", kill_on_drop: false }`
[INFO] [stderr]    Compiling autocfg v1.1.0
[INFO] [stderr]    Compiling proc-macro2 v1.0.49
[INFO] [stderr]    Compiling unicode-ident v1.0.6
[INFO] [stderr]    Compiling quote v1.0.23
[INFO] [stderr]    Compiling syn v1.0.107
[INFO] [stderr]    Compiling libc v0.2.139
[INFO] [stderr]    Compiling log v0.4.17
[INFO] [stderr]    Compiling pkg-config v0.3.26
[INFO] [stderr]    Compiling once_cell v1.17.0
[INFO] [stderr]    Compiling pin-project-lite v0.2.9
[INFO] [stderr]    Compiling cc v1.0.78
[INFO] [stderr]    Compiling futures-core v0.3.25
[INFO] [stderr]    Compiling bytes v1.3.0
[INFO] [stderr]    Compiling memchr v2.5.0
[INFO] [stderr]    Compiling tokio v1.23.0
[INFO] [stderr]    Compiling itoa v1.0.5
[INFO] [stderr]    Compiling futures-task v0.3.25
[INFO] [stderr]    Compiling slab v0.4.7
[INFO] [stderr]    Compiling num_cpus v1.15.0
[INFO] [stderr]    Compiling mio v0.8.5
[INFO] [stderr]    Compiling socket2 v0.4.7
[INFO] [stderr]    Compiling indexmap v1.9.2
[INFO] [stderr]    Compiling tracing-core v0.1.30
[INFO] [stderr]    Compiling fnv v1.0.7
[INFO] [stderr]    Compiling foreign-types-shared v0.1.1
[INFO] [stderr]    Compiling openssl v0.10.45
[INFO] [stderr]    Compiling futures-util v0.3.25
[INFO] [stderr]    Compiling serde_derive v1.0.152
[INFO] [stderr]    Compiling foreign-types v0.3.2
[INFO] [stderr]    Compiling http v0.2.8
[INFO] [stderr]    Compiling bitflags v1.3.2
[INFO] [stderr]    Compiling httparse v1.8.0
[INFO] [stderr]    Compiling openssl-sys v0.9.80
[INFO] [stderr]    Compiling futures-sink v0.3.25
[INFO] [stderr]    Compiling serde v1.0.152
[INFO] [stderr]    Compiling pin-utils v0.1.0
[INFO] [stderr]    Compiling futures-channel v0.3.25
[INFO] [stderr]    Compiling tracing v0.1.37
[INFO] [stderr]    Compiling tinyvec_macros v0.1.0
[INFO] [stderr]    Compiling native-tls v0.2.11
[INFO] [stderr]    Compiling hashbrown v0.12.3
[INFO] [stderr]    Compiling tinyvec v1.6.0
[INFO] [stderr]    Compiling try-lock v0.2.3
[INFO] [stderr]    Compiling openssl-probe v0.1.5
[INFO] [stderr]    Compiling percent-encoding v2.2.0
[INFO] [stderr]    Compiling form_urlencoded v1.1.0
[INFO] [stderr]    Compiling want v0.3.0
[INFO] [stderr]    Compiling http-body v0.4.5
[INFO] [stderr]    Compiling httpdate v1.0.2
[INFO] [stderr]    Compiling unicode-normalization v0.1.22
[INFO] [stderr]    Compiling serde_json v1.0.91
[INFO] [stderr]    Compiling encoding_rs v0.8.31
[INFO] [stderr]    Compiling unicode-bidi v0.3.8
[INFO] [stderr]    Compiling tower-service v0.3.2
[INFO] [stderr]    Compiling ryu v1.0.12
[INFO] [stderr]    Compiling async-trait v0.1.60
[INFO] [stderr]    Compiling base64 v0.13.1
[INFO] [stderr]    Compiling ipnet v2.7.0
[INFO] [stderr]    Compiling mime v0.3.16
[INFO] [stderr]    Compiling idna v0.3.0
[INFO] [stderr]    Compiling owo-colors v3.5.0
[INFO] [stderr]    Compiling url v2.3.1
[INFO] [stderr]    Compiling tokio-macros v1.8.2
[INFO] [stderr]    Compiling openssl-macros v0.1.0
[INFO] [stderr]    Compiling tokio-util v0.7.4
[INFO] [stderr]    Compiling tokio-native-tls v0.3.0
[INFO] [stderr]    Compiling h2 v0.3.15
[INFO] [stderr]    Compiling serde_urlencoded v0.7.1
[INFO] [stderr]    Compiling hyper v0.14.23
[INFO] [stderr]    Compiling hyper-tls v0.5.0
[INFO] [stderr]    Compiling reqwest v0.11.13
[INFO] [stderr]    Compiling whatis v0.1.0 (/opt/rustwide/workdir)
[INFO] [stdout] warning: unexpected `cfg` condition name: `tests`
[INFO] [stdout]   --> src/main.rs:15:7
[INFO] [stdout]    |
[INFO] [stdout] 15 | #[cfg(tests)]
[INFO] [stdout]    |       ^^^^^ help: there is a config with a similar name: `test`
[INFO] [stdout]    |
[INFO] [stdout]    = help: consider using a Cargo feature instead
[INFO] [stdout]    = help: or consider adding in `Cargo.toml` the `check-cfg` lint config for the lint:
[INFO] [stdout]             [lints.rust]
[INFO] [stdout]             unexpected_cfgs = { level = "warn", check-cfg = ['cfg(tests)'] }
[INFO] [stdout]    = help: or consider adding `println!("cargo::rustc-check-cfg=cfg(tests)");` to the top of the `build.rs`
[INFO] [stdout]    = note: see <https://doc.rust-lang.org/nightly/rustc/check-cfg/cargo-specifics.html> for more information about checking conditional configuration
[INFO] [stdout]    = note: `#[warn(unexpected_cfgs)]` on by default
[INFO] [stdout] 
[INFO] [stdout] 
[INFO] [stdout] warning: unused import: `api::*`
[INFO] [stdout]  --> src/main.rs:3:5
[INFO] [stdout]   |
[INFO] [stdout] 3 | use api::*;
[INFO] [stdout]   |     ^^^^^^
[INFO] [stdout]   |
[INFO] [stdout]   = note: `#[warn(unused_imports)]` on by default
[INFO] [stdout] 
[INFO] [stdout] 
[INFO] [stderr]     Finished `dev` profile [unoptimized + debuginfo] target(s) in 1m 16s
[INFO] running `Command { std: "docker" "inspect" "c43efa88b56de393a531b3bde9b95d04943565cb95ace283734179c7f2475a5c", kill_on_drop: false }`
[INFO] running `Command { std: "docker" "rm" "-f" "c43efa88b56de393a531b3bde9b95d04943565cb95ace283734179c7f2475a5c", kill_on_drop: false }`
[INFO] [stdout] c43efa88b56de393a531b3bde9b95d04943565cb95ace283734179c7f2475a5c
[INFO] running `Command { std: "docker" "create" "-v" "/var/lib/crater-agent-workspace/builds/worker-5-tc1/target:/opt/rustwide/target:rw,Z" "-v" "/var/lib/crater-agent-workspace/builds/worker-5-tc1/source:/opt/rustwide/workdir:ro,Z" "-v" "/var/lib/crater-agent-workspace/cargo-home:/opt/rustwide/cargo-home:ro,Z" "-v" "/var/lib/crater-agent-workspace/rustup-home:/opt/rustwide/rustup-home:ro,Z" "-e" "SOURCE_DIR=/opt/rustwide/workdir" "-e" "CARGO_TARGET_DIR=/opt/rustwide/target" "-e" "CARGO_INCREMENTAL=0" "-e" "RUST_BACKTRACE=full" "-e" "RUSTFLAGS=--cap-lints=warn" "-e" "RUSTDOCFLAGS=--cap-lints=warn" "-e" "CARGO_HOME=/opt/rustwide/cargo-home" "-e" "RUSTUP_HOME=/opt/rustwide/rustup-home" "-w" "/opt/rustwide/workdir" "-m" "1610612736" "--user" "0:0" "--network" "none" "ghcr.io/rust-lang/crates-build-env/linux@sha256:f3a9d4ad9d972b27faf3965f35b62e55ba32bbce8f20bc8fe909558a86702fde" "/opt/rustwide/cargo-home/bin/cargo" "+1.83.0" "test" "--frozen" "--no-run" "--message-format=json", kill_on_drop: false }`
[INFO] [stdout] 70d7d0f12fda7774c77eec95fdb241f7276c10fedd19248cff886b76ba52eb9b
[INFO] running `Command { std: "docker" "start" "-a" "70d7d0f12fda7774c77eec95fdb241f7276c10fedd19248cff886b76ba52eb9b", kill_on_drop: false }`
[INFO] [stderr]    Compiling whatis v0.1.0 (/opt/rustwide/workdir)
[INFO] [stdout] warning: unexpected `cfg` condition name: `tests`
[INFO] [stdout]   --> src/main.rs:15:7
[INFO] [stdout]    |
[INFO] [stdout] 15 | #[cfg(tests)]
[INFO] [stdout]    |       ^^^^^ help: there is a config with a similar name: `test`
[INFO] [stdout]    |
[INFO] [stdout]    = help: consider using a Cargo feature instead
[INFO] [stdout]    = help: or consider adding in `Cargo.toml` the `check-cfg` lint config for the lint:
[INFO] [stdout]             [lints.rust]
[INFO] [stdout]             unexpected_cfgs = { level = "warn", check-cfg = ['cfg(tests)'] }
[INFO] [stdout]    = help: or consider adding `println!("cargo::rustc-check-cfg=cfg(tests)");` to the top of the `build.rs`
[INFO] [stdout]    = note: see <https://doc.rust-lang.org/nightly/rustc/check-cfg/cargo-specifics.html> for more information about checking conditional configuration
[INFO] [stdout]    = note: `#[warn(unexpected_cfgs)]` on by default
[INFO] [stdout] 
[INFO] [stdout] 
[INFO] [stderr]     Finished `test` profile [unoptimized + debuginfo] target(s) in 3.20s
[INFO] running `Command { std: "docker" "inspect" "70d7d0f12fda7774c77eec95fdb241f7276c10fedd19248cff886b76ba52eb9b", kill_on_drop: false }`
[INFO] running `Command { std: "docker" "rm" "-f" "70d7d0f12fda7774c77eec95fdb241f7276c10fedd19248cff886b76ba52eb9b", kill_on_drop: false }`
[INFO] [stdout] 70d7d0f12fda7774c77eec95fdb241f7276c10fedd19248cff886b76ba52eb9b
[INFO] running `Command { std: "docker" "create" "-v" "/var/lib/crater-agent-workspace/builds/worker-5-tc1/target:/opt/rustwide/target:rw,Z" "-v" "/var/lib/crater-agent-workspace/builds/worker-5-tc1/source:/opt/rustwide/workdir:ro,Z" "-v" "/var/lib/crater-agent-workspace/cargo-home:/opt/rustwide/cargo-home:ro,Z" "-v" "/var/lib/crater-agent-workspace/rustup-home:/opt/rustwide/rustup-home:ro,Z" "-e" "SOURCE_DIR=/opt/rustwide/workdir" "-e" "CARGO_TARGET_DIR=/opt/rustwide/target" "-e" "CARGO_INCREMENTAL=0" "-e" "RUST_BACKTRACE=full" "-e" "RUSTFLAGS=--cap-lints=warn" "-e" "RUSTDOCFLAGS=--cap-lints=warn" "-e" "CARGO_HOME=/opt/rustwide/cargo-home" "-e" "RUSTUP_HOME=/opt/rustwide/rustup-home" "-w" "/opt/rustwide/workdir" "-m" "1610612736" "--user" "0:0" "--network" "none" "ghcr.io/rust-lang/crates-build-env/linux@sha256:f3a9d4ad9d972b27faf3965f35b62e55ba32bbce8f20bc8fe909558a86702fde" "/opt/rustwide/cargo-home/bin/cargo" "+1.83.0" "test" "--frozen", kill_on_drop: false }`
[INFO] [stdout] 68ed76111032d42e3ef513e0617a88651fb2aec522b25002d3e24ac6182e43f1
[INFO] running `Command { std: "docker" "start" "-a" "68ed76111032d42e3ef513e0617a88651fb2aec522b25002d3e24ac6182e43f1", kill_on_drop: false }`
[INFO] [stderr] warning: unexpected `cfg` condition name: `tests`
[INFO] [stderr]   --> src/main.rs:15:7
[INFO] [stderr]    |
[INFO] [stderr] 15 | #[cfg(tests)]
[INFO] [stderr]    |       ^^^^^ help: there is a config with a similar name: `test`
[INFO] [stderr]    |
[INFO] [stderr]    = help: consider using a Cargo feature instead
[INFO] [stderr]    = help: or consider adding in `Cargo.toml` the `check-cfg` lint config for the lint:
[INFO] [stderr]             [lints.rust]
[INFO] [stderr]             unexpected_cfgs = { level = "warn", check-cfg = ['cfg(tests)'] }
[INFO] [stderr]    = help: or consider adding `println!("cargo::rustc-check-cfg=cfg(tests)");` to the top of the `build.rs`
[INFO] [stderr]    = note: see <https://doc.rust-lang.org/nightly/rustc/check-cfg/cargo-specifics.html> for more information about checking conditional configuration
[INFO] [stderr]    = note: `#[warn(unexpected_cfgs)]` on by default
[INFO] [stderr] 
[INFO] [stderr] warning: `whatis` (bin "whatis" test) generated 1 warning
[INFO] [stderr]     Finished `test` profile [unoptimized + debuginfo] target(s) in 0.17s
[INFO] [stderr]      Running unittests src/main.rs (/opt/rustwide/target/debug/deps/whatis-0fd7572dc240f71b)
[INFO] [stdout] 
[INFO] [stdout] running 2 tests
[INFO] [stdout] test test_make_request ... FAILED
[INFO] [stdout] test test_turn_response_to_word_def ... FAILED
[INFO] [stdout] 
[INFO] [stdout] failures:
[INFO] [stdout] 
[INFO] [stdout] ---- test_make_request stdout ----
[INFO] [stdout] thread 'test_make_request' panicked at src/main.rs:21:5:
[INFO] [stdout] assertion failed: res.is_ok()
[INFO] [stdout] stack backtrace:
[INFO] [stdout]    0:     0x6401cd49f53a - std::backtrace_rs::backtrace::libunwind::trace::h5a5b8284f2d0c266
[INFO] [stdout]                                at /rustc/90b35a6239c3d8bdabc530a6a0816f7ff89a0aaf/library/std/src/../../backtrace/src/backtrace/libunwind.rs:116:5
[INFO] [stdout]    1:     0x6401cd49f53a - std::backtrace_rs::backtrace::trace_unsynchronized::h76d4f1c9b0b875e3
[INFO] [stdout]                                at /rustc/90b35a6239c3d8bdabc530a6a0816f7ff89a0aaf/library/std/src/../../backtrace/src/backtrace/mod.rs:66:5
[INFO] [stdout]    2:     0x6401cd49f53a - std::sys::backtrace::_print_fmt::hc4546b8364a537c6
[INFO] [stdout]                                at /rustc/90b35a6239c3d8bdabc530a6a0816f7ff89a0aaf/library/std/src/sys/backtrace.rs:66:9
[INFO] [stdout]    3:     0x6401cd49f53a - <std::sys::backtrace::BacktraceLock::print::DisplayBacktrace as core::fmt::Display>::fmt::h5b6bd5631a6d1f6b
[INFO] [stdout]                                at /rustc/90b35a6239c3d8bdabc530a6a0816f7ff89a0aaf/library/std/src/sys/backtrace.rs:39:26
[INFO] [stdout]    4:     0x6401cd4c7693 - core::fmt::rt::Argument::fmt::h270f6602a2b96f62
[INFO] [stdout]                                at /rustc/90b35a6239c3d8bdabc530a6a0816f7ff89a0aaf/library/core/src/fmt/rt.rs:177:76
[INFO] [stdout]    5:     0x6401cd4c7693 - core::fmt::write::h7550c97b06c86515
[INFO] [stdout]                                at /rustc/90b35a6239c3d8bdabc530a6a0816f7ff89a0aaf/library/core/src/fmt/mod.rs:1186:21
[INFO] [stdout]    6:     0x6401cd49bc53 - std::io::Write::write_fmt::h509ff860e5956e5e
[INFO] [stdout]                                at /rustc/90b35a6239c3d8bdabc530a6a0816f7ff89a0aaf/library/std/src/io/mod.rs:1839:15
[INFO] [stdout]    7:     0x6401cd49f382 - std::sys::backtrace::BacktraceLock::print::h2395ccd2c84ba3aa
[INFO] [stdout]                                at /rustc/90b35a6239c3d8bdabc530a6a0816f7ff89a0aaf/library/std/src/sys/backtrace.rs:42:9
[INFO] [stdout]    8:     0x6401cd4a099a - std::panicking::default_hook::{{closure}}::he19d4c7230e07961
[INFO] [stdout]                                at /rustc/90b35a6239c3d8bdabc530a6a0816f7ff89a0aaf/library/std/src/panicking.rs:268:22
[INFO] [stdout]    9:     0x6401cd4a07a4 - std::panicking::default_hook::hf614597d3c67bbdb
[INFO] [stdout]                                at /rustc/90b35a6239c3d8bdabc530a6a0816f7ff89a0aaf/library/std/src/panicking.rs:292:9
[INFO] [stdout]   10:     0x6401cd0c4d99 - <alloc::boxed::Box<F,A> as core::ops::function::Fn<Args>>::call::h39b51ce4599c23d1
[INFO] [stdout]                                at /rustc/90b35a6239c3d8bdabc530a6a0816f7ff89a0aaf/library/alloc/src/boxed.rs:2468:9
[INFO] [stdout]   11:     0x6401cd0c4d99 - test::test_main::{{closure}}::he977ae839a582784
[INFO] [stdout]                                at /rustc/90b35a6239c3d8bdabc530a6a0816f7ff89a0aaf/library/test/src/lib.rs:133:21
[INFO] [stdout]   12:     0x6401cd4a1038 - <alloc::boxed::Box<F,A> as core::ops::function::Fn<Args>>::call::h9455091b6b06f9fb
[INFO] [stdout]                                at /rustc/90b35a6239c3d8bdabc530a6a0816f7ff89a0aaf/library/alloc/src/boxed.rs:2468:9
[INFO] [stdout]   13:     0x6401cd4a1038 - std::panicking::rust_panic_with_hook::h8942133a8b252070
[INFO] [stdout]                                at /rustc/90b35a6239c3d8bdabc530a6a0816f7ff89a0aaf/library/std/src/panicking.rs:809:13
[INFO] [stdout]   14:     0x6401cd4a0dc6 - std::panicking::begin_panic_handler::{{closure}}::hb5f5963570096b29
[INFO] [stdout]                                at /rustc/90b35a6239c3d8bdabc530a6a0816f7ff89a0aaf/library/std/src/panicking.rs:667:13
[INFO] [stdout]   15:     0x6401cd49fa19 - std::sys::backtrace::__rust_end_short_backtrace::h6208cedc1922feda
[INFO] [stdout]                                at /rustc/90b35a6239c3d8bdabc530a6a0816f7ff89a0aaf/library/std/src/sys/backtrace.rs:170:18
[INFO] [stdout]   16:     0x6401cd4a0a8c - rust_begin_unwind
[INFO] [stdout]                                at /rustc/90b35a6239c3d8bdabc530a6a0816f7ff89a0aaf/library/std/src/panicking.rs:665:5
[INFO] [stdout]   17:     0x6401cd06b2a0 - core::panicking::panic_fmt::h0c3082644d1bf418
[INFO] [stdout]                                at /rustc/90b35a6239c3d8bdabc530a6a0816f7ff89a0aaf/library/core/src/panicking.rs:74:14
[INFO] [stdout]   18:     0x6401cd06b32c - core::panicking::panic::h957f98c65a3b3074
[INFO] [stdout]                                at /rustc/90b35a6239c3d8bdabc530a6a0816f7ff89a0aaf/library/core/src/panicking.rs:148:5
[INFO] [stdout]   19:     0x6401cd08bcff - whatis::test_make_request::{{closure}}::h4bcf1667ac63ebcb
[INFO] [stdout]                                at /opt/rustwide/workdir/src/main.rs:21:5
[INFO] [stdout]   20:     0x6401cd081962 - <core::pin::Pin<P> as core::future::future::Future>::poll::hd6094135a9ac133c
[INFO] [stdout]                                at /rustc/90b35a6239c3d8bdabc530a6a0816f7ff89a0aaf/library/core/src/future/future.rs:123:9
[INFO] [stdout]   21:     0x6401cd08191d - <core::pin::Pin<P> as core::future::future::Future>::poll::hc480be2c838af8bd
[INFO] [stdout]                                at /rustc/90b35a6239c3d8bdabc530a6a0816f7ff89a0aaf/library/core/src/future/future.rs:123:9
[INFO] [stdout]   22:     0x6401cd0813af - tokio::runtime::scheduler::current_thread::CoreGuard::block_on::{{closure}}::{{closure}}::{{closure}}::h5598707ff6567e88
[INFO] [stdout]                                at /opt/rustwide/cargo-home/registry/src/index.crates.io-6f17d22bba15001f/tokio-1.23.0/src/runtime/scheduler/current_thread.rs:541:57
[INFO] [stdout]   23:     0x6401cd0812b5 - tokio::runtime::coop::with_budget::h67f421a59e590cc3
[INFO] [stdout]                                at /opt/rustwide/cargo-home/registry/src/index.crates.io-6f17d22bba15001f/tokio-1.23.0/src/runtime/coop.rs:102:5
[INFO] [stdout]   24:     0x6401cd0812b5 - tokio::runtime::coop::budget::h8dcbcd7cb7c32a52
[INFO] [stdout]                                at /opt/rustwide/cargo-home/registry/src/index.crates.io-6f17d22bba15001f/tokio-1.23.0/src/runtime/coop.rs:68:5
[INFO] [stdout]   25:     0x6401cd0812b5 - tokio::runtime::scheduler::current_thread::CoreGuard::block_on::{{closure}}::{{closure}}::h316f3eb1ae0275d4
[INFO] [stdout]                                at /opt/rustwide/cargo-home/registry/src/index.crates.io-6f17d22bba15001f/tokio-1.23.0/src/runtime/scheduler/current_thread.rs:541:25
[INFO] [stdout]   26:     0x6401cd07fc30 - tokio::runtime::scheduler::current_thread::Context::enter::hc2fc058e489981d5
[INFO] [stdout]                                at /opt/rustwide/cargo-home/registry/src/index.crates.io-6f17d22bba15001f/tokio-1.23.0/src/runtime/scheduler/current_thread.rs:350:19
[INFO] [stdout]   27:     0x6401cd080962 - tokio::runtime::scheduler::current_thread::CoreGuard::block_on::{{closure}}::h512d42e2443868fe
[INFO] [stdout]                                at /opt/rustwide/cargo-home/registry/src/index.crates.io-6f17d22bba15001f/tokio-1.23.0/src/runtime/scheduler/current_thread.rs:540:36
[INFO] [stdout]   28:     0x6401cd0806e4 - tokio::runtime::scheduler::current_thread::CoreGuard::enter::{{closure}}::h0f048daba65c938d
[INFO] [stdout]                                at /opt/rustwide/cargo-home/registry/src/index.crates.io-6f17d22bba15001f/tokio-1.23.0/src/runtime/scheduler/current_thread.rs:615:57
[INFO] [stdout]   29:     0x6401cd084193 - tokio::macros::scoped_tls::ScopedKey<T>::set::hd18e936f6923f718
[INFO] [stdout]                                at /opt/rustwide/cargo-home/registry/src/index.crates.io-6f17d22bba15001f/tokio-1.23.0/src/macros/scoped_tls.rs:61:9
[INFO] [stdout]   30:     0x6401cd08048f - tokio::runtime::scheduler::current_thread::CoreGuard::enter::h25352494c2731d1b
[INFO] [stdout]                                at /opt/rustwide/cargo-home/registry/src/index.crates.io-6f17d22bba15001f/tokio-1.23.0/src/runtime/scheduler/current_thread.rs:615:27
[INFO] [stdout]   31:     0x6401cd080702 - tokio::runtime::scheduler::current_thread::CoreGuard::block_on::h2dfd7122d019c26d
[INFO] [stdout]                                at /opt/rustwide/cargo-home/registry/src/index.crates.io-6f17d22bba15001f/tokio-1.23.0/src/runtime/scheduler/current_thread.rs:530:19
[INFO] [stdout]   32:     0x6401cd07f741 - tokio::runtime::scheduler::current_thread::CurrentThread::block_on::hc20ebc12709ec45f
[INFO] [stdout]                                at /opt/rustwide/cargo-home/registry/src/index.crates.io-6f17d22bba15001f/tokio-1.23.0/src/runtime/scheduler/current_thread.rs:154:24
[INFO] [stdout]   33:     0x6401cd084d1d - tokio::runtime::runtime::Runtime::block_on::h5991ef3d7a963a52
[INFO] [stdout]                                at /opt/rustwide/cargo-home/registry/src/index.crates.io-6f17d22bba15001f/tokio-1.23.0/src/runtime/runtime.rs:282:47
[INFO] [stdout]   34:     0x6401cd08b993 - whatis::test_make_request::h8026d04cb42eca6a
[INFO] [stdout]                                at /opt/rustwide/workdir/src/main.rs:24:5
[INFO] [stdout]   35:     0x6401cd08b837 - whatis::test_make_request::{{closure}}::hb38df6ae25a04239
[INFO] [stdout]                                at /opt/rustwide/workdir/src/main.rs:19:29
[INFO] [stdout]   36:     0x6401cd07ac96 - core::ops::function::FnOnce::call_once::h3f626c8696936ac5
[INFO] [stdout]                                at /rustc/90b35a6239c3d8bdabc530a6a0816f7ff89a0aaf/library/core/src/ops/function.rs:250:5
[INFO] [stdout]   37:     0x6401cd0c975b - core::ops::function::FnOnce::call_once::h109cf8051a59b34e
[INFO] [stdout]                                at /rustc/90b35a6239c3d8bdabc530a6a0816f7ff89a0aaf/library/core/src/ops/function.rs:250:5
[INFO] [stdout]   38:     0x6401cd0c975b - test::__rust_begin_short_backtrace::hf4fff89d377446ba
[INFO] [stdout]                                at /rustc/90b35a6239c3d8bdabc530a6a0816f7ff89a0aaf/library/test/src/lib.rs:621:18
[INFO] [stdout]   39:     0x6401cd0c8f97 - test::run_test_in_process::{{closure}}::h0e39181dd7ee5a43
[INFO] [stdout]                                at /rustc/90b35a6239c3d8bdabc530a6a0816f7ff89a0aaf/library/test/src/lib.rs:644:60
[INFO] [stdout]   40:     0x6401cd0c8f97 - <core::panic::unwind_safe::AssertUnwindSafe<F> as core::ops::function::FnOnce<()>>::call_once::hc5a66a30f0bdfd1f
[INFO] [stdout]                                at /rustc/90b35a6239c3d8bdabc530a6a0816f7ff89a0aaf/library/core/src/panic/unwind_safe.rs:272:9
[INFO] [stdout]   41:     0x6401cd0c8f97 - std::panicking::try::do_call::h873b7cf639554a5e
[INFO] [stdout]                                at /rustc/90b35a6239c3d8bdabc530a6a0816f7ff89a0aaf/library/std/src/panicking.rs:557:40
[INFO] [stdout]   42:     0x6401cd0c8f97 - std::panicking::try::hdb19862fad9c8bd1
[INFO] [stdout]                                at /rustc/90b35a6239c3d8bdabc530a6a0816f7ff89a0aaf/library/std/src/panicking.rs:520:19
[INFO] [stdout]   43:     0x6401cd0c8f97 - std::panic::catch_unwind::h281fe732d236d260
[INFO] [stdout]                                at /rustc/90b35a6239c3d8bdabc530a6a0816f7ff89a0aaf/library/std/src/panic.rs:358:14
[INFO] [stdout]   44:     0x6401cd0c8f97 - test::run_test_in_process::h949b6df8457ed338
[INFO] [stdout]                                at /rustc/90b35a6239c3d8bdabc530a6a0816f7ff89a0aaf/library/test/src/lib.rs:644:27
[INFO] [stdout]   45:     0x6401cd0c8f97 - test::run_test::{{closure}}::h52c556a6d4740e10
[INFO] [stdout]                                at /rustc/90b35a6239c3d8bdabc530a6a0816f7ff89a0aaf/library/test/src/lib.rs:565:43
[INFO] [stdout]   46:     0x6401cd08e274 - test::run_test::{{closure}}::h4237f6381c45ccb9
[INFO] [stdout]                                at /rustc/90b35a6239c3d8bdabc530a6a0816f7ff89a0aaf/library/test/src/lib.rs:595:41
[INFO] [stdout]   47:     0x6401cd08e274 - std::sys::backtrace::__rust_begin_short_backtrace::h505c97a579eca628
[INFO] [stdout]                                at /rustc/90b35a6239c3d8bdabc530a6a0816f7ff89a0aaf/library/std/src/sys/backtrace.rs:154:18
[INFO] [stdout]   48:     0x6401cd09193e - std::thread::Builder::spawn_unchecked_::{{closure}}::{{closure}}::h9e86b2e2bc107ea3
[INFO] [stdout]                                at /rustc/90b35a6239c3d8bdabc530a6a0816f7ff89a0aaf/library/std/src/thread/mod.rs:538:17
[INFO] [stdout]   49:     0x6401cd09193e - <core::panic::unwind_safe::AssertUnwindSafe<F> as core::ops::function::FnOnce<()>>::call_once::h8b06ddb275ff4a25
[INFO] [stdout]                                at /rustc/90b35a6239c3d8bdabc530a6a0816f7ff89a0aaf/library/core/src/panic/unwind_safe.rs:272:9
[INFO] [stdout]   50:     0x6401cd09193e - std::panicking::try::do_call::hb26ecd7cd9a9355d
[INFO] [stdout]                                at /rustc/90b35a6239c3d8bdabc530a6a0816f7ff89a0aaf/library/std/src/panicking.rs:557:40
[INFO] [stdout]   51:     0x6401cd09193e - std::panicking::try::h8ddeca9d705f9069
[INFO] [stdout]                                at /rustc/90b35a6239c3d8bdabc530a6a0816f7ff89a0aaf/library/std/src/panicking.rs:520:19
[INFO] [stdout]   52:     0x6401cd09193e - std::panic::catch_unwind::h49e1c33078844c46
[INFO] [stdout]                                at /rustc/90b35a6239c3d8bdabc530a6a0816f7ff89a0aaf/library/std/src/panic.rs:358:14
[INFO] [stdout]   53:     0x6401cd09193e - std::thread::Builder::spawn_unchecked_::{{closure}}::h6073db6ff56ad35d
[INFO] [stdout]                                at /rustc/90b35a6239c3d8bdabc530a6a0816f7ff89a0aaf/library/std/src/thread/mod.rs:537:30
[INFO] [stdout]   54:     0x6401cd09193e - core::ops::function::FnOnce::call_once{{vtable.shim}}::h2c5a5f3779c774f1
[INFO] [stdout]                                at /rustc/90b35a6239c3d8bdabc530a6a0816f7ff89a0aaf/library/core/src/ops/function.rs:250:5
[INFO] [stdout]   55:     0x6401cd4a51cb - <alloc::boxed::Box<F,A> as core::ops::function::FnOnce<Args>>::call_once::hf75717d9f28faebf
[INFO] [stdout]                                at /rustc/90b35a6239c3d8bdabc530a6a0816f7ff89a0aaf/library/alloc/src/boxed.rs:2454:9
[INFO] [stdout]   56:     0x6401cd4a51cb - <alloc::boxed::Box<F,A> as core::ops::function::FnOnce<Args>>::call_once::h7bd883a5f3c5f3c1
[INFO] [stdout]                                at /rustc/90b35a6239c3d8bdabc530a6a0816f7ff89a0aaf/library/alloc/src/boxed.rs:2454:9
[INFO] [stdout]   57:     0x6401cd4a51cb - std::sys::pal::unix::thread::Thread::new::thread_start::hcc78f3943333fa94
[INFO] [stdout]                                at /rustc/90b35a6239c3d8bdabc530a6a0816f7ff89a0aaf/library/std/src/sys/pal/unix/thread.rs:105:17
[INFO] [stdout]   58:     0x7ec9788b4ac3 - <unknown>
[INFO] [stdout]   59:     0x7ec978945a04 - clone
[INFO] [stdout]   60:                0x0 - <unknown>
[INFO] [stdout] 
[INFO] [stdout] ---- test_turn_response_to_word_def stdout ----
[INFO] [stdout] thread 'test_turn_response_to_word_def' panicked at src/main.rs:30:21:
[INFO] [stdout] called `Result::unwrap()` on an `Err` value: reqwest::Error { kind: Request, url: Url { scheme: "https", cannot_be_a_base: false, username: "", password: None, host: Some(Domain("api.dictionaryapi.dev")), port: None, path: "/api/v2/entries/en/hello", query: None, fragment: None }, source: hyper::Error(Connect, ConnectError("dns error", Custom { kind: Uncategorized, error: "failed to lookup address information: Temporary failure in name resolution" })) }
[INFO] [stdout] stack backtrace:
[INFO] [stdout]    0:     0x6401cd49f53a - std::backtrace_rs::backtrace::libunwind::trace::h5a5b8284f2d0c266
[INFO] [stdout]                                at /rustc/90b35a6239c3d8bdabc530a6a0816f7ff89a0aaf/library/std/src/../../backtrace/src/backtrace/libunwind.rs:116:5
[INFO] [stdout]    1:     0x6401cd49f53a - std::backtrace_rs::backtrace::trace_unsynchronized::h76d4f1c9b0b875e3
[INFO] [stdout]                                at /rustc/90b35a6239c3d8bdabc530a6a0816f7ff89a0aaf/library/std/src/../../backtrace/src/backtrace/mod.rs:66:5
[INFO] [stdout]    2:     0x6401cd49f53a - std::sys::backtrace::_print_fmt::hc4546b8364a537c6
[INFO] [stdout]                                at /rustc/90b35a6239c3d8bdabc530a6a0816f7ff89a0aaf/library/std/src/sys/backtrace.rs:66:9
[INFO] [stdout]    3:     0x6401cd49f53a - <std::sys::backtrace::BacktraceLock::print::DisplayBacktrace as core::fmt::Display>::fmt::h5b6bd5631a6d1f6b
[INFO] [stdout]                                at /rustc/90b35a6239c3d8bdabc530a6a0816f7ff89a0aaf/library/std/src/sys/backtrace.rs:39:26
[INFO] [stdout]    4:     0x6401cd4c7693 - core::fmt::rt::Argument::fmt::h270f6602a2b96f62
[INFO] [stdout]                                at /rustc/90b35a6239c3d8bdabc530a6a0816f7ff89a0aaf/library/core/src/fmt/rt.rs:177:76
[INFO] [stdout]    5:     0x6401cd4c7693 - core::fmt::write::h7550c97b06c86515
[INFO] [stdout]                                at /rustc/90b35a6239c3d8bdabc530a6a0816f7ff89a0aaf/library/core/src/fmt/mod.rs:1186:21
[INFO] [stdout]    6:     0x6401cd49bc53 - std::io::Write::write_fmt::h509ff860e5956e5e
[INFO] [stdout]                                at /rustc/90b35a6239c3d8bdabc530a6a0816f7ff89a0aaf/library/std/src/io/mod.rs:1839:15
[INFO] [stdout]    7:     0x6401cd49f382 - std::sys::backtrace::BacktraceLock::print::h2395ccd2c84ba3aa
[INFO] [stdout]                                at /rustc/90b35a6239c3d8bdabc530a6a0816f7ff89a0aaf/library/std/src/sys/backtrace.rs:42:9
[INFO] [stdout]    8:     0x6401cd4a099a - std::panicking::default_hook::{{closure}}::he19d4c7230e07961
[INFO] [stdout]                                at /rustc/90b35a6239c3d8bdabc530a6a0816f7ff89a0aaf/library/std/src/panicking.rs:268:22
[INFO] [stdout]    9:     0x6401cd4a07a4 - std::panicking::default_hook::hf614597d3c67bbdb
[INFO] [stdout]                                at /rustc/90b35a6239c3d8bdabc530a6a0816f7ff89a0aaf/library/std/src/panicking.rs:292:9
[INFO] [stdout]   10:     0x6401cd0c4d99 - <alloc::boxed::Box<F,A> as core::ops::function::Fn<Args>>::call::h39b51ce4599c23d1
[INFO] [stdout]                                at /rustc/90b35a6239c3d8bdabc530a6a0816f7ff89a0aaf/library/alloc/src/boxed.rs:2468:9
[INFO] [stdout]   11:     0x6401cd0c4d99 - test::test_main::{{closure}}::he977ae839a582784
[INFO] [stdout]                                at /rustc/90b35a6239c3d8bdabc530a6a0816f7ff89a0aaf/library/test/src/lib.rs:133:21
[INFO] [stdout]   12:     0x6401cd4a1038 - <alloc::boxed::Box<F,A> as core::ops::function::Fn<Args>>::call::h9455091b6b06f9fb
[INFO] [stdout]                                at /rustc/90b35a6239c3d8bdabc530a6a0816f7ff89a0aaf/library/alloc/src/boxed.rs:2468:9
[INFO] [stdout]   13:     0x6401cd4a1038 - std::panicking::rust_panic_with_hook::h8942133a8b252070
[INFO] [stdout]                                at /rustc/90b35a6239c3d8bdabc530a6a0816f7ff89a0aaf/library/std/src/panicking.rs:809:13
[INFO] [stdout]   14:     0x6401cd4a0dfa - std::panicking::begin_panic_handler::{{closure}}::hb5f5963570096b29
[INFO] [stdout]                                at /rustc/90b35a6239c3d8bdabc530a6a0816f7ff89a0aaf/library/std/src/panicking.rs:674:13
[INFO] [stdout]   15:     0x6401cd49fa19 - std::sys::backtrace::__rust_end_short_backtrace::h6208cedc1922feda
[INFO] [stdout]                                at /rustc/90b35a6239c3d8bdabc530a6a0816f7ff89a0aaf/library/std/src/sys/backtrace.rs:170:18
[INFO] [stdout]   16:     0x6401cd4a0a8c - rust_begin_unwind
[INFO] [stdout]                                at /rustc/90b35a6239c3d8bdabc530a6a0816f7ff89a0aaf/library/std/src/panicking.rs:665:5
[INFO] [stdout]   17:     0x6401cd06b2a0 - core::panicking::panic_fmt::h0c3082644d1bf418
[INFO] [stdout]                                at /rustc/90b35a6239c3d8bdabc530a6a0816f7ff89a0aaf/library/core/src/panicking.rs:74:14
[INFO] [stdout]   18:     0x6401cd06b726 - core::result::unwrap_failed::hd20b4aa073bda1e2
[INFO] [stdout]                                at /rustc/90b35a6239c3d8bdabc530a6a0816f7ff89a0aaf/library/core/src/result.rs:1700:5
[INFO] [stdout]   19:     0x6401cd08c60b - core::result::Result<T,E>::unwrap::h3ec17acbfbf86b91
[INFO] [stdout]                                at /rustc/90b35a6239c3d8bdabc530a6a0816f7ff89a0aaf/library/core/src/result.rs:1104:23
[INFO] [stdout]   20:     0x6401cd08c60b - whatis::test_turn_response_to_word_def::{{closure}}::habae781e0b5b47e0
[INFO] [stdout]                                at /opt/rustwide/workdir/src/main.rs:30:17
[INFO] [stdout]   21:     0x6401cd081962 - <core::pin::Pin<P> as core::future::future::Future>::poll::hd6094135a9ac133c
[INFO] [stdout]                                at /rustc/90b35a6239c3d8bdabc530a6a0816f7ff89a0aaf/library/core/src/future/future.rs:123:9
[INFO] [stdout]   22:     0x6401cd08191d - <core::pin::Pin<P> as core::future::future::Future>::poll::hc480be2c838af8bd
[INFO] [stdout]                                at /rustc/90b35a6239c3d8bdabc530a6a0816f7ff89a0aaf/library/core/src/future/future.rs:123:9
[INFO] [stdout]   23:     0x6401cd0813af - tokio::runtime::scheduler::current_thread::CoreGuard::block_on::{{closure}}::{{closure}}::{{closure}}::h5598707ff6567e88
[INFO] [stdout]                                at /opt/rustwide/cargo-home/registry/src/index.crates.io-6f17d22bba15001f/tokio-1.23.0/src/runtime/scheduler/current_thread.rs:541:57
[INFO] [stdout]   24:     0x6401cd0812b5 - tokio::runtime::coop::with_budget::h67f421a59e590cc3
[INFO] [stdout]                                at /opt/rustwide/cargo-home/registry/src/index.crates.io-6f17d22bba15001f/tokio-1.23.0/src/runtime/coop.rs:102:5
[INFO] [stdout]   25:     0x6401cd0812b5 - tokio::runtime::coop::budget::h8dcbcd7cb7c32a52
[INFO] [stdout]                                at /opt/rustwide/cargo-home/registry/src/index.crates.io-6f17d22bba15001f/tokio-1.23.0/src/runtime/coop.rs:68:5
[INFO] [stdout]   26:     0x6401cd0812b5 - tokio::runtime::scheduler::current_thread::CoreGuard::block_on::{{closure}}::{{closure}}::h316f3eb1ae0275d4
[INFO] [stdout]                                at /opt/rustwide/cargo-home/registry/src/index.crates.io-6f17d22bba15001f/tokio-1.23.0/src/runtime/scheduler/current_thread.rs:541:25
[INFO] [stdout]   27:     0x6401cd07fc30 - tokio::runtime::scheduler::current_thread::Context::enter::hc2fc058e489981d5
[INFO] [stdout]                                at /opt/rustwide/cargo-home/registry/src/index.crates.io-6f17d22bba15001f/tokio-1.23.0/src/runtime/scheduler/current_thread.rs:350:19
[INFO] [stdout]   28:     0x6401cd080962 - tokio::runtime::scheduler::current_thread::CoreGuard::block_on::{{closure}}::h512d42e2443868fe
[INFO] [stdout]                                at /opt/rustwide/cargo-home/registry/src/index.crates.io-6f17d22bba15001f/tokio-1.23.0/src/runtime/scheduler/current_thread.rs:540:36
[INFO] [stdout]   29:     0x6401cd0806e4 - tokio::runtime::scheduler::current_thread::CoreGuard::enter::{{closure}}::h0f048daba65c938d
[INFO] [stdout]                                at /opt/rustwide/cargo-home/registry/src/index.crates.io-6f17d22bba15001f/tokio-1.23.0/src/runtime/scheduler/current_thread.rs:615:57
[INFO] [stdout]   30:     0x6401cd084193 - tokio::macros::scoped_tls::ScopedKey<T>::set::hd18e936f6923f718
[INFO] [stdout]                                at /opt/rustwide/cargo-home/registry/src/index.crates.io-6f17d22bba15001f/tokio-1.23.0/src/macros/scoped_tls.rs:61:9
[INFO] [stdout]   31:     0x6401cd08048f - tokio::runtime::scheduler::current_thread::CoreGuard::enter::h25352494c2731d1b
[INFO] [stdout]                                at /opt/rustwide/cargo-home/registry/src/index.crates.io-6f17d22bba15001f/tokio-1.23.0/src/runtime/scheduler/current_thread.rs:615:27
[INFO] [stdout]   32:     0x6401cd080702 - tokio::runtime::scheduler::current_thread::CoreGuard::block_on::h2dfd7122d019c26d
[INFO] [stdout]                                at /opt/rustwide/cargo-home/registry/src/index.crates.io-6f17d22bba15001f/tokio-1.23.0/src/runtime/scheduler/current_thread.rs:530:19
[INFO] [stdout]   33:     0x6401cd07f741 - tokio::runtime::scheduler::current_thread::CurrentThread::block_on::hc20ebc12709ec45f
[INFO] [stdout]                                at /opt/rustwide/cargo-home/registry/src/index.crates.io-6f17d22bba15001f/tokio-1.23.0/src/runtime/scheduler/current_thread.rs:154:24
[INFO] [stdout]   34:     0x6401cd084d1d - tokio::runtime::runtime::Runtime::block_on::h5991ef3d7a963a52
[INFO] [stdout]                                at /opt/rustwide/cargo-home/registry/src/index.crates.io-6f17d22bba15001f/tokio-1.23.0/src/runtime/runtime.rs:282:47
[INFO] [stdout]   35:     0x6401cd08c2f0 - whatis::test_turn_response_to_word_def::heabdef604dfa7eb9
[INFO] [stdout]                                at /opt/rustwide/workdir/src/main.rs:31:5
[INFO] [stdout]   36:     0x6401cd08c197 - whatis::test_turn_response_to_word_def::{{closure}}::h42c9ccf9549d124c
[INFO] [stdout]                                at /opt/rustwide/workdir/src/main.rs:28:42
[INFO] [stdout]   37:     0x6401cd07ada6 - core::ops::function::FnOnce::call_once::hf148274979e63b4d
[INFO] [stdout]                                at /rustc/90b35a6239c3d8bdabc530a6a0816f7ff89a0aaf/library/core/src/ops/function.rs:250:5
[INFO] [stdout]   38:     0x6401cd0c975b - core::ops::function::FnOnce::call_once::h109cf8051a59b34e
[INFO] [stdout]                                at /rustc/90b35a6239c3d8bdabc530a6a0816f7ff89a0aaf/library/core/src/ops/function.rs:250:5
[INFO] [stdout]   39:     0x6401cd0c975b - test::__rust_begin_short_backtrace::hf4fff89d377446ba
[INFO] [stdout]                                at /rustc/90b35a6239c3d8bdabc530a6a0816f7ff89a0aaf/library/test/src/lib.rs:621:18
[INFO] [stdout]   40:     0x6401cd0c8f97 - test::run_test_in_process::{{closure}}::h0e39181dd7ee5a43
[INFO] [stdout]                                at /rustc/90b35a6239c3d8bdabc530a6a0816f7ff89a0aaf/library/test/src/lib.rs:644:60
[INFO] [stdout]   41:     0x6401cd0c8f97 - <core::panic::unwind_safe::AssertUnwindSafe<F> as core::ops::function::FnOnce<()>>::call_once::hc5a66a30f0bdfd1f
[INFO] [stdout]                                at /rustc/90b35a6239c3d8bdabc530a6a0816f7ff89a0aaf/library/core/src/panic/unwind_safe.rs:272:9
[INFO] [stdout]   42:     0x6401cd0c8f97 - std::panicking::try::do_call::h873b7cf639554a5e
[INFO] [stdout]                                at /rustc/90b35a6239c3d8bdabc530a6a0816f7ff89a0aaf/library/std/src/panicking.rs:557:40
[INFO] [stdout]   43:     0x6401cd0c8f97 - std::panicking::try::hdb19862fad9c8bd1
[INFO] [stdout]                                at /rustc/90b35a6239c3d8bdabc530a6a0816f7ff89a0aaf/library/std/src/panicking.rs:520:19
[INFO] [stdout]   44:     0x6401cd0c8f97 - std::panic::catch_unwind::h281fe732d236d260
[INFO] [stdout]                                at /rustc/90b35a6239c3d8bdabc530a6a0816f7ff89a0aaf/library/std/src/panic.rs:358:14
[INFO] [stdout]   45:     0x6401cd0c8f97 - test::run_test_in_process::h949b6df8457ed338
[INFO] [stdout]                                at /rustc/90b35a6239c3d8bdabc530a6a0816f7ff89a0aaf/library/test/src/lib.rs:644:27
[INFO] [stdout]   46:     0x6401cd0c8f97 - test::run_test::{{closure}}::h52c556a6d4740e10
[INFO] [stdout]                                at /rustc/90b35a6239c3d8bdabc530a6a0816f7ff89a0aaf/library/test/src/lib.rs:565:43
[INFO] [stdout]   47:     0x6401cd08e274 - test::run_test::{{closure}}::h4237f6381c45ccb9
[INFO] [stdout]                                at /rustc/90b35a6239c3d8bdabc530a6a0816f7ff89a0aaf/library/test/src/lib.rs:595:41
[INFO] [stdout]   48:     0x6401cd08e274 - std::sys::backtrace::__rust_begin_short_backtrace::h505c97a579eca628
[INFO] [stdout]                                at /rustc/90b35a6239c3d8bdabc530a6a0816f7ff89a0aaf/library/std/src/sys/backtrace.rs:154:18
[INFO] [stdout]   49:     0x6401cd09193e - std::thread::Builder::spawn_unchecked_::{{closure}}::{{closure}}::h9e86b2e2bc107ea3
[INFO] [stdout]                                at /rustc/90b35a6239c3d8bdabc530a6a0816f7ff89a0aaf/library/std/src/thread/mod.rs:538:17
[INFO] [stdout]   50:     0x6401cd09193e - <core::panic::unwind_safe::AssertUnwindSafe<F> as core::ops::function::FnOnce<()>>::call_once::h8b06ddb275ff4a25
[INFO] [stdout]                                at /rustc/90b35a6239c3d8bdabc530a6a0816f7ff89a0aaf/library/core/src/panic/unwind_safe.rs:272:9
[INFO] [stdout]   51:     0x6401cd09193e - std::panicking::try::do_call::hb26ecd7cd9a9355d
[INFO] [stdout]                                at /rustc/90b35a6239c3d8bdabc530a6a0816f7ff89a0aaf/library/std/src/panicking.rs:557:40
[INFO] [stdout]   52:     0x6401cd09193e - std::panicking::try::h8ddeca9d705f9069
[INFO] [stdout]                                at /rustc/90b35a6239c3d8bdabc530a6a0816f7ff89a0aaf/library/std/src/panicking.rs:520:19
[INFO] [stdout]   53:     0x6401cd09193e - std::panic::catch_unwind::h49e1c33078844c46
[INFO] [stdout]                                at /rustc/90b35a6239c3d8bdabc530a6a0816f7ff89a0aaf/library/std/src/panic.rs:358:14
[INFO] [stdout]   54:     0x6401cd09193e - std::thread::Builder::spawn_unchecked_::{{closure}}::h6073db6ff56ad35d
[INFO] [stdout]                                at /rustc/90b35a6239c3d8bdabc530a6a0816f7ff89a0aaf/library/std/src/thread/mod.rs:537:30
[INFO] [stdout]   55:     0x6401cd09193e - core::ops::function::FnOnce::call_once{{vtable.shim}}::h2c5a5f3779c774f1
[INFO] [stdout]                                at /rustc/90b35a6239c3d8bdabc530a6a0816f7ff89a0aaf/library/core/src/ops/function.rs:250:5
[INFO] [stdout]   56:     0x6401cd4a51cb - <alloc::boxed::Box<F,A> as core::ops::function::FnOnce<Args>>::call_once::hf75717d9f28faebf
[INFO] [stdout]                                at /rustc/90b35a6239c3d8bdabc530a6a0816f7ff89a0aaf/library/alloc/src/boxed.rs:2454:9
[INFO] [stdout]   57:     0x6401cd4a51cb - <alloc::boxed::Box<F,A> as core::ops::function::FnOnce<Args>>::call_once::h7bd883a5f3c5f3c1
[INFO] [stdout]                                at /rustc/90b35a6239c3d8bdabc530a6a0816f7ff89a0aaf/library/alloc/src/boxed.rs:2454:9
[INFO] [stdout]   58:     0x6401cd4a51cb - std::sys::pal::unix::thread::Thread::new::thread_start::hcc78f3943333fa94
[INFO] [stdout]                                at /rustc/90b35a6239c3d8bdabc530a6a0816f7ff89a0aaf/library/std/src/sys/pal/unix/thread.rs:105:17
[INFO] [stdout]   59:     0x7ec9788b4ac3 - <unknown>
[INFO] [stdout]   60:     0x7ec978945a04 - clone
[INFO] [stdout]   61:                0x0 - <unknown>
[INFO] [stdout] 
[INFO] [stdout] 
[INFO] [stdout] failures:
[INFO] [stdout]     test_make_request
[INFO] [stdout]     test_turn_response_to_word_def
[INFO] [stdout] 
[INFO] [stdout] test result: FAILED. 0 passed; 2 failed; 0 ignored; 0 measured; 0 filtered out; finished in 0.29s
[INFO] [stdout] 
[INFO] [stderr] error: test failed, to rerun pass `--bin whatis`
[INFO] running `Command { std: "docker" "inspect" "68ed76111032d42e3ef513e0617a88651fb2aec522b25002d3e24ac6182e43f1", kill_on_drop: false }`
[INFO] running `Command { std: "docker" "rm" "-f" "68ed76111032d42e3ef513e0617a88651fb2aec522b25002d3e24ac6182e43f1", kill_on_drop: false }`
[INFO] [stdout] 68ed76111032d42e3ef513e0617a88651fb2aec522b25002d3e24ac6182e43f1
