[INFO] cloning repository https://github.com/Sarina-Engine/crawler
[INFO] running `Command { std: "git" "-c" "credential.helper=" "-c" "credential.helper=/workspace/cargo-home/bin/git-credential-null" "clone" "--bare" "https://github.com/Sarina-Engine/crawler" "/workspace/cache/git-repos/https%3A%2F%2Fgithub.com%2FSarina-Engine%2Fcrawler", kill_on_drop: false }`
[INFO] [stderr] Cloning into bare repository '/workspace/cache/git-repos/https%3A%2F%2Fgithub.com%2FSarina-Engine%2Fcrawler'...
[INFO] running `Command { std: "git" "rev-parse" "HEAD", kill_on_drop: false }`
[INFO] [stdout] 77f187b549b70aea66d953eed80a76376c6964ab
[INFO] testing Sarina-Engine/crawler against beta-2024-12-08 for beta-1.84.0-4-retry
[INFO] running `Command { std: "git" "clone" "/workspace/cache/git-repos/https%3A%2F%2Fgithub.com%2FSarina-Engine%2Fcrawler" "/workspace/builds/worker-4-tc2/source", kill_on_drop: false }`
[INFO] [stderr] Cloning into '/workspace/builds/worker-4-tc2/source'...
[INFO] [stderr] done.
[INFO] validating manifest of git repo https://github.com/Sarina-Engine/crawler on toolchain beta-2024-12-08
[INFO] running `Command { std: CARGO_HOME="/workspace/cargo-home" RUSTUP_HOME="/workspace/rustup-home" "/workspace/cargo-home/bin/cargo" "+beta-2024-12-08" "metadata" "--manifest-path" "Cargo.toml" "--no-deps", kill_on_drop: false }`
[INFO] started tweaking git repo https://github.com/Sarina-Engine/crawler
[INFO] finished tweaking git repo https://github.com/Sarina-Engine/crawler
[INFO] tweaked toml for git repo https://github.com/Sarina-Engine/crawler written to /workspace/builds/worker-4-tc2/source/Cargo.toml
[INFO] crate git repo https://github.com/Sarina-Engine/crawler already has a lockfile, it will not be regenerated
[INFO] running `Command { std: CARGO_HOME="/workspace/cargo-home" RUSTUP_HOME="/workspace/rustup-home" "/workspace/cargo-home/bin/cargo" "+beta-2024-12-08" "fetch" "--manifest-path" "Cargo.toml", kill_on_drop: false }`
[INFO] running `Command { std: "docker" "create" "-v" "/var/lib/crater-agent-workspace/builds/worker-4-tc2/target:/opt/rustwide/target:rw,Z" "-v" "/var/lib/crater-agent-workspace/builds/worker-4-tc2/source:/opt/rustwide/workdir:ro,Z" "-v" "/var/lib/crater-agent-workspace/cargo-home:/opt/rustwide/cargo-home:ro,Z" "-v" "/var/lib/crater-agent-workspace/rustup-home:/opt/rustwide/rustup-home:ro,Z" "-e" "SOURCE_DIR=/opt/rustwide/workdir" "-e" "CARGO_TARGET_DIR=/opt/rustwide/target" "-e" "CARGO_HOME=/opt/rustwide/cargo-home" "-e" "RUSTUP_HOME=/opt/rustwide/rustup-home" "-w" "/opt/rustwide/workdir" "-m" "1610612736" "--user" "0:0" "--network" "none" "ghcr.io/rust-lang/crates-build-env/linux@sha256:f3a9d4ad9d972b27faf3965f35b62e55ba32bbce8f20bc8fe909558a86702fde" "/opt/rustwide/cargo-home/bin/cargo" "+beta-2024-12-08" "metadata" "--no-deps" "--format-version=1", kill_on_drop: false }`
[INFO] [stdout] 4755bea73d1203d1b089704faf5cc635dd137699acfffa6de014a5d2fb104b9b
[INFO] running `Command { std: "docker" "start" "-a" "4755bea73d1203d1b089704faf5cc635dd137699acfffa6de014a5d2fb104b9b", kill_on_drop: false }`
[INFO] running `Command { std: "docker" "inspect" "4755bea73d1203d1b089704faf5cc635dd137699acfffa6de014a5d2fb104b9b", kill_on_drop: false }`
[INFO] running `Command { std: "docker" "rm" "-f" "4755bea73d1203d1b089704faf5cc635dd137699acfffa6de014a5d2fb104b9b", kill_on_drop: false }`
[INFO] [stdout] 4755bea73d1203d1b089704faf5cc635dd137699acfffa6de014a5d2fb104b9b
[INFO] running `Command { std: "docker" "create" "-v" "/var/lib/crater-agent-workspace/builds/worker-4-tc2/target:/opt/rustwide/target:rw,Z" "-v" "/var/lib/crater-agent-workspace/builds/worker-4-tc2/source:/opt/rustwide/workdir:ro,Z" "-v" "/var/lib/crater-agent-workspace/cargo-home:/opt/rustwide/cargo-home:ro,Z" "-v" "/var/lib/crater-agent-workspace/rustup-home:/opt/rustwide/rustup-home:ro,Z" "-e" "SOURCE_DIR=/opt/rustwide/workdir" "-e" "CARGO_TARGET_DIR=/opt/rustwide/target" "-e" "CARGO_INCREMENTAL=0" "-e" "RUST_BACKTRACE=full" "-e" "RUSTFLAGS=--cap-lints=warn" "-e" "RUSTDOCFLAGS=--cap-lints=warn" "-e" "CARGO_HOME=/opt/rustwide/cargo-home" "-e" "RUSTUP_HOME=/opt/rustwide/rustup-home" "-w" "/opt/rustwide/workdir" "-m" "1610612736" "--user" "0:0" "--network" "none" "ghcr.io/rust-lang/crates-build-env/linux@sha256:f3a9d4ad9d972b27faf3965f35b62e55ba32bbce8f20bc8fe909558a86702fde" "/opt/rustwide/cargo-home/bin/cargo" "+beta-2024-12-08" "build" "--frozen" "--message-format=json", kill_on_drop: false }`
[INFO] [stdout] d9f71313be0a9e0b980da69671dbc7091cac47727b9bc116990e87d5e10b63c8
[INFO] running `Command { std: "docker" "start" "-a" "d9f71313be0a9e0b980da69671dbc7091cac47727b9bc116990e87d5e10b63c8", kill_on_drop: false }`
[INFO] [stderr]    Compiling proc-macro2 v1.0.47
[INFO] [stderr]    Compiling unicode-ident v1.0.5
[INFO] [stderr]    Compiling quote v1.0.21
[INFO] [stderr]    Compiling syn v1.0.103
[INFO] [stderr]    Compiling autocfg v1.1.0
[INFO] [stderr]    Compiling libc v0.2.135
[INFO] [stderr]    Compiling cfg-if v1.0.0
[INFO] [stderr]    Compiling log v0.4.17
[INFO] [stderr]    Compiling pin-project-lite v0.2.9
[INFO] [stderr]    Compiling bytes v1.2.1
[INFO] [stderr]    Compiling parking_lot_core v0.9.4
[INFO] [stderr]    Compiling futures-core v0.3.25
[INFO] [stderr]    Compiling once_cell v1.15.0
[INFO] [stderr]    Compiling scopeguard v1.1.0
[INFO] [stderr]    Compiling hashbrown v0.12.3
[INFO] [stderr]    Compiling smallvec v1.10.0
[INFO] [stderr]    Compiling memchr v2.5.0
[INFO] [stderr]    Compiling pkg-config v0.3.25
[INFO] [stderr]    Compiling futures-task v0.3.25
[INFO] [stderr]    Compiling itoa v1.0.4
[INFO] [stderr]    Compiling tracing-core v0.1.30
[INFO] [stderr]    Compiling futures-util v0.3.25
[INFO] [stderr]    Compiling anyhow v1.0.66
[INFO] [stderr]    Compiling either v1.8.0
[INFO] [stderr]    Compiling lock_api v0.4.9
[INFO] [stderr]    Compiling tokio v1.21.2
[INFO] [stderr]    Compiling indexmap v1.9.1
[INFO] [stderr]    Compiling slab v0.4.7
[INFO] [stderr]    Compiling pin-utils v0.1.0
[INFO] [stderr]    Compiling fnv v1.0.7
[INFO] [stderr]    Compiling futures-sink v0.3.25
[INFO] [stderr]    Compiling cc v1.0.73
[INFO] [stderr]    Compiling itertools v0.10.5
[INFO] [stderr]    Compiling tower-service v0.3.2
[INFO] [stderr]    Compiling futures-channel v0.3.25
[INFO] [stderr]    Compiling version_check v0.9.4
[INFO] [stderr]    Compiling http v0.2.8
[INFO] [stderr]    Compiling httparse v1.8.0
[INFO] [stderr]    Compiling bitflags v1.3.2
[INFO] [stderr]    Compiling serde_derive v1.0.147
[INFO] [stderr]    Compiling try-lock v0.2.3
[INFO] [stderr]    Compiling serde v1.0.147
[INFO] [stderr]    Compiling want v0.3.0
[INFO] [stderr]    Compiling mio v0.8.4
[INFO] [stderr]    Compiling parking_lot v0.12.1
[INFO] [stderr]    Compiling socket2 v0.4.7
[INFO] [stderr]    Compiling signal-hook-registry v1.4.0
[INFO] [stderr]    Compiling num_cpus v1.13.1
[INFO] [stderr]    Compiling getrandom v0.2.8
[INFO] [stderr]    Compiling rand_core v0.6.4
[INFO] [stderr]    Compiling httpdate v1.0.2
[INFO] [stderr]    Compiling ppv-lite86 v0.2.16
[INFO] [stderr]    Compiling percent-encoding v2.2.0
[INFO] [stderr]    Compiling foreign-types-shared v0.1.1
[INFO] [stderr]    Compiling openssl v0.10.42
[INFO] [stderr]    Compiling foreign-types v0.3.2
[INFO] [stderr]    Compiling openssl-sys v0.9.76
[INFO] [stderr]    Compiling http-body v0.4.5
[INFO] [stderr]    Compiling proc-macro-error-attr v1.0.4
[INFO] [stderr]    Compiling prettyplease v0.1.21
[INFO] [stderr]    Compiling native-tls v0.2.10
[INFO] [stderr]    Compiling regex-syntax v0.6.27
[INFO] [stderr]    Compiling tower-layer v0.3.2
[INFO] [stderr]    Compiling remove_dir_all v0.5.3
[INFO] [stderr]    Compiling async-trait v0.1.58
[INFO] [stderr]    Compiling fixedbitset v0.4.2
[INFO] [stderr]    Compiling tinyvec_macros v0.1.0
[INFO] [stderr]    Compiling fastrand v1.8.0
[INFO] [stderr]    Compiling tinyvec v1.6.0
[INFO] [stderr]    Compiling which v4.3.0
[INFO] [stderr]    Compiling proc-macro-error v1.0.4
[INFO] [stderr]    Compiling lazy_static v1.4.0
[INFO] [stderr]    Compiling tempfile v3.3.0
[INFO] [stderr]    Compiling mime v0.3.16
[INFO] [stderr]    Compiling rand_chacha v0.3.1
[INFO] [stderr]    Compiling heck v0.4.0
[INFO] [stderr]    Compiling multimap v0.8.3
[INFO] [stderr]    Compiling openssl-probe v0.1.5
[INFO] [stderr]    Compiling vcpkg v0.2.15
[INFO] [stderr]    Compiling petgraph v0.6.2
[INFO] [stderr]    Compiling form_urlencoded v1.1.0
[INFO] [stderr]    Compiling encoding_rs v0.8.31
[INFO] [stderr]    Compiling http-range-header v0.3.0
[INFO] [stderr]    Compiling rand v0.8.5
[INFO] [stderr]    Compiling serde_json v1.0.87
[INFO] [stderr]    Compiling unicode-bidi v0.3.8
[INFO] [stderr]    Compiling ryu v1.0.11
[INFO] [stderr]    Compiling matchit v0.5.0
[INFO] [stderr]    Compiling sync_wrapper v0.1.1
[INFO] [stderr]    Compiling base64 v0.13.1
[INFO] [stderr]    Compiling ipnet v2.5.0
[INFO] [stderr]    Compiling dotenvy v0.15.6
[INFO] [stderr]    Compiling libsqlite3-sys v0.25.1
[INFO] [stderr]    Compiling unicode-normalization v0.1.22
[INFO] [stderr]    Compiling regex v1.6.0
[INFO] [stderr]    Compiling idna v0.3.0
[INFO] [stderr]    Compiling url v2.3.1
[INFO] [stderr]    Compiling tokio-macros v1.8.0
[INFO] [stderr]    Compiling tracing-attributes v0.1.23
[INFO] [stderr]    Compiling prost-derive v0.11.0
[INFO] [stderr]    Compiling pin-project-internal v1.0.12
[INFO] [stderr]    Compiling openssl-macros v0.1.0
[INFO] [stderr]    Compiling async-stream-impl v0.3.3
[INFO] [stderr]    Compiling diesel_derives v2.0.1
[INFO] [stderr]    Compiling async-stream v0.3.3
[INFO] [stderr]    Compiling axum-core v0.2.9
[INFO] [stderr]    Compiling tracing v0.1.37
[INFO] [stderr]    Compiling pin-project v1.0.12
[INFO] [stderr]    Compiling tracing-futures v0.2.5
[INFO] [stderr]    Compiling prost v0.11.0
[INFO] [stderr]    Compiling prost-types v0.11.1
[INFO] [stderr]    Compiling diesel v2.0.2
[INFO] [stderr]    Compiling prost-build v0.11.1
[INFO] [stderr]    Compiling tonic-build v0.8.2
[INFO] [stderr]    Compiling digikala_scraper v0.1.0 (/opt/rustwide/workdir)
[INFO] [stderr]    Compiling tokio-util v0.7.4
[INFO] [stderr]    Compiling tokio-native-tls v0.3.0
[INFO] [stderr]    Compiling tokio-io-timeout v1.2.0
[INFO] [stderr]    Compiling tokio-stream v0.1.11
[INFO] [stderr]    Compiling h2 v0.3.14
[INFO] [stderr]    Compiling tower v0.4.13
[INFO] [stderr]    Compiling serde_urlencoded v0.7.1
[INFO] [stderr]    Compiling tower-http v0.3.4
[INFO] [stderr]    Compiling hyper v0.14.20
[INFO] [stderr]    Compiling axum v0.5.17
[INFO] [stderr]    Compiling hyper-tls v0.5.0
[INFO] [stderr]    Compiling hyper-timeout v0.4.1
[INFO] [stderr]    Compiling reqwest v0.11.12
[INFO] [stderr]    Compiling tonic v0.8.2
[INFO] [stdout] warning: unused imports: `CatTemplate` and `CommentTemplate`
[INFO] [stdout]  --> src/sender/mod.rs:5:22
[INFO] [stdout]   |
[INFO] [stdout] 5 | use crate::scraper::{CatTemplate, CommentTemplate};
[INFO] [stdout]   |                      ^^^^^^^^^^^  ^^^^^^^^^^^^^^^
[INFO] [stdout]   |
[INFO] [stdout]   = note: `#[warn(unused_imports)]` on by default
[INFO] [stdout] 
[INFO] [stdout] 
[INFO] [stdout] warning: unused import: `Request`
[INFO] [stdout]   --> src/sender/mod.rs:11:13
[INFO] [stdout]    |
[INFO] [stdout] 11 | use tonic::{Request, Response, Status};
[INFO] [stdout]    |             ^^^^^^^
[INFO] [stdout] 
[INFO] [stdout] 
[INFO] [stdout] warning: unused variable: `client`
[INFO] [stdout]   --> src/sender/mod.rs:23:9
[INFO] [stdout]    |
[INFO] [stdout] 23 |     let client = ScraperServiceClient::connect("http://[::1]:50051").await?;
[INFO] [stdout]    |         ^^^^^^ help: if this is intentional, prefix it with an underscore: `_client`
[INFO] [stdout]    |
[INFO] [stdout]    = note: `#[warn(unused_variables)]` on by default
[INFO] [stdout] 
[INFO] [stdout] 
[INFO] [stdout] warning: function `main` is never used
[INFO] [stdout]  --> src/lib.rs:8:10
[INFO] [stdout]   |
[INFO] [stdout] 8 | async fn main() -> Result<(), Box<dyn std::error::Error>> {
[INFO] [stdout]   |          ^^^^
[INFO] [stdout]   |
[INFO] [stdout]   = note: `#[warn(dead_code)]` on by default
[INFO] [stdout] 
[INFO] [stdout] 
[INFO] [stdout] warning: field `status` is never read
[INFO] [stdout]   --> src/scraper/category_scraper.rs:66:13
[INFO] [stdout]    |
[INFO] [stdout] 65 |     pub struct MainTemplate {
[INFO] [stdout]    |                ------------ field in this struct
[INFO] [stdout] 66 |         pub status: i32,
[INFO] [stdout]    |             ^^^^^^
[INFO] [stdout]    |
[INFO] [stdout]    = note: `MainTemplate` has a derived impl for the trait `Debug`, but this is intentionally ignored during dead code analysis
[INFO] [stdout] 
[INFO] [stdout] 
[INFO] [stdout] warning: field `status` is never read
[INFO] [stdout]   --> src/scraper/category_scraper.rs:86:13
[INFO] [stdout]    |
[INFO] [stdout] 85 |     pub struct SubTemplate {
[INFO] [stdout]    |                ----------- field in this struct
[INFO] [stdout] 86 |         pub status: i32,
[INFO] [stdout]    |             ^^^^^^
[INFO] [stdout]    |
[INFO] [stdout]    = note: `SubTemplate` has a derived impl for the trait `Debug`, but this is intentionally ignored during dead code analysis
[INFO] [stdout] 
[INFO] [stdout] 
[INFO] [stdout] warning: field `status` is never read
[INFO] [stdout]   --> src/scraper/product_scraper.rs:58:5
[INFO] [stdout]    |
[INFO] [stdout] 57 | struct FTemplate {
[INFO] [stdout]    |        --------- field in this struct
[INFO] [stdout] 58 |     status: i32,
[INFO] [stdout]    |     ^^^^^^
[INFO] [stdout]    |
[INFO] [stdout]    = note: `FTemplate` has a derived impl for the trait `Debug`, but this is intentionally ignored during dead code analysis
[INFO] [stdout] 
[INFO] [stdout] 
[INFO] [stdout] warning: field `status` is never read
[INFO] [stdout]   --> src/scraper/product_scraper.rs:74:5
[INFO] [stdout]    |
[INFO] [stdout] 73 | struct PTemplate {
[INFO] [stdout]    |        --------- field in this struct
[INFO] [stdout] 74 |     status: i32,
[INFO] [stdout]    |     ^^^^^^
[INFO] [stdout]    |
[INFO] [stdout]    = note: `PTemplate` has a derived impl for the trait `Debug`, but this is intentionally ignored during dead code analysis
[INFO] [stdout] 
[INFO] [stdout] 
[INFO] [stdout] warning: unused import: `get_categories`
[INFO] [stdout]  --> src/bin/reciever/mod.rs:7:34
[INFO] [stdout]   |
[INFO] [stdout] 7 | use digikala_scraper::services::{get_categories, get_comments, get_products};
[INFO] [stdout]   |                                  ^^^^^^^^^^^^^^
[INFO] [stdout]   |
[INFO] [stdout]   = note: `#[warn(unused_imports)]` on by default
[INFO] [stdout] 
[INFO] [stdout] 
[INFO] [stdout] warning: unused variable: `req`
[INFO] [stdout]   --> src/bin/reciever/mod.rs:31:9
[INFO] [stdout]    |
[INFO] [stdout] 31 |         req: Request<CommentList>,
[INFO] [stdout]    |         ^^^ help: if this is intentional, prefix it with an underscore: `_req`
[INFO] [stdout]    |
[INFO] [stdout]    = note: `#[warn(unused_variables)]` on by default
[INFO] [stdout] 
[INFO] [stdout] 
[INFO] [stdout] warning: unused variable: `req`
[INFO] [stdout]   --> src/bin/reciever/mod.rs:37:9
[INFO] [stdout]    |
[INFO] [stdout] 37 |         req: Request<FeatureList>,
[INFO] [stdout]    |         ^^^ help: if this is intentional, prefix it with an underscore: `_req`
[INFO] [stdout] 
[INFO] [stdout] 
[INFO] [stderr]     Finished `dev` profile [unoptimized + debuginfo] target(s) in 1m 26s
[INFO] running `Command { std: "docker" "inspect" "d9f71313be0a9e0b980da69671dbc7091cac47727b9bc116990e87d5e10b63c8", kill_on_drop: false }`
[INFO] running `Command { std: "docker" "rm" "-f" "d9f71313be0a9e0b980da69671dbc7091cac47727b9bc116990e87d5e10b63c8", kill_on_drop: false }`
[INFO] [stdout] d9f71313be0a9e0b980da69671dbc7091cac47727b9bc116990e87d5e10b63c8
[INFO] running `Command { std: "docker" "create" "-v" "/var/lib/crater-agent-workspace/builds/worker-4-tc2/target:/opt/rustwide/target:rw,Z" "-v" "/var/lib/crater-agent-workspace/builds/worker-4-tc2/source:/opt/rustwide/workdir:ro,Z" "-v" "/var/lib/crater-agent-workspace/cargo-home:/opt/rustwide/cargo-home:ro,Z" "-v" "/var/lib/crater-agent-workspace/rustup-home:/opt/rustwide/rustup-home:ro,Z" "-e" "SOURCE_DIR=/opt/rustwide/workdir" "-e" "CARGO_TARGET_DIR=/opt/rustwide/target" "-e" "CARGO_INCREMENTAL=0" "-e" "RUST_BACKTRACE=full" "-e" "RUSTFLAGS=--cap-lints=warn" "-e" "RUSTDOCFLAGS=--cap-lints=warn" "-e" "CARGO_HOME=/opt/rustwide/cargo-home" "-e" "RUSTUP_HOME=/opt/rustwide/rustup-home" "-w" "/opt/rustwide/workdir" "-m" "1610612736" "--user" "0:0" "--network" "none" "ghcr.io/rust-lang/crates-build-env/linux@sha256:f3a9d4ad9d972b27faf3965f35b62e55ba32bbce8f20bc8fe909558a86702fde" "/opt/rustwide/cargo-home/bin/cargo" "+beta-2024-12-08" "test" "--frozen" "--no-run" "--message-format=json", kill_on_drop: false }`
[INFO] [stdout] b69fd3e70dfab28159a575e7e4f1ca850751c534f9c64e956c91620c311410da
[INFO] running `Command { std: "docker" "start" "-a" "b69fd3e70dfab28159a575e7e4f1ca850751c534f9c64e956c91620c311410da", kill_on_drop: false }`
[INFO] [stderr]    Compiling digikala_scraper v0.1.0 (/opt/rustwide/workdir)
[INFO] [stdout] warning: unused imports: `CatTemplate` and `CommentTemplate`
[INFO] [stdout]  --> src/sender/mod.rs:5:22
[INFO] [stdout]   |
[INFO] [stdout] 5 | use crate::scraper::{CatTemplate, CommentTemplate};
[INFO] [stdout]   |                      ^^^^^^^^^^^  ^^^^^^^^^^^^^^^
[INFO] [stdout]   |
[INFO] [stdout]   = note: `#[warn(unused_imports)]` on by default
[INFO] [stdout] 
[INFO] [stdout] 
[INFO] [stdout] warning: unused import: `Request`
[INFO] [stdout]   --> src/sender/mod.rs:11:13
[INFO] [stdout]    |
[INFO] [stdout] 11 | use tonic::{Request, Response, Status};
[INFO] [stdout]    |             ^^^^^^^
[INFO] [stdout] 
[INFO] [stdout] 
[INFO] [stdout] warning: unused variable: `client`
[INFO] [stdout]   --> src/sender/mod.rs:23:9
[INFO] [stdout]    |
[INFO] [stdout] 23 |     let client = ScraperServiceClient::connect("http://[::1]:50051").await?;
[INFO] [stdout]    |         ^^^^^^ help: if this is intentional, prefix it with an underscore: `_client`
[INFO] [stdout]    |
[INFO] [stdout]    = note: `#[warn(unused_variables)]` on by default
[INFO] [stdout] 
[INFO] [stdout] 
[INFO] [stdout] warning: function `main` is never used
[INFO] [stdout]  --> src/lib.rs:8:10
[INFO] [stdout]   |
[INFO] [stdout] 8 | async fn main() -> Result<(), Box<dyn std::error::Error>> {
[INFO] [stdout]   |          ^^^^
[INFO] [stdout]   |
[INFO] [stdout]   = note: `#[warn(dead_code)]` on by default
[INFO] [stdout] 
[INFO] [stdout] 
[INFO] [stdout] warning: field `status` is never read
[INFO] [stdout]   --> src/scraper/category_scraper.rs:66:13
[INFO] [stdout]    |
[INFO] [stdout] 65 |     pub struct MainTemplate {
[INFO] [stdout]    |                ------------ field in this struct
[INFO] [stdout] 66 |         pub status: i32,
[INFO] [stdout]    |             ^^^^^^
[INFO] [stdout]    |
[INFO] [stdout]    = note: `MainTemplate` has a derived impl for the trait `Debug`, but this is intentionally ignored during dead code analysis
[INFO] [stdout] 
[INFO] [stdout] 
[INFO] [stdout] warning: field `status` is never read
[INFO] [stdout]   --> src/scraper/category_scraper.rs:86:13
[INFO] [stdout]    |
[INFO] [stdout] 85 |     pub struct SubTemplate {
[INFO] [stdout]    |                ----------- field in this struct
[INFO] [stdout] 86 |         pub status: i32,
[INFO] [stdout]    |             ^^^^^^
[INFO] [stdout]    |
[INFO] [stdout]    = note: `SubTemplate` has a derived impl for the trait `Debug`, but this is intentionally ignored during dead code analysis
[INFO] [stdout] 
[INFO] [stdout] 
[INFO] [stdout] warning: field `status` is never read
[INFO] [stdout]   --> src/scraper/product_scraper.rs:58:5
[INFO] [stdout]    |
[INFO] [stdout] 57 | struct FTemplate {
[INFO] [stdout]    |        --------- field in this struct
[INFO] [stdout] 58 |     status: i32,
[INFO] [stdout]    |     ^^^^^^
[INFO] [stdout]    |
[INFO] [stdout]    = note: `FTemplate` has a derived impl for the trait `Debug`, but this is intentionally ignored during dead code analysis
[INFO] [stdout] 
[INFO] [stdout] 
[INFO] [stdout] warning: field `status` is never read
[INFO] [stdout]   --> src/scraper/product_scraper.rs:74:5
[INFO] [stdout]    |
[INFO] [stdout] 73 | struct PTemplate {
[INFO] [stdout]    |        --------- field in this struct
[INFO] [stdout] 74 |     status: i32,
[INFO] [stdout]    |     ^^^^^^
[INFO] [stdout]    |
[INFO] [stdout]    = note: `PTemplate` has a derived impl for the trait `Debug`, but this is intentionally ignored during dead code analysis
[INFO] [stdout] 
[INFO] [stdout] 
[INFO] [stdout] warning: unused import: `get_categories`
[INFO] [stdout]  --> src/bin/reciever/mod.rs:7:34
[INFO] [stdout]   |
[INFO] [stdout] 7 | use digikala_scraper::services::{get_categories, get_comments, get_products};
[INFO] [stdout]   |                                  ^^^^^^^^^^^^^^
[INFO] [stdout]   |
[INFO] [stdout]   = note: `#[warn(unused_imports)]` on by default
[INFO] [stdout] 
[INFO] [stdout] 
[INFO] [stdout] warning: unused variable: `req`
[INFO] [stdout]   --> src/bin/reciever/mod.rs:31:9
[INFO] [stdout]    |
[INFO] [stdout] 31 |         req: Request<CommentList>,
[INFO] [stdout]    |         ^^^ help: if this is intentional, prefix it with an underscore: `_req`
[INFO] [stdout]    |
[INFO] [stdout]    = note: `#[warn(unused_variables)]` on by default
[INFO] [stdout] 
[INFO] [stdout] 
[INFO] [stdout] warning: unused variable: `req`
[INFO] [stdout]   --> src/bin/reciever/mod.rs:37:9
[INFO] [stdout]    |
[INFO] [stdout] 37 |         req: Request<FeatureList>,
[INFO] [stdout]    |         ^^^ help: if this is intentional, prefix it with an underscore: `_req`
[INFO] [stdout] 
[INFO] [stdout] 
[INFO] [stdout] warning: unused imports: `CatTemplate` and `CommentTemplate`
[INFO] [stdout]  --> src/sender/mod.rs:5:22
[INFO] [stdout]   |
[INFO] [stdout] 5 | use crate::scraper::{CatTemplate, CommentTemplate};
[INFO] [stdout]   |                      ^^^^^^^^^^^  ^^^^^^^^^^^^^^^
[INFO] [stdout]   |
[INFO] [stdout]   = note: `#[warn(unused_imports)]` on by default
[INFO] [stdout] 
[INFO] [stdout] 
[INFO] [stdout] warning: unused import: `Request`
[INFO] [stdout]   --> src/sender/mod.rs:11:13
[INFO] [stdout]    |
[INFO] [stdout] 11 | use tonic::{Request, Response, Status};
[INFO] [stdout]    |             ^^^^^^^
[INFO] [stdout] 
[INFO] [stdout] 
[INFO] [stdout] warning: unused variable: `client`
[INFO] [stdout]   --> src/sender/mod.rs:23:9
[INFO] [stdout]    |
[INFO] [stdout] 23 |     let client = ScraperServiceClient::connect("http://[::1]:50051").await?;
[INFO] [stdout]    |         ^^^^^^ help: if this is intentional, prefix it with an underscore: `_client`
[INFO] [stdout]    |
[INFO] [stdout]    = note: `#[warn(unused_variables)]` on by default
[INFO] [stdout] 
[INFO] [stdout] 
[INFO] [stdout] warning: unused variable: `sub_cats`
[INFO] [stdout]    --> src/scraper/category_scraper.rs:103:13
[INFO] [stdout]     |
[INFO] [stdout] 103 |         let sub_cats = finalize_sub_cats(&main_cats[0]).await;
[INFO] [stdout]     |             ^^^^^^^^ help: if this is intentional, prefix it with an underscore: `_sub_cats`
[INFO] [stdout] 
[INFO] [stdout] 
[INFO] [stdout] warning: field `status` is never read
[INFO] [stdout]   --> src/scraper/category_scraper.rs:66:13
[INFO] [stdout]    |
[INFO] [stdout] 65 |     pub struct MainTemplate {
[INFO] [stdout]    |                ------------ field in this struct
[INFO] [stdout] 66 |         pub status: i32,
[INFO] [stdout]    |             ^^^^^^
[INFO] [stdout]    |
[INFO] [stdout]    = note: `MainTemplate` has a derived impl for the trait `Debug`, but this is intentionally ignored during dead code analysis
[INFO] [stdout]    = note: `#[warn(dead_code)]` on by default
[INFO] [stdout] 
[INFO] [stdout] 
[INFO] [stdout] warning: field `status` is never read
[INFO] [stdout]   --> src/scraper/category_scraper.rs:86:13
[INFO] [stdout]    |
[INFO] [stdout] 85 |     pub struct SubTemplate {
[INFO] [stdout]    |                ----------- field in this struct
[INFO] [stdout] 86 |         pub status: i32,
[INFO] [stdout]    |             ^^^^^^
[INFO] [stdout]    |
[INFO] [stdout]    = note: `SubTemplate` has a derived impl for the trait `Debug`, but this is intentionally ignored during dead code analysis
[INFO] [stdout] 
[INFO] [stdout] 
[INFO] [stdout] warning: field `status` is never read
[INFO] [stdout]   --> src/scraper/product_scraper.rs:58:5
[INFO] [stdout]    |
[INFO] [stdout] 57 | struct FTemplate {
[INFO] [stdout]    |        --------- field in this struct
[INFO] [stdout] 58 |     status: i32,
[INFO] [stdout]    |     ^^^^^^
[INFO] [stdout]    |
[INFO] [stdout]    = note: `FTemplate` has a derived impl for the trait `Debug`, but this is intentionally ignored during dead code analysis
[INFO] [stdout] 
[INFO] [stdout] 
[INFO] [stdout] warning: field `status` is never read
[INFO] [stdout]   --> src/scraper/product_scraper.rs:74:5
[INFO] [stdout]    |
[INFO] [stdout] 73 | struct PTemplate {
[INFO] [stdout]    |        --------- field in this struct
[INFO] [stdout] 74 |     status: i32,
[INFO] [stdout]    |     ^^^^^^
[INFO] [stdout]    |
[INFO] [stdout]    = note: `PTemplate` has a derived impl for the trait `Debug`, but this is intentionally ignored during dead code analysis
[INFO] [stdout] 
[INFO] [stdout] 
[INFO] [stderr]     Finished `test` profile [unoptimized + debuginfo] target(s) in 5.31s
[INFO] running `Command { std: "docker" "inspect" "b69fd3e70dfab28159a575e7e4f1ca850751c534f9c64e956c91620c311410da", kill_on_drop: false }`
[INFO] running `Command { std: "docker" "rm" "-f" "b69fd3e70dfab28159a575e7e4f1ca850751c534f9c64e956c91620c311410da", kill_on_drop: false }`
[INFO] [stdout] b69fd3e70dfab28159a575e7e4f1ca850751c534f9c64e956c91620c311410da
[INFO] running `Command { std: "docker" "create" "-v" "/var/lib/crater-agent-workspace/builds/worker-4-tc2/target:/opt/rustwide/target:rw,Z" "-v" "/var/lib/crater-agent-workspace/builds/worker-4-tc2/source:/opt/rustwide/workdir:ro,Z" "-v" "/var/lib/crater-agent-workspace/cargo-home:/opt/rustwide/cargo-home:ro,Z" "-v" "/var/lib/crater-agent-workspace/rustup-home:/opt/rustwide/rustup-home:ro,Z" "-e" "SOURCE_DIR=/opt/rustwide/workdir" "-e" "CARGO_TARGET_DIR=/opt/rustwide/target" "-e" "CARGO_INCREMENTAL=0" "-e" "RUST_BACKTRACE=full" "-e" "RUSTFLAGS=--cap-lints=warn" "-e" "RUSTDOCFLAGS=--cap-lints=warn" "-e" "CARGO_HOME=/opt/rustwide/cargo-home" "-e" "RUSTUP_HOME=/opt/rustwide/rustup-home" "-w" "/opt/rustwide/workdir" "-m" "1610612736" "--user" "0:0" "--network" "none" "ghcr.io/rust-lang/crates-build-env/linux@sha256:f3a9d4ad9d972b27faf3965f35b62e55ba32bbce8f20bc8fe909558a86702fde" "/opt/rustwide/cargo-home/bin/cargo" "+beta-2024-12-08" "test" "--frozen", kill_on_drop: false }`
[INFO] [stdout] a025a3700deb966e9df8fbc4d6dfe9207e0423edc7048bc2743152a35f1c3847
[INFO] running `Command { std: "docker" "start" "-a" "a025a3700deb966e9df8fbc4d6dfe9207e0423edc7048bc2743152a35f1c3847", kill_on_drop: false }`
[INFO] [stderr] warning: unused imports: `CatTemplate` and `CommentTemplate`
[INFO] [stderr]  --> src/sender/mod.rs:5:22
[INFO] [stderr]   |
[INFO] [stderr] 5 | use crate::scraper::{CatTemplate, CommentTemplate};
[INFO] [stderr]   |                      ^^^^^^^^^^^  ^^^^^^^^^^^^^^^
[INFO] [stderr]   |
[INFO] [stderr]   = note: `#[warn(unused_imports)]` on by default
[INFO] [stderr] 
[INFO] [stderr] warning: unused import: `Request`
[INFO] [stderr]   --> src/sender/mod.rs:11:13
[INFO] [stderr]    |
[INFO] [stderr] 11 | use tonic::{Request, Response, Status};
[INFO] [stderr]    |             ^^^^^^^
[INFO] [stderr] 
[INFO] [stderr] warning: unused variable: `client`
[INFO] [stderr]   --> src/sender/mod.rs:23:9
[INFO] [stderr]    |
[INFO] [stderr] 23 |     let client = ScraperServiceClient::connect("http://[::1]:50051").await?;
[INFO] [stderr]    |         ^^^^^^ help: if this is intentional, prefix it with an underscore: `_client`
[INFO] [stderr]    |
[INFO] [stderr]    = note: `#[warn(unused_variables)]` on by default
[INFO] [stderr] 
[INFO] [stderr] warning: function `main` is never used
[INFO] [stderr]  --> src/lib.rs:8:10
[INFO] [stderr]   |
[INFO] [stderr] 8 | async fn main() -> Result<(), Box<dyn std::error::Error>> {
[INFO] [stderr]   |          ^^^^
[INFO] [stderr]   |
[INFO] [stderr]   = note: `#[warn(dead_code)]` on by default
[INFO] [stderr] 
[INFO] [stderr] warning: field `status` is never read
[INFO] [stderr]   --> src/scraper/category_scraper.rs:66:13
[INFO] [stderr]    |
[INFO] [stderr] 65 |     pub struct MainTemplate {
[INFO] [stderr]    |                ------------ field in this struct
[INFO] [stderr] 66 |         pub status: i32,
[INFO] [stderr]    |             ^^^^^^
[INFO] [stderr]    |
[INFO] [stderr]    = note: `MainTemplate` has a derived impl for the trait `Debug`, but this is intentionally ignored during dead code analysis
[INFO] [stderr] 
[INFO] [stderr] warning: field `status` is never read
[INFO] [stderr]   --> src/scraper/category_scraper.rs:86:13
[INFO] [stderr]    |
[INFO] [stderr] 85 |     pub struct SubTemplate {
[INFO] [stderr]    |                ----------- field in this struct
[INFO] [stderr] 86 |         pub status: i32,
[INFO] [stderr]    |             ^^^^^^
[INFO] [stderr]    |
[INFO] [stderr]    = note: `SubTemplate` has a derived impl for the trait `Debug`, but this is intentionally ignored during dead code analysis
[INFO] [stderr] 
[INFO] [stderr] warning: field `status` is never read
[INFO] [stderr]   --> src/scraper/product_scraper.rs:58:5
[INFO] [stderr]    |
[INFO] [stderr] 57 | struct FTemplate {
[INFO] [stderr]    |        --------- field in this struct
[INFO] [stderr] 58 |     status: i32,
[INFO] [stderr]    |     ^^^^^^
[INFO] [stderr]    |
[INFO] [stderr]    = note: `FTemplate` has a derived impl for the trait `Debug`, but this is intentionally ignored during dead code analysis
[INFO] [stderr] 
[INFO] [stderr] warning: field `status` is never read
[INFO] [stderr]   --> src/scraper/product_scraper.rs:74:5
[INFO] [stderr]    |
[INFO] [stderr] 73 | struct PTemplate {
[INFO] [stderr]    |        --------- field in this struct
[INFO] [stderr] 74 |     status: i32,
[INFO] [stderr]    |     ^^^^^^
[INFO] [stderr]    |
[INFO] [stderr]    = note: `PTemplate` has a derived impl for the trait `Debug`, but this is intentionally ignored during dead code analysis
[INFO] [stderr] 
[INFO] [stderr] warning: unused variable: `sub_cats`
[INFO] [stderr]    --> src/scraper/category_scraper.rs:103:13
[INFO] [stderr]     |
[INFO] [stderr] 103 |         let sub_cats = finalize_sub_cats(&main_cats[0]).await;
[INFO] [stderr]     |             ^^^^^^^^ help: if this is intentional, prefix it with an underscore: `_sub_cats`
[INFO] [stderr] 
[INFO] [stderr] warning: field `status` is never read
[INFO] [stderr]   --> src/scraper/category_scraper.rs:66:13
[INFO] [stderr]    |
[INFO] [stderr] 65 |     pub struct MainTemplate {
[INFO] [stderr]    |                ------------ field in this struct
[INFO] [stderr] 66 |         pub status: i32,
[INFO] [stderr]    |             ^^^^^^
[INFO] [stderr]    |
[INFO] [stderr]    = note: `MainTemplate` has a derived impl for the trait `Debug`, but this is intentionally ignored during dead code analysis
[INFO] [stderr]    = note: `#[warn(dead_code)]` on by default
[INFO] [stderr] 
[INFO] [stderr] warning: `digikala_scraper` (lib) generated 8 warnings (run `cargo fix --lib -p digikala_scraper` to apply 2 suggestions)
[INFO] [stderr] warning: `digikala_scraper` (lib test) generated 8 warnings (6 duplicates)
[INFO] [stderr] warning: unused import: `get_categories`
[INFO] [stderr]  --> src/bin/reciever/mod.rs:7:34
[INFO] [stderr]   |
[INFO] [stderr] 7 | use digikala_scraper::services::{get_categories, get_comments, get_products};
[INFO] [stderr]   |                                  ^^^^^^^^^^^^^^
[INFO] [stderr]   |
[INFO] [stderr]   = note: `#[warn(unused_imports)]` on by default
[INFO] [stderr] 
[INFO] [stderr] warning: unused variable: `req`
[INFO] [stderr]   --> src/bin/reciever/mod.rs:31:9
[INFO] [stderr]    |
[INFO] [stderr] 31 |         req: Request<CommentList>,
[INFO] [stderr]    |         ^^^ help: if this is intentional, prefix it with an underscore: `_req`
[INFO] [stderr]    |
[INFO] [stderr]    = note: `#[warn(unused_variables)]` on by default
[INFO] [stderr] 
[INFO] [stderr] warning: unused variable: `req`
[INFO] [stderr]   --> src/bin/reciever/mod.rs:37:9
[INFO] [stderr]    |
[INFO] [stderr] 37 |         req: Request<FeatureList>,
[INFO] [stderr]    |         ^^^ help: if this is intentional, prefix it with an underscore: `_req`
[INFO] [stderr] 
[INFO] [stderr] warning: `digikala_scraper` (bin "listener" test) generated 3 warnings (run `cargo fix --bin "listener" --tests` to apply 1 suggestion)
[INFO] [stderr]     Finished `test` profile [unoptimized + debuginfo] target(s) in 0.17s
[INFO] [stderr]      Running unittests src/lib.rs (/opt/rustwide/target/debug/deps/digikala_scraper-cdd49a000f5aa302)
[INFO] [stdout] 
[INFO] [stdout] running 1 test
[INFO] [stdout] test scraper::category_scraper::test::sub_cats ... FAILED
[INFO] [stdout] 
[INFO] [stdout] failures:
[INFO] [stdout] 
[INFO] [stdout] ---- scraper::category_scraper::test::sub_cats stdout ----
[INFO] [stdout] thread 'scraper::category_scraper::test::sub_cats' panicked at src/scraper/category_scraper.rs:102:52:
[INFO] [stdout] called `Result::unwrap()` on an `Err` value: reqwest::Error { kind: Request, url: Url { scheme: "https", cannot_be_a_base: false, username: "", password: None, host: Some(Domain("api.digikala.com")), port: None, path: "/v1/", query: None, fragment: None }, source: hyper::Error(Connect, ConnectError("dns error", Custom { kind: Uncategorized, error: "failed to lookup address information: Temporary failure in name resolution" })) }
[INFO] [stdout] stack backtrace:
[INFO] [stdout]    0:     0x56dd7513a9fa - std::backtrace_rs::backtrace::libunwind::trace::h8810477743020387
[INFO] [stdout]                                at /rustc/202008a1b8de96d2e5b6bc02d379db03a877d34d/library/std/src/../../backtrace/src/backtrace/libunwind.rs:116:5
[INFO] [stdout]    1:     0x56dd7513a9fa - std::backtrace_rs::backtrace::trace_unsynchronized::h3aa55355dd6c54a6
[INFO] [stdout]                                at /rustc/202008a1b8de96d2e5b6bc02d379db03a877d34d/library/std/src/../../backtrace/src/backtrace/mod.rs:66:5
[INFO] [stdout]    2:     0x56dd7513a9fa - std::sys::backtrace::_print_fmt::h8588b0f62410823f
[INFO] [stdout]                                at /rustc/202008a1b8de96d2e5b6bc02d379db03a877d34d/library/std/src/sys/backtrace.rs:66:9
[INFO] [stdout]    3:     0x56dd7513a9fa - <std::sys::backtrace::BacktraceLock::print::DisplayBacktrace as core::fmt::Display>::fmt::h98c26ac25ffe89bb
[INFO] [stdout]                                at /rustc/202008a1b8de96d2e5b6bc02d379db03a877d34d/library/std/src/sys/backtrace.rs:39:26
[INFO] [stdout]    4:     0x56dd75163ae3 - core::fmt::rt::Argument::fmt::hf95377f4aebd453b
[INFO] [stdout]                                at /rustc/202008a1b8de96d2e5b6bc02d379db03a877d34d/library/core/src/fmt/rt.rs:177:76
[INFO] [stdout]    5:     0x56dd75163ae3 - core::fmt::write::h0dd5f6e2238c7982
[INFO] [stdout]                                at /rustc/202008a1b8de96d2e5b6bc02d379db03a877d34d/library/core/src/fmt/mod.rs:1189:21
[INFO] [stdout]    6:     0x56dd75137053 - std::io::Write::write_fmt::h03bb0ca26e6faf8c
[INFO] [stdout]                                at /rustc/202008a1b8de96d2e5b6bc02d379db03a877d34d/library/std/src/io/mod.rs:1884:15
[INFO] [stdout]    7:     0x56dd7513a842 - std::sys::backtrace::BacktraceLock::print::h5c19c1c038ee186d
[INFO] [stdout]                                at /rustc/202008a1b8de96d2e5b6bc02d379db03a877d34d/library/std/src/sys/backtrace.rs:42:9
[INFO] [stdout]    8:     0x56dd7513be7d - std::panicking::default_hook::{{closure}}::h77172f079a1fcb13
[INFO] [stdout]                                at /rustc/202008a1b8de96d2e5b6bc02d379db03a877d34d/library/std/src/panicking.rs:268:22
[INFO] [stdout]    9:     0x56dd7513bc87 - std::panicking::default_hook::he5f8e3b203ccddba
[INFO] [stdout]                                at /rustc/202008a1b8de96d2e5b6bc02d379db03a877d34d/library/std/src/panicking.rs:292:9
[INFO] [stdout]   10:     0x56dd74ebfd27 - <alloc::boxed::Box<F,A> as core::ops::function::Fn<Args>>::call::h7a3c7b4a1ae77f2f
[INFO] [stdout]                                at /rustc/202008a1b8de96d2e5b6bc02d379db03a877d34d/library/alloc/src/boxed.rs:1986:9
[INFO] [stdout]   11:     0x56dd74ebfd27 - test::test_main::{{closure}}::hf0d3b69ae9b353d1
[INFO] [stdout]                                at /rustc/202008a1b8de96d2e5b6bc02d379db03a877d34d/library/test/src/lib.rs:134:21
[INFO] [stdout]   12:     0x56dd7513c528 - <alloc::boxed::Box<F,A> as core::ops::function::Fn<Args>>::call::h6332e82e7b189abd
[INFO] [stdout]                                at /rustc/202008a1b8de96d2e5b6bc02d379db03a877d34d/library/alloc/src/boxed.rs:1986:9
[INFO] [stdout]   13:     0x56dd7513c528 - std::panicking::rust_panic_with_hook::h53863d4e9018df39
[INFO] [stdout]                                at /rustc/202008a1b8de96d2e5b6bc02d379db03a877d34d/library/std/src/panicking.rs:809:13
[INFO] [stdout]   14:     0x56dd7513c2ea - std::panicking::begin_panic_handler::{{closure}}::h67280e6fa0757873
[INFO] [stdout]                                at /rustc/202008a1b8de96d2e5b6bc02d379db03a877d34d/library/std/src/panicking.rs:674:13
[INFO] [stdout]   15:     0x56dd7513aed9 - std::sys::backtrace::__rust_end_short_backtrace::h1dac3f54d6fbbeb2
[INFO] [stdout]                                at /rustc/202008a1b8de96d2e5b6bc02d379db03a877d34d/library/std/src/sys/backtrace.rs:170:18
[INFO] [stdout]   16:     0x56dd7513bf7c - rust_begin_unwind
[INFO] [stdout]                                at /rustc/202008a1b8de96d2e5b6bc02d379db03a877d34d/library/std/src/panicking.rs:665:5
[INFO] [stdout]   17:     0x56dd74c172f0 - core::panicking::panic_fmt::h6792bd1b2bf01041
[INFO] [stdout]                                at /rustc/202008a1b8de96d2e5b6bc02d379db03a877d34d/library/core/src/panicking.rs:76:14
[INFO] [stdout]   18:     0x56dd74c17776 - core::result::unwrap_failed::h05e0602ed34287c5
[INFO] [stdout]                                at /rustc/202008a1b8de96d2e5b6bc02d379db03a877d34d/library/core/src/result.rs:1699:5
[INFO] [stdout]   19:     0x56dd74c2b076 - core::result::Result<T,E>::unwrap::h7b76043c306f0486
[INFO] [stdout]                                at /rustc/202008a1b8de96d2e5b6bc02d379db03a877d34d/library/core/src/result.rs:1104:23
[INFO] [stdout]   20:     0x56dd74c2b076 - digikala_scraper::scraper::category_scraper::test::sub_cats::{{closure}}::h12dd69f9406b7299
[INFO] [stdout]                                at /opt/rustwide/workdir/src/scraper/category_scraper.rs:102:25
[INFO] [stdout]   21:     0x56dd74c28e1d - <core::pin::Pin<P> as core::future::future::Future>::poll::h9e93d9159788fc65
[INFO] [stdout]                                at /rustc/202008a1b8de96d2e5b6bc02d379db03a877d34d/library/core/src/future/future.rs:124:9
[INFO] [stdout]   22:     0x56dd74c2f1ff - tokio::runtime::scheduler::current_thread::CoreGuard::block_on::{{closure}}::{{closure}}::{{closure}}::hbfa698eaea8ddc5d
[INFO] [stdout]                                at /opt/rustwide/cargo-home/registry/src/index.crates.io-6f17d22bba15001f/tokio-1.21.2/src/runtime/scheduler/current_thread.rs:525:48
[INFO] [stdout]   23:     0x56dd74c2ca13 - tokio::coop::with_budget::{{closure}}::h2bc396099392edad
[INFO] [stdout]                                at /opt/rustwide/cargo-home/registry/src/index.crates.io-6f17d22bba15001f/tokio-1.21.2/src/coop.rs:102:9
[INFO] [stdout]   24:     0x56dd74c25d4a - std::thread::local::LocalKey<T>::try_with::heb7f9c5003f8d942
[INFO] [stdout]                                at /rustc/202008a1b8de96d2e5b6bc02d379db03a877d34d/library/std/src/thread/local.rs:283:12
[INFO] [stdout]   25:     0x56dd74c257ea - std::thread::local::LocalKey<T>::with::hdd3b89ce48f96454
[INFO] [stdout]                                at /rustc/202008a1b8de96d2e5b6bc02d379db03a877d34d/library/std/src/thread/local.rs:260:9
[INFO] [stdout]   26:     0x56dd74c2f159 - tokio::coop::with_budget::hba9938021feaf292
[INFO] [stdout]                                at /opt/rustwide/cargo-home/registry/src/index.crates.io-6f17d22bba15001f/tokio-1.21.2/src/coop.rs:95:5
[INFO] [stdout]   27:     0x56dd74c2f159 - tokio::coop::budget::h6c317bcb22e68330
[INFO] [stdout]                                at /opt/rustwide/cargo-home/registry/src/index.crates.io-6f17d22bba15001f/tokio-1.21.2/src/coop.rs:72:5
[INFO] [stdout]   28:     0x56dd74c2f159 - tokio::runtime::scheduler::current_thread::CoreGuard::block_on::{{closure}}::{{closure}}::h4dbe5d107335bb33
[INFO] [stdout]                                at /opt/rustwide/cargo-home/registry/src/index.crates.io-6f17d22bba15001f/tokio-1.21.2/src/runtime/scheduler/current_thread.rs:525:25
[INFO] [stdout]   29:     0x56dd74c2e110 - tokio::runtime::scheduler::current_thread::Context::enter::hac0e8401c5528d1a
[INFO] [stdout]                                at /opt/rustwide/cargo-home/registry/src/index.crates.io-6f17d22bba15001f/tokio-1.21.2/src/runtime/scheduler/current_thread.rs:349:19
[INFO] [stdout]   30:     0x56dd74c2ea9f - tokio::runtime::scheduler::current_thread::CoreGuard::block_on::{{closure}}::h17ed9569df0d012a
[INFO] [stdout]                                at /opt/rustwide/cargo-home/registry/src/index.crates.io-6f17d22bba15001f/tokio-1.21.2/src/runtime/scheduler/current_thread.rs:524:36
[INFO] [stdout]   31:     0x56dd74c2e824 - tokio::runtime::scheduler::current_thread::CoreGuard::enter::{{closure}}::hac51bd06fe335045
[INFO] [stdout]                                at /opt/rustwide/cargo-home/registry/src/index.crates.io-6f17d22bba15001f/tokio-1.21.2/src/runtime/scheduler/current_thread.rs:595:57
[INFO] [stdout]   32:     0x56dd74c288f3 - tokio::macros::scoped_tls::ScopedKey<T>::set::h7ba84ac3c69dd8fb
[INFO] [stdout]                                at /opt/rustwide/cargo-home/registry/src/index.crates.io-6f17d22bba15001f/tokio-1.21.2/src/macros/scoped_tls.rs:61:9
[INFO] [stdout]   33:     0x56dd74c2e5cf - tokio::runtime::scheduler::current_thread::CoreGuard::enter::h0a90601ec3943f46
[INFO] [stdout]                                at /opt/rustwide/cargo-home/registry/src/index.crates.io-6f17d22bba15001f/tokio-1.21.2/src/runtime/scheduler/current_thread.rs:595:27
[INFO] [stdout]   34:     0x56dd74c2e842 - tokio::runtime::scheduler::current_thread::CoreGuard::block_on::ha143501a16f1408a
[INFO] [stdout]                                at /opt/rustwide/cargo-home/registry/src/index.crates.io-6f17d22bba15001f/tokio-1.21.2/src/runtime/scheduler/current_thread.rs:515:19
[INFO] [stdout]   35:     0x56dd74c2d8a8 - tokio::runtime::scheduler::current_thread::CurrentThread::block_on::hce54617cf653078c
[INFO] [stdout]                                at /opt/rustwide/cargo-home/registry/src/index.crates.io-6f17d22bba15001f/tokio-1.21.2/src/runtime/scheduler/current_thread.rs:161:24
[INFO] [stdout]   36:     0x56dd74c2d6fd - tokio::runtime::Runtime::block_on::h432d180265af3b9e
[INFO] [stdout]                                at /opt/rustwide/cargo-home/registry/src/index.crates.io-6f17d22bba15001f/tokio-1.21.2/src/runtime/mod.rs:490:46
[INFO] [stdout]   37:     0x56dd74c2ad7c - digikala_scraper::scraper::category_scraper::test::sub_cats::h6be79bb1a327880c
[INFO] [stdout]                                at /opt/rustwide/workdir/src/scraper/category_scraper.rs:103:9
[INFO] [stdout]   38:     0x56dd74c2ac47 - digikala_scraper::scraper::category_scraper::test::sub_cats::{{closure}}::hb122a6b7b73907d7
[INFO] [stdout]                                at /opt/rustwide/workdir/src/scraper/category_scraper.rs:101:24
[INFO] [stdout]   39:     0x56dd74c25f66 - core::ops::function::FnOnce::call_once::he8f39dca37b36eac
[INFO] [stdout]                                at /rustc/202008a1b8de96d2e5b6bc02d379db03a877d34d/library/core/src/ops/function.rs:250:5
[INFO] [stdout]   40:     0x56dd74ec484b - core::ops::function::FnOnce::call_once::h871bf86719ec9aa4
[INFO] [stdout]                                at /rustc/202008a1b8de96d2e5b6bc02d379db03a877d34d/library/core/src/ops/function.rs:250:5
[INFO] [stdout]   41:     0x56dd74ec484b - test::__rust_begin_short_backtrace::h2167df1e2b7d76fd
[INFO] [stdout]                                at /rustc/202008a1b8de96d2e5b6bc02d379db03a877d34d/library/test/src/lib.rs:632:18
[INFO] [stdout]   42:     0x56dd74ec4238 - test::run_test_in_process::{{closure}}::h15d92f75a3adfb79
[INFO] [stdout]                                at /rustc/202008a1b8de96d2e5b6bc02d379db03a877d34d/library/test/src/lib.rs:655:60
[INFO] [stdout]   43:     0x56dd74ec4238 - <core::panic::unwind_safe::AssertUnwindSafe<F> as core::ops::function::FnOnce<()>>::call_once::hb6c8955835a8dbbb
[INFO] [stdout]                                at /rustc/202008a1b8de96d2e5b6bc02d379db03a877d34d/library/core/src/panic/unwind_safe.rs:272:9
[INFO] [stdout]   44:     0x56dd74ec4238 - std::panicking::try::do_call::hc79d0fc888a0bd30
[INFO] [stdout]                                at /rustc/202008a1b8de96d2e5b6bc02d379db03a877d34d/library/std/src/panicking.rs:557:40
[INFO] [stdout]   45:     0x56dd74ec4238 - std::panicking::try::hb8a7878e3a8589d6
[INFO] [stdout]                                at /rustc/202008a1b8de96d2e5b6bc02d379db03a877d34d/library/std/src/panicking.rs:520:19
[INFO] [stdout]   46:     0x56dd74ec4238 - std::panic::catch_unwind::hb8e4600ff0ff5cfa
[INFO] [stderr] error: test failed, to rerun pass `--lib`
[INFO] [stdout]                                at /rustc/202008a1b8de96d2e5b6bc02d379db03a877d34d/library/std/src/panic.rs:358:14
[INFO] [stdout]   47:     0x56dd74ec4238 - test::run_test_in_process::hc2900b0b18688dd6
[INFO] [stdout]                                at /rustc/202008a1b8de96d2e5b6bc02d379db03a877d34d/library/test/src/lib.rs:655:27
[INFO] [stdout]   48:     0x56dd74ec4238 - test::run_test::{{closure}}::hac2a9cb07be3d48d
[INFO] [stdout]                                at /rustc/202008a1b8de96d2e5b6bc02d379db03a877d34d/library/test/src/lib.rs:576:43
[INFO] [stdout]   49:     0x56dd74e87cda - test::run_test::{{closure}}::h4a5b729e66a38cd8
[INFO] [stdout]                                at /rustc/202008a1b8de96d2e5b6bc02d379db03a877d34d/library/test/src/lib.rs:606:41
[INFO] [stdout]   50:     0x56dd74e87cda - std::sys::backtrace::__rust_begin_short_backtrace::h0496fb742492f573
[INFO] [stdout]                                at /rustc/202008a1b8de96d2e5b6bc02d379db03a877d34d/library/std/src/sys/backtrace.rs:154:18
[INFO] [stdout]   51:     0x56dd74e8b654 - std::thread::Builder::spawn_unchecked_::{{closure}}::{{closure}}::hbb6d257c550a54bd
[INFO] [stdout]                                at /rustc/202008a1b8de96d2e5b6bc02d379db03a877d34d/library/std/src/thread/mod.rs:561:17
[INFO] [stdout]   52:     0x56dd74e8b654 - <core::panic::unwind_safe::AssertUnwindSafe<F> as core::ops::function::FnOnce<()>>::call_once::h46696fe4a6832328
[INFO] [stdout]                                at /rustc/202008a1b8de96d2e5b6bc02d379db03a877d34d/library/core/src/panic/unwind_safe.rs:272:9
[INFO] [stdout]   53:     0x56dd74e8b654 - std::panicking::try::do_call::h2625a51b667bfb64
[INFO] [stdout]                                at /rustc/202008a1b8de96d2e5b6bc02d379db03a877d34d/library/std/src/panicking.rs:557:40
[INFO] [stdout]   54:     0x56dd74e8b654 - std::panicking::try::hb956a59a1973aa4c
[INFO] [stdout]                                at /rustc/202008a1b8de96d2e5b6bc02d379db03a877d34d/library/std/src/panicking.rs:520:19
[INFO] [stdout]   55:     0x56dd74e8b654 - std::panic::catch_unwind::h64f3b9d1067ef6a0
[INFO] [stdout]                                at /rustc/202008a1b8de96d2e5b6bc02d379db03a877d34d/library/std/src/panic.rs:358:14
[INFO] [stdout]   56:     0x56dd74e8b654 - std::thread::Builder::spawn_unchecked_::{{closure}}::h42b2841295b6c0b2
[INFO] [stdout]                                at /rustc/202008a1b8de96d2e5b6bc02d379db03a877d34d/library/std/src/thread/mod.rs:559:30
[INFO] [stdout]   57:     0x56dd74e8b654 - core::ops::function::FnOnce::call_once{{vtable.shim}}::h6127de71b8124639
[INFO] [stdout]                                at /rustc/202008a1b8de96d2e5b6bc02d379db03a877d34d/library/core/src/ops/function.rs:250:5
[INFO] [stdout]   58:     0x56dd751409db - <alloc::boxed::Box<F,A> as core::ops::function::FnOnce<Args>>::call_once::h42f0ba71002a1b2c
[INFO] [stdout]                                at /rustc/202008a1b8de96d2e5b6bc02d379db03a877d34d/library/alloc/src/boxed.rs:1972:9
[INFO] [stdout]   59:     0x56dd751409db - <alloc::boxed::Box<F,A> as core::ops::function::FnOnce<Args>>::call_once::had9e47d7a3dcecb8
[INFO] [stdout]                                at /rustc/202008a1b8de96d2e5b6bc02d379db03a877d34d/library/alloc/src/boxed.rs:1972:9
[INFO] [stdout]   60:     0x56dd751409db - std::sys::pal::unix::thread::Thread::new::thread_start::h48cf765408f6f5f2
[INFO] [stdout]                                at /rustc/202008a1b8de96d2e5b6bc02d379db03a877d34d/library/std/src/sys/pal/unix/thread.rs:105:17
[INFO] [stdout]   61:     0x7bac67758ac3 - <unknown>
[INFO] [stdout]   62:     0x7bac677e9a04 - clone
[INFO] [stdout]   63:                0x0 - <unknown>
[INFO] [stdout] 
[INFO] [stdout] 
[INFO] [stdout] failures:
[INFO] [stdout]     scraper::category_scraper::test::sub_cats
[INFO] [stdout] 
[INFO] [stdout] test result: FAILED. 0 passed; 1 failed; 0 ignored; 0 measured; 0 filtered out; finished in 0.15s
[INFO] [stdout] 
[INFO] running `Command { std: "docker" "inspect" "a025a3700deb966e9df8fbc4d6dfe9207e0423edc7048bc2743152a35f1c3847", kill_on_drop: false }`
[INFO] running `Command { std: "docker" "rm" "-f" "a025a3700deb966e9df8fbc4d6dfe9207e0423edc7048bc2743152a35f1c3847", kill_on_drop: false }`
[INFO] [stdout] a025a3700deb966e9df8fbc4d6dfe9207e0423edc7048bc2743152a35f1c3847
