[INFO] cloning repository https://github.com/SantaClaas/raptor-rs
[INFO] running `Command { std: "git" "-c" "credential.helper=" "-c" "credential.helper=/workspace/cargo-home/bin/git-credential-null" "clone" "--bare" "https://github.com/SantaClaas/raptor-rs" "/workspace/cache/git-repos/https%3A%2F%2Fgithub.com%2FSantaClaas%2Fraptor-rs", kill_on_drop: false }`
[INFO] [stderr] Cloning into bare repository '/workspace/cache/git-repos/https%3A%2F%2Fgithub.com%2FSantaClaas%2Fraptor-rs'...
[INFO] running `Command { std: "git" "rev-parse" "HEAD", kill_on_drop: false }`
[INFO] [stdout] b0ad5bff51c07397bacd9fbf955c46636b3041c6
[INFO] testing SantaClaas/raptor-rs against beta-2024-12-08 for beta-1.84.0-4-retry
[INFO] running `Command { std: "git" "clone" "/workspace/cache/git-repos/https%3A%2F%2Fgithub.com%2FSantaClaas%2Fraptor-rs" "/workspace/builds/worker-7-tc2/source", kill_on_drop: false }`
[INFO] [stderr] Cloning into '/workspace/builds/worker-7-tc2/source'...
[INFO] [stderr] done.
[INFO] validating manifest of git repo https://github.com/SantaClaas/raptor-rs on toolchain beta-2024-12-08
[INFO] running `Command { std: CARGO_HOME="/workspace/cargo-home" RUSTUP_HOME="/workspace/rustup-home" "/workspace/cargo-home/bin/cargo" "+beta-2024-12-08" "metadata" "--manifest-path" "Cargo.toml" "--no-deps", kill_on_drop: false }`
[INFO] started tweaking git repo https://github.com/SantaClaas/raptor-rs
[INFO] finished tweaking git repo https://github.com/SantaClaas/raptor-rs
[INFO] tweaked toml for git repo https://github.com/SantaClaas/raptor-rs written to /workspace/builds/worker-7-tc2/source/Cargo.toml
[INFO] crate git repo https://github.com/SantaClaas/raptor-rs already has a lockfile, it will not be regenerated
[INFO] running `Command { std: CARGO_HOME="/workspace/cargo-home" RUSTUP_HOME="/workspace/rustup-home" "/workspace/cargo-home/bin/cargo" "+beta-2024-12-08" "fetch" "--manifest-path" "Cargo.toml", kill_on_drop: false }`
[INFO] running `Command { std: "docker" "create" "-v" "/var/lib/crater-agent-workspace/builds/worker-7-tc2/target:/opt/rustwide/target:rw,Z" "-v" "/var/lib/crater-agent-workspace/builds/worker-7-tc2/source:/opt/rustwide/workdir:ro,Z" "-v" "/var/lib/crater-agent-workspace/cargo-home:/opt/rustwide/cargo-home:ro,Z" "-v" "/var/lib/crater-agent-workspace/rustup-home:/opt/rustwide/rustup-home:ro,Z" "-e" "SOURCE_DIR=/opt/rustwide/workdir" "-e" "CARGO_TARGET_DIR=/opt/rustwide/target" "-e" "CARGO_HOME=/opt/rustwide/cargo-home" "-e" "RUSTUP_HOME=/opt/rustwide/rustup-home" "-w" "/opt/rustwide/workdir" "-m" "1610612736" "--user" "0:0" "--network" "none" "ghcr.io/rust-lang/crates-build-env/linux@sha256:f3a9d4ad9d972b27faf3965f35b62e55ba32bbce8f20bc8fe909558a86702fde" "/opt/rustwide/cargo-home/bin/cargo" "+beta-2024-12-08" "metadata" "--no-deps" "--format-version=1", kill_on_drop: false }`
[INFO] [stdout] dfb2c8aa81b39148800d462ee577aaff325ac62a34148e17cfd2fb4801d0aaea
[INFO] running `Command { std: "docker" "start" "-a" "dfb2c8aa81b39148800d462ee577aaff325ac62a34148e17cfd2fb4801d0aaea", kill_on_drop: false }`
[INFO] running `Command { std: "docker" "inspect" "dfb2c8aa81b39148800d462ee577aaff325ac62a34148e17cfd2fb4801d0aaea", kill_on_drop: false }`
[INFO] running `Command { std: "docker" "rm" "-f" "dfb2c8aa81b39148800d462ee577aaff325ac62a34148e17cfd2fb4801d0aaea", kill_on_drop: false }`
[INFO] [stdout] dfb2c8aa81b39148800d462ee577aaff325ac62a34148e17cfd2fb4801d0aaea
[INFO] running `Command { std: "docker" "create" "-v" "/var/lib/crater-agent-workspace/builds/worker-7-tc2/target:/opt/rustwide/target:rw,Z" "-v" "/var/lib/crater-agent-workspace/builds/worker-7-tc2/source:/opt/rustwide/workdir:ro,Z" "-v" "/var/lib/crater-agent-workspace/cargo-home:/opt/rustwide/cargo-home:ro,Z" "-v" "/var/lib/crater-agent-workspace/rustup-home:/opt/rustwide/rustup-home:ro,Z" "-e" "SOURCE_DIR=/opt/rustwide/workdir" "-e" "CARGO_TARGET_DIR=/opt/rustwide/target" "-e" "CARGO_INCREMENTAL=0" "-e" "RUST_BACKTRACE=full" "-e" "RUSTFLAGS=--cap-lints=warn" "-e" "RUSTDOCFLAGS=--cap-lints=warn" "-e" "CARGO_HOME=/opt/rustwide/cargo-home" "-e" "RUSTUP_HOME=/opt/rustwide/rustup-home" "-w" "/opt/rustwide/workdir" "-m" "1610612736" "--user" "0:0" "--network" "none" "ghcr.io/rust-lang/crates-build-env/linux@sha256:f3a9d4ad9d972b27faf3965f35b62e55ba32bbce8f20bc8fe909558a86702fde" "/opt/rustwide/cargo-home/bin/cargo" "+beta-2024-12-08" "build" "--frozen" "--message-format=json", kill_on_drop: false }`
[INFO] [stdout] d25aeeccb762f4c7bd72aefae85fbef43bcde8fa889f915b2ed3190b551ad6ab
[INFO] running `Command { std: "docker" "start" "-a" "d25aeeccb762f4c7bd72aefae85fbef43bcde8fa889f915b2ed3190b551ad6ab", kill_on_drop: false }`
[INFO] [stderr]    Compiling proc-macro2 v1.0.86
[INFO] [stderr]    Compiling unicode-ident v1.0.12
[INFO] [stderr]    Compiling libc v0.2.158
[INFO] [stderr]    Compiling version_check v0.9.5
[INFO] [stderr]    Compiling cfg-if v1.0.0
[INFO] [stderr]    Compiling serde v1.0.209
[INFO] [stderr]    Compiling autocfg v1.3.0
[INFO] [stderr]    Compiling shlex v1.3.0
[INFO] [stderr]    Compiling pin-project-lite v0.2.14
[INFO] [stderr]    Compiling once_cell v1.19.0
[INFO] [stderr]    Compiling itoa v1.0.11
[INFO] [stderr]    Compiling memchr v2.7.4
[INFO] [stderr]    Compiling smallvec v1.13.2
[INFO] [stderr]    Compiling byteorder v1.5.0
[INFO] [stderr]    Compiling futures-core v0.3.30
[INFO] [stderr]    Compiling slab v0.4.9
[INFO] [stderr]    Compiling futures-sink v0.3.30
[INFO] [stderr]    Compiling lock_api v0.4.12
[INFO] [stderr]    Compiling parking_lot_core v0.9.10
[INFO] [stderr]    Compiling futures-channel v0.3.30
[INFO] [stderr]    Compiling futures-task v0.3.30
[INFO] [stderr]    Compiling fnv v1.0.7
[INFO] [stderr]    Compiling pin-utils v0.1.0
[INFO] [stderr]    Compiling log v0.4.22
[INFO] [stderr]    Compiling futures-io v0.3.30
[INFO] [stderr]    Compiling scopeguard v1.2.0
[INFO] [stderr]    Compiling ahash v0.8.11
[INFO] [stderr]    Compiling tracing-core v0.1.32
[INFO] [stderr]    Compiling quote v1.0.37
[INFO] [stderr]    Compiling rustversion v1.0.17
[INFO] [stderr]    Compiling syn v2.0.76
[INFO] [stderr]    Compiling typenum v1.17.0
[INFO] [stderr]    Compiling generic-array v0.14.7
[INFO] [stderr]    Compiling allocator-api2 v0.2.18
[INFO] [stderr]    Compiling subtle v2.6.1
[INFO] [stderr]    Compiling jobserver v0.1.32
[INFO] [stderr]    Compiling getrandom v0.2.15
[INFO] [stderr]    Compiling socket2 v0.5.7
[INFO] [stderr]    Compiling cc v1.1.14
[INFO] [stderr]    Compiling parking_lot v0.12.3
[INFO] [stderr]    Compiling mio v1.0.2
[INFO] [stderr]    Compiling signal-hook-registry v1.4.2
[INFO] [stderr]    Compiling tower-service v0.3.3
[INFO] [stderr]    Compiling either v1.13.0
[INFO] [stderr]    Compiling rand_core v0.6.4
[INFO] [stderr]    Compiling mime v0.3.17
[INFO] [stderr]    Compiling minimal-lexical v0.2.1
[INFO] [stderr]    Compiling pkg-config v0.3.30
[INFO] [stderr]    Compiling httparse v1.9.4
[INFO] [stderr]    Compiling tower-layer v0.3.3
[INFO] [stderr]    Compiling glob v0.3.1
[INFO] [stderr]    Compiling httpdate v1.0.3
[INFO] [stderr]    Compiling uncased v0.9.10
[INFO] [stderr]    Compiling nom v7.1.3
[INFO] [stderr]    Compiling clang-sys v1.8.1
[INFO] [stderr]    Compiling prettyplease v0.2.22
[INFO] [stderr]    Compiling crypto-common v0.1.6
[INFO] [stderr]    Compiling equivalent v1.0.1
[INFO] [stderr]    Compiling rustix v0.38.34
[INFO] [stderr]    Compiling rustls-pki-types v1.8.0
[INFO] [stderr]    Compiling percent-encoding v2.3.1
[INFO] [stderr]    Compiling unicase v2.7.0
[INFO] [stderr]    Compiling indexmap v1.9.3
[INFO] [stderr]    Compiling lazy_static v1.5.0
[INFO] [stderr]    Compiling bitflags v2.6.0
[INFO] [stderr]    Compiling ring v0.17.8
[INFO] [stderr]    Compiling linux-raw-sys v0.4.14
[INFO] [stderr]    Compiling regex-syntax v0.8.4
[INFO] [stderr]    Compiling libloading v0.8.5
[INFO] [stderr]    Compiling home v0.5.9
[INFO] [stderr]    Compiling siphasher v0.3.11
[INFO] [stderr]    Compiling untrusted v0.9.0
[INFO] [stderr]    Compiling anyhow v1.0.86
[INFO] [stderr]    Compiling try-lock v0.2.5
[INFO] [stderr]    Compiling bindgen v0.66.1
[INFO] [stderr]    Compiling spin v0.9.8
[INFO] [stderr]    Compiling hashbrown v0.12.3
[INFO] [stderr]    Compiling want v0.3.1
[INFO] [stderr]    Compiling block-padding v0.3.3
[INFO] [stderr]    Compiling cpufeatures v0.2.13
[INFO] [stderr]    Compiling sync_wrapper v0.1.2
[INFO] [stderr]    Compiling rustls v0.22.4
[INFO] [stderr]    Compiling cexpr v0.6.0
[INFO] [stderr]    Compiling rustc-hash v1.1.0
[INFO] [stderr]    Compiling peeking_take_while v0.1.2
[INFO] [stderr]    Compiling lazycell v1.3.0
[INFO] [stderr]    Compiling inout v0.1.3
[INFO] [stderr]    Compiling axum-core v0.3.4
[INFO] [stderr]    Compiling itertools v0.12.1
[INFO] [stderr]    Compiling regex-automata v0.4.7
[INFO] [stderr]    Compiling zeroize v1.8.1
[INFO] [stderr]    Compiling which v4.4.2
[INFO] [stderr]    Compiling base64 v0.22.1
[INFO] [stderr]    Compiling rand v0.8.5
[INFO] [stderr]    Compiling rustls-pemfile v2.1.3
[INFO] [stderr]    Compiling cipher v0.4.4
[INFO] [stderr]    Compiling phf_shared v0.11.2
[INFO] [stderr]    Compiling axum v0.6.20
[INFO] [stderr]    Compiling openssl-probe v0.1.5
[INFO] [stderr]    Compiling fallible-streaming-iterator v0.1.9
[INFO] [stderr]    Compiling matchit v0.7.3
[INFO] [stderr]    Compiling ryu v1.0.18
[INFO] [stderr]    Compiling rustls-native-certs v0.7.2
[INFO] [stderr]    Compiling phf_generator v0.11.2
[INFO] [stderr]    Compiling webpki-roots v0.26.3
[INFO] [stderr]    Compiling base64 v0.21.7
[INFO] [stderr]    Compiling serde_derive v1.0.209
[INFO] [stderr]    Compiling zerocopy-derive v0.7.35
[INFO] [stderr]    Compiling futures-macro v0.3.30
[INFO] [stderr]    Compiling tokio-macros v2.4.0
[INFO] [stderr]    Compiling tracing-attributes v0.1.27
[INFO] [stderr]    Compiling pin-project-internal v1.1.5
[INFO] [stderr]    Compiling async-trait v0.1.81
[INFO] [stderr]    Compiling futures-util v0.3.30
[INFO] [stderr]    Compiling regex v1.10.6
[INFO] [stderr]    Compiling zerocopy v0.7.35
[INFO] [stderr]    Compiling rustls-webpki v0.102.6
[INFO] [stderr]    Compiling tracing v0.1.40
[INFO] [stderr]    Compiling hashbrown v0.14.5
[INFO] [stderr]    Compiling ppv-lite86 v0.2.20
[INFO] [stderr]    Compiling pin-project v1.1.5
[INFO] [stderr]    Compiling prost-derive v0.12.6
[INFO] [stderr]    Compiling async-stream-impl v0.3.5
[INFO] [stderr]    Compiling rand_chacha v0.3.1
[INFO] [stderr]    Compiling indexmap v2.4.0
[INFO] [stderr]    Compiling bitflags v1.3.2
[INFO] [stderr]    Compiling async-stream v0.3.5
[INFO] [stderr]    Compiling hashlink v0.8.4
[INFO] [stderr]    Compiling phf_codegen v0.11.2
[INFO] [stderr]    Compiling aes v0.8.4
[INFO] [stderr]    Compiling zstd-sys v2.0.13+zstd.1.5.6
[INFO] [stderr]    Compiling block-buffer v0.10.4
[INFO] [stderr]    Compiling serde_json v1.0.128
[INFO] [stderr]    Compiling fallible-iterator v0.3.0
[INFO] [stderr]    Compiling fallible-iterator v0.2.0
[INFO] [stderr]    Compiling thiserror v1.0.63
[INFO] [stderr]    Compiling digest v0.10.7
[INFO] [stderr]    Compiling libsql-sqlite3-parser v0.13.0
[INFO] [stderr]    Compiling thiserror-impl v1.0.63
[INFO] [stderr]    Compiling mime_guess v2.0.5
[INFO] [stderr]    Compiling vcpkg v0.2.15
[INFO] [stderr]    Compiling http-range-header v0.3.1
[INFO] [stderr]    Compiling libm v0.2.8
[INFO] [stderr]    Compiling phf v0.11.2
[INFO] [stderr]    Compiling libsqlite3-sys v0.30.1
[INFO] [stderr]    Compiling futures-executor v0.3.30
[INFO] [stderr]    Compiling cbc v0.1.2
[INFO] [stderr]    Compiling bzip2-sys v0.1.11+1.0.8
[INFO] [stderr]    Compiling axum-core v0.4.3
[INFO] [stderr]    Compiling num-traits v0.2.19
[INFO] [stderr]    Compiling time-core v0.1.2
[INFO] [stderr]    Compiling powerfmt v0.2.0
[INFO] [stderr]    Compiling zstd-safe v5.0.2+zstd.1.5.2
[INFO] [stderr]    Compiling num-conv v0.1.0
[INFO] [stderr]    Compiling time-macros v0.2.18
[INFO] [stderr]    Compiling futures v0.3.30
[INFO] [stderr]    Compiling bytes v1.7.1
[INFO] [stderr]    Compiling tokio v1.40.0
[INFO] [stderr]    Compiling http v0.2.12
[INFO] [stderr]    Compiling http v1.1.0
[INFO] [stderr]    Compiling prost v0.12.6
[INFO] [stderr]    Compiling http-body v0.4.6
[INFO] [stderr]    Compiling libsql-ffi v0.4.0
[INFO] [stderr]    Compiling http-body v1.0.1
[INFO] [stderr]    Compiling uuid v1.10.0
[INFO] [stderr]    Compiling http-body-util v0.1.2
[INFO] [stderr]    Compiling libsql-hrana v0.2.0
[INFO] [stderr]    Compiling basic-toml v0.1.9
[INFO] [stderr]    Compiling bincode v1.3.3
[INFO] [stderr]    Compiling deranged v0.3.11
[INFO] [stderr]    Compiling askama_parser v0.2.1
[INFO] [stderr]    Compiling adler2 v2.0.0
[INFO] [stderr]    Compiling regex-syntax v0.6.29
[INFO] [stderr]    Compiling base64ct v1.6.0
[INFO] [stderr]    Compiling miniz_oxide v0.8.0
[INFO] [stderr]    Compiling password-hash v0.4.2
[INFO] [stderr]    Compiling time v0.3.36
[INFO] [stderr]    Compiling tokio-util v0.7.11
[INFO] [stderr]    Compiling h2 v0.3.26
[INFO] [stderr]    Compiling tower v0.4.13
[INFO] [stderr]    Compiling tokio-rustls v0.25.0
[INFO] [stderr]    Compiling tokio-io-timeout v1.2.0
[INFO] [stderr]    Compiling tokio-stream v0.1.15
[INFO] [stderr]    Compiling askama_derive v0.12.5
[INFO] [stderr]    Compiling regex-automata v0.1.10
[INFO] [stderr]    Compiling tower-http v0.4.4
[INFO] [stderr]    Compiling hyper v1.4.1
[INFO] [stderr]    Compiling humansize v2.1.3
[INFO] [stderr]    Compiling sha2 v0.10.8
[INFO] [stderr]    Compiling hmac v0.12.1
[INFO] [stderr]    Compiling hashlink v0.9.1
[INFO] [stderr]    Compiling form_urlencoded v1.2.1
[INFO] [stderr]    Compiling axum v0.7.5
[INFO] [stderr]    Compiling crc32fast v1.4.2
[INFO] [stderr]    Compiling overload v0.1.1
[INFO] [stderr]    Compiling askama_escape v0.10.3
[INFO] [stderr]    Compiling nu-ansi-term v0.46.0
[INFO] [stderr]    Compiling flate2 v1.0.33
[INFO] [stderr]    Compiling askama v0.12.1
[INFO] [stderr]    Compiling rusqlite v0.32.1
[INFO] [stderr]    Compiling serde_urlencoded v0.7.1
[INFO] [stderr]    Compiling pbkdf2 v0.11.0
[INFO] [stderr]    Compiling hyper-util v0.1.7
[INFO] [stderr]    Compiling zstd v0.11.2+zstd.1.5.2
[INFO] [stderr]    Compiling hyper v0.14.30
[INFO] [stderr]    Compiling bzip2 v0.4.4
[INFO] [stderr]    Compiling matchers v0.1.0
[INFO] [stderr]    Compiling serde_path_to_error v0.1.16
[INFO] [stderr]    Compiling sha1 v0.10.6
[INFO] [stderr]    Compiling sharded-slab v0.1.7
[INFO] [stderr]    Compiling tracing-log v0.2.0
[INFO] [stderr]    Compiling csv-core v0.1.11
[INFO] [stderr]    Compiling thread_local v1.1.8
[INFO] [stderr]    Compiling sync_wrapper v1.0.1
[INFO] [stderr]    Compiling constant_time_eq v0.1.5
[INFO] [stderr]    Compiling http-range-header v0.4.1
[INFO] [stderr]    Compiling zip v0.6.6
[INFO] [stderr]    Compiling tower-http v0.5.2
[INFO] [stderr]    Compiling csv v1.3.0
[INFO] [stderr]    Compiling tracing-subscriber v0.3.18
[INFO] [stderr]    Compiling askama_axum v0.4.0
[INFO] [stderr]    Compiling benchmark v0.1.0 (/opt/rustwide/workdir/benchmark)
[INFO] [stderr]    Compiling libsql-rusqlite v0.32.0
[INFO] [stderr]    Compiling gtfs2sql v0.1.0 (/opt/rustwide/workdir/gtfs2sql)
[INFO] [stderr]    Compiling libsql-sys v0.7.0
[INFO] [stdout] warning: type `TimeFraction` is more private than the item `ParseTimeError::InvalidPartLength::0`
[INFO] [stdout]   --> gtfs2sql/src/sql/time.rs:61:23
[INFO] [stdout]    |
[INFO] [stdout] 61 |     InvalidPartLength(TimeFraction, usize),
[INFO] [stdout]    |                       ^^^^^^^^^^^^ field `ParseTimeError::InvalidPartLength::0` is reachable at visibility `pub(crate)`
[INFO] [stdout]    |
[INFO] [stdout] note: but type `TimeFraction` is only usable at visibility `pub(self)`
[INFO] [stdout]   --> gtfs2sql/src/sql/time.rs:50:1
[INFO] [stdout]    |
[INFO] [stdout] 50 | enum TimeFraction {
[INFO] [stdout]    | ^^^^^^^^^^^^^^^^^
[INFO] [stdout]    = note: `#[warn(private_interfaces)]` on by default
[INFO] [stdout] 
[INFO] [stdout] 
[INFO] [stdout] warning: type `TimestampPart` is more private than the item `ParseTimeError::InvalidFormat::0`
[INFO] [stdout]   --> gtfs2sql/src/sql/time.rs:64:19
[INFO] [stdout]    |
[INFO] [stdout] 64 |     InvalidFormat(TimestampPart),
[INFO] [stdout]    |                   ^^^^^^^^^^^^^ field `ParseTimeError::InvalidFormat::0` is reachable at visibility `pub(crate)`
[INFO] [stdout]    |
[INFO] [stdout] note: but type `TimestampPart` is only usable at visibility `pub(self)`
[INFO] [stdout]   --> gtfs2sql/src/sql/time.rs:42:1
[INFO] [stdout]    |
[INFO] [stdout] 42 | enum TimestampPart {
[INFO] [stdout]    | ^^^^^^^^^^^^^^^^^^
[INFO] [stdout] 
[INFO] [stdout] 
[INFO] [stdout] warning: type `TimestampPart` is more private than the item `ParseTimeError::ParseIntError::0`
[INFO] [stdout]   --> gtfs2sql/src/sql/time.rs:66:19
[INFO] [stdout]    |
[INFO] [stdout] 66 |     ParseIntError(TimestampPart, ParseIntError),
[INFO] [stdout]    |                   ^^^^^^^^^^^^^ field `ParseTimeError::ParseIntError::0` is reachable at visibility `pub(crate)`
[INFO] [stdout]    |
[INFO] [stdout] note: but type `TimestampPart` is only usable at visibility `pub(self)`
[INFO] [stdout]   --> gtfs2sql/src/sql/time.rs:42:1
[INFO] [stdout]    |
[INFO] [stdout] 42 | enum TimestampPart {
[INFO] [stdout]    | ^^^^^^^^^^^^^^^^^^
[INFO] [stdout] 
[INFO] [stdout] 
[INFO] [stdout] warning: type `TimeFraction` is more private than the item `ParseTimeError::ValueOutOfRange::0`
[INFO] [stdout]   --> gtfs2sql/src/sql/time.rs:72:21
[INFO] [stdout]    |
[INFO] [stdout] 72 |     ValueOutOfRange(TimeFraction, u64),
[INFO] [stdout]    |                     ^^^^^^^^^^^^ field `ParseTimeError::ValueOutOfRange::0` is reachable at visibility `pub(crate)`
[INFO] [stdout]    |
[INFO] [stdout] note: but type `TimeFraction` is only usable at visibility `pub(self)`
[INFO] [stdout]   --> gtfs2sql/src/sql/time.rs:50:1
[INFO] [stdout]    |
[INFO] [stdout] 50 | enum TimeFraction {
[INFO] [stdout]    | ^^^^^^^^^^^^^^^^^
[INFO] [stdout] 
[INFO] [stdout] 
[INFO] [stdout] warning: trait `MapInto` is never used
[INFO] [stdout]   --> gtfs2sql/src/main.rs:47:7
[INFO] [stdout]    |
[INFO] [stdout] 47 | trait MapInto<T> {
[INFO] [stdout]    |       ^^^^^^^
[INFO] [stdout]    |
[INFO] [stdout]    = note: `#[warn(dead_code)]` on by default
[INFO] [stdout] 
[INFO] [stdout] 
[INFO] [stdout] warning: field `0` is never read
[INFO] [stdout]   --> gtfs2sql/src/main.rs:64:9
[INFO] [stdout]    |
[INFO] [stdout] 64 |     Csv(csv::Error),
[INFO] [stdout]    |     --- ^^^^^^^^^^
[INFO] [stdout]    |     |
[INFO] [stdout]    |     field in this variant
[INFO] [stdout]    |
[INFO] [stdout]    = note: `Error` has a derived impl for the trait `Debug`, but this is intentionally ignored during dead code analysis
[INFO] [stdout] help: consider changing the field to be of unit type to suppress this warning while preserving the field numbering, or remove the field
[INFO] [stdout]    |
[INFO] [stdout] 64 |     Csv(()),
[INFO] [stdout]    |         ~~
[INFO] [stdout] 
[INFO] [stdout] 
[INFO] [stdout] warning: field `0` is never read
[INFO] [stdout]   --> gtfs2sql/src/main.rs:65:9
[INFO] [stdout]    |
[INFO] [stdout] 65 |     Sql(rusqlite::Error),
[INFO] [stdout]    |     --- ^^^^^^^^^^^^^^^
[INFO] [stdout]    |     |
[INFO] [stdout]    |     field in this variant
[INFO] [stdout]    |
[INFO] [stdout]    = note: `Error` has a derived impl for the trait `Debug`, but this is intentionally ignored during dead code analysis
[INFO] [stdout] help: consider changing the field to be of unit type to suppress this warning while preserving the field numbering, or remove the field
[INFO] [stdout]    |
[INFO] [stdout] 65 |     Sql(()),
[INFO] [stdout]    |         ~~
[INFO] [stdout] 
[INFO] [stdout] 
[INFO] [stdout] warning: associated function `new` is never used
[INFO] [stdout]   --> gtfs2sql/src/sql/time.rs:23:19
[INFO] [stdout]    |
[INFO] [stdout] 22 | impl Time {
[INFO] [stdout]    | --------- associated function in this implementation
[INFO] [stdout] 23 |     pub(super) fn new(value: u64) -> Time {
[INFO] [stdout]    |                   ^^^
[INFO] [stdout] 
[INFO] [stdout] 
[INFO] [stdout] warning: field `0` is never read
[INFO] [stdout]   --> gtfs2sql/src/sql/time.rs:58:19
[INFO] [stdout]    |
[INFO] [stdout] 58 |     InvalidLength(usize),
[INFO] [stdout]    |     ------------- ^^^^^
[INFO] [stdout]    |     |
[INFO] [stdout]    |     field in this variant
[INFO] [stdout]    |
[INFO] [stdout]    = note: `ParseTimeError` has a derived impl for the trait `Debug`, but this is intentionally ignored during dead code analysis
[INFO] [stdout] help: consider changing the field to be of unit type to suppress this warning while preserving the field numbering, or remove the field
[INFO] [stdout]    |
[INFO] [stdout] 58 |     InvalidLength(()),
[INFO] [stdout]    |                   ~~
[INFO] [stdout] 
[INFO] [stdout] 
[INFO] [stdout] warning: fields `0` and `1` are never read
[INFO] [stdout]   --> gtfs2sql/src/sql/time.rs:61:23
[INFO] [stdout]    |
[INFO] [stdout] 61 |     InvalidPartLength(TimeFraction, usize),
[INFO] [stdout]    |     ----------------- ^^^^^^^^^^^^  ^^^^^
[INFO] [stdout]    |     |
[INFO] [stdout]    |     fields in this variant
[INFO] [stdout]    |
[INFO] [stdout]    = note: `ParseTimeError` has a derived impl for the trait `Debug`, but this is intentionally ignored during dead code analysis
[INFO] [stdout] help: consider changing the fields to be of unit type to suppress this warning while preserving the field numbering, or remove the fields
[INFO] [stdout]    |
[INFO] [stdout] 61 |     InvalidPartLength((), ()),
[INFO] [stdout]    |                       ~~  ~~
[INFO] [stdout] 
[INFO] [stdout] 
[INFO] [stdout] warning: field `0` is never read
[INFO] [stdout]   --> gtfs2sql/src/sql/time.rs:64:19
[INFO] [stdout]    |
[INFO] [stdout] 64 |     InvalidFormat(TimestampPart),
[INFO] [stdout]    |     ------------- ^^^^^^^^^^^^^
[INFO] [stdout]    |     |
[INFO] [stdout]    |     field in this variant
[INFO] [stdout]    |
[INFO] [stdout]    = note: `ParseTimeError` has a derived impl for the trait `Debug`, but this is intentionally ignored during dead code analysis
[INFO] [stdout] help: consider changing the field to be of unit type to suppress this warning while preserving the field numbering, or remove the field
[INFO] [stdout]    |
[INFO] [stdout] 64 |     InvalidFormat(()),
[INFO] [stdout]    |                   ~~
[INFO] [stdout] 
[INFO] [stdout] 
[INFO] [stdout] warning: fields `0` and `1` are never read
[INFO] [stdout]   --> gtfs2sql/src/sql/time.rs:66:19
[INFO] [stdout]    |
[INFO] [stdout] 66 |     ParseIntError(TimestampPart, ParseIntError),
[INFO] [stdout]    |     ------------- ^^^^^^^^^^^^^  ^^^^^^^^^^^^^
[INFO] [stdout]    |     |
[INFO] [stdout]    |     fields in this variant
[INFO] [stdout]    |
[INFO] [stdout]    = note: `ParseTimeError` has a derived impl for the trait `Debug`, but this is intentionally ignored during dead code analysis
[INFO] [stdout] help: consider changing the fields to be of unit type to suppress this warning while preserving the field numbering, or remove the fields
[INFO] [stdout]    |
[INFO] [stdout] 66 |     ParseIntError((), ()),
[INFO] [stdout]    |                   ~~  ~~
[INFO] [stdout] 
[INFO] [stdout] 
[INFO] [stdout] warning: fields `0` and `1` are never read
[INFO] [stdout]   --> gtfs2sql/src/sql/time.rs:72:21
[INFO] [stdout]    |
[INFO] [stdout] 72 |     ValueOutOfRange(TimeFraction, u64),
[INFO] [stdout]    |     --------------- ^^^^^^^^^^^^  ^^^
[INFO] [stdout]    |     |
[INFO] [stdout]    |     fields in this variant
[INFO] [stdout]    |
[INFO] [stdout]    = note: `ParseTimeError` has a derived impl for the trait `Debug`, but this is intentionally ignored during dead code analysis
[INFO] [stdout] help: consider changing the fields to be of unit type to suppress this warning while preserving the field numbering, or remove the fields
[INFO] [stdout]    |
[INFO] [stdout] 72 |     ValueOutOfRange((), ()),
[INFO] [stdout]    |                     ~~  ~~
[INFO] [stdout] 
[INFO] [stdout] 
[INFO] [stderr]    Compiling hyper-timeout v0.4.1
[INFO] [stderr]    Compiling hyper-rustls v0.25.0
[INFO] [stderr]    Compiling tonic v0.11.0
[INFO] [stderr]    Compiling tonic-web v0.11.0
[INFO] [stderr]    Compiling libsql_replication v0.5.0
[INFO] [stderr]    Compiling libsql v0.5.0
[INFO] [stderr]    Compiling raptor v0.1.0 (/opt/rustwide/workdir/raptor)
[INFO] [stdout] warning: unused import: `Hash`
[INFO] [stdout]  --> raptor/src/lib.rs:7:17
[INFO] [stdout]   |
[INFO] [stdout] 7 | use std::hash::{Hash, Hasher};
[INFO] [stdout]   |                 ^^^^
[INFO] [stdout]   |
[INFO] [stdout]   = note: `#[warn(unused_imports)]` on by default
[INFO] [stdout] 
[INFO] [stdout] 
[INFO] [stdout] warning: unused import: `Hasher`
[INFO] [stdout]  --> raptor/src/lib.rs:7:23
[INFO] [stdout]   |
[INFO] [stdout] 7 | use std::hash::{Hash, Hasher};
[INFO] [stdout]   |                       ^^^^^^
[INFO] [stdout] 
[INFO] [stdout] 
[INFO] [stdout] warning: unused borrow that must be used
[INFO] [stdout]    --> raptor/src/lib.rs:348:25
[INFO] [stdout]     |
[INFO] [stdout] 348 |                         &queue.insert(route, p);
[INFO] [stdout]     |                         ^^^^^^^^^^^^^^^^^^^^^^^ the borrow produces a value
[INFO] [stdout]     |
[INFO] [stdout]     = note: `#[warn(unused_must_use)]` on by default
[INFO] [stdout] help: use `let _ = ...` to ignore the resulting value
[INFO] [stdout]     |
[INFO] [stdout] 348 |                         let _ = &queue.insert(route, p);
[INFO] [stdout]     |                         +++++++
[INFO] [stdout] 
[INFO] [stdout] 
[INFO] [stderr]    Compiling sql2raptor v0.1.0 (/opt/rustwide/workdir/sql2raptor)
[INFO] [stderr]    Compiling api v0.1.0 (/opt/rustwide/workdir/api)
[INFO] [stdout] warning: unused import: `std::convert::Infallible`
[INFO] [stdout]  --> api/src/main.rs:2:5
[INFO] [stdout]   |
[INFO] [stdout] 2 | use std::convert::Infallible;
[INFO] [stdout]   |     ^^^^^^^^^^^^^^^^^^^^^^^^
[INFO] [stdout]   |
[INFO] [stdout]   = note: `#[warn(unused_imports)]` on by default
[INFO] [stdout] 
[INFO] [stdout] 
[INFO] [stdout] warning: unused imports: `current_dir` and `current_exe`
[INFO] [stdout]  --> api/src/main.rs:4:16
[INFO] [stdout]   |
[INFO] [stdout] 4 | use std::env::{current_dir, current_exe};
[INFO] [stdout]   |                ^^^^^^^^^^^  ^^^^^^^^^^^
[INFO] [stdout] 
[INFO] [stdout] 
[INFO] [stdout] warning: unused import: `Response`
[INFO] [stdout]  --> api/src/main.rs:7:19
[INFO] [stdout]   |
[INFO] [stdout] 7 | use askama_axum::{Response, Template};
[INFO] [stdout]   |                   ^^^^^^^^
[INFO] [stdout] 
[INFO] [stdout] 
[INFO] [stdout] warning: unused import: `Redirect`
[INFO] [stdout]  --> api/src/main.rs:8:42
[INFO] [stdout]   |
[INFO] [stdout] 8 | use axum::response::{Html, IntoResponse, Redirect};
[INFO] [stdout]   |                                          ^^^^^^^^
[INFO] [stdout] 
[INFO] [stdout] 
[INFO] [stdout] warning: unused import: `async_trait`
[INFO] [stdout]  --> api/src/main.rs:9:12
[INFO] [stdout]   |
[INFO] [stdout] 9 | use axum::{async_trait, Form, Router};
[INFO] [stdout]   |            ^^^^^^^^^^^
[INFO] [stdout] 
[INFO] [stdout] 
[INFO] [stdout] warning: unused imports: `FromRef`, `FromRequestParts`, and `RawQuery`
[INFO] [stdout]   --> api/src/main.rs:10:21
[INFO] [stdout]    |
[INFO] [stdout] 10 | use axum::extract::{FromRef, FromRequestParts, Query, RawQuery, State};
[INFO] [stdout]    |                     ^^^^^^^  ^^^^^^^^^^^^^^^^         ^^^^^^^^
[INFO] [stdout] 
[INFO] [stdout] 
[INFO] [stdout] warning: unused import: `axum::http::request::Parts`
[INFO] [stdout]   --> api/src/main.rs:11:5
[INFO] [stdout]    |
[INFO] [stdout] 11 | use axum::http::request::Parts;
[INFO] [stdout]    |     ^^^^^^^^^^^^^^^^^^^^^^^^^^
[INFO] [stdout] 
[INFO] [stdout] 
[INFO] [stdout] warning: unused imports: `Connection` and `named_params`
[INFO] [stdout]   --> api/src/main.rs:14:14
[INFO] [stdout]    |
[INFO] [stdout] 14 | use libsql::{named_params, Connection};
[INFO] [stdout]    |              ^^^^^^^^^^^^  ^^^^^^^^^^
[INFO] [stdout] 
[INFO] [stdout] 
[INFO] [stdout] warning: unused import: `serde::Deserialize`
[INFO] [stdout]   --> api/src/main.rs:19:5
[INFO] [stdout]    |
[INFO] [stdout] 19 | use serde::Deserialize;
[INFO] [stdout]    |     ^^^^^^^^^^^^^^^^^^
[INFO] [stdout] 
[INFO] [stdout] 
[INFO] [stdout] warning: unused imports: `Iso8601` and `Rfc3339`
[INFO] [stdout]   --> api/src/main.rs:20:44
[INFO] [stdout]    |
[INFO] [stdout] 20 | use time::format_description::well_known::{Iso8601, Rfc3339};
[INFO] [stdout]    |                                            ^^^^^^^  ^^^^^^^
[INFO] [stdout] 
[INFO] [stdout] 
[INFO] [stdout] warning: unused imports: `OffsetDateTime` and `PrimitiveDateTime`
[INFO] [stdout]   --> api/src/main.rs:21:12
[INFO] [stdout]    |
[INFO] [stdout] 21 | use time::{OffsetDateTime, PrimitiveDateTime};
[INFO] [stdout]    |            ^^^^^^^^^^^^^^  ^^^^^^^^^^^^^^^^^
[INFO] [stdout] 
[INFO] [stdout] 
[INFO] [stdout] warning: unused import: `time::format_description::well_known`
[INFO] [stdout]   --> api/src/main.rs:22:5
[INFO] [stdout]    |
[INFO] [stdout] 22 | use time::format_description::well_known;
[INFO] [stdout]    |     ^^^^^^^^^^^^^^^^^^^^^^^^^^^^^^^^^^^^
[INFO] [stdout] 
[INFO] [stdout] 
[INFO] [stdout] warning: unused imports: `RoutesData` and `StopsData`
[INFO] [stdout]   --> api/src/main.rs:24:22
[INFO] [stdout]    |
[INFO] [stdout] 24 | use raptor::shared::{RoutesData, StopsData};
[INFO] [stdout]    |                      ^^^^^^^^^^  ^^^^^^^^^
[INFO] [stdout] 
[INFO] [stdout] 
[INFO] [stdout] warning: unused imports: `GetStopsReturn`, `PartialStop`, `assemble_raptor_data`, `get_routes`, and `get_stops`
[INFO] [stdout]   --> api/src/main.rs:25:18
[INFO] [stdout]    |
[INFO] [stdout] 25 | use sql2raptor::{assemble_raptor_data, get_routes, get_stops, setup_raptor, GetStopsReturn, PartialStop, RaptorDataSet};
[INFO] [stdout]    |                  ^^^^^^^^^^^^^^^^^^^^  ^^^^^^^^^^  ^^^^^^^^^                ^^^^^^^^^^^^^^  ^^^^^^^^^^^
[INFO] [stdout] 
[INFO] [stdout] 
[INFO] [stdout] warning: unused imports: `Display` and `Formatter`
[INFO] [stdout]  --> api/src/request.rs:1:16
[INFO] [stdout]   |
[INFO] [stdout] 1 | use std::fmt::{Display, Formatter};
[INFO] [stdout]   |                ^^^^^^^  ^^^^^^^^^
[INFO] [stdout] 
[INFO] [stdout] 
[INFO] [stdout] warning: unused doc comment
[INFO] [stdout]    --> api/src/main.rs:201:21
[INFO] [stdout]     |
[INFO] [stdout] 201 | / ...   /// Count of ids has to be less than SQLITE_MAX_VARIABLE_NUMBER.
[INFO] [stdout] 202 | | ...   /// See https://www.sqlite.org/lang_expr.html#parameters
[INFO] [stdout]     | |______________________________________________________________^
[INFO] [stdout] 203 |   ...   let query_parameters = ids.iter().enumerate().map(|(index, _)| format!("?{}", index + 1)).collect::<Vec<String>>().join(", ");
[INFO] [stdout]     |         ------------------------------------------------------------------------------------------------------------------------------ rustdoc does not generate documentation for statements
[INFO] [stdout]     |
[INFO] [stdout]     = help: use `//` for a plain comment
[INFO] [stdout]     = note: `#[warn(unused_doc_comments)]` on by default
[INFO] [stdout] 
[INFO] [stdout] 
[INFO] [stdout] warning: unnecessary trailing semicolon
[INFO] [stdout]    --> api/src/main.rs:308:120
[INFO] [stdout]     |
[INFO] [stdout] 308 |                     let start_error = start_id.map_or(Some("Not found. Please try another one".to_string()), |_| None);;
[INFO] [stdout]     |                                                                                                                        ^ help: remove this semicolon
[INFO] [stdout]     |
[INFO] [stdout]     = note: `#[warn(redundant_semicolons)]` on by default
[INFO] [stdout] 
[INFO] [stdout] 
[INFO] [stdout] warning: unnecessary trailing semicolon
[INFO] [stdout]    --> api/src/main.rs:309:116
[INFO] [stdout]     |
[INFO] [stdout] 309 |                     let end_error = end_id.map_or(Some("Not found. Please try another one".to_string()), |_| None);;
[INFO] [stdout]     |                                                                                                                    ^ help: remove this semicolon
[INFO] [stdout] 
[INFO] [stdout] 
[INFO] [stdout] warning: fields `start_error` and `end_error` are never read
[INFO] [stdout]   --> api/src/main.rs:88:5
[INFO] [stdout]    |
[INFO] [stdout] 84 | struct IndexTemplate {
[INFO] [stdout]    |        ------------- fields in this struct
[INFO] [stdout] ...
[INFO] [stdout] 88 |     start_error: Option<String>,
[INFO] [stdout]    |     ^^^^^^^^^^^
[INFO] [stdout] 89 |     end_error: Option<String>,
[INFO] [stdout]    |     ^^^^^^^^^
[INFO] [stdout]    |
[INFO] [stdout]    = note: `IndexTemplate` has a derived impl for the trait `Default`, but this is intentionally ignored during dead code analysis
[INFO] [stdout]    = note: `#[warn(dead_code)]` on by default
[INFO] [stdout] 
[INFO] [stdout] 
[INFO] [stderr]     Finished `dev` profile [unoptimized + debuginfo] target(s) in 4m 22s
[INFO] running `Command { std: "docker" "inspect" "d25aeeccb762f4c7bd72aefae85fbef43bcde8fa889f915b2ed3190b551ad6ab", kill_on_drop: false }`
[INFO] running `Command { std: "docker" "rm" "-f" "d25aeeccb762f4c7bd72aefae85fbef43bcde8fa889f915b2ed3190b551ad6ab", kill_on_drop: false }`
[INFO] [stdout] d25aeeccb762f4c7bd72aefae85fbef43bcde8fa889f915b2ed3190b551ad6ab
[INFO] running `Command { std: "docker" "create" "-v" "/var/lib/crater-agent-workspace/builds/worker-7-tc2/target:/opt/rustwide/target:rw,Z" "-v" "/var/lib/crater-agent-workspace/builds/worker-7-tc2/source:/opt/rustwide/workdir:ro,Z" "-v" "/var/lib/crater-agent-workspace/cargo-home:/opt/rustwide/cargo-home:ro,Z" "-v" "/var/lib/crater-agent-workspace/rustup-home:/opt/rustwide/rustup-home:ro,Z" "-e" "SOURCE_DIR=/opt/rustwide/workdir" "-e" "CARGO_TARGET_DIR=/opt/rustwide/target" "-e" "CARGO_INCREMENTAL=0" "-e" "RUST_BACKTRACE=full" "-e" "RUSTFLAGS=--cap-lints=warn" "-e" "RUSTDOCFLAGS=--cap-lints=warn" "-e" "CARGO_HOME=/opt/rustwide/cargo-home" "-e" "RUSTUP_HOME=/opt/rustwide/rustup-home" "-w" "/opt/rustwide/workdir" "-m" "1610612736" "--user" "0:0" "--network" "none" "ghcr.io/rust-lang/crates-build-env/linux@sha256:f3a9d4ad9d972b27faf3965f35b62e55ba32bbce8f20bc8fe909558a86702fde" "/opt/rustwide/cargo-home/bin/cargo" "+beta-2024-12-08" "test" "--frozen" "--no-run" "--message-format=json", kill_on_drop: false }`
[INFO] [stdout] fe584b485175fc0e0adad9cd9f196349dc755d1a093760df041a2ab973d606db
[INFO] running `Command { std: "docker" "start" "-a" "fe584b485175fc0e0adad9cd9f196349dc755d1a093760df041a2ab973d606db", kill_on_drop: false }`
[INFO] [stderr]    Compiling crossbeam-utils v0.8.20
[INFO] [stderr]    Compiling rayon-core v1.12.1
[INFO] [stderr]    Compiling either v1.13.0
[INFO] [stdout] warning: unused import: `Hash`
[INFO] [stdout]  --> raptor/src/lib.rs:7:17
[INFO] [stdout]   |
[INFO] [stdout] 7 | use std::hash::{Hash, Hasher};
[INFO] [stdout]   |                 ^^^^
[INFO] [stdout]   |
[INFO] [stdout]   = note: `#[warn(unused_imports)]` on by default
[INFO] [stdout] 
[INFO] [stdout] 
[INFO] [stdout] warning: unused import: `Hasher`
[INFO] [stdout]  --> raptor/src/lib.rs:7:23
[INFO] [stdout]   |
[INFO] [stdout] 7 | use std::hash::{Hash, Hasher};
[INFO] [stdout]   |                       ^^^^^^
[INFO] [stdout] 
[INFO] [stdout] 
[INFO] [stdout] warning: unused borrow that must be used
[INFO] [stdout]    --> raptor/src/lib.rs:348:25
[INFO] [stdout]     |
[INFO] [stdout] 348 |                         &queue.insert(route, p);
[INFO] [stdout]     |                         ^^^^^^^^^^^^^^^^^^^^^^^ the borrow produces a value
[INFO] [stdout]     |
[INFO] [stdout]     = note: `#[warn(unused_must_use)]` on by default
[INFO] [stdout] help: use `let _ = ...` to ignore the resulting value
[INFO] [stdout]     |
[INFO] [stdout] 348 |                         let _ = &queue.insert(route, p);
[INFO] [stdout]     |                         +++++++
[INFO] [stdout] 
[INFO] [stdout] 
[INFO] [stderr]    Compiling half v2.4.1
[INFO] [stderr]    Compiling anstyle v1.0.8
[INFO] [stderr]    Compiling clap_lex v0.7.2
[INFO] [stderr]    Compiling ciborium-io v0.2.2
[INFO] [stderr]    Compiling plotters-backend v0.3.6
[INFO] [stderr]    Compiling cast v0.3.0
[INFO] [stderr]    Compiling clap_builder v4.5.17
[INFO] [stderr]    Compiling itertools v0.10.5
[INFO] [stderr]    Compiling same-file v1.0.6
[INFO] [stderr]    Compiling tinytemplate v1.2.1
[INFO] [stderr]    Compiling plotters-svg v0.3.6
[INFO] [stderr]    Compiling ciborium-ll v0.2.2
[INFO] [stderr]    Compiling walkdir v2.5.0
[INFO] [stderr]    Compiling is-terminal v0.4.13
[INFO] [stderr]    Compiling plotters v0.3.6
[INFO] [stderr]    Compiling ciborium v0.2.2
[INFO] [stderr]    Compiling oorandom v11.1.4
[INFO] [stderr]    Compiling anes v0.1.6
[INFO] [stderr]    Compiling api v0.1.0 (/opt/rustwide/workdir/api)
[INFO] [stderr]    Compiling gtfs2sql v0.1.0 (/opt/rustwide/workdir/gtfs2sql)
[INFO] [stdout] warning: unused import: `std::convert::Infallible`
[INFO] [stdout]  --> api/src/main.rs:2:5
[INFO] [stdout]   |
[INFO] [stdout] 2 | use std::convert::Infallible;
[INFO] [stdout]   |     ^^^^^^^^^^^^^^^^^^^^^^^^
[INFO] [stdout]   |
[INFO] [stdout]   = note: `#[warn(unused_imports)]` on by default
[INFO] [stdout] 
[INFO] [stdout] 
[INFO] [stdout] warning: unused imports: `current_dir` and `current_exe`
[INFO] [stdout]  --> api/src/main.rs:4:16
[INFO] [stdout]   |
[INFO] [stdout] 4 | use std::env::{current_dir, current_exe};
[INFO] [stdout]   |                ^^^^^^^^^^^  ^^^^^^^^^^^
[INFO] [stdout] 
[INFO] [stdout] 
[INFO] [stdout] warning: unused import: `Response`
[INFO] [stdout]  --> api/src/main.rs:7:19
[INFO] [stdout]   |
[INFO] [stdout] 7 | use askama_axum::{Response, Template};
[INFO] [stdout]   |                   ^^^^^^^^
[INFO] [stdout] 
[INFO] [stdout] 
[INFO] [stdout] warning: unused import: `Redirect`
[INFO] [stdout]  --> api/src/main.rs:8:42
[INFO] [stdout]   |
[INFO] [stdout] 8 | use axum::response::{Html, IntoResponse, Redirect};
[INFO] [stdout]   |                                          ^^^^^^^^
[INFO] [stdout] 
[INFO] [stdout] 
[INFO] [stdout] warning: unused import: `async_trait`
[INFO] [stdout]  --> api/src/main.rs:9:12
[INFO] [stdout]   |
[INFO] [stdout] 9 | use axum::{async_trait, Form, Router};
[INFO] [stdout]   |            ^^^^^^^^^^^
[INFO] [stdout] 
[INFO] [stdout] 
[INFO] [stdout] warning: unused imports: `FromRef`, `FromRequestParts`, and `RawQuery`
[INFO] [stdout]   --> api/src/main.rs:10:21
[INFO] [stdout]    |
[INFO] [stdout] 10 | use axum::extract::{FromRef, FromRequestParts, Query, RawQuery, State};
[INFO] [stdout]    |                     ^^^^^^^  ^^^^^^^^^^^^^^^^         ^^^^^^^^
[INFO] [stdout] 
[INFO] [stdout] 
[INFO] [stdout] warning: unused import: `axum::http::request::Parts`
[INFO] [stdout]   --> api/src/main.rs:11:5
[INFO] [stdout]    |
[INFO] [stdout] 11 | use axum::http::request::Parts;
[INFO] [stdout]    |     ^^^^^^^^^^^^^^^^^^^^^^^^^^
[INFO] [stdout] 
[INFO] [stdout] 
[INFO] [stdout] warning: unused imports: `Connection` and `named_params`
[INFO] [stdout]   --> api/src/main.rs:14:14
[INFO] [stdout]    |
[INFO] [stdout] 14 | use libsql::{named_params, Connection};
[INFO] [stdout]    |              ^^^^^^^^^^^^  ^^^^^^^^^^
[INFO] [stdout] 
[INFO] [stdout] 
[INFO] [stdout] warning: unused import: `serde::Deserialize`
[INFO] [stdout]   --> api/src/main.rs:19:5
[INFO] [stdout]    |
[INFO] [stdout] 19 | use serde::Deserialize;
[INFO] [stdout]    |     ^^^^^^^^^^^^^^^^^^
[INFO] [stdout] 
[INFO] [stdout] 
[INFO] [stdout] warning: unused imports: `Iso8601` and `Rfc3339`
[INFO] [stdout]   --> api/src/main.rs:20:44
[INFO] [stdout]    |
[INFO] [stdout] 20 | use time::format_description::well_known::{Iso8601, Rfc3339};
[INFO] [stdout]    |                                            ^^^^^^^  ^^^^^^^
[INFO] [stdout] 
[INFO] [stdout] 
[INFO] [stdout] warning: unused imports: `OffsetDateTime` and `PrimitiveDateTime`
[INFO] [stdout]   --> api/src/main.rs:21:12
[INFO] [stdout]    |
[INFO] [stdout] 21 | use time::{OffsetDateTime, PrimitiveDateTime};
[INFO] [stdout]    |            ^^^^^^^^^^^^^^  ^^^^^^^^^^^^^^^^^
[INFO] [stdout] 
[INFO] [stdout] 
[INFO] [stdout] warning: unused import: `time::format_description::well_known`
[INFO] [stdout]   --> api/src/main.rs:22:5
[INFO] [stdout]    |
[INFO] [stdout] 22 | use time::format_description::well_known;
[INFO] [stdout]    |     ^^^^^^^^^^^^^^^^^^^^^^^^^^^^^^^^^^^^
[INFO] [stdout] 
[INFO] [stdout] 
[INFO] [stdout] warning: unused imports: `RoutesData` and `StopsData`
[INFO] [stdout]   --> api/src/main.rs:24:22
[INFO] [stdout]    |
[INFO] [stdout] 24 | use raptor::shared::{RoutesData, StopsData};
[INFO] [stdout]    |                      ^^^^^^^^^^  ^^^^^^^^^
[INFO] [stdout] 
[INFO] [stdout] 
[INFO] [stdout] warning: unused imports: `GetStopsReturn`, `PartialStop`, `assemble_raptor_data`, `get_routes`, and `get_stops`
[INFO] [stdout]   --> api/src/main.rs:25:18
[INFO] [stdout]    |
[INFO] [stdout] 25 | use sql2raptor::{assemble_raptor_data, get_routes, get_stops, setup_raptor, GetStopsReturn, PartialStop, RaptorDataSet};
[INFO] [stdout]    |                  ^^^^^^^^^^^^^^^^^^^^  ^^^^^^^^^^  ^^^^^^^^^                ^^^^^^^^^^^^^^  ^^^^^^^^^^^
[INFO] [stdout] 
[INFO] [stdout] 
[INFO] [stdout] warning: unused imports: `Display` and `Formatter`
[INFO] [stdout]  --> api/src/request.rs:1:16
[INFO] [stdout]   |
[INFO] [stdout] 1 | use std::fmt::{Display, Formatter};
[INFO] [stdout]   |                ^^^^^^^  ^^^^^^^^^
[INFO] [stdout] 
[INFO] [stdout] 
[INFO] [stdout] warning: unused doc comment
[INFO] [stdout]    --> api/src/main.rs:201:21
[INFO] [stdout]     |
[INFO] [stdout] 201 | / ...   /// Count of ids has to be less than SQLITE_MAX_VARIABLE_NUMBER.
[INFO] [stdout] 202 | | ...   /// See https://www.sqlite.org/lang_expr.html#parameters
[INFO] [stdout]     | |______________________________________________________________^
[INFO] [stdout] 203 |   ...   let query_parameters = ids.iter().enumerate().map(|(index, _)| format!("?{}", index + 1)).collect::<Vec<String>>().join(", ");
[INFO] [stdout]     |         ------------------------------------------------------------------------------------------------------------------------------ rustdoc does not generate documentation for statements
[INFO] [stdout]     |
[INFO] [stdout]     = help: use `//` for a plain comment
[INFO] [stdout]     = note: `#[warn(unused_doc_comments)]` on by default
[INFO] [stdout] 
[INFO] [stdout] 
[INFO] [stdout] warning: unnecessary trailing semicolon
[INFO] [stdout]    --> api/src/main.rs:308:120
[INFO] [stdout]     |
[INFO] [stdout] 308 |                     let start_error = start_id.map_or(Some("Not found. Please try another one".to_string()), |_| None);;
[INFO] [stdout]     |                                                                                                                        ^ help: remove this semicolon
[INFO] [stdout]     |
[INFO] [stdout]     = note: `#[warn(redundant_semicolons)]` on by default
[INFO] [stdout] 
[INFO] [stdout] 
[INFO] [stdout] warning: unnecessary trailing semicolon
[INFO] [stdout]    --> api/src/main.rs:309:116
[INFO] [stdout]     |
[INFO] [stdout] 309 |                     let end_error = end_id.map_or(Some("Not found. Please try another one".to_string()), |_| None);;
[INFO] [stdout]     |                                                                                                                    ^ help: remove this semicolon
[INFO] [stdout] 
[INFO] [stdout] 
[INFO] [stderr]    Compiling crossbeam-epoch v0.9.18
[INFO] [stderr]    Compiling sql2raptor v0.1.0 (/opt/rustwide/workdir/sql2raptor)
[INFO] [stderr]    Compiling crossbeam-deque v0.8.5
[INFO] [stderr]    Compiling raptor v0.1.0 (/opt/rustwide/workdir/raptor)
[INFO] [stdout] warning: unused import: `Hash`
[INFO] [stdout]  --> raptor/src/lib.rs:7:17
[INFO] [stdout]   |
[INFO] [stdout] 7 | use std::hash::{Hash, Hasher};
[INFO] [stdout]   |                 ^^^^
[INFO] [stdout]   |
[INFO] [stdout]   = note: `#[warn(unused_imports)]` on by default
[INFO] [stdout] 
[INFO] [stdout] 
[INFO] [stdout] warning: unused import: `Hasher`
[INFO] [stdout]  --> raptor/src/lib.rs:7:23
[INFO] [stdout]   |
[INFO] [stdout] 7 | use std::hash::{Hash, Hasher};
[INFO] [stdout]   |                       ^^^^^^
[INFO] [stdout] 
[INFO] [stdout] 
[INFO] [stdout] warning: fields `start_error` and `end_error` are never read
[INFO] [stdout]   --> api/src/main.rs:88:5
[INFO] [stdout]    |
[INFO] [stdout] 84 | struct IndexTemplate {
[INFO] [stdout]    |        ------------- fields in this struct
[INFO] [stdout] ...
[INFO] [stdout] 88 |     start_error: Option<String>,
[INFO] [stdout]    |     ^^^^^^^^^^^
[INFO] [stdout] 89 |     end_error: Option<String>,
[INFO] [stdout]    |     ^^^^^^^^^
[INFO] [stdout]    |
[INFO] [stdout]    = note: `IndexTemplate` has a derived impl for the trait `Default`, but this is intentionally ignored during dead code analysis
[INFO] [stdout]    = note: `#[warn(dead_code)]` on by default
[INFO] [stdout] 
[INFO] [stdout] 
[INFO] [stdout] warning: unused borrow that must be used
[INFO] [stdout]    --> raptor/src/lib.rs:348:25
[INFO] [stdout]     |
[INFO] [stdout] 348 |                         &queue.insert(route, p);
[INFO] [stdout]     |                         ^^^^^^^^^^^^^^^^^^^^^^^ the borrow produces a value
[INFO] [stdout]     |
[INFO] [stdout]     = note: `#[warn(unused_must_use)]` on by default
[INFO] [stdout] help: use `let _ = ...` to ignore the resulting value
[INFO] [stdout]     |
[INFO] [stdout] 348 |                         let _ = &queue.insert(route, p);
[INFO] [stdout]     |                         +++++++
[INFO] [stdout] 
[INFO] [stdout] 
[INFO] [stdout] warning: type `TimeFraction` is more private than the item `ParseTimeError::InvalidPartLength::0`
[INFO] [stdout]   --> gtfs2sql/src/sql/time.rs:61:23
[INFO] [stdout]    |
[INFO] [stdout] 61 |     InvalidPartLength(TimeFraction, usize),
[INFO] [stdout]    |                       ^^^^^^^^^^^^ field `ParseTimeError::InvalidPartLength::0` is reachable at visibility `pub(crate)`
[INFO] [stdout]    |
[INFO] [stdout] note: but type `TimeFraction` is only usable at visibility `pub(self)`
[INFO] [stdout]   --> gtfs2sql/src/sql/time.rs:50:1
[INFO] [stdout]    |
[INFO] [stdout] 50 | enum TimeFraction {
[INFO] [stdout]    | ^^^^^^^^^^^^^^^^^
[INFO] [stdout]    = note: `#[warn(private_interfaces)]` on by default
[INFO] [stdout] 
[INFO] [stdout] 
[INFO] [stdout] warning: type `TimestampPart` is more private than the item `ParseTimeError::InvalidFormat::0`
[INFO] [stdout]   --> gtfs2sql/src/sql/time.rs:64:19
[INFO] [stdout]    |
[INFO] [stdout] 64 |     InvalidFormat(TimestampPart),
[INFO] [stdout]    |                   ^^^^^^^^^^^^^ field `ParseTimeError::InvalidFormat::0` is reachable at visibility `pub(crate)`
[INFO] [stdout]    |
[INFO] [stdout] note: but type `TimestampPart` is only usable at visibility `pub(self)`
[INFO] [stdout]   --> gtfs2sql/src/sql/time.rs:42:1
[INFO] [stdout]    |
[INFO] [stdout] 42 | enum TimestampPart {
[INFO] [stdout]    | ^^^^^^^^^^^^^^^^^^
[INFO] [stdout] 
[INFO] [stdout] 
[INFO] [stdout] warning: type `TimestampPart` is more private than the item `ParseTimeError::ParseIntError::0`
[INFO] [stdout]   --> gtfs2sql/src/sql/time.rs:66:19
[INFO] [stdout]    |
[INFO] [stdout] 66 |     ParseIntError(TimestampPart, ParseIntError),
[INFO] [stdout]    |                   ^^^^^^^^^^^^^ field `ParseTimeError::ParseIntError::0` is reachable at visibility `pub(crate)`
[INFO] [stdout]    |
[INFO] [stdout] note: but type `TimestampPart` is only usable at visibility `pub(self)`
[INFO] [stdout]   --> gtfs2sql/src/sql/time.rs:42:1
[INFO] [stdout]    |
[INFO] [stdout] 42 | enum TimestampPart {
[INFO] [stdout]    | ^^^^^^^^^^^^^^^^^^
[INFO] [stdout] 
[INFO] [stdout] 
[INFO] [stdout] warning: type `TimeFraction` is more private than the item `ParseTimeError::ValueOutOfRange::0`
[INFO] [stdout]   --> gtfs2sql/src/sql/time.rs:72:21
[INFO] [stdout]    |
[INFO] [stdout] 72 |     ValueOutOfRange(TimeFraction, u64),
[INFO] [stdout]    |                     ^^^^^^^^^^^^ field `ParseTimeError::ValueOutOfRange::0` is reachable at visibility `pub(crate)`
[INFO] [stdout]    |
[INFO] [stdout] note: but type `TimeFraction` is only usable at visibility `pub(self)`
[INFO] [stdout]   --> gtfs2sql/src/sql/time.rs:50:1
[INFO] [stdout]    |
[INFO] [stdout] 50 | enum TimeFraction {
[INFO] [stdout]    | ^^^^^^^^^^^^^^^^^
[INFO] [stdout] 
[INFO] [stdout] 
[INFO] [stdout] warning: trait `MapInto` is never used
[INFO] [stdout]   --> gtfs2sql/src/main.rs:47:7
[INFO] [stdout]    |
[INFO] [stdout] 47 | trait MapInto<T> {
[INFO] [stdout]    |       ^^^^^^^
[INFO] [stdout]    |
[INFO] [stdout]    = note: `#[warn(dead_code)]` on by default
[INFO] [stdout] 
[INFO] [stdout] 
[INFO] [stdout] warning: field `0` is never read
[INFO] [stdout]   --> gtfs2sql/src/main.rs:64:9
[INFO] [stdout]    |
[INFO] [stdout] 64 |     Csv(csv::Error),
[INFO] [stdout]    |     --- ^^^^^^^^^^
[INFO] [stdout]    |     |
[INFO] [stdout]    |     field in this variant
[INFO] [stdout]    |
[INFO] [stdout]    = note: `Error` has a derived impl for the trait `Debug`, but this is intentionally ignored during dead code analysis
[INFO] [stdout] help: consider changing the field to be of unit type to suppress this warning while preserving the field numbering, or remove the field
[INFO] [stdout]    |
[INFO] [stdout] 64 |     Csv(()),
[INFO] [stdout]    |         ~~
[INFO] [stdout] 
[INFO] [stdout] 
[INFO] [stdout] warning: field `0` is never read
[INFO] [stdout]   --> gtfs2sql/src/main.rs:65:9
[INFO] [stdout]    |
[INFO] [stdout] 65 |     Sql(rusqlite::Error),
[INFO] [stdout]    |     --- ^^^^^^^^^^^^^^^
[INFO] [stdout]    |     |
[INFO] [stdout]    |     field in this variant
[INFO] [stdout]    |
[INFO] [stdout]    = note: `Error` has a derived impl for the trait `Debug`, but this is intentionally ignored during dead code analysis
[INFO] [stdout] help: consider changing the field to be of unit type to suppress this warning while preserving the field numbering, or remove the field
[INFO] [stdout]    |
[INFO] [stdout] 65 |     Sql(()),
[INFO] [stdout]    |         ~~
[INFO] [stdout] 
[INFO] [stdout] 
[INFO] [stdout] warning: associated function `new` is never used
[INFO] [stdout]   --> gtfs2sql/src/sql/time.rs:23:19
[INFO] [stdout]    |
[INFO] [stdout] 22 | impl Time {
[INFO] [stdout]    | --------- associated function in this implementation
[INFO] [stdout] 23 |     pub(super) fn new(value: u64) -> Time {
[INFO] [stdout]    |                   ^^^
[INFO] [stdout] 
[INFO] [stdout] 
[INFO] [stdout] warning: field `0` is never read
[INFO] [stdout]   --> gtfs2sql/src/sql/time.rs:58:19
[INFO] [stdout]    |
[INFO] [stdout] 58 |     InvalidLength(usize),
[INFO] [stdout]    |     ------------- ^^^^^
[INFO] [stdout]    |     |
[INFO] [stdout]    |     field in this variant
[INFO] [stdout]    |
[INFO] [stdout]    = note: `ParseTimeError` has a derived impl for the trait `Debug`, but this is intentionally ignored during dead code analysis
[INFO] [stdout] help: consider changing the field to be of unit type to suppress this warning while preserving the field numbering, or remove the field
[INFO] [stdout]    |
[INFO] [stdout] 58 |     InvalidLength(()),
[INFO] [stdout]    |                   ~~
[INFO] [stdout] 
[INFO] [stdout] 
[INFO] [stdout] warning: fields `0` and `1` are never read
[INFO] [stdout]   --> gtfs2sql/src/sql/time.rs:61:23
[INFO] [stdout]    |
[INFO] [stdout] 61 |     InvalidPartLength(TimeFraction, usize),
[INFO] [stdout]    |     ----------------- ^^^^^^^^^^^^  ^^^^^
[INFO] [stdout]    |     |
[INFO] [stdout]    |     fields in this variant
[INFO] [stdout]    |
[INFO] [stdout]    = note: `ParseTimeError` has a derived impl for the trait `Debug`, but this is intentionally ignored during dead code analysis
[INFO] [stdout] help: consider changing the fields to be of unit type to suppress this warning while preserving the field numbering, or remove the fields
[INFO] [stdout]    |
[INFO] [stdout] 61 |     InvalidPartLength((), ()),
[INFO] [stdout]    |                       ~~  ~~
[INFO] [stdout] 
[INFO] [stdout] 
[INFO] [stdout] warning: field `0` is never read
[INFO] [stdout]   --> gtfs2sql/src/sql/time.rs:64:19
[INFO] [stdout]    |
[INFO] [stdout] 64 |     InvalidFormat(TimestampPart),
[INFO] [stdout]    |     ------------- ^^^^^^^^^^^^^
[INFO] [stdout]    |     |
[INFO] [stdout]    |     field in this variant
[INFO] [stdout]    |
[INFO] [stdout]    = note: `ParseTimeError` has a derived impl for the trait `Debug`, but this is intentionally ignored during dead code analysis
[INFO] [stdout] help: consider changing the field to be of unit type to suppress this warning while preserving the field numbering, or remove the field
[INFO] [stdout]    |
[INFO] [stdout] 64 |     InvalidFormat(()),
[INFO] [stdout]    |                   ~~
[INFO] [stdout] 
[INFO] [stdout] 
[INFO] [stdout] warning: fields `0` and `1` are never read
[INFO] [stdout]   --> gtfs2sql/src/sql/time.rs:66:19
[INFO] [stdout]    |
[INFO] [stdout] 66 |     ParseIntError(TimestampPart, ParseIntError),
[INFO] [stdout]    |     ------------- ^^^^^^^^^^^^^  ^^^^^^^^^^^^^
[INFO] [stdout]    |     |
[INFO] [stdout]    |     fields in this variant
[INFO] [stdout]    |
[INFO] [stdout]    = note: `ParseTimeError` has a derived impl for the trait `Debug`, but this is intentionally ignored during dead code analysis
[INFO] [stdout] help: consider changing the fields to be of unit type to suppress this warning while preserving the field numbering, or remove the fields
[INFO] [stdout]    |
[INFO] [stdout] 66 |     ParseIntError((), ()),
[INFO] [stdout]    |                   ~~  ~~
[INFO] [stdout] 
[INFO] [stdout] 
[INFO] [stdout] warning: fields `0` and `1` are never read
[INFO] [stdout]   --> gtfs2sql/src/sql/time.rs:72:21
[INFO] [stdout]    |
[INFO] [stdout] 72 |     ValueOutOfRange(TimeFraction, u64),
[INFO] [stdout]    |     --------------- ^^^^^^^^^^^^  ^^^
[INFO] [stdout]    |     |
[INFO] [stdout]    |     fields in this variant
[INFO] [stdout]    |
[INFO] [stdout]    = note: `ParseTimeError` has a derived impl for the trait `Debug`, but this is intentionally ignored during dead code analysis
[INFO] [stdout] help: consider changing the fields to be of unit type to suppress this warning while preserving the field numbering, or remove the fields
[INFO] [stdout]    |
[INFO] [stdout] 72 |     ValueOutOfRange((), ()),
[INFO] [stdout]    |                     ~~  ~~
[INFO] [stdout] 
[INFO] [stdout] 
[INFO] [stderr]    Compiling rayon v1.10.0
[INFO] [stderr]    Compiling criterion-plot v0.5.0
[INFO] [stderr]    Compiling clap v4.5.17
[INFO] [stderr]    Compiling criterion v0.5.1
[INFO] [stderr]    Compiling benchmark v0.1.0 (/opt/rustwide/workdir/benchmark)
[INFO] [stderr]     Finished `test` profile [unoptimized + debuginfo] target(s) in 28.70s
[INFO] running `Command { std: "docker" "inspect" "fe584b485175fc0e0adad9cd9f196349dc755d1a093760df041a2ab973d606db", kill_on_drop: false }`
[INFO] running `Command { std: "docker" "rm" "-f" "fe584b485175fc0e0adad9cd9f196349dc755d1a093760df041a2ab973d606db", kill_on_drop: false }`
[INFO] [stdout] fe584b485175fc0e0adad9cd9f196349dc755d1a093760df041a2ab973d606db
[INFO] running `Command { std: "docker" "create" "-v" "/var/lib/crater-agent-workspace/builds/worker-7-tc2/target:/opt/rustwide/target:rw,Z" "-v" "/var/lib/crater-agent-workspace/builds/worker-7-tc2/source:/opt/rustwide/workdir:ro,Z" "-v" "/var/lib/crater-agent-workspace/cargo-home:/opt/rustwide/cargo-home:ro,Z" "-v" "/var/lib/crater-agent-workspace/rustup-home:/opt/rustwide/rustup-home:ro,Z" "-e" "SOURCE_DIR=/opt/rustwide/workdir" "-e" "CARGO_TARGET_DIR=/opt/rustwide/target" "-e" "CARGO_INCREMENTAL=0" "-e" "RUST_BACKTRACE=full" "-e" "RUSTFLAGS=--cap-lints=warn" "-e" "RUSTDOCFLAGS=--cap-lints=warn" "-e" "CARGO_HOME=/opt/rustwide/cargo-home" "-e" "RUSTUP_HOME=/opt/rustwide/rustup-home" "-w" "/opt/rustwide/workdir" "-m" "1610612736" "--user" "0:0" "--network" "none" "ghcr.io/rust-lang/crates-build-env/linux@sha256:f3a9d4ad9d972b27faf3965f35b62e55ba32bbce8f20bc8fe909558a86702fde" "/opt/rustwide/cargo-home/bin/cargo" "+beta-2024-12-08" "test" "--frozen", kill_on_drop: false }`
[INFO] [stdout] fd5b2fa1539dd4d59e946d83c8c7cf902b3ba6173b606c43df5221f16e6e10e4
[INFO] running `Command { std: "docker" "start" "-a" "fd5b2fa1539dd4d59e946d83c8c7cf902b3ba6173b606c43df5221f16e6e10e4", kill_on_drop: false }`
[INFO] [stderr] warning: unused import: `Hash`
[INFO] [stderr]  --> raptor/src/lib.rs:7:17
[INFO] [stderr]   |
[INFO] [stderr] 7 | use std::hash::{Hash, Hasher};
[INFO] [stderr]   |                 ^^^^
[INFO] [stderr]   |
[INFO] [stderr]   = note: `#[warn(unused_imports)]` on by default
[INFO] [stderr] 
[INFO] [stderr] warning: unused import: `Hasher`
[INFO] [stderr]  --> raptor/src/lib.rs:7:23
[INFO] [stderr]   |
[INFO] [stderr] 7 | use std::hash::{Hash, Hasher};
[INFO] [stderr]   |                       ^^^^^^
[INFO] [stderr] 
[INFO] [stderr] warning: unused borrow that must be used
[INFO] [stderr]    --> raptor/src/lib.rs:348:25
[INFO] [stderr]     |
[INFO] [stderr] 348 |                         &queue.insert(route, p);
[INFO] [stderr]     |                         ^^^^^^^^^^^^^^^^^^^^^^^ the borrow produces a value
[INFO] [stderr]     |
[INFO] [stderr]     = note: `#[warn(unused_must_use)]` on by default
[INFO] [stderr] help: use `let _ = ...` to ignore the resulting value
[INFO] [stderr]     |
[INFO] [stderr] 348 |                         let _ = &queue.insert(route, p);
[INFO] [stderr]     |                         +++++++
[INFO] [stderr] 
[INFO] [stderr] warning: `raptor` (lib) generated 3 warnings (run `cargo fix --lib -p raptor` to apply 1 suggestion)
[INFO] [stderr] warning: type `TimeFraction` is more private than the item `ParseTimeError::InvalidPartLength::0`
[INFO] [stderr]   --> gtfs2sql/src/sql/time.rs:61:23
[INFO] [stderr]    |
[INFO] [stderr] 61 |     InvalidPartLength(TimeFraction, usize),
[INFO] [stderr]    |                       ^^^^^^^^^^^^ field `ParseTimeError::InvalidPartLength::0` is reachable at visibility `pub(crate)`
[INFO] [stderr]    |
[INFO] [stderr] note: but type `TimeFraction` is only usable at visibility `pub(self)`
[INFO] [stderr]   --> gtfs2sql/src/sql/time.rs:50:1
[INFO] [stderr]    |
[INFO] [stderr] 50 | enum TimeFraction {
[INFO] [stderr]    | ^^^^^^^^^^^^^^^^^
[INFO] [stderr]    = note: `#[warn(private_interfaces)]` on by default
[INFO] [stderr] 
[INFO] [stderr] warning: type `TimestampPart` is more private than the item `ParseTimeError::InvalidFormat::0`
[INFO] [stderr]   --> gtfs2sql/src/sql/time.rs:64:19
[INFO] [stderr]    |
[INFO] [stderr] 64 |     InvalidFormat(TimestampPart),
[INFO] [stderr]    |                   ^^^^^^^^^^^^^ field `ParseTimeError::InvalidFormat::0` is reachable at visibility `pub(crate)`
[INFO] [stderr]    |
[INFO] [stderr] note: but type `TimestampPart` is only usable at visibility `pub(self)`
[INFO] [stderr]   --> gtfs2sql/src/sql/time.rs:42:1
[INFO] [stderr]    |
[INFO] [stderr] 42 | enum TimestampPart {
[INFO] [stderr]    | ^^^^^^^^^^^^^^^^^^
[INFO] [stderr] 
[INFO] [stderr] warning: type `TimestampPart` is more private than the item `ParseTimeError::ParseIntError::0`
[INFO] [stderr]   --> gtfs2sql/src/sql/time.rs:66:19
[INFO] [stderr]    |
[INFO] [stderr] 66 |     ParseIntError(TimestampPart, ParseIntError),
[INFO] [stderr]    |                   ^^^^^^^^^^^^^ field `ParseTimeError::ParseIntError::0` is reachable at visibility `pub(crate)`
[INFO] [stderr]    |
[INFO] [stderr] note: but type `TimestampPart` is only usable at visibility `pub(self)`
[INFO] [stderr]   --> gtfs2sql/src/sql/time.rs:42:1
[INFO] [stderr]    |
[INFO] [stderr] 42 | enum TimestampPart {
[INFO] [stderr]    | ^^^^^^^^^^^^^^^^^^
[INFO] [stderr] 
[INFO] [stderr] warning: type `TimeFraction` is more private than the item `ParseTimeError::ValueOutOfRange::0`
[INFO] [stderr]   --> gtfs2sql/src/sql/time.rs:72:21
[INFO] [stderr]    |
[INFO] [stderr] 72 |     ValueOutOfRange(TimeFraction, u64),
[INFO] [stderr]    |                     ^^^^^^^^^^^^ field `ParseTimeError::ValueOutOfRange::0` is reachable at visibility `pub(crate)`
[INFO] [stderr]    |
[INFO] [stderr] note: but type `TimeFraction` is only usable at visibility `pub(self)`
[INFO] [stderr]   --> gtfs2sql/src/sql/time.rs:50:1
[INFO] [stderr]    |
[INFO] [stderr] 50 | enum TimeFraction {
[INFO] [stderr]    | ^^^^^^^^^^^^^^^^^
[INFO] [stderr] 
[INFO] [stderr] warning: trait `MapInto` is never used
[INFO] [stderr]   --> gtfs2sql/src/main.rs:47:7
[INFO] [stderr]    |
[INFO] [stderr] 47 | trait MapInto<T> {
[INFO] [stderr]    |       ^^^^^^^
[INFO] [stderr]    |
[INFO] [stderr]    = note: `#[warn(dead_code)]` on by default
[INFO] [stderr] 
[INFO] [stderr] warning: field `0` is never read
[INFO] [stderr]   --> gtfs2sql/src/main.rs:64:9
[INFO] [stderr]    |
[INFO] [stderr] 64 |     Csv(csv::Error),
[INFO] [stderr]    |     --- ^^^^^^^^^^
[INFO] [stderr]    |     |
[INFO] [stderr]    |     field in this variant
[INFO] [stderr]    |
[INFO] [stderr]    = note: `Error` has a derived impl for the trait `Debug`, but this is intentionally ignored during dead code analysis
[INFO] [stderr] help: consider changing the field to be of unit type to suppress this warning while preserving the field numbering, or remove the field
[INFO] [stderr]    |
[INFO] [stderr] 64 |     Csv(()),
[INFO] [stderr]    |         ~~
[INFO] [stderr] 
[INFO] [stderr] warning: field `0` is never read
[INFO] [stderr]   --> gtfs2sql/src/main.rs:65:9
[INFO] [stderr]    |
[INFO] [stderr] 65 |     Sql(rusqlite::Error),
[INFO] [stderr]    |     --- ^^^^^^^^^^^^^^^
[INFO] [stderr]    |     |
[INFO] [stderr]    |     field in this variant
[INFO] [stderr]    |
[INFO] [stderr]    = note: `Error` has a derived impl for the trait `Debug`, but this is intentionally ignored during dead code analysis
[INFO] [stderr] help: consider changing the field to be of unit type to suppress this warning while preserving the field numbering, or remove the field
[INFO] [stderr]    |
[INFO] [stderr] 65 |     Sql(()),
[INFO] [stderr]    |         ~~
[INFO] [stderr] 
[INFO] [stderr] warning: associated function `new` is never used
[INFO] [stderr]   --> gtfs2sql/src/sql/time.rs:23:19
[INFO] [stderr]    |
[INFO] [stderr] 22 | impl Time {
[INFO] [stderr]    | --------- associated function in this implementation
[INFO] [stderr] 23 |     pub(super) fn new(value: u64) -> Time {
[INFO] [stderr]    |                   ^^^
[INFO] [stderr] 
[INFO] [stderr] warning: field `0` is never read
[INFO] [stderr]   --> gtfs2sql/src/sql/time.rs:58:19
[INFO] [stderr]    |
[INFO] [stderr] 58 |     InvalidLength(usize),
[INFO] [stderr]    |     ------------- ^^^^^
[INFO] [stderr]    |     |
[INFO] [stderr]    |     field in this variant
[INFO] [stderr]    |
[INFO] [stderr]    = note: `ParseTimeError` has a derived impl for the trait `Debug`, but this is intentionally ignored during dead code analysis
[INFO] [stderr] help: consider changing the field to be of unit type to suppress this warning while preserving the field numbering, or remove the field
[INFO] [stderr]    |
[INFO] [stderr] 58 |     InvalidLength(()),
[INFO] [stderr]    |                   ~~
[INFO] [stderr] 
[INFO] [stderr] warning: fields `0` and `1` are never read
[INFO] [stderr]   --> gtfs2sql/src/sql/time.rs:61:23
[INFO] [stderr]    |
[INFO] [stderr] 61 |     InvalidPartLength(TimeFraction, usize),
[INFO] [stderr]    |     ----------------- ^^^^^^^^^^^^  ^^^^^
[INFO] [stderr]    |     |
[INFO] [stderr]    |     fields in this variant
[INFO] [stderr]    |
[INFO] [stderr]    = note: `ParseTimeError` has a derived impl for the trait `Debug`, but this is intentionally ignored during dead code analysis
[INFO] [stderr] help: consider changing the fields to be of unit type to suppress this warning while preserving the field numbering, or remove the fields
[INFO] [stderr]    |
[INFO] [stderr] 61 |     InvalidPartLength((), ()),
[INFO] [stderr]    |                       ~~  ~~
[INFO] [stderr] 
[INFO] [stderr] warning: field `0` is never read
[INFO] [stderr]   --> gtfs2sql/src/sql/time.rs:64:19
[INFO] [stderr]    |
[INFO] [stderr] 64 |     InvalidFormat(TimestampPart),
[INFO] [stderr]    |     ------------- ^^^^^^^^^^^^^
[INFO] [stderr]    |     |
[INFO] [stderr]    |     field in this variant
[INFO] [stderr]    |
[INFO] [stderr]    = note: `ParseTimeError` has a derived impl for the trait `Debug`, but this is intentionally ignored during dead code analysis
[INFO] [stderr] help: consider changing the field to be of unit type to suppress this warning while preserving the field numbering, or remove the field
[INFO] [stderr]    |
[INFO] [stderr] 64 |     InvalidFormat(()),
[INFO] [stderr]    |                   ~~
[INFO] [stderr] 
[INFO] [stderr] warning: fields `0` and `1` are never read
[INFO] [stderr]   --> gtfs2sql/src/sql/time.rs:66:19
[INFO] [stderr]    |
[INFO] [stderr] 66 |     ParseIntError(TimestampPart, ParseIntError),
[INFO] [stderr]    |     ------------- ^^^^^^^^^^^^^  ^^^^^^^^^^^^^
[INFO] [stderr]    |     |
[INFO] [stderr]    |     fields in this variant
[INFO] [stderr]    |
[INFO] [stderr]    = note: `ParseTimeError` has a derived impl for the trait `Debug`, but this is intentionally ignored during dead code analysis
[INFO] [stderr] help: consider changing the fields to be of unit type to suppress this warning while preserving the field numbering, or remove the fields
[INFO] [stderr]    |
[INFO] [stderr] 66 |     ParseIntError((), ()),
[INFO] [stderr]    |                   ~~  ~~
[INFO] [stderr] 
[INFO] [stderr] warning: fields `0` and `1` are never read
[INFO] [stderr]   --> gtfs2sql/src/sql/time.rs:72:21
[INFO] [stderr]    |
[INFO] [stderr] 72 |     ValueOutOfRange(TimeFraction, u64),
[INFO] [stderr]    |     --------------- ^^^^^^^^^^^^  ^^^
[INFO] [stderr]    |     |
[INFO] [stderr]    |     fields in this variant
[INFO] [stderr]    |
[INFO] [stderr]    = note: `ParseTimeError` has a derived impl for the trait `Debug`, but this is intentionally ignored during dead code analysis
[INFO] [stderr] help: consider changing the fields to be of unit type to suppress this warning while preserving the field numbering, or remove the fields
[INFO] [stderr]    |
[INFO] [stderr] 72 |     ValueOutOfRange((), ()),
[INFO] [stderr]    |                     ~~  ~~
[INFO] [stderr] 
[INFO] [stderr] warning: unused import: `std::convert::Infallible`
[INFO] [stderr]  --> api/src/main.rs:2:5
[INFO] [stderr]   |
[INFO] [stderr] 2 | use std::convert::Infallible;
[INFO] [stderr]   |     ^^^^^^^^^^^^^^^^^^^^^^^^
[INFO] [stderr]   |
[INFO] [stderr]   = note: `#[warn(unused_imports)]` on by default
[INFO] [stderr] 
[INFO] [stderr] warning: unused imports: `current_dir` and `current_exe`
[INFO] [stderr]  --> api/src/main.rs:4:16
[INFO] [stderr]   |
[INFO] [stderr] 4 | use std::env::{current_dir, current_exe};
[INFO] [stderr]   |                ^^^^^^^^^^^  ^^^^^^^^^^^
[INFO] [stderr] 
[INFO] [stderr] warning: unused import: `Response`
[INFO] [stderr]  --> api/src/main.rs:7:19
[INFO] [stderr]   |
[INFO] [stderr] 7 | use askama_axum::{Response, Template};
[INFO] [stderr]   |                   ^^^^^^^^
[INFO] [stderr] 
[INFO] [stderr] warning: unused import: `Redirect`
[INFO] [stderr]  --> api/src/main.rs:8:42
[INFO] [stderr]   |
[INFO] [stderr] 8 | use axum::response::{Html, IntoResponse, Redirect};
[INFO] [stderr]   |                                          ^^^^^^^^
[INFO] [stderr] 
[INFO] [stderr] warning: unused import: `async_trait`
[INFO] [stderr]  --> api/src/main.rs:9:12
[INFO] [stderr]   |
[INFO] [stderr] 9 | use axum::{async_trait, Form, Router};
[INFO] [stderr]   |            ^^^^^^^^^^^
[INFO] [stderr] 
[INFO] [stderr] warning: unused imports: `FromRef`, `FromRequestParts`, and `RawQuery`
[INFO] [stderr]   --> api/src/main.rs:10:21
[INFO] [stderr]    |
[INFO] [stderr] 10 | use axum::extract::{FromRef, FromRequestParts, Query, RawQuery, State};
[INFO] [stderr]    |                     ^^^^^^^  ^^^^^^^^^^^^^^^^         ^^^^^^^^
[INFO] [stderr] 
[INFO] [stderr] warning: unused import: `axum::http::request::Parts`
[INFO] [stderr]   --> api/src/main.rs:11:5
[INFO] [stderr]    |
[INFO] [stderr] 11 | use axum::http::request::Parts;
[INFO] [stderr]    |     ^^^^^^^^^^^^^^^^^^^^^^^^^^
[INFO] [stderr] 
[INFO] [stderr] warning: unused imports: `Connection` and `named_params`
[INFO] [stderr]   --> api/src/main.rs:14:14
[INFO] [stderr]    |
[INFO] [stderr] 14 | use libsql::{named_params, Connection};
[INFO] [stderr]    |              ^^^^^^^^^^^^  ^^^^^^^^^^
[INFO] [stderr] 
[INFO] [stderr] warning: unused import: `serde::Deserialize`
[INFO] [stderr]   --> api/src/main.rs:19:5
[INFO] [stderr]    |
[INFO] [stderr] 19 | use serde::Deserialize;
[INFO] [stderr]    |     ^^^^^^^^^^^^^^^^^^
[INFO] [stderr] 
[INFO] [stderr] warning: unused imports: `Iso8601` and `Rfc3339`
[INFO] [stderr]   --> api/src/main.rs:20:44
[INFO] [stderr]    |
[INFO] [stderr] 20 | use time::format_description::well_known::{Iso8601, Rfc3339};
[INFO] [stderr]    |                                            ^^^^^^^  ^^^^^^^
[INFO] [stderr] 
[INFO] [stderr] warning: unused imports: `OffsetDateTime` and `PrimitiveDateTime`
[INFO] [stderr]   --> api/src/main.rs:21:12
[INFO] [stderr]    |
[INFO] [stderr] 21 | use time::{OffsetDateTime, PrimitiveDateTime};
[INFO] [stderr]    |            ^^^^^^^^^^^^^^  ^^^^^^^^^^^^^^^^^
[INFO] [stderr] 
[INFO] [stderr] warning: unused import: `time::format_description::well_known`
[INFO] [stderr]   --> api/src/main.rs:22:5
[INFO] [stderr]    |
[INFO] [stderr] 22 | use time::format_description::well_known;
[INFO] [stderr]    |     ^^^^^^^^^^^^^^^^^^^^^^^^^^^^^^^^^^^^
[INFO] [stderr] 
[INFO] [stderr] warning: unused imports: `RoutesData` and `StopsData`
[INFO] [stderr]   --> api/src/main.rs:24:22
[INFO] [stderr]    |
[INFO] [stderr] 24 | use raptor::shared::{RoutesData, StopsData};
[INFO] [stderr]    |                      ^^^^^^^^^^  ^^^^^^^^^
[INFO] [stderr] 
[INFO] [stderr] warning: unused imports: `GetStopsReturn`, `PartialStop`, `assemble_raptor_data`, `get_routes`, and `get_stops`
[INFO] [stderr]   --> api/src/main.rs:25:18
[INFO] [stderr]    |
[INFO] [stderr] 25 | use sql2raptor::{assemble_raptor_data, get_routes, get_stops, setup_raptor, GetStopsReturn, PartialStop, RaptorDataSet};
[INFO] [stderr]    |                  ^^^^^^^^^^^^^^^^^^^^  ^^^^^^^^^^  ^^^^^^^^^                ^^^^^^^^^^^^^^  ^^^^^^^^^^^
[INFO] [stderr] 
[INFO] [stderr] warning: unused imports: `Display` and `Formatter`
[INFO] [stderr]  --> api/src/request.rs:1:16
[INFO] [stderr]   |
[INFO] [stderr] 1 | use std::fmt::{Display, Formatter};
[INFO] [stderr]   |                ^^^^^^^  ^^^^^^^^^
[INFO] [stderr] 
[INFO] [stderr] warning: unused doc comment
[INFO] [stderr]    --> api/src/main.rs:201:21
[INFO] [stderr]     |
[INFO] [stderr] 201 | / ...   /// Count of ids has to be less than SQLITE_MAX_VARIABLE_NUMBER.
[INFO] [stderr] 202 | | ...   /// See https://www.sqlite.org/lang_expr.html#parameters
[INFO] [stderr]     | |______________________________________________________________^
[INFO] [stderr] 203 |   ...   let query_parameters = ids.iter().enumerate().map(|(index, _)| format!("?{}", index + 1)).collect::<Vec<String>>().join(", ");
[INFO] [stderr]     |         ------------------------------------------------------------------------------------------------------------------------------ rustdoc does not generate documentation for statements
[INFO] [stderr]     |
[INFO] [stderr]     = help: use `//` for a plain comment
[INFO] [stderr]     = note: `#[warn(unused_doc_comments)]` on by default
[INFO] [stderr] 
[INFO] [stderr] warning: unnecessary trailing semicolon
[INFO] [stderr]    --> api/src/main.rs:308:120
[INFO] [stderr]     |
[INFO] [stderr] 308 |                     let start_error = start_id.map_or(Some("Not found. Please try another one".to_string()), |_| None);;
[INFO] [stderr]     |                                                                                                                        ^ help: remove this semicolon
[INFO] [stderr]     |
[INFO] [stderr]     = note: `#[warn(redundant_semicolons)]` on by default
[INFO] [stderr] 
[INFO] [stderr] warning: unnecessary trailing semicolon
[INFO] [stderr]    --> api/src/main.rs:309:116
[INFO] [stderr]     |
[INFO] [stderr] 309 |                     let end_error = end_id.map_or(Some("Not found. Please try another one".to_string()), |_| None);;
[INFO] [stderr]     |                                                                                                                    ^ help: remove this semicolon
[INFO] [stderr] 
[INFO] [stderr] warning: fields `start_error` and `end_error` are never read
[INFO] [stderr]   --> api/src/main.rs:88:5
[INFO] [stderr]    |
[INFO] [stderr] 84 | struct IndexTemplate {
[INFO] [stderr]    |        ------------- fields in this struct
[INFO] [stderr] ...
[INFO] [stderr] 88 |     start_error: Option<String>,
[INFO] [stderr]    |     ^^^^^^^^^^^
[INFO] [stderr] 89 |     end_error: Option<String>,
[INFO] [stderr]    |     ^^^^^^^^^
[INFO] [stderr]    |
[INFO] [stderr]    = note: `IndexTemplate` has a derived impl for the trait `Default`, but this is intentionally ignored during dead code analysis
[INFO] [stderr]    = note: `#[warn(dead_code)]` on by default
[INFO] [stderr] 
[INFO] [stderr] warning: `gtfs2sql` (bin "gtfs2sql" test) generated 13 warnings
[INFO] [stderr] warning: `api` (bin "api" test) generated 19 warnings (run `cargo fix --bin "api" --tests` to apply 15 suggestions)
[INFO] [stderr] warning: `raptor` (lib test) generated 3 warnings (3 duplicates)
[INFO] [stderr]     Finished `test` profile [unoptimized + debuginfo] target(s) in 0.32s
[INFO] [stderr]      Running unittests src/main.rs (/opt/rustwide/target/debug/deps/api-9fc620f180dfa829)
[INFO] [stdout] 
[INFO] [stdout] running 0 tests
[INFO] [stdout] 
[INFO] [stdout] test result: ok. 0 passed; 0 failed; 0 ignored; 0 measured; 0 filtered out; finished in 0.00s
[INFO] [stdout] 
[INFO] [stderr]      Running unittests src/lib.rs (/opt/rustwide/target/debug/deps/benchmark-04e5de1f8ed13310)
[INFO] [stdout] 
[INFO] [stdout] running 0 tests
[INFO] [stdout] 
[INFO] [stdout] test result: ok. 0 passed; 0 failed; 0 ignored; 0 measured; 0 filtered out; finished in 0.00s
[INFO] [stdout] 
[INFO] [stderr]      Running unittests src/main.rs (/opt/rustwide/target/debug/deps/gtfs2sql-207181044be9cdbe)
[INFO] [stdout] 
[INFO] [stdout] running 3 tests
[INFO] [stdout] test sql::time::tests::time_from_string ... ok
[INFO] [stdout] test sql::time::tests::equals ... ok
[INFO] [stdout] test sql::time::tests::can_not_parse_invalid_time ... ok
[INFO] [stdout] 
[INFO] [stdout] test result: ok. 3 passed; 0 failed; 0 ignored; 0 measured; 0 filtered out; finished in 0.01s
[INFO] [stdout] 
[INFO] [stderr]      Running unittests src/lib.rs (/opt/rustwide/target/debug/deps/raptor-c5a334b6d4aa4ebf)
[INFO] [stdout] 
[INFO] [stdout] running 2 tests
[INFO] [stdout] test huh ... ok
[INFO] [stdout] test format_time ... FAILED
[INFO] [stdout] 
[INFO] [stdout] failures:
[INFO] [stdout] 
[INFO] [stdout] ---- format_time stdout ----
[INFO] [stdout] thread 'format_time' panicked at raptor/src/lib.rs:98:5:
[INFO] [stdout] assertion `left == right` failed
[INFO] [stdout]   left: "Time 69:4:20"
[INFO] [stdout]  right: "69:4:20"
[INFO] [stdout] stack backtrace:
[INFO] [stdout]    0:     0x635cedb5cdea - std::backtrace_rs::backtrace::libunwind::trace::h8810477743020387
[INFO] [stdout]                                at /rustc/202008a1b8de96d2e5b6bc02d379db03a877d34d/library/std/src/../../backtrace/src/backtrace/libunwind.rs:116:5
[INFO] [stdout]    1:     0x635cedb5cdea - std::backtrace_rs::backtrace::trace_unsynchronized::h3aa55355dd6c54a6
[INFO] [stdout]                                at /rustc/202008a1b8de96d2e5b6bc02d379db03a877d34d/library/std/src/../../backtrace/src/backtrace/mod.rs:66:5
[INFO] [stdout]    2:     0x635cedb5cdea - std::sys::backtrace::_print_fmt::h8588b0f62410823f
[INFO] [stdout]                                at /rustc/202008a1b8de96d2e5b6bc02d379db03a877d34d/library/std/src/sys/backtrace.rs:66:9
[INFO] [stdout]    3:     0x635cedb5cdea - <std::sys::backtrace::BacktraceLock::print::DisplayBacktrace as core::fmt::Display>::fmt::h98c26ac25ffe89bb
[INFO] [stdout]                                at /rustc/202008a1b8de96d2e5b6bc02d379db03a877d34d/library/std/src/sys/backtrace.rs:39:26
[INFO] [stdout]    4:     0x635cedb82823 - core::fmt::rt::Argument::fmt::hf95377f4aebd453b
[INFO] [stdout]                                at /rustc/202008a1b8de96d2e5b6bc02d379db03a877d34d/library/core/src/fmt/rt.rs:177:76
[INFO] [stdout]    5:     0x635cedb82823 - core::fmt::write::h0dd5f6e2238c7982
[INFO] [stderr] error: test failed, to rerun pass `-p raptor --lib`
[INFO] [stdout]                                at /rustc/202008a1b8de96d2e5b6bc02d379db03a877d34d/library/core/src/fmt/mod.rs:1189:21
[INFO] [stdout]    6:     0x635cedb59f83 - std::io::Write::write_fmt::h03bb0ca26e6faf8c
[INFO] [stdout]                                at /rustc/202008a1b8de96d2e5b6bc02d379db03a877d34d/library/std/src/io/mod.rs:1884:15
[INFO] [stdout]    7:     0x635cedb5cc32 - std::sys::backtrace::BacktraceLock::print::h5c19c1c038ee186d
[INFO] [stdout]                                at /rustc/202008a1b8de96d2e5b6bc02d379db03a877d34d/library/std/src/sys/backtrace.rs:42:9
[INFO] [stdout]    8:     0x635cedb5e26d - std::panicking::default_hook::{{closure}}::h77172f079a1fcb13
[INFO] [stdout]                                at /rustc/202008a1b8de96d2e5b6bc02d379db03a877d34d/library/std/src/panicking.rs:268:22
[INFO] [stdout]    9:     0x635cedb5e077 - std::panicking::default_hook::he5f8e3b203ccddba
[INFO] [stdout]                                at /rustc/202008a1b8de96d2e5b6bc02d379db03a877d34d/library/std/src/panicking.rs:292:9
[INFO] [stdout]   10:     0x635cedb279a7 - <alloc::boxed::Box<F,A> as core::ops::function::Fn<Args>>::call::h7a3c7b4a1ae77f2f
[INFO] [stdout]                                at /rustc/202008a1b8de96d2e5b6bc02d379db03a877d34d/library/alloc/src/boxed.rs:1986:9
[INFO] [stdout]   11:     0x635cedb279a7 - test::test_main::{{closure}}::hf0d3b69ae9b353d1
[INFO] [stdout]                                at /rustc/202008a1b8de96d2e5b6bc02d379db03a877d34d/library/test/src/lib.rs:134:21
[INFO] [stdout]   12:     0x635cedb5e918 - <alloc::boxed::Box<F,A> as core::ops::function::Fn<Args>>::call::h6332e82e7b189abd
[INFO] [stdout]                                at /rustc/202008a1b8de96d2e5b6bc02d379db03a877d34d/library/alloc/src/boxed.rs:1986:9
[INFO] [stdout]   13:     0x635cedb5e918 - std::panicking::rust_panic_with_hook::h53863d4e9018df39
[INFO] [stdout]                                at /rustc/202008a1b8de96d2e5b6bc02d379db03a877d34d/library/std/src/panicking.rs:809:13
[INFO] [stdout]   14:     0x635cedb5e6da - std::panicking::begin_panic_handler::{{closure}}::h67280e6fa0757873
[INFO] [stdout]                                at /rustc/202008a1b8de96d2e5b6bc02d379db03a877d34d/library/std/src/panicking.rs:674:13
[INFO] [stdout]   15:     0x635cedb5d2c9 - std::sys::backtrace::__rust_end_short_backtrace::h1dac3f54d6fbbeb2
[INFO] [stdout]                                at /rustc/202008a1b8de96d2e5b6bc02d379db03a877d34d/library/std/src/sys/backtrace.rs:170:18
[INFO] [stdout]   16:     0x635cedb5e36c - rust_begin_unwind
[INFO] [stdout]                                at /rustc/202008a1b8de96d2e5b6bc02d379db03a877d34d/library/std/src/panicking.rs:665:5
[INFO] [stdout]   17:     0x635cedaeba90 - core::panicking::panic_fmt::h6792bd1b2bf01041
[INFO] [stdout]                                at /rustc/202008a1b8de96d2e5b6bc02d379db03a877d34d/library/core/src/panicking.rs:76:14
[INFO] [stdout]   18:     0x635cedaebdbb - core::panicking::assert_failed_inner::hf2c17e6d30928787
[INFO] [stdout]   19:     0x635cedaecec2 - core::panicking::assert_failed::h10b2edfc0b7ad9d3
[INFO] [stdout]                                at /rustc/202008a1b8de96d2e5b6bc02d379db03a877d34d/library/core/src/panicking.rs:373:5
[INFO] [stdout]   20:     0x635cedaee01f - raptor::format_time::h1e0da083fd9dfccc
[INFO] [stdout]                                at /opt/rustwide/workdir/raptor/src/lib.rs:98:5
[INFO] [stdout]   21:     0x635cedaedb77 - raptor::format_time::{{closure}}::had2bb24aa22019c5
[INFO] [stdout]                                at /opt/rustwide/workdir/raptor/src/lib.rs:82:17
[INFO] [stdout]   22:     0x635cedaeca06 - core::ops::function::FnOnce::call_once::h4c6358506681b4ad
[INFO] [stdout]                                at /rustc/202008a1b8de96d2e5b6bc02d379db03a877d34d/library/core/src/ops/function.rs:250:5
[INFO] [stdout]   23:     0x635cedb2c4cb - core::ops::function::FnOnce::call_once::h871bf86719ec9aa4
[INFO] [stdout]                                at /rustc/202008a1b8de96d2e5b6bc02d379db03a877d34d/library/core/src/ops/function.rs:250:5
[INFO] [stdout]   24:     0x635cedb2c4cb - test::__rust_begin_short_backtrace::h2167df1e2b7d76fd
[INFO] [stdout]                                at /rustc/202008a1b8de96d2e5b6bc02d379db03a877d34d/library/test/src/lib.rs:632:18
[INFO] [stdout]   25:     0x635cedb2beb8 - test::run_test_in_process::{{closure}}::h15d92f75a3adfb79
[INFO] [stdout]                                at /rustc/202008a1b8de96d2e5b6bc02d379db03a877d34d/library/test/src/lib.rs:655:60
[INFO] [stdout]   26:     0x635cedb2beb8 - <core::panic::unwind_safe::AssertUnwindSafe<F> as core::ops::function::FnOnce<()>>::call_once::hb6c8955835a8dbbb
[INFO] [stdout]                                at /rustc/202008a1b8de96d2e5b6bc02d379db03a877d34d/library/core/src/panic/unwind_safe.rs:272:9
[INFO] [stdout]   27:     0x635cedb2beb8 - std::panicking::try::do_call::hc79d0fc888a0bd30
[INFO] [stdout]                                at /rustc/202008a1b8de96d2e5b6bc02d379db03a877d34d/library/std/src/panicking.rs:557:40
[INFO] [stdout]   28:     0x635cedb2beb8 - std::panicking::try::hb8a7878e3a8589d6
[INFO] [stdout]                                at /rustc/202008a1b8de96d2e5b6bc02d379db03a877d34d/library/std/src/panicking.rs:520:19
[INFO] [stdout]   29:     0x635cedb2beb8 - std::panic::catch_unwind::hb8e4600ff0ff5cfa
[INFO] [stdout]                                at /rustc/202008a1b8de96d2e5b6bc02d379db03a877d34d/library/std/src/panic.rs:358:14
[INFO] [stdout]   30:     0x635cedb2beb8 - test::run_test_in_process::hc2900b0b18688dd6
[INFO] [stdout]                                at /rustc/202008a1b8de96d2e5b6bc02d379db03a877d34d/library/test/src/lib.rs:655:27
[INFO] [stdout]   31:     0x635cedb2beb8 - test::run_test::{{closure}}::hac2a9cb07be3d48d
[INFO] [stdout]                                at /rustc/202008a1b8de96d2e5b6bc02d379db03a877d34d/library/test/src/lib.rs:576:43
[INFO] [stdout]   32:     0x635cedaef95a - test::run_test::{{closure}}::h4a5b729e66a38cd8
[INFO] [stdout]                                at /rustc/202008a1b8de96d2e5b6bc02d379db03a877d34d/library/test/src/lib.rs:606:41
[INFO] [stdout]   33:     0x635cedaef95a - std::sys::backtrace::__rust_begin_short_backtrace::h0496fb742492f573
[INFO] [stdout]                                at /rustc/202008a1b8de96d2e5b6bc02d379db03a877d34d/library/std/src/sys/backtrace.rs:154:18
[INFO] [stdout]   34:     0x635cedaf32d4 - std::thread::Builder::spawn_unchecked_::{{closure}}::{{closure}}::hbb6d257c550a54bd
[INFO] [stdout]                                at /rustc/202008a1b8de96d2e5b6bc02d379db03a877d34d/library/std/src/thread/mod.rs:561:17
[INFO] [stdout]   35:     0x635cedaf32d4 - <core::panic::unwind_safe::AssertUnwindSafe<F> as core::ops::function::FnOnce<()>>::call_once::h46696fe4a6832328
[INFO] [stdout]                                at /rustc/202008a1b8de96d2e5b6bc02d379db03a877d34d/library/core/src/panic/unwind_safe.rs:272:9
[INFO] [stdout]   36:     0x635cedaf32d4 - std::panicking::try::do_call::h2625a51b667bfb64
[INFO] [stdout]                                at /rustc/202008a1b8de96d2e5b6bc02d379db03a877d34d/library/std/src/panicking.rs:557:40
[INFO] [stdout]   37:     0x635cedaf32d4 - std::panicking::try::hb956a59a1973aa4c
[INFO] [stdout]                                at /rustc/202008a1b8de96d2e5b6bc02d379db03a877d34d/library/std/src/panicking.rs:520:19
[INFO] [stdout]   38:     0x635cedaf32d4 - std::panic::catch_unwind::h64f3b9d1067ef6a0
[INFO] [stdout]                                at /rustc/202008a1b8de96d2e5b6bc02d379db03a877d34d/library/std/src/panic.rs:358:14
[INFO] [stdout]   39:     0x635cedaf32d4 - std::thread::Builder::spawn_unchecked_::{{closure}}::h42b2841295b6c0b2
[INFO] [stdout]                                at /rustc/202008a1b8de96d2e5b6bc02d379db03a877d34d/library/std/src/thread/mod.rs:559:30
[INFO] [stdout]   40:     0x635cedaf32d4 - core::ops::function::FnOnce::call_once{{vtable.shim}}::h6127de71b8124639
[INFO] [stdout]                                at /rustc/202008a1b8de96d2e5b6bc02d379db03a877d34d/library/core/src/ops/function.rs:250:5
[INFO] [stdout]   41:     0x635cedb6285b - <alloc::boxed::Box<F,A> as core::ops::function::FnOnce<Args>>::call_once::h42f0ba71002a1b2c
[INFO] [stdout]                                at /rustc/202008a1b8de96d2e5b6bc02d379db03a877d34d/library/alloc/src/boxed.rs:1972:9
[INFO] [stdout]   42:     0x635cedb6285b - <alloc::boxed::Box<F,A> as core::ops::function::FnOnce<Args>>::call_once::had9e47d7a3dcecb8
[INFO] [stdout]                                at /rustc/202008a1b8de96d2e5b6bc02d379db03a877d34d/library/alloc/src/boxed.rs:1972:9
[INFO] [stdout]   43:     0x635cedb6285b - std::sys::pal::unix::thread::Thread::new::thread_start::h48cf765408f6f5f2
[INFO] [stdout]                                at /rustc/202008a1b8de96d2e5b6bc02d379db03a877d34d/library/std/src/sys/pal/unix/thread.rs:105:17
[INFO] [stdout]   44:     0x73a729a28ac3 - <unknown>
[INFO] [stdout]   45:     0x73a729ab9a04 - clone
[INFO] [stdout]   46:                0x0 - <unknown>
[INFO] [stdout] 
[INFO] [stdout] 
[INFO] [stdout] failures:
[INFO] [stdout]     format_time
[INFO] [stdout] 
[INFO] [stdout] test result: FAILED. 1 passed; 1 failed; 0 ignored; 0 measured; 0 filtered out; finished in 0.02s
[INFO] [stdout] 
[INFO] running `Command { std: "docker" "inspect" "fd5b2fa1539dd4d59e946d83c8c7cf902b3ba6173b606c43df5221f16e6e10e4", kill_on_drop: false }`
[INFO] running `Command { std: "docker" "rm" "-f" "fd5b2fa1539dd4d59e946d83c8c7cf902b3ba6173b606c43df5221f16e6e10e4", kill_on_drop: false }`
[INFO] [stdout] fd5b2fa1539dd4d59e946d83c8c7cf902b3ba6173b606c43df5221f16e6e10e4
