[INFO] cloning repository https://github.com/SandWoodJones/password_game
[INFO] running `Command { std: "git" "-c" "credential.helper=" "-c" "credential.helper=/workspace/cargo-home/bin/git-credential-null" "clone" "--bare" "https://github.com/SandWoodJones/password_game" "/workspace/cache/git-repos/https%3A%2F%2Fgithub.com%2FSandWoodJones%2Fpassword_game", kill_on_drop: false }`
[INFO] [stderr] Cloning into bare repository '/workspace/cache/git-repos/https%3A%2F%2Fgithub.com%2FSandWoodJones%2Fpassword_game'...
[INFO] running `Command { std: "git" "rev-parse" "HEAD", kill_on_drop: false }`
[INFO] [stdout] 51391e7fa6eb9f0af8f4e8801fe5675a22fb74fd
[INFO] testing SandWoodJones/password_game against 1.83.0 for beta-1.84.0-4-retry
[INFO] running `Command { std: "git" "clone" "/workspace/cache/git-repos/https%3A%2F%2Fgithub.com%2FSandWoodJones%2Fpassword_game" "/workspace/builds/worker-0-tc1/source", kill_on_drop: false }`
[INFO] [stderr] Cloning into '/workspace/builds/worker-0-tc1/source'...
[INFO] [stderr] done.
[INFO] validating manifest of git repo https://github.com/SandWoodJones/password_game on toolchain 1.83.0
[INFO] running `Command { std: CARGO_HOME="/workspace/cargo-home" RUSTUP_HOME="/workspace/rustup-home" "/workspace/cargo-home/bin/cargo" "+1.83.0" "metadata" "--manifest-path" "Cargo.toml" "--no-deps", kill_on_drop: false }`
[INFO] started tweaking git repo https://github.com/SandWoodJones/password_game
[INFO] finished tweaking git repo https://github.com/SandWoodJones/password_game
[INFO] tweaked toml for git repo https://github.com/SandWoodJones/password_game written to /workspace/builds/worker-0-tc1/source/Cargo.toml
[INFO] crate git repo https://github.com/SandWoodJones/password_game already has a lockfile, it will not be regenerated
[INFO] running `Command { std: CARGO_HOME="/workspace/cargo-home" RUSTUP_HOME="/workspace/rustup-home" "/workspace/cargo-home/bin/cargo" "+1.83.0" "fetch" "--manifest-path" "Cargo.toml", kill_on_drop: false }`
[INFO] [stderr]     Updating crates.io index
[INFO] [stderr]  Downloading crates ...
[INFO] [stderr]   Downloaded cc v1.0.100
[INFO] [stderr]   Downloaded build_html v2.4.0
[INFO] [stderr]   Downloaded moontool v0.3.1
[INFO] running `Command { std: "docker" "create" "-v" "/var/lib/crater-agent-workspace/builds/worker-0-tc1/target:/opt/rustwide/target:rw,Z" "-v" "/var/lib/crater-agent-workspace/builds/worker-0-tc1/source:/opt/rustwide/workdir:ro,Z" "-v" "/var/lib/crater-agent-workspace/cargo-home:/opt/rustwide/cargo-home:ro,Z" "-v" "/var/lib/crater-agent-workspace/rustup-home:/opt/rustwide/rustup-home:ro,Z" "-e" "SOURCE_DIR=/opt/rustwide/workdir" "-e" "CARGO_TARGET_DIR=/opt/rustwide/target" "-e" "CARGO_HOME=/opt/rustwide/cargo-home" "-e" "RUSTUP_HOME=/opt/rustwide/rustup-home" "-w" "/opt/rustwide/workdir" "-m" "1610612736" "--user" "0:0" "--network" "none" "ghcr.io/rust-lang/crates-build-env/linux@sha256:f3a9d4ad9d972b27faf3965f35b62e55ba32bbce8f20bc8fe909558a86702fde" "/opt/rustwide/cargo-home/bin/cargo" "+1.83.0" "metadata" "--no-deps" "--format-version=1", kill_on_drop: false }`
[INFO] [stdout] e8567fa8c37dc4fb563d1705f8d5722b07b745a06fc186114ff5517013993ee4
[INFO] running `Command { std: "docker" "start" "-a" "e8567fa8c37dc4fb563d1705f8d5722b07b745a06fc186114ff5517013993ee4", kill_on_drop: false }`
[INFO] running `Command { std: "docker" "inspect" "e8567fa8c37dc4fb563d1705f8d5722b07b745a06fc186114ff5517013993ee4", kill_on_drop: false }`
[INFO] running `Command { std: "docker" "rm" "-f" "e8567fa8c37dc4fb563d1705f8d5722b07b745a06fc186114ff5517013993ee4", kill_on_drop: false }`
[INFO] [stdout] e8567fa8c37dc4fb563d1705f8d5722b07b745a06fc186114ff5517013993ee4
[INFO] running `Command { std: "docker" "create" "-v" "/var/lib/crater-agent-workspace/builds/worker-0-tc1/target:/opt/rustwide/target:rw,Z" "-v" "/var/lib/crater-agent-workspace/builds/worker-0-tc1/source:/opt/rustwide/workdir:ro,Z" "-v" "/var/lib/crater-agent-workspace/cargo-home:/opt/rustwide/cargo-home:ro,Z" "-v" "/var/lib/crater-agent-workspace/rustup-home:/opt/rustwide/rustup-home:ro,Z" "-e" "SOURCE_DIR=/opt/rustwide/workdir" "-e" "CARGO_TARGET_DIR=/opt/rustwide/target" "-e" "CARGO_INCREMENTAL=0" "-e" "RUST_BACKTRACE=full" "-e" "RUSTFLAGS=--cap-lints=warn" "-e" "RUSTDOCFLAGS=--cap-lints=warn" "-e" "CARGO_HOME=/opt/rustwide/cargo-home" "-e" "RUSTUP_HOME=/opt/rustwide/rustup-home" "-w" "/opt/rustwide/workdir" "-m" "1610612736" "--user" "0:0" "--network" "none" "ghcr.io/rust-lang/crates-build-env/linux@sha256:f3a9d4ad9d972b27faf3965f35b62e55ba32bbce8f20bc8fe909558a86702fde" "/opt/rustwide/cargo-home/bin/cargo" "+1.83.0" "build" "--frozen" "--message-format=json", kill_on_drop: false }`
[INFO] [stdout] a027daa7da79d72bb3712892aab930a5c74094406bcbc1a6aef9859e905a78c5
[INFO] running `Command { std: "docker" "start" "-a" "a027daa7da79d72bb3712892aab930a5c74094406bcbc1a6aef9859e905a78c5", kill_on_drop: false }`
[INFO] [stderr] warning: password_game v0.1.0 (/opt/rustwide/workdir) ignoring invalid dependency `chess_engine` which is missing a lib target
[INFO] [stderr]    Compiling libc v0.2.155
[INFO] [stderr]    Compiling proc-macro2 v1.0.86
[INFO] [stderr]    Compiling unicode-ident v1.0.12
[INFO] [stderr]    Compiling autocfg v1.3.0
[INFO] [stderr]    Compiling pin-project-lite v0.2.14
[INFO] [stderr]    Compiling cc v1.0.100
[INFO] [stderr]    Compiling cfg-if v1.0.0
[INFO] [stderr]    Compiling vcpkg v0.2.15
[INFO] [stderr]    Compiling pkg-config v0.3.30
[INFO] [stderr]    Compiling bytes v1.6.0
[INFO] [stderr]    Compiling itoa v1.0.11
[INFO] [stderr]    Compiling memchr v2.7.4
[INFO] [stderr]    Compiling slab v0.4.9
[INFO] [stderr]    Compiling futures-core v0.3.30
[INFO] [stderr]    Compiling futures-sink v0.3.30
[INFO] [stderr]    Compiling once_cell v1.19.0
[INFO] [stderr]    Compiling socket2 v0.5.7
[INFO] [stderr]    Compiling mio v0.8.11
[INFO] [stderr]    Compiling fnv v1.0.7
[INFO] [stderr]    Compiling quote v1.0.36
[INFO] [stderr]    Compiling pin-utils v0.1.0
[INFO] [stderr]    Compiling futures-task v0.3.30
[INFO] [stderr]    Compiling futures-io v0.3.30
[INFO] [stderr]    Compiling bitflags v2.5.0
[INFO] [stderr]    Compiling http v1.1.0
[INFO] [stderr]    Compiling futures-util v0.3.30
[INFO] [stderr]    Compiling syn v2.0.68
[INFO] [stderr]    Compiling httparse v1.9.4
[INFO] [stderr]    Compiling foreign-types-shared v0.1.1
[INFO] [stderr]    Compiling openssl v0.10.64
[INFO] [stderr]    Compiling tokio v1.38.0
[INFO] [stderr]    Compiling foreign-types v0.3.2
[INFO] [stderr]    Compiling native-tls v0.2.12
[INFO] [stderr]    Compiling serde v1.0.203
[INFO] [stderr]    Compiling openssl-sys v0.9.102
[INFO] [stderr]    Compiling tinyvec_macros v0.1.1
[INFO] [stderr]    Compiling try-lock v0.2.5
[INFO] [stderr]    Compiling want v0.3.1
[INFO] [stderr]    Compiling tinyvec v1.6.0
[INFO] [stderr]    Compiling tracing-core v0.1.32
[INFO] [stderr]    Compiling http-body v1.0.0
[INFO] [stderr]    Compiling futures-channel v0.3.30
[INFO] [stderr]    Compiling log v0.4.21
[INFO] [stderr]    Compiling tower-layer v0.3.2
[INFO] [stderr]    Compiling tower-service v0.3.2
[INFO] [stderr]    Compiling smallvec v1.13.2
[INFO] [stderr]    Compiling percent-encoding v2.3.1
[INFO] [stderr]    Compiling openssl-probe v0.1.5
[INFO] [stderr]    Compiling unicode-normalization v0.1.23
[INFO] [stderr]    Compiling form_urlencoded v1.2.1
[INFO] [stderr]    Compiling tracing v0.1.40
[INFO] [stderr]    Compiling getrandom v0.2.15
[INFO] [stderr]    Compiling num-traits v0.2.19
[INFO] [stderr]    Compiling ryu v1.0.18
[INFO] [stderr]    Compiling unicode-bidi v0.3.15
[INFO] [stderr]    Compiling serde_json v1.0.117
[INFO] [stderr]    Compiling rustix v0.38.34
[INFO] [stderr]    Compiling powerfmt v0.2.0
[INFO] [stderr]    Compiling deranged v0.3.11
[INFO] [stderr]    Compiling idna v0.5.0
[INFO] [stderr]    Compiling rand_core v0.6.4
[INFO] [stderr]    Compiling num_threads v0.1.7
[INFO] [stderr]    Compiling regex-automata v0.4.7
[INFO] [stderr]    Compiling linux-raw-sys v0.4.14
[INFO] [stderr]    Compiling rustls-pki-types v1.7.0
[INFO] [stderr]    Compiling time-core v0.1.2
[INFO] [stderr]    Compiling base64 v0.22.1
[INFO] [stderr]    Compiling ppv-lite86 v0.2.17
[INFO] [stderr]    Compiling num-conv v0.1.0
[INFO] [stderr]    Compiling time v0.3.36
[INFO] [stderr]    Compiling rustls-pemfile v2.1.2
[INFO] [stderr]    Compiling rand_chacha v0.3.1
[INFO] [stderr]    Compiling url v2.5.2
[INFO] [stderr]    Compiling bstr v1.9.1
[INFO] [stderr]    Compiling http-body-util v0.1.2
[INFO] [stderr]    Compiling fastrand v2.1.0
[INFO] [stderr]    Compiling sync_wrapper v1.0.1
[INFO] [stderr]    Compiling ipnet v2.9.0
[INFO] [stderr]    Compiling iana-time-zone v0.1.60
[INFO] [stderr]    Compiling mime v0.3.17
[INFO] [stderr]    Compiling opener v0.7.1
[INFO] [stderr]    Compiling rand v0.8.5
[INFO] [stderr]    Compiling chrono v0.4.38
[INFO] [stderr]    Compiling build_html v2.4.0
[INFO] [stderr]    Compiling moontool v0.3.1
[INFO] [stderr]    Compiling hyper v1.3.1
[INFO] [stderr]    Compiling pin-project-internal v1.1.5
[INFO] [stderr]    Compiling openssl-macros v0.1.1
[INFO] [stderr]    Compiling serde_derive v1.0.203
[INFO] [stderr]    Compiling tempfile v3.10.1
[INFO] [stderr]    Compiling pin-project v1.1.5
[INFO] [stderr]    Compiling tower v0.4.13
[INFO] [stderr]    Compiling hyper-util v0.1.5
[INFO] [stderr]    Compiling tokio-native-tls v0.3.1
[INFO] [stderr]    Compiling hyper-tls v0.6.0
[INFO] [stderr]    Compiling serde_urlencoded v0.7.1
[INFO] [stderr]    Compiling reqwest v0.12.5
[INFO] [stderr]    Compiling password_game v0.1.0 (/opt/rustwide/workdir)
[INFO] [stdout] warning: unused variable: `game`
[INFO] [stdout]    --> src/game/ruleset.rs:136:33
[INFO] [stdout]     |
[INFO] [stdout] 136 |     fn includes_best_chess_move(game: &PasswordGame, s: &str) -> bool {
[INFO] [stdout]     |                                 ^^^^ help: if this is intentional, prefix it with an underscore: `_game`
[INFO] [stdout]     |
[INFO] [stdout]     = note: `#[warn(unused_variables)]` on by default
[INFO] [stdout] 
[INFO] [stdout] 
[INFO] [stdout] warning: unused variable: `s`
[INFO] [stdout]    --> src/game/ruleset.rs:136:54
[INFO] [stdout]     |
[INFO] [stdout] 136 |     fn includes_best_chess_move(game: &PasswordGame, s: &str) -> bool {
[INFO] [stdout]     |                                                      ^ help: if this is intentional, prefix it with an underscore: `_s`
[INFO] [stdout] 
[INFO] [stdout] 
[INFO] [stdout] warning: unused variable: `game`
[INFO] [stdout]    --> src/game/ruleset.rs:141:29
[INFO] [stdout]     |
[INFO] [stdout] 141 |     fn includes_chicken_egg(game: &PasswordGame, s: &str) -> bool {
[INFO] [stdout]     |                             ^^^^ help: if this is intentional, prefix it with an underscore: `_game`
[INFO] [stdout] 
[INFO] [stdout] 
[INFO] [stdout] warning: unused variable: `s`
[INFO] [stdout]    --> src/game/ruleset.rs:141:50
[INFO] [stdout]     |
[INFO] [stdout] 141 |     fn includes_chicken_egg(game: &PasswordGame, s: &str) -> bool {
[INFO] [stdout]     |                                                  ^ help: if this is intentional, prefix it with an underscore: `_s`
[INFO] [stdout] 
[INFO] [stdout] 
[INFO] [stdout] warning: multiple variants are never constructed
[INFO] [stdout]   --> src/game/ruleset.rs:9:5
[INFO] [stdout]    |
[INFO] [stdout] 6  | pub enum Rule {
[INFO] [stdout]    |          ---- variants in this enum
[INFO] [stdout] ...
[INFO] [stdout] 9  |     IncludeNum,
[INFO] [stdout]    |     ^^^^^^^^^^
[INFO] [stdout] 10 |     IncludeUpper,
[INFO] [stdout]    |     ^^^^^^^^^^^^
[INFO] [stdout] 11 |     IncludeSpecial,
[INFO] [stdout]    |     ^^^^^^^^^^^^^^
[INFO] [stdout] 12 |     AddTo25,
[INFO] [stdout]    |     ^^^^^^^
[INFO] [stdout] 13 |     IncludeMonth,
[INFO] [stdout]    |     ^^^^^^^^^^^^
[INFO] [stdout] 14 |     IncludeRoman,
[INFO] [stdout]    |     ^^^^^^^^^^^^
[INFO] [stdout] 15 |     IncludeSponsors,
[INFO] [stdout]    |     ^^^^^^^^^^^^^^^
[INFO] [stdout] 16 |     RomanMultiply35,
[INFO] [stdout]    |     ^^^^^^^^^^^^^^^
[INFO] [stdout] 17 |     IncludeCAPTCHA,
[INFO] [stdout]    |     ^^^^^^^^^^^^^^
[INFO] [stdout] 18 |     IncludeWordle,
[INFO] [stdout]    |     ^^^^^^^^^^^^^
[INFO] [stdout] 19 |     Include2LetterPeriodic,
[INFO] [stdout]    |     ^^^^^^^^^^^^^^^^^^^^^^
[INFO] [stdout] 20 |     IncludeMoonPhase,
[INFO] [stdout]    |     ^^^^^^^^^^^^^^^^
[INFO] [stdout] 21 |     IncludeCountryName,
[INFO] [stdout]    |     ^^^^^^^^^^^^^^^^^^
[INFO] [stdout] 22 |     IncludeLeapYear,
[INFO] [stdout]    |     ^^^^^^^^^^^^^^^
[INFO] [stdout] 23 |     IncludeBestMove,
[INFO] [stdout]    |     ^^^^^^^^^^^^^^^
[INFO] [stdout] 24 |     IncludePaul,
[INFO] [stdout]    |     ^^^^^^^^^^^
[INFO] [stdout] 25 |     AtomicAddTo200,
[INFO] [stdout] 26 |     AllVowelsBolded,
[INFO] [stdout]    |     ^^^^^^^^^^^^^^^
[INFO] [stdout] 27 |     Fire,
[INFO] [stdout]    |     ^^^^
[INFO] [stdout] 28 |     StrongEnough,
[INFO] [stdout]    |     ^^^^^^^^^^^^
[INFO] [stdout] 29 |     IncludeAffirmations
[INFO] [stdout]    |     ^^^^^^^^^^^^^^^^^^^
[INFO] [stdout]    |
[INFO] [stdout]    = note: `Rule` has derived impls for the traits `Clone` and `Debug`, but these are intentionally ignored during dead code analysis
[INFO] [stdout]    = note: `#[warn(dead_code)]` on by default
[INFO] [stdout] 
[INFO] [stdout] 
[INFO] [stdout] warning: field `temp_file_path` is never read
[INFO] [stdout]  --> src/game/geoguess.rs:8:5
[INFO] [stdout]   |
[INFO] [stdout] 6 | pub(super) struct GeoGuess {
[INFO] [stdout]   |                   -------- field in this struct
[INFO] [stdout] 7 |     pub answer: String,
[INFO] [stdout] 8 |     temp_file_path: Box<Path>
[INFO] [stdout]   |     ^^^^^^^^^^^^^^
[INFO] [stdout] 
[INFO] [stdout] 
[INFO] [stderr]     Finished `dev` profile [unoptimized] target(s) in 1m 10s
[INFO] running `Command { std: "docker" "inspect" "a027daa7da79d72bb3712892aab930a5c74094406bcbc1a6aef9859e905a78c5", kill_on_drop: false }`
[INFO] running `Command { std: "docker" "rm" "-f" "a027daa7da79d72bb3712892aab930a5c74094406bcbc1a6aef9859e905a78c5", kill_on_drop: false }`
[INFO] [stdout] a027daa7da79d72bb3712892aab930a5c74094406bcbc1a6aef9859e905a78c5
[INFO] running `Command { std: "docker" "create" "-v" "/var/lib/crater-agent-workspace/builds/worker-0-tc1/target:/opt/rustwide/target:rw,Z" "-v" "/var/lib/crater-agent-workspace/builds/worker-0-tc1/source:/opt/rustwide/workdir:ro,Z" "-v" "/var/lib/crater-agent-workspace/cargo-home:/opt/rustwide/cargo-home:ro,Z" "-v" "/var/lib/crater-agent-workspace/rustup-home:/opt/rustwide/rustup-home:ro,Z" "-e" "SOURCE_DIR=/opt/rustwide/workdir" "-e" "CARGO_TARGET_DIR=/opt/rustwide/target" "-e" "CARGO_INCREMENTAL=0" "-e" "RUST_BACKTRACE=full" "-e" "RUSTFLAGS=--cap-lints=warn" "-e" "RUSTDOCFLAGS=--cap-lints=warn" "-e" "CARGO_HOME=/opt/rustwide/cargo-home" "-e" "RUSTUP_HOME=/opt/rustwide/rustup-home" "-w" "/opt/rustwide/workdir" "-m" "1610612736" "--user" "0:0" "--network" "none" "ghcr.io/rust-lang/crates-build-env/linux@sha256:f3a9d4ad9d972b27faf3965f35b62e55ba32bbce8f20bc8fe909558a86702fde" "/opt/rustwide/cargo-home/bin/cargo" "+1.83.0" "test" "--frozen" "--no-run" "--message-format=json", kill_on_drop: false }`
[INFO] [stdout] 249f23b11bf79733fe77b6e717612ef605a9c44e623ffa7b9e3ae6bf372c23cb
[INFO] running `Command { std: "docker" "start" "-a" "249f23b11bf79733fe77b6e717612ef605a9c44e623ffa7b9e3ae6bf372c23cb", kill_on_drop: false }`
[INFO] [stderr] warning: password_game v0.1.0 (/opt/rustwide/workdir) ignoring invalid dependency `chess_engine` which is missing a lib target
[INFO] [stderr]    Compiling password_game v0.1.0 (/opt/rustwide/workdir)
[INFO] [stdout] warning: unused variable: `game`
[INFO] [stdout]    --> src/game/ruleset.rs:136:33
[INFO] [stdout]     |
[INFO] [stdout] 136 |     fn includes_best_chess_move(game: &PasswordGame, s: &str) -> bool {
[INFO] [stdout]     |                                 ^^^^ help: if this is intentional, prefix it with an underscore: `_game`
[INFO] [stdout]     |
[INFO] [stdout]     = note: `#[warn(unused_variables)]` on by default
[INFO] [stdout] 
[INFO] [stdout] 
[INFO] [stdout] warning: unused variable: `s`
[INFO] [stdout]    --> src/game/ruleset.rs:136:54
[INFO] [stdout]     |
[INFO] [stdout] 136 |     fn includes_best_chess_move(game: &PasswordGame, s: &str) -> bool {
[INFO] [stdout]     |                                                      ^ help: if this is intentional, prefix it with an underscore: `_s`
[INFO] [stdout] 
[INFO] [stdout] 
[INFO] [stdout] warning: unused variable: `game`
[INFO] [stdout]    --> src/game/ruleset.rs:141:29
[INFO] [stdout]     |
[INFO] [stdout] 141 |     fn includes_chicken_egg(game: &PasswordGame, s: &str) -> bool {
[INFO] [stdout]     |                             ^^^^ help: if this is intentional, prefix it with an underscore: `_game`
[INFO] [stdout] 
[INFO] [stdout] 
[INFO] [stdout] warning: unused variable: `s`
[INFO] [stdout]    --> src/game/ruleset.rs:141:50
[INFO] [stdout]     |
[INFO] [stdout] 141 |     fn includes_chicken_egg(game: &PasswordGame, s: &str) -> bool {
[INFO] [stdout]     |                                                  ^ help: if this is intentional, prefix it with an underscore: `_s`
[INFO] [stdout] 
[INFO] [stdout] 
[INFO] [stdout] warning: multiple variants are never constructed
[INFO] [stdout]   --> src/game/ruleset.rs:15:5
[INFO] [stdout]    |
[INFO] [stdout] 6  | pub enum Rule {
[INFO] [stdout]    |          ---- variants in this enum
[INFO] [stdout] ...
[INFO] [stdout] 15 |     IncludeSponsors,
[INFO] [stdout]    |     ^^^^^^^^^^^^^^^
[INFO] [stdout] 16 |     RomanMultiply35,
[INFO] [stdout]    |     ^^^^^^^^^^^^^^^
[INFO] [stdout] 17 |     IncludeCAPTCHA,
[INFO] [stdout]    |     ^^^^^^^^^^^^^^
[INFO] [stdout] 18 |     IncludeWordle,
[INFO] [stdout]    |     ^^^^^^^^^^^^^
[INFO] [stdout] 19 |     Include2LetterPeriodic,
[INFO] [stdout]    |     ^^^^^^^^^^^^^^^^^^^^^^
[INFO] [stdout] 20 |     IncludeMoonPhase,
[INFO] [stdout]    |     ^^^^^^^^^^^^^^^^
[INFO] [stdout] 21 |     IncludeCountryName,
[INFO] [stdout]    |     ^^^^^^^^^^^^^^^^^^
[INFO] [stdout] 22 |     IncludeLeapYear,
[INFO] [stdout] 23 |     IncludeBestMove,
[INFO] [stdout]    |     ^^^^^^^^^^^^^^^
[INFO] [stdout] 24 |     IncludePaul,
[INFO] [stdout]    |     ^^^^^^^^^^^
[INFO] [stdout] 25 |     AtomicAddTo200,
[INFO] [stdout] 26 |     AllVowelsBolded,
[INFO] [stdout]    |     ^^^^^^^^^^^^^^^
[INFO] [stdout] 27 |     Fire,
[INFO] [stdout]    |     ^^^^
[INFO] [stdout]    |
[INFO] [stdout]    = note: `Rule` has derived impls for the traits `Clone` and `Debug`, but these are intentionally ignored during dead code analysis
[INFO] [stdout]    = note: `#[warn(dead_code)]` on by default
[INFO] [stdout] 
[INFO] [stdout] 
[INFO] [stdout] warning: field `temp_file_path` is never read
[INFO] [stdout]  --> src/game/geoguess.rs:8:5
[INFO] [stdout]   |
[INFO] [stdout] 6 | pub(super) struct GeoGuess {
[INFO] [stdout]   |                   -------- field in this struct
[INFO] [stdout] 7 |     pub answer: String,
[INFO] [stdout] 8 |     temp_file_path: Box<Path>
[INFO] [stdout]   |     ^^^^^^^^^^^^^^
[INFO] [stdout] 
[INFO] [stdout] 
[INFO] [stderr]     Finished `test` profile [unoptimized] target(s) in 2.33s
[INFO] running `Command { std: "docker" "inspect" "249f23b11bf79733fe77b6e717612ef605a9c44e623ffa7b9e3ae6bf372c23cb", kill_on_drop: false }`
[INFO] running `Command { std: "docker" "rm" "-f" "249f23b11bf79733fe77b6e717612ef605a9c44e623ffa7b9e3ae6bf372c23cb", kill_on_drop: false }`
[INFO] [stdout] 249f23b11bf79733fe77b6e717612ef605a9c44e623ffa7b9e3ae6bf372c23cb
[INFO] running `Command { std: "docker" "create" "-v" "/var/lib/crater-agent-workspace/builds/worker-0-tc1/target:/opt/rustwide/target:rw,Z" "-v" "/var/lib/crater-agent-workspace/builds/worker-0-tc1/source:/opt/rustwide/workdir:ro,Z" "-v" "/var/lib/crater-agent-workspace/cargo-home:/opt/rustwide/cargo-home:ro,Z" "-v" "/var/lib/crater-agent-workspace/rustup-home:/opt/rustwide/rustup-home:ro,Z" "-e" "SOURCE_DIR=/opt/rustwide/workdir" "-e" "CARGO_TARGET_DIR=/opt/rustwide/target" "-e" "CARGO_INCREMENTAL=0" "-e" "RUST_BACKTRACE=full" "-e" "RUSTFLAGS=--cap-lints=warn" "-e" "RUSTDOCFLAGS=--cap-lints=warn" "-e" "CARGO_HOME=/opt/rustwide/cargo-home" "-e" "RUSTUP_HOME=/opt/rustwide/rustup-home" "-w" "/opt/rustwide/workdir" "-m" "1610612736" "--user" "0:0" "--network" "none" "ghcr.io/rust-lang/crates-build-env/linux@sha256:f3a9d4ad9d972b27faf3965f35b62e55ba32bbce8f20bc8fe909558a86702fde" "/opt/rustwide/cargo-home/bin/cargo" "+1.83.0" "test" "--frozen", kill_on_drop: false }`
[INFO] [stdout] 9f44458e1754aea869af36989542457efc70430a80acfecde464b88a0f451797
[INFO] running `Command { std: "docker" "start" "-a" "9f44458e1754aea869af36989542457efc70430a80acfecde464b88a0f451797", kill_on_drop: false }`
[INFO] [stderr] warning: password_game v0.1.0 (/opt/rustwide/workdir) ignoring invalid dependency `chess_engine` which is missing a lib target
[INFO] [stderr] warning: unused variable: `game`
[INFO] [stderr]    --> src/game/ruleset.rs:136:33
[INFO] [stderr]     |
[INFO] [stderr] 136 |     fn includes_best_chess_move(game: &PasswordGame, s: &str) -> bool {
[INFO] [stderr]     |                                 ^^^^ help: if this is intentional, prefix it with an underscore: `_game`
[INFO] [stderr]     |
[INFO] [stderr]     = note: `#[warn(unused_variables)]` on by default
[INFO] [stderr] 
[INFO] [stderr] warning: unused variable: `s`
[INFO] [stderr]    --> src/game/ruleset.rs:136:54
[INFO] [stderr]     |
[INFO] [stderr] 136 |     fn includes_best_chess_move(game: &PasswordGame, s: &str) -> bool {
[INFO] [stderr]     |                                                      ^ help: if this is intentional, prefix it with an underscore: `_s`
[INFO] [stderr] 
[INFO] [stderr] warning: unused variable: `game`
[INFO] [stderr]    --> src/game/ruleset.rs:141:29
[INFO] [stderr]     |
[INFO] [stderr] 141 |     fn includes_chicken_egg(game: &PasswordGame, s: &str) -> bool {
[INFO] [stderr]     |                             ^^^^ help: if this is intentional, prefix it with an underscore: `_game`
[INFO] [stderr] 
[INFO] [stderr] warning: unused variable: `s`
[INFO] [stderr]    --> src/game/ruleset.rs:141:50
[INFO] [stderr]     |
[INFO] [stderr] 141 |     fn includes_chicken_egg(game: &PasswordGame, s: &str) -> bool {
[INFO] [stderr]     |                                                  ^ help: if this is intentional, prefix it with an underscore: `_s`
[INFO] [stderr] 
[INFO] [stderr] warning: multiple variants are never constructed
[INFO] [stderr]   --> src/game/ruleset.rs:15:5
[INFO] [stderr]    |
[INFO] [stderr] 6  | pub enum Rule {
[INFO] [stderr]    |          ---- variants in this enum
[INFO] [stderr] ...
[INFO] [stderr] 15 |     IncludeSponsors,
[INFO] [stderr]    |     ^^^^^^^^^^^^^^^
[INFO] [stderr] 16 |     RomanMultiply35,
[INFO] [stderr]    |     ^^^^^^^^^^^^^^^
[INFO] [stderr] 17 |     IncludeCAPTCHA,
[INFO] [stderr]    |     ^^^^^^^^^^^^^^
[INFO] [stderr] 18 |     IncludeWordle,
[INFO] [stderr]    |     ^^^^^^^^^^^^^
[INFO] [stderr] 19 |     Include2LetterPeriodic,
[INFO] [stderr]    |     ^^^^^^^^^^^^^^^^^^^^^^
[INFO] [stderr] 20 |     IncludeMoonPhase,
[INFO] [stderr]    |     ^^^^^^^^^^^^^^^^
[INFO] [stderr] 21 |     IncludeCountryName,
[INFO] [stderr]    |     ^^^^^^^^^^^^^^^^^^
[INFO] [stderr] 22 |     IncludeLeapYear,
[INFO] [stderr] 23 |     IncludeBestMove,
[INFO] [stderr]    |     ^^^^^^^^^^^^^^^
[INFO] [stderr] 24 |     IncludePaul,
[INFO] [stderr]    |     ^^^^^^^^^^^
[INFO] [stderr] 25 |     AtomicAddTo200,
[INFO] [stderr] 26 |     AllVowelsBolded,
[INFO] [stderr]    |     ^^^^^^^^^^^^^^^
[INFO] [stderr] 27 |     Fire,
[INFO] [stderr]    |     ^^^^
[INFO] [stderr]    |
[INFO] [stderr]    = note: `Rule` has derived impls for the traits `Clone` and `Debug`, but these are intentionally ignored during dead code analysis
[INFO] [stderr]    = note: `#[warn(dead_code)]` on by default
[INFO] [stderr] 
[INFO] [stderr] warning: field `temp_file_path` is never read
[INFO] [stderr]  --> src/game/geoguess.rs:8:5
[INFO] [stderr]   |
[INFO] [stderr] 6 | pub(super) struct GeoGuess {
[INFO] [stderr]   |                   -------- field in this struct
[INFO] [stderr] 7 |     pub answer: String,
[INFO] [stderr] 8 |     temp_file_path: Box<Path>
[INFO] [stderr]   |     ^^^^^^^^^^^^^^
[INFO] [stderr] 
[INFO] [stderr] warning: `password_game` (bin "password_game" test) generated 6 warnings
[INFO] [stderr]     Finished `test` profile [unoptimized] target(s) in 0.19s
[INFO] [stderr]      Running unittests src/main.rs (/opt/rustwide/target/debug/deps/password_game-1eeface6cf865ad9)
[INFO] [stdout] 
[INFO] [stdout] running 10 tests
[INFO] [stdout] test game::tests::rule_4_test ... FAILED
[INFO] [stdout] test game::tests::rule_15_test ... FAILED
[INFO] [stdout] test game::tests::rule_3_test ... FAILED
[INFO] [stdout] test game::tests::rule_2_test ... FAILED
[INFO] [stdout] test game::tests::rule_21_test ... FAILED
[INFO] [stdout] test game::tests::rule_5_test ... FAILED
[INFO] [stdout] test game::tests::rule_22_test ... FAILED
[INFO] [stdout] test game::tests::rule_1_test ... FAILED
[INFO] [stdout] test game::tests::rule_6_test ... FAILED
[INFO] [stdout] test game::tests::rule_7_test ... FAILED
[INFO] [stdout] 
[INFO] [stdout] failures:
[INFO] [stdout] 
[INFO] [stdout] ---- game::tests::rule_4_test stdout ----
[INFO] [stdout] thread 'game::tests::rule_4_test' panicked at src/game/wordle.rs:19:23:
[INFO] [stdout] error requesting today's wordle answer: error sending request
[INFO] [stdout] stack backtrace:
[INFO] [stdout]    0:     0x644c37b4f74a - <std::sys::backtrace::BacktraceLock::print::DisplayBacktrace as core::fmt::Display>::fmt::h5b6bd5631a6d1f6b
[INFO] [stdout]    1:     0x644c37b78b83 - core::fmt::write::h7550c97b06c86515
[INFO] [stdout]    2:     0x644c37b4be33 - std::io::Write::write_fmt::h509ff860e5956e5e
[INFO] [stdout]    3:     0x644c37b4f592 - std::sys::backtrace::BacktraceLock::print::h2395ccd2c84ba3aa
[INFO] [stdout]    4:     0x644c37b50baa - std::panicking::default_hook::{{closure}}::he19d4c7230e07961
[INFO] [stdout]    5:     0x644c37b509b4 - std::panicking::default_hook::hf614597d3c67bbdb
[INFO] [stdout]    6:     0x644c37aaae29 - test::test_main::{{closure}}::he977ae839a582784
[INFO] [stdout]    7:     0x644c37b51248 - std::panicking::rust_panic_with_hook::h8942133a8b252070
[INFO] [stdout]    8:     0x644c37b5100a - std::panicking::begin_panic_handler::{{closure}}::hb5f5963570096b29
[INFO] [stdout]    9:     0x644c37b4fc29 - std::sys::backtrace::__rust_end_short_backtrace::h6208cedc1922feda
[INFO] [stdout]   10:     0x644c37b50c9c - rust_begin_unwind
[INFO] [stdout]   11:     0x644c37860370 - core::panicking::panic_fmt::h0c3082644d1bf418
[INFO] [stdout]   12:     0x644c37871570 - <password_game::game::wordle::Wordle as core::default::Default>::default::h1c6883e030096de8
[INFO] [stdout]   13:     0x644c3786c521 - <password_game::game::PasswordGame as core::default::Default>::default::ha9cba5b7528ecbd3
[INFO] [stdout]   14:     0x644c3786c66d - password_game::game::PasswordGame::new::hc4c1edc3a25064fc
[INFO] [stdout]   15:     0x644c378780b6 - password_game::game::tests::rule_4_test::h8d594c3ed7266aa3
[INFO] [stdout]   16:     0x644c37878083 - password_game::game::tests::rule_4_test::{{closure}}::h3bb94a99d504e411
[INFO] [stdout]   17:     0x644c3786d0b6 - core::ops::function::FnOnce::call_once::h7cb074cb667216c2
[INFO] [stdout]   18:     0x644c37aaf7eb - test::__rust_begin_short_backtrace::hf4fff89d377446ba
[INFO] [stdout]   19:     0x644c37aaf027 - test::run_test::{{closure}}::h52c556a6d4740e10
[INFO] [stdout]   20:     0x644c37a74304 - std::sys::backtrace::__rust_begin_short_backtrace::h505c97a579eca628
[INFO] [stdout]   21:     0x644c37a779ce - core::ops::function::FnOnce::call_once{{vtable.shim}}::h2c5a5f3779c774f1
[INFO] [stdout]   22:     0x644c37b5578b - std::sys::pal::unix::thread::Thread::new::thread_start::hcc78f3943333fa94
[INFO] [stdout]   23:     0x7b57f6c69ac3 - <unknown>
[INFO] [stdout]   24:     0x7b57f6cfaa04 - clone
[INFO] [stdout]   25:                0x0 - <unknown>
[INFO] [stdout] 
[INFO] [stdout] ---- game::tests::rule_15_test stdout ----
[INFO] [stdout] thread 'game::tests::rule_15_test' panicked at src/game/wordle.rs:19:23:
[INFO] [stdout] error requesting today's wordle answer: error sending request
[INFO] [stdout] stack backtrace:
[INFO] [stdout]    0:     0x644c37b4f74a - <std::sys::backtrace::BacktraceLock::print::DisplayBacktrace as core::fmt::Display>::fmt::h5b6bd5631a6d1f6b
[INFO] [stdout]    1:     0x644c37b78b83 - core::fmt::write::h7550c97b06c86515
[INFO] [stdout]    2:     0x644c37b4be33 - std::io::Write::write_fmt::h509ff860e5956e5e
[INFO] [stdout]    3:     0x644c37b4f592 - std::sys::backtrace::BacktraceLock::print::h2395ccd2c84ba3aa
[INFO] [stdout]    4:     0x644c37b50baa - std::panicking::default_hook::{{closure}}::he19d4c7230e07961
[INFO] [stdout]    5:     0x644c37b509b4 - std::panicking::default_hook::hf614597d3c67bbdb
[INFO] [stdout]    6:     0x644c37aaae29 - test::test_main::{{closure}}::he977ae839a582784
[INFO] [stdout]    7:     0x644c37b51248 - std::panicking::rust_panic_with_hook::h8942133a8b252070
[INFO] [stdout]    8:     0x644c37b5100a - std::panicking::begin_panic_handler::{{closure}}::hb5f5963570096b29
[INFO] [stdout]    9:     0x644c37b4fc29 - std::sys::backtrace::__rust_end_short_backtrace::h6208cedc1922feda
[INFO] [stdout]   10:     0x644c37b50c9c - rust_begin_unwind
[INFO] [stdout]   11:     0x644c37860370 - core::panicking::panic_fmt::h0c3082644d1bf418
[INFO] [stdout]   12:     0x644c37871570 - <password_game::game::wordle::Wordle as core::default::Default>::default::h1c6883e030096de8
[INFO] [stdout]   13:     0x644c3786c521 - <password_game::game::PasswordGame as core::default::Default>::default::ha9cba5b7528ecbd3
[INFO] [stdout]   14:     0x644c3786c66d - password_game::game::PasswordGame::new::hc4c1edc3a25064fc
[INFO] [stdout]   15:     0x644c378788c6 - password_game::game::tests::rule_15_test::h40dd2460b53da65c
[INFO] [stdout]   16:     0x644c37878893 - password_game::game::tests::rule_15_test::{{closure}}::h0769101c6bf7f667
[INFO] [stdout]   17:     0x644c3786cf66 - core::ops::function::FnOnce::call_once::h3d171e752c19064a
[INFO] [stdout]   18:     0x644c37aaf7eb - test::__rust_begin_short_backtrace::hf4fff89d377446ba
[INFO] [stdout]   19:     0x644c37aaf027 - test::run_test::{{closure}}::h52c556a6d4740e10
[INFO] [stdout]   20:     0x644c37a74304 - std::sys::backtrace::__rust_begin_short_backtrace::h505c97a579eca628
[INFO] [stdout]   21:     0x644c37a779ce - core::ops::function::FnOnce::call_once{{vtable.shim}}::h2c5a5f3779c774f1
[INFO] [stdout]   22:     0x644c37b5578b - std::sys::pal::unix::thread::Thread::new::thread_start::hcc78f3943333fa94
[INFO] [stdout]   23:     0x7b57f6c69ac3 - <unknown>
[INFO] [stdout]   24:     0x7b57f6cfaa04 - clone
[INFO] [stdout]   25:                0x0 - <unknown>
[INFO] [stdout] 
[INFO] [stdout] ---- game::tests::rule_3_test stdout ----
[INFO] [stdout] thread 'game::tests::rule_3_test' panicked at src/game/wordle.rs:19:23:
[INFO] [stdout] error requesting today's wordle answer: error sending request
[INFO] [stdout] stack backtrace:
[INFO] [stdout]    0:     0x644c37b4f74a - <std::sys::backtrace::BacktraceLock::print::DisplayBacktrace as core::fmt::Display>::fmt::h5b6bd5631a6d1f6b
[INFO] [stdout]    1:     0x644c37b78b83 - core::fmt::write::h7550c97b06c86515
[INFO] [stdout]    2:     0x644c37b4be33 - std::io::Write::write_fmt::h509ff860e5956e5e
[INFO] [stdout]    3:     0x644c37b4f592 - std::sys::backtrace::BacktraceLock::print::h2395ccd2c84ba3aa
[INFO] [stdout]    4:     0x644c37b50baa - std::panicking::default_hook::{{closure}}::he19d4c7230e07961
[INFO] [stdout]    5:     0x644c37b509b4 - std::panicking::default_hook::hf614597d3c67bbdb
[INFO] [stdout]    6:     0x644c37aaae29 - test::test_main::{{closure}}::he977ae839a582784
[INFO] [stdout]    7:     0x644c37b51248 - std::panicking::rust_panic_with_hook::h8942133a8b252070
[INFO] [stdout]    8:     0x644c37b5100a - std::panicking::begin_panic_handler::{{closure}}::hb5f5963570096b29
[INFO] [stdout]    9:     0x644c37b4fc29 - std::sys::backtrace::__rust_end_short_backtrace::h6208cedc1922feda
[INFO] [stdout]   10:     0x644c37b50c9c - rust_begin_unwind
[INFO] [stdout]   11:     0x644c37860370 - core::panicking::panic_fmt::h0c3082644d1bf418
[INFO] [stdout]   12:     0x644c37871570 - <password_game::game::wordle::Wordle as core::default::Default>::default::h1c6883e030096de8
[INFO] [stdout]   13:     0x644c3786c521 - <password_game::game::PasswordGame as core::default::Default>::default::ha9cba5b7528ecbd3
[INFO] [stdout]   14:     0x644c3786c66d - password_game::game::PasswordGame::new::hc4c1edc3a25064fc
[INFO] [stdout]   15:     0x644c37877ee6 - password_game::game::tests::rule_3_test::hf46a56167bb8bc47
[INFO] [stdout]   16:     0x644c37877eb3 - password_game::game::tests::rule_3_test::{{closure}}::h6cc6accc4da36a22
[INFO] [stdout]   17:     0x644c3786cfe6 - core::ops::function::FnOnce::call_once::h4a651e252a32a082
[INFO] [stdout]   18:     0x644c37aaf7eb - test::__rust_begin_short_backtrace::hf4fff89d377446ba
[INFO] [stdout]   19:     0x644c37aaf027 - test::run_test::{{closure}}::h52c556a6d4740e10
[INFO] [stdout]   20:     0x644c37a74304 - std::sys::backtrace::__rust_begin_short_backtrace::h505c97a579eca628
[INFO] [stdout]   21:     0x644c37a779ce - core::ops::function::FnOnce::call_once{{vtable.shim}}::h2c5a5f3779c774f1
[INFO] [stdout]   22:     0x644c37b5578b - std::sys::pal::unix::thread::Thread::new::thread_start::hcc78f3943333fa94
[INFO] [stdout]   23:     0x7b57f6c69ac3 - <unknown>
[INFO] [stdout]   24:     0x7b57f6cfaa04 - clone
[INFO] [stdout]   25:                0x0 - <unknown>
[INFO] [stdout] 
[INFO] [stdout] ---- game::tests::rule_2_test stdout ----
[INFO] [stdout] thread 'game::tests::rule_2_test' panicked at src/game/wordle.rs:19:23:
[INFO] [stdout] error requesting today's wordle answer: error sending request
[INFO] [stdout] stack backtrace:
[INFO] [stdout]    0:     0x644c37b4f74a - <std::sys::backtrace::BacktraceLock::print::DisplayBacktrace as core::fmt::Display>::fmt::h5b6bd5631a6d1f6b
[INFO] [stdout]    1:     0x644c37b78b83 - core::fmt::write::h7550c97b06c86515
[INFO] [stdout]    2:     0x644c37b4be33 - std::io::Write::write_fmt::h509ff860e5956e5e
[INFO] [stdout]    3:     0x644c37b4f592 - std::sys::backtrace::BacktraceLock::print::h2395ccd2c84ba3aa
[INFO] [stdout]    4:     0x644c37b50baa - std::panicking::default_hook::{{closure}}::he19d4c7230e07961
[INFO] [stdout]    5:     0x644c37b509b4 - std::panicking::default_hook::hf614597d3c67bbdb
[INFO] [stdout]    6:     0x644c37aaae29 - test::test_main::{{closure}}::he977ae839a582784
[INFO] [stdout]    7:     0x644c37b51248 - std::panicking::rust_panic_with_hook::h8942133a8b252070
[INFO] [stdout]    8:     0x644c37b5100a - std::panicking::begin_panic_handler::{{closure}}::hb5f5963570096b29
[INFO] [stdout]    9:     0x644c37b4fc29 - std::sys::backtrace::__rust_end_short_backtrace::h6208cedc1922feda
[INFO] [stdout]   10:     0x644c37b50c9c - rust_begin_unwind
[INFO] [stdout]   11:     0x644c37860370 - core::panicking::panic_fmt::h0c3082644d1bf418
[INFO] [stdout]   12:     0x644c37871570 - <password_game::game::wordle::Wordle as core::default::Default>::default::h1c6883e030096de8
[INFO] [stdout]   13:     0x644c3786c521 - <password_game::game::PasswordGame as core::default::Default>::default::ha9cba5b7528ecbd3
[INFO] [stdout]   14:     0x644c3786c66d - password_game::game::PasswordGame::new::hc4c1edc3a25064fc
[INFO] [stdout]   15:     0x644c37877cd6 - password_game::game::tests::rule_2_test::h21cbcf6476d84714
[INFO] [stdout]   16:     0x644c37877ca3 - password_game::game::tests::rule_2_test::{{closure}}::he23748365be8438d
[INFO] [stdout]   17:     0x644c3786d176 - core::ops::function::FnOnce::call_once::hdbdc013e807d9785
[INFO] [stdout]   18:     0x644c37aaf7eb - test::__rust_begin_short_backtrace::hf4fff89d377446ba
[INFO] [stdout]   19:     0x644c37aaf027 - test::run_test::{{closure}}::h52c556a6d4740e10
[INFO] [stdout]   20:     0x644c37a74304 - std::sys::backtrace::__rust_begin_short_backtrace::h505c97a579eca628
[INFO] [stdout]   21:     0x644c37a779ce - core::ops::function::FnOnce::call_once{{vtable.shim}}::h2c5a5f3779c774f1
[INFO] [stdout]   22:     0x644c37b5578b - std::sys::pal::unix::thread::Thread::new::thread_start::hcc78f3943333fa94
[INFO] [stdout]   23:     0x7b57f6c69ac3 - <unknown>
[INFO] [stdout]   24:     0x7b57f6cfaa04 - clone
[INFO] [stdout]   25:                0x0 - <unknown>
[INFO] [stdout] 
[INFO] [stdout] ---- game::tests::rule_21_test stdout ----
[INFO] [stdout] thread 'game::tests::rule_21_test' panicked at src/game/wordle.rs:19:23:
[INFO] [stdout] error requesting today's wordle answer: error sending request
[INFO] [stdout] stack backtrace:
[INFO] [stdout]    0:     0x644c37b4f74a - <std::sys::backtrace::BacktraceLock::print::DisplayBacktrace as core::fmt::Display>::fmt::h5b6bd5631a6d1f6b
[INFO] [stdout]    1:     0x644c37b78b83 - core::fmt::write::h7550c97b06c86515
[INFO] [stdout]    2:     0x644c37b4be33 - std::io::Write::write_fmt::h509ff860e5956e5e
[INFO] [stdout]    3:     0x644c37b4f592 - std::sys::backtrace::BacktraceLock::print::h2395ccd2c84ba3aa
[INFO] [stdout]    4:     0x644c37b50baa - std::panicking::default_hook::{{closure}}::he19d4c7230e07961
[INFO] [stdout]    5:     0x644c37b509b4 - std::panicking::default_hook::hf614597d3c67bbdb
[INFO] [stdout]    6:     0x644c37aaae29 - test::test_main::{{closure}}::he977ae839a582784
[INFO] [stdout]    7:     0x644c37b51248 - std::panicking::rust_panic_with_hook::h8942133a8b252070
[INFO] [stdout]    8:     0x644c37b5100a - std::panicking::begin_panic_handler::{{closure}}::hb5f5963570096b29
[INFO] [stdout]    9:     0x644c37b4fc29 - std::sys::backtrace::__rust_end_short_backtrace::h6208cedc1922feda
[INFO] [stdout]   10:     0x644c37b50c9c - rust_begin_unwind
[INFO] [stdout]   11:     0x644c37860370 - core::panicking::panic_fmt::h0c3082644d1bf418
[INFO] [stdout]   12:     0x644c37871570 - <password_game::game::wordle::Wordle as core::default::Default>::default::h1c6883e030096de8
[INFO] [stdout]   13:     0x644c3786c521 - <password_game::game::PasswordGame as core::default::Default>::default::ha9cba5b7528ecbd3
[INFO] [stdout]   14:     0x644c3786c66d - password_game::game::PasswordGame::new::hc4c1edc3a25064fc
[INFO] [stdout]   15:     0x644c37878ad6 - password_game::game::tests::rule_21_test::hcecf33eb39a20cb6
[INFO] [stdout]   16:     0x644c37878aa3 - password_game::game::tests::rule_21_test::{{closure}}::h04c8f2273101930c
[INFO] [stdout]   17:     0x644c3786d026 - core::ops::function::FnOnce::call_once::h50b5487fb4af1a5d
[INFO] [stdout]   18:     0x644c37aaf7eb - test::__rust_begin_short_backtrace::hf4fff89d377446ba
[INFO] [stdout]   19:     0x644c37aaf027 - test::run_test::{{closure}}::h52c556a6d4740e10
[INFO] [stdout]   20:     0x644c37a74304 - std::sys::backtrace::__rust_begin_short_backtrace::h505c97a579eca628
[INFO] [stdout]   21:     0x644c37a779ce - core::ops::function::FnOnce::call_once{{vtable.shim}}::h2c5a5f3779c774f1
[INFO] [stdout]   22:     0x644c37b5578b - std::sys::pal::unix::thread::Thread::new::thread_start::hcc78f3943333fa94
[INFO] [stdout]   23:     0x7b57f6c69ac3 - <unknown>
[INFO] [stdout]   24:     0x7b57f6cfaa04 - clone
[INFO] [stdout]   25:                0x0 - <unknown>
[INFO] [stdout] 
[INFO] [stdout] ---- game::tests::rule_5_test stdout ----
[INFO] [stdout] thread 'game::tests::rule_5_test' panicked at src/game/wordle.rs:19:23:
[INFO] [stdout] error requesting today's wordle answer: error sending request
[INFO] [stdout] stack backtrace:
[INFO] [stdout]    0:     0x644c37b4f74a - <std::sys::backtrace::BacktraceLock::print::DisplayBacktrace as core::fmt::Display>::fmt::h5b6bd5631a6d1f6b
[INFO] [stdout]    1:     0x644c37b78b83 - core::fmt::write::h7550c97b06c86515
[INFO] [stdout]    2:     0x644c37b4be33 - std::io::Write::write_fmt::h509ff860e5956e5e
[INFO] [stdout]    3:     0x644c37b4f592 - std::sys::backtrace::BacktraceLock::print::h2395ccd2c84ba3aa
[INFO] [stdout]    4:     0x644c37b50baa - std::panicking::default_hook::{{closure}}::he19d4c7230e07961
[INFO] [stdout]    5:     0x644c37b509b4 - std::panicking::default_hook::hf614597d3c67bbdb
[INFO] [stdout]    6:     0x644c37aaae29 - test::test_main::{{closure}}::he977ae839a582784
[INFO] [stdout]    7:     0x644c37b51248 - std::panicking::rust_panic_with_hook::h8942133a8b252070
[INFO] [stdout]    8:     0x644c37b5100a - std::panicking::begin_panic_handler::{{closure}}::hb5f5963570096b29
[INFO] [stdout]    9:     0x644c37b4fc29 - std::sys::backtrace::__rust_end_short_backtrace::h6208cedc1922feda
[INFO] [stdout]   10:     0x644c37b50c9c - rust_begin_unwind
[INFO] [stdout]   11:     0x644c37860370 - core::panicking::panic_fmt::h0c3082644d1bf418
[INFO] [stdout]   12:     0x644c37871570 - <password_game::game::wordle::Wordle as core::default::Default>::default::h1c6883e030096de8
[INFO] [stdout]   13:     0x644c3786c521 - <password_game::game::PasswordGame as core::default::Default>::default::ha9cba5b7528ecbd3
[INFO] [stdout]   14:     0x644c3786c66d - password_game::game::PasswordGame::new::hc4c1edc3a25064fc
[INFO] [stdout]   15:     0x644c37878316 - password_game::game::tests::rule_5_test::h4b788468dbbc7395
[INFO] [stdout]   16:     0x644c378782e3 - password_game::game::tests::rule_5_test::{{closure}}::h75b453190f5ed969
[INFO] [stdout]   17:     0x644c3786ceb6 - core::ops::function::FnOnce::call_once::h09f250ca6db4be1d
[INFO] [stdout]   18:     0x644c37aaf7eb - test::__rust_begin_short_backtrace::hf4fff89d377446ba
[INFO] [stdout]   19:     0x644c37aaf027 - test::run_test::{{closure}}::h52c556a6d4740e10
[INFO] [stdout]   20:     0x644c37a74304 - std::sys::backtrace::__rust_begin_short_backtrace::h505c97a579eca628
[INFO] [stdout]   21:     0x644c37a779ce - core::ops::function::FnOnce::call_once{{vtable.shim}}::h2c5a5f3779c774f1
[INFO] [stdout]   22:     0x644c37b5578b - std::sys::pal::unix::thread::Thread::new::thread_start::hcc78f3943333fa94
[INFO] [stdout]   23:     0x7b57f6c69ac3 - <unknown>
[INFO] [stdout]   24:     0x7b57f6cfaa04 - clone
[INFO] [stdout]   25:                0x0 - <unknown>
[INFO] [stdout] 
[INFO] [stdout] ---- game::tests::rule_22_test stdout ----
[INFO] [stdout] thread 'game::tests::rule_22_test' panicked at src/game/wordle.rs:19:23:
[INFO] [stdout] error requesting today's wordle answer: error sending request
[INFO] [stdout] stack backtrace:
[INFO] [stdout]    0:     0x644c37b4f74a - <std::sys::backtrace::BacktraceLock::print::DisplayBacktrace as core::fmt::Display>::fmt::h5b6bd5631a6d1f6b
[INFO] [stdout]    1:     0x644c37b78b83 - core::fmt::write::h7550c97b06c86515
[INFO] [stdout]    2:     0x644c37b4be33 - std::io::Write::write_fmt::h509ff860e5956e5e
[INFO] [stdout]    3:     0x644c37b4f592 - std::sys::backtrace::BacktraceLock::print::h2395ccd2c84ba3aa
[INFO] [stdout]    4:     0x644c37b50baa - std::panicking::default_hook::{{closure}}::he19d4c7230e07961
[INFO] [stdout]    5:     0x644c37b509b4 - std::panicking::default_hook::hf614597d3c67bbdb
[INFO] [stdout]    6:     0x644c37aaae29 - test::test_main::{{closure}}::he977ae839a582784
[INFO] [stdout]    7:     0x644c37b51248 - std::panicking::rust_panic_with_hook::h8942133a8b252070
[INFO] [stdout]    8:     0x644c37b5100a - std::panicking::begin_panic_handler::{{closure}}::hb5f5963570096b29
[INFO] [stdout]    9:     0x644c37b4fc29 - std::sys::backtrace::__rust_end_short_backtrace::h6208cedc1922feda
[INFO] [stdout]   10:     0x644c37b50c9c - rust_begin_unwind
[INFO] [stdout]   11:     0x644c37860370 - core::panicking::panic_fmt::h0c3082644d1bf418
[INFO] [stdout]   12:     0x644c37871570 - <password_game::game::wordle::Wordle as core::default::Default>::default::h1c6883e030096de8
[INFO] [stdout]   13:     0x644c3786c521 - <password_game::game::PasswordGame as core::default::Default>::default::ha9cba5b7528ecbd3
[INFO] [stdout]   14:     0x644c3786c66d - password_game::game::PasswordGame::new::hc4c1edc3a25064fc
[INFO] [stdout]   15:     0x644c37878c56 - password_game::game::tests::rule_22_test::hafdf0ada3c84c672
[INFO] [stdout]   16:     0x644c37878c23 - password_game::game::tests::rule_22_test::{{closure}}::h9f7c3ffc27eafc63
[INFO] [stdout]   17:     0x644c3786cef6 - core::ops::function::FnOnce::call_once::h160a16dd275680b9
[INFO] [stdout]   18:     0x644c37aaf7eb - test::__rust_begin_short_backtrace::hf4fff89d377446ba
[INFO] [stdout]   19:     0x644c37aaf027 - test::run_test::{{closure}}::h52c556a6d4740e10
[INFO] [stdout]   20:     0x644c37a74304 - std::sys::backtrace::__rust_begin_short_backtrace::h505c97a579eca628
[INFO] [stdout]   21:     0x644c37a779ce - core::ops::function::FnOnce::call_once{{vtable.shim}}::h2c5a5f3779c774f1
[INFO] [stdout]   22:     0x644c37b5578b - std::sys::pal::unix::thread::Thread::new::thread_start::hcc78f3943333fa94
[INFO] [stdout]   23:     0x7b57f6c69ac3 - <unknown>
[INFO] [stdout]   24:     0x7b57f6cfaa04 - clone
[INFO] [stdout]   25:                0x0 - <unknown>
[INFO] [stdout] 
[INFO] [stdout] ---- game::tests::rule_1_test stdout ----
[INFO] [stdout] thread 'game::tests::rule_1_test' panicked at src/game/wordle.rs:19:23:
[INFO] [stdout] error requesting today's wordle answer: error sending request
[INFO] [stdout] stack backtrace:
[INFO] [stdout]    0:     0x644c37b4f74a - <std::sys::backtrace::BacktraceLock::print::DisplayBacktrace as core::fmt::Display>::fmt::h5b6bd5631a6d1f6b
[INFO] [stdout]    1:     0x644c37b78b83 - core::fmt::write::h7550c97b06c86515
[INFO] [stdout]    2:     0x644c37b4be33 - std::io::Write::write_fmt::h509ff860e5956e5e
[INFO] [stdout]    3:     0x644c37b4f592 - std::sys::backtrace::BacktraceLock::print::h2395ccd2c84ba3aa
[INFO] [stdout]    4:     0x644c37b50baa - std::panicking::default_hook::{{closure}}::he19d4c7230e07961
[INFO] [stdout]    5:     0x644c37b509b4 - std::panicking::default_hook::hf614597d3c67bbdb
[INFO] [stdout]    6:     0x644c37aaae29 - test::test_main::{{closure}}::he977ae839a582784
[INFO] [stdout]    7:     0x644c37b51248 - std::panicking::rust_panic_with_hook::h8942133a8b252070
[INFO] [stdout]    8:     0x644c37b5100a - std::panicking::begin_panic_handler::{{closure}}::hb5f5963570096b29
[INFO] [stdout]    9:     0x644c37b4fc29 - std::sys::backtrace::__rust_end_short_backtrace::h6208cedc1922feda
[INFO] [stdout]   10:     0x644c37b50c9c - rust_begin_unwind
[INFO] [stdout]   11:     0x644c37860370 - core::panicking::panic_fmt::h0c3082644d1bf418
[INFO] [stdout]   12:     0x644c37871570 - <password_game::game::wordle::Wordle as core::default::Default>::default::h1c6883e030096de8
[INFO] [stdout]   13:     0x644c3786c521 - <password_game::game::PasswordGame as core::default::Default>::default::ha9cba5b7528ecbd3
[INFO] [stdout]   14:     0x644c3786c66d - password_game::game::PasswordGame::new::hc4c1edc3a25064fc
[INFO] [stdout]   15:     0x644c37877b56 - password_game::game::tests::rule_1_test::h7d22fb5517597c83
[INFO] [stdout]   16:     0x644c37877b23 - password_game::game::tests::rule_1_test::{{closure}}::hc9b1b0c71a0fe824
[INFO] [stdout]   17:     0x644c3786d1b6 - core::ops::function::FnOnce::call_once::hea4ff3567d2df688
[INFO] [stdout]   18:     0x644c37aaf7eb - test::__rust_begin_short_backtrace::hf4fff89d377446ba
[INFO] [stdout]   19:     0x644c37aaf027 - test::run_test::{{closure}}::h52c556a6d4740e10
[INFO] [stdout]   20:     0x644c37a74304 - std::sys::backtrace::__rust_begin_short_backtrace::h505c97a579eca628
[INFO] [stdout]   21:     0x644c37a779ce - core::ops::function::FnOnce::call_once{{vtable.shim}}::h2c5a5f3779c774f1
[INFO] [stdout]   22:     0x644c37b5578b - std::sys::pal::unix::thread::Thread::new::thread_start::hcc78f3943333fa94
[INFO] [stdout]   23:     0x7b57f6c69ac3 - <unknown>
[INFO] [stdout]   24:     0x7b57f6cfaa04 - clone
[INFO] [stdout]   25:                0x0 - <unknown>
[INFO] [stdout] 
[INFO] [stdout] ---- game::tests::rule_6_test stdout ----
[INFO] [stdout] thread 'game::tests::rule_6_test' panicked at src/game/wordle.rs:19:23:
[INFO] [stdout] error requesting today's wordle answer: error sending request
[INFO] [stdout] stack backtrace:
[INFO] [stdout]    0:     0x644c37b4f74a - <std::sys::backtrace::BacktraceLock::print::DisplayBacktrace as core::fmt::Display>::fmt::h5b6bd5631a6d1f6b
[INFO] [stdout]    1:     0x644c37b78b83 - core::fmt::write::h7550c97b06c86515
[INFO] [stdout]    2:     0x644c37b4be33 - std::io::Write::write_fmt::h509ff860e5956e5e
[INFO] [stdout]    3:     0x644c37b4f592 - std::sys::backtrace::BacktraceLock::print::h2395ccd2c84ba3aa
[INFO] [stdout]    4:     0x644c37b50baa - std::panicking::default_hook::{{closure}}::he19d4c7230e07961
[INFO] [stdout]    5:     0x644c37b509b4 - std::panicking::default_hook::hf614597d3c67bbdb
[INFO] [stdout]    6:     0x644c37aaae29 - test::test_main::{{closure}}::he977ae839a582784
[INFO] [stdout]    7:     0x644c37b51248 - std::panicking::rust_panic_with_hook::h8942133a8b252070
[INFO] [stdout]    8:     0x644c37b5100a - std::panicking::begin_panic_handler::{{closure}}::hb5f5963570096b29
[INFO] [stdout]    9:     0x644c37b4fc29 - std::sys::backtrace::__rust_end_short_backtrace::h6208cedc1922feda
[INFO] [stdout]   10:     0x644c37b50c9c - rust_begin_unwind
[INFO] [stdout]   11:     0x644c37860370 - core::panicking::panic_fmt::h0c3082644d1bf418
[INFO] [stdout]   12:     0x644c37871570 - <password_game::game::wordle::Wordle as core::default::Default>::default::h1c6883e030096de8
[INFO] [stdout]   13:     0x644c3786c521 - <password_game::game::PasswordGame as core::default::Default>::default::ha9cba5b7528ecbd3
[INFO] [stdout]   14:     0x644c3786c66d - password_game::game::PasswordGame::new::hc4c1edc3a25064fc
[INFO] [stdout]   15:     0x644c37878526 - password_game::game::tests::rule_6_test::h4d6bf9906849488a
[INFO] [stdout]   16:     0x644c378784f3 - password_game::game::tests::rule_6_test::{{closure}}::ha4eb3a2b933cf218
[INFO] [stdout]   17:     0x644c3786d116 - core::ops::function::FnOnce::call_once::haa5a9855db191ba8
[INFO] [stdout]   18:     0x644c37aaf7eb - test::__rust_begin_short_backtrace::hf4fff89d377446ba
[INFO] [stdout]   19:     0x644c37aaf027 - test::run_test::{{closure}}::h52c556a6d4740e10
[INFO] [stdout]   20:     0x644c37a74304 - std::sys::backtrace::__rust_begin_short_backtrace::h505c97a579eca628
[INFO] [stdout]   21:     0x644c37a779ce - core::ops::function::FnOnce::call_once{{vtable.shim}}::h2c5a5f3779c774f1
[INFO] [stdout]   22:     0x644c37b5578b - std::sys::pal::unix::thread::Thread::new::thread_start::hcc78f3943333fa94
[INFO] [stdout]   23:     0x7b57f6c69ac3 - <unknown>
[INFO] [stdout]   24:     0x7b57f6cfaa04 - clone
[INFO] [stdout]   25:                0x0 - <unknown>
[INFO] [stdout] 
[INFO] [stdout] ---- game::tests::rule_7_test stdout ----
[INFO] [stdout] thread 'game::tests::rule_7_test' panicked at src/game/wordle.rs:19:23:
[INFO] [stdout] error requesting today's wordle answer: error sending request
[INFO] [stdout] stack backtrace:
[INFO] [stdout]    0:     0x644c37b4f74a - <std::sys::backtrace::BacktraceLock::print::DisplayBacktrace as core::fmt::Display>::fmt::h5b6bd5631a6d1f6b
[INFO] [stdout]    1:     0x644c37b78b83 - core::fmt::write::h7550c97b06c86515
[INFO] [stdout]    2:     0x644c37b4be33 - std::io::Write::write_fmt::h509ff860e5956e5e
[INFO] [stdout]    3:     0x644c37b4f592 - std::sys::backtrace::BacktraceLock::print::h2395ccd2c84ba3aa
[INFO] [stdout]    4:     0x644c37b50baa - std::panicking::default_hook::{{closure}}::he19d4c7230e07961
[INFO] [stdout]    5:     0x644c37b509b4 - std::panicking::default_hook::hf614597d3c67bbdb
[INFO] [stdout]    6:     0x644c37aaae29 - test::test_main::{{closure}}::he977ae839a582784
[INFO] [stdout]    7:     0x644c37b51248 - std::panicking::rust_panic_with_hook::h8942133a8b252070
[INFO] [stdout]    8:     0x644c37b5100a - std::panicking::begin_panic_handler::{{closure}}::hb5f5963570096b29
[INFO] [stdout]    9:     0x644c37b4fc29 - std::sys::backtrace::__rust_end_short_backtrace::h6208cedc1922feda
[INFO] [stdout]   10:     0x644c37b50c9c - rust_begin_unwind
[INFO] [stdout]   11:     0x644c37860370 - core::panicking::panic_fmt::h0c3082644d1bf418
[INFO] [stdout]   12:     0x644c37871570 - <password_game::game::wordle::Wordle as core::default::Default>::default::h1c6883e030096de8
[INFO] [stdout]   13:     0x644c3786c521 - <password_game::game::PasswordGame as core::default::Default>::default::ha9cba5b7528ecbd3
[INFO] [stdout]   14:     0x644c3786c66d - password_game::game::PasswordGame::new::hc4c1edc3a25064fc
[INFO] [stdout]   15:     0x644c378786f6 - password_game::game::tests::rule_7_test::h128b39d76282537a
[INFO] [stdout]   16:     0x644c378786c3 - password_game::game::tests::rule_7_test::{{closure}}::h86e4bde1ad724c02
[INFO] [stdout]   17:     0x644c3786cfa6 - core::ops::function::FnOnce::call_once::h3dfe7112b85161a2
[INFO] [stdout]   18:     0x644c37aaf7eb - test::__rust_begin_short_backtrace::hf4fff89d377446ba
[INFO] [stdout]   19:     0x644c37aaf027 - test::run_test::{{closure}}::h52c556a6d4740e10
[INFO] [stdout]   20:     0x644c37a74304 - std::sys::backtrace::__rust_begin_short_backtrace::h505c97a579eca628
[INFO] [stdout]   21:     0x644c37a779ce - core::ops::function::FnOnce::call_once{{vtable.shim}}::h2c5a5f3779c774f1
[INFO] [stdout]   22:     0x644c37b5578b - std::sys::pal::unix::thread::Thread::new::thread_start::hcc78f3943333fa94
[INFO] [stdout]   23:     0x7b57f6c69ac3 - <unknown>
[INFO] [stdout]   24:     0x7b57f6cfaa04 - clone
[INFO] [stdout]   25:                0x0 - <unknown>
[INFO] [stdout] 
[INFO] [stdout] 
[INFO] [stdout] failures:
[INFO] [stdout]     game::tests::rule_15_test
[INFO] [stdout]     game::tests::rule_1_test
[INFO] [stdout]     game::tests::rule_21_test
[INFO] [stdout]     game::tests::rule_22_test
[INFO] [stdout]     game::tests::rule_2_test
[INFO] [stdout]     game::tests::rule_3_test
[INFO] [stdout]     game::tests::rule_4_test
[INFO] [stdout]     game::tests::rule_5_test
[INFO] [stdout]     game::tests::rule_6_test
[INFO] [stdout]     game::tests::rule_7_test
[INFO] [stdout] 
[INFO] [stdout] test result: FAILED. 0 passed; 10 failed; 0 ignored; 0 measured; 0 filtered out; finished in 0.58s
[INFO] [stdout] 
[INFO] [stderr] error: test failed, to rerun pass `--bin password_game`
[INFO] running `Command { std: "docker" "inspect" "9f44458e1754aea869af36989542457efc70430a80acfecde464b88a0f451797", kill_on_drop: false }`
[INFO] running `Command { std: "docker" "rm" "-f" "9f44458e1754aea869af36989542457efc70430a80acfecde464b88a0f451797", kill_on_drop: false }`
[INFO] [stdout] 9f44458e1754aea869af36989542457efc70430a80acfecde464b88a0f451797
