[INFO] cloning repository https://github.com/SalOne22/rimage
[INFO] running `Command { std: "git" "-c" "credential.helper=" "-c" "credential.helper=/workspace/cargo-home/bin/git-credential-null" "clone" "--bare" "https://github.com/SalOne22/rimage" "/workspace/cache/git-repos/https%3A%2F%2Fgithub.com%2FSalOne22%2Frimage", kill_on_drop: false }`
[INFO] [stderr] Cloning into bare repository '/workspace/cache/git-repos/https%3A%2F%2Fgithub.com%2FSalOne22%2Frimage'...
[INFO] running `Command { std: "git" "rev-parse" "HEAD", kill_on_drop: false }`
[INFO] [stdout] e0f0206fd706c1608f52095feb1113709cdd8d9e
[INFO] testing SalOne22/rimage against 1.83.0 for beta-1.84.0-4-retry
[INFO] running `Command { std: "git" "clone" "/workspace/cache/git-repos/https%3A%2F%2Fgithub.com%2FSalOne22%2Frimage" "/workspace/builds/worker-1-tc1/source", kill_on_drop: false }`
[INFO] [stderr] Cloning into '/workspace/builds/worker-1-tc1/source'...
[INFO] [stderr] done.
[INFO] validating manifest of git repo https://github.com/SalOne22/rimage on toolchain 1.83.0
[INFO] running `Command { std: CARGO_HOME="/workspace/cargo-home" RUSTUP_HOME="/workspace/rustup-home" "/workspace/cargo-home/bin/cargo" "+1.83.0" "metadata" "--manifest-path" "Cargo.toml" "--no-deps", kill_on_drop: false }`
[INFO] removed /workspace/builds/worker-1-tc1/source/.cargo/config.toml
[INFO] started tweaking git repo https://github.com/SalOne22/rimage
[INFO] finished tweaking git repo https://github.com/SalOne22/rimage
[INFO] tweaked toml for git repo https://github.com/SalOne22/rimage written to /workspace/builds/worker-1-tc1/source/Cargo.toml
[INFO] crate git repo https://github.com/SalOne22/rimage already has a lockfile, it will not be regenerated
[INFO] running `Command { std: CARGO_HOME="/workspace/cargo-home" RUSTUP_HOME="/workspace/rustup-home" "/workspace/cargo-home/bin/cargo" "+1.83.0" "fetch" "--manifest-path" "Cargo.toml", kill_on_drop: false }`
[INFO] [stderr]     Updating crates.io index
[INFO] [stderr]  Downloading crates ...
[INFO] [stderr]   Downloaded zune-ppm v0.5.0-rc0
[INFO] [stderr]   Downloaded zune-psd v0.5.0-rc0
[INFO] [stderr]   Downloaded zune-qoi v0.5.0-rc0
[INFO] [stderr]   Downloaded zune-imageprocs v0.5.0-rc0
[INFO] [stderr]   Downloaded nasm-rs v0.3.0
[INFO] [stderr]   Downloaded jxl-coding v0.4.0
[INFO] [stderr]   Downloaded clap_mangen v0.2.23
[INFO] [stderr]   Downloaded indicatif-log-bridge v0.2.3
[INFO] [stderr]   Downloaded zune-bmp v0.5.0-rc4
[INFO] [stderr]   Downloaded lcms2 v6.1.0
[INFO] [stderr]   Downloaded libdeflater v1.21.0
[INFO] [stderr]   Downloaded roff v0.2.2
[INFO] [stderr]   Downloaded imagequant v4.3.3
[INFO] [stderr]   Downloaded jxl-render v0.8.2
[INFO] [stderr]   Downloaded fast_image_resize v3.0.4
[INFO] [stderr]   Downloaded zune-jpeg v0.5.0-rc2
[INFO] [stderr]   Downloaded oxipng v9.1.2
[INFO] [stderr]   Downloaded bitstream-io v2.5.1
[INFO] [stderr]   Downloaded jpeg-encoder v0.6.0
[INFO] [stderr]   Downloaded libdeflate-sys v1.21.0
[INFO] [stderr]   Downloaded jxl-color v0.7.1
[INFO] [stderr]   Downloaded lcms2-sys v4.0.5
[INFO] [stderr]   Downloaded jxl-modular v0.7.1
[INFO] [stderr]   Downloaded libavif v0.14.0
[INFO] [stderr]   Downloaded mozjpeg v0.10.10
[INFO] [stderr]   Downloaded nasm-rs v0.2.5
[INFO] [stderr]   Downloaded jxl-frame v0.9.0
[INFO] [stderr]   Downloaded jxl-image v0.9.0
[INFO] [stderr]   Downloaded jxl-vardct v0.7.0
[INFO] [stderr]   Downloaded zune-farbfeld v0.5.0-rc0
[INFO] [stderr]   Downloaded jxl-threadpool v0.1.1
[INFO] [stderr]   Downloaded jxl-grid v0.4.2
[INFO] [stderr]   Downloaded jxl-oxide v0.8.1
[INFO] [stderr]   Downloaded zune-hdr v0.5.0-rc0
[INFO] [stderr]   Downloaded zune-png v0.5.0-rc1
[INFO] [stderr]   Downloaded zune-core v0.5.0-rc2
[INFO] [stderr]   Downloaded filetime v0.2.24
[INFO] [stderr]   Downloaded jxl-bitstream v0.4.0
[INFO] [stderr]   Downloaded zune-jpegxl v0.5.0-rc0
[INFO] [stderr]   Downloaded zune-image v0.5.0-rc0
[INFO] [stderr]   Downloaded mozjpeg-sys v2.2.1
[INFO] [stderr]   Downloaded libavif-sys v0.17.0+libavif.1.0.4
[INFO] [stderr]   Downloaded webp v0.3.0
[INFO] [stderr]   Downloaded libaom-sys v0.17.0+libaom.3.9.1
[INFO] [stderr]   Downloaded libwebp-sys v0.9.5
[INFO] running `Command { std: "docker" "create" "-v" "/var/lib/crater-agent-workspace/builds/worker-1-tc1/target:/opt/rustwide/target:rw,Z" "-v" "/var/lib/crater-agent-workspace/builds/worker-1-tc1/source:/opt/rustwide/workdir:ro,Z" "-v" "/var/lib/crater-agent-workspace/cargo-home:/opt/rustwide/cargo-home:ro,Z" "-v" "/var/lib/crater-agent-workspace/rustup-home:/opt/rustwide/rustup-home:ro,Z" "-e" "SOURCE_DIR=/opt/rustwide/workdir" "-e" "CARGO_TARGET_DIR=/opt/rustwide/target" "-e" "CARGO_HOME=/opt/rustwide/cargo-home" "-e" "RUSTUP_HOME=/opt/rustwide/rustup-home" "-w" "/opt/rustwide/workdir" "-m" "1610612736" "--user" "0:0" "--network" "none" "ghcr.io/rust-lang/crates-build-env/linux@sha256:f3a9d4ad9d972b27faf3965f35b62e55ba32bbce8f20bc8fe909558a86702fde" "/opt/rustwide/cargo-home/bin/cargo" "+1.83.0" "metadata" "--no-deps" "--format-version=1", kill_on_drop: false }`
[INFO] [stdout] 3bd5f848600d77cfd1c035872d507db08bc2ce999177612ec8652abbf3737b47
[INFO] running `Command { std: "docker" "start" "-a" "3bd5f848600d77cfd1c035872d507db08bc2ce999177612ec8652abbf3737b47", kill_on_drop: false }`
[INFO] running `Command { std: "docker" "inspect" "3bd5f848600d77cfd1c035872d507db08bc2ce999177612ec8652abbf3737b47", kill_on_drop: false }`
[INFO] running `Command { std: "docker" "rm" "-f" "3bd5f848600d77cfd1c035872d507db08bc2ce999177612ec8652abbf3737b47", kill_on_drop: false }`
[INFO] [stdout] 3bd5f848600d77cfd1c035872d507db08bc2ce999177612ec8652abbf3737b47
[INFO] running `Command { std: "docker" "create" "-v" "/var/lib/crater-agent-workspace/builds/worker-1-tc1/target:/opt/rustwide/target:rw,Z" "-v" "/var/lib/crater-agent-workspace/builds/worker-1-tc1/source:/opt/rustwide/workdir:ro,Z" "-v" "/var/lib/crater-agent-workspace/cargo-home:/opt/rustwide/cargo-home:ro,Z" "-v" "/var/lib/crater-agent-workspace/rustup-home:/opt/rustwide/rustup-home:ro,Z" "-e" "SOURCE_DIR=/opt/rustwide/workdir" "-e" "CARGO_TARGET_DIR=/opt/rustwide/target" "-e" "CARGO_INCREMENTAL=0" "-e" "RUST_BACKTRACE=full" "-e" "RUSTFLAGS=--cap-lints=warn" "-e" "RUSTDOCFLAGS=--cap-lints=warn" "-e" "CARGO_HOME=/opt/rustwide/cargo-home" "-e" "RUSTUP_HOME=/opt/rustwide/rustup-home" "-w" "/opt/rustwide/workdir" "-m" "1610612736" "--user" "0:0" "--network" "none" "ghcr.io/rust-lang/crates-build-env/linux@sha256:f3a9d4ad9d972b27faf3965f35b62e55ba32bbce8f20bc8fe909558a86702fde" "/opt/rustwide/cargo-home/bin/cargo" "+1.83.0" "build" "--frozen" "--message-format=json", kill_on_drop: false }`
[INFO] [stdout] 86eda998216178b976d57d74fef098971f567f77d511890b79e0fc1572ef8dc8
[INFO] running `Command { std: "docker" "start" "-a" "86eda998216178b976d57d74fef098971f567f77d511890b79e0fc1572ef8dc8", kill_on_drop: false }`
[INFO] [stderr]    Compiling libc v0.2.158
[INFO] [stderr]    Compiling shlex v1.3.0
[INFO] [stderr]    Compiling crossbeam-utils v0.8.20
[INFO] [stderr]    Compiling proc-macro2 v1.0.86
[INFO] [stderr]    Compiling rayon-core v1.12.1
[INFO] [stderr]    Compiling unicode-ident v1.0.12
[INFO] [stderr]    Compiling autocfg v1.3.0
[INFO] [stderr]    Compiling cfg-if v1.0.0
[INFO] [stderr]    Compiling either v1.13.0
[INFO] [stderr]    Compiling utf8parse v0.2.2
[INFO] [stderr]    Compiling anstyle v1.0.8
[INFO] [stderr]    Compiling is_terminal_polyfill v1.70.1
[INFO] [stderr]    Compiling anstyle-query v1.1.1
[INFO] [stderr]    Compiling colorchoice v1.0.2
[INFO] [stderr]    Compiling strsim v0.11.1
[INFO] [stderr]    Compiling bytemuck v1.17.0
[INFO] [stderr]    Compiling semver v1.0.23
[INFO] [stderr]    Compiling arrayvec v0.7.6
[INFO] [stderr]    Compiling anstyle-parse v0.2.5
[INFO] [stderr]    Compiling serde v1.0.208
[INFO] [stderr]    Compiling clap_lex v0.7.2
[INFO] [stderr]    Compiling once_cell v1.19.0
[INFO] [stderr]    Compiling log v0.4.22
[INFO] [stderr]    Compiling anyhow v1.0.92
[INFO] [stderr]    Compiling thiserror v1.0.63
[INFO] [stderr]    Compiling rgb v0.8.48
[INFO] [stderr]    Compiling memchr v2.7.4
[INFO] [stderr]    Compiling roff v0.2.2
[INFO] [stderr]    Compiling glob v0.3.1
[INFO] [stderr]    Compiling radium v0.7.0
[INFO] [stderr]    Compiling dunce v1.0.5
[INFO] [stderr]    Compiling anstream v0.6.15
[INFO] [stderr]    Compiling aligned-vec v0.5.0
[INFO] [stderr]    Compiling num-traits v0.2.19
[INFO] [stderr]    Compiling paste v1.0.15
[INFO] [stderr]    Compiling minimal-lexical v0.2.1
[INFO] [stderr]    Compiling built v0.7.4
[INFO] [stderr]    Compiling clap_builder v4.5.20
[INFO] [stderr]    Compiling rustc_version v0.4.0
[INFO] [stderr]    Compiling tap v1.0.1
[INFO] [stderr]    Compiling adler2 v2.0.0
[INFO] [stderr]    Compiling wyz v0.5.1
[INFO] [stderr]    Compiling miniz_oxide v0.8.0
[INFO] [stderr]    Compiling itertools v0.12.1
[INFO] [stderr]    Compiling crc32fast v1.4.2
[INFO] [stderr]    Compiling funty v2.0.0
[INFO] [stderr]    Compiling bumpalo v3.16.0
[INFO] [stderr]    Compiling bitstream-io v2.5.1
[INFO] [stderr]    Compiling nom v7.1.3
[INFO] [stderr]    Compiling crossbeam-epoch v0.9.18
[INFO] [stderr]    Compiling quote v1.0.36
[INFO] [stderr]    Compiling simd-adler32 v0.3.7
[INFO] [stderr]    Compiling jobserver v0.1.32
[INFO] [stderr]    Compiling syn v2.0.75
[INFO] [stderr]    Compiling lockfree-object-pool v0.1.6
[INFO] [stderr]    Compiling cc v1.1.13
[INFO] [stderr]    Compiling simd_helpers v0.1.0
[INFO] [stderr]    Compiling new_debug_unreachable v1.0.6
[INFO] [stderr]    Compiling equivalent v1.0.1
[INFO] [stderr]    Compiling imgref v1.10.1
[INFO] [stderr]    Compiling noop_proc_macro v0.3.0
[INFO] [stderr]    Compiling hashbrown v0.14.5
[INFO] [stderr]    Compiling mutate_once v0.1.1
[INFO] [stderr]    Compiling crossbeam-deque v0.8.5
[INFO] [stderr]    Compiling num-integer v0.1.46
[INFO] [stderr]    Compiling v_frame v0.3.8
[INFO] [stderr]    Compiling kamadak-exif v0.5.5
[INFO] [stderr]    Compiling bitvec v1.0.1
[INFO] [stderr]    Compiling loop9 v0.1.5
[INFO] [stderr]    Compiling num-bigint v0.4.6
[INFO] [stderr]    Compiling zopfli v0.8.1
[INFO] [stderr]    Compiling flate2 v1.0.32
[INFO] [stderr]    Compiling filetime v0.2.24
[INFO] [stderr]    Compiling rayon v1.10.0
[INFO] [stderr]    Compiling crossbeam-channel v0.5.13
[INFO] [stderr]    Compiling cmake v0.1.51
[INFO] [stderr]    Compiling thread_local v1.1.8
[INFO] [stderr]    Compiling avif-serialize v0.8.1
[INFO] [stderr]    Compiling zune-core v0.5.0-rc2
[INFO] [stderr]    Compiling weezl v0.1.8
[INFO] [stderr]    Compiling rustc-hash v1.1.0
[INFO] [stderr]    Compiling quick-error v2.0.1
[INFO] [stderr]    Compiling num-rational v0.4.2
[INFO] [stderr]    Compiling jpeg-decoder v0.3.1
[INFO] [stderr]    Compiling zune-image v0.5.0-rc0
[INFO] [stderr]    Compiling av1-grain v0.2.3
[INFO] [stderr]    Compiling libaom-sys v0.17.0+libaom.3.9.1
[INFO] [stderr]    Compiling libdeflate-sys v1.21.0
[INFO] [stderr]    Compiling libwebp-sys v0.9.5
[INFO] [stderr]    Compiling toml v0.5.11
[INFO] [stderr]    Compiling libavif-sys v0.17.0+libavif.1.0.4
[INFO] [stderr]    Compiling mozjpeg-sys v2.2.1
[INFO] [stderr]    Compiling tiff v0.9.1
[INFO] [stderr]    Compiling nasm-rs v0.2.5
[INFO] [stderr]    Compiling rav1e v0.7.1
[INFO] [stderr]    Compiling clap v4.5.20
[INFO] [stderr]    Compiling clap_mangen v0.2.23
[INFO] [stderr]    Compiling maybe-rayon v0.1.1
[INFO] [stderr]    Compiling indexmap v2.4.0
[INFO] [stderr]    Compiling winres v0.1.12
[INFO] [stderr]    Compiling oxipng v9.1.2
[INFO] [stderr]    Compiling imagequant v4.3.3
[INFO] [stderr]    Compiling rimage v0.11.0-next.3 (/opt/rustwide/workdir)
[INFO] [stderr]    Compiling thiserror-impl v1.0.63
[INFO] [stderr]    Compiling profiling-procmacros v1.0.15
[INFO] [stderr]    Compiling arg_enum_proc_macro v0.3.4
[INFO] [stderr]    Compiling num-derive v0.4.2
[INFO] [stderr] warning: rimage@0.11.0-next.3: "This build script is only for windows target, skipping..."
[INFO] [stderr]    Compiling libdeflater v1.21.0
[INFO] [stderr]    Compiling profiling v1.0.15
[INFO] [stderr]    Compiling mozjpeg v0.10.10
[INFO] [stderr]    Compiling fast_image_resize v3.0.4
[INFO] [stderr]    Compiling webp v0.3.0
[INFO] [stderr]    Compiling ravif v0.11.10
[INFO] [stderr]    Compiling libavif v0.14.0
[INFO] [stderr]     Finished `dev` profile [unoptimized + debuginfo] target(s) in 2m 41s
[INFO] running `Command { std: "docker" "inspect" "86eda998216178b976d57d74fef098971f567f77d511890b79e0fc1572ef8dc8", kill_on_drop: false }`
[INFO] running `Command { std: "docker" "rm" "-f" "86eda998216178b976d57d74fef098971f567f77d511890b79e0fc1572ef8dc8", kill_on_drop: false }`
[INFO] [stdout] 86eda998216178b976d57d74fef098971f567f77d511890b79e0fc1572ef8dc8
[INFO] running `Command { std: "docker" "create" "-v" "/var/lib/crater-agent-workspace/builds/worker-1-tc1/target:/opt/rustwide/target:rw,Z" "-v" "/var/lib/crater-agent-workspace/builds/worker-1-tc1/source:/opt/rustwide/workdir:ro,Z" "-v" "/var/lib/crater-agent-workspace/cargo-home:/opt/rustwide/cargo-home:ro,Z" "-v" "/var/lib/crater-agent-workspace/rustup-home:/opt/rustwide/rustup-home:ro,Z" "-e" "SOURCE_DIR=/opt/rustwide/workdir" "-e" "CARGO_TARGET_DIR=/opt/rustwide/target" "-e" "CARGO_INCREMENTAL=0" "-e" "RUST_BACKTRACE=full" "-e" "RUSTFLAGS=--cap-lints=warn" "-e" "RUSTDOCFLAGS=--cap-lints=warn" "-e" "CARGO_HOME=/opt/rustwide/cargo-home" "-e" "RUSTUP_HOME=/opt/rustwide/rustup-home" "-w" "/opt/rustwide/workdir" "-m" "1610612736" "--user" "0:0" "--network" "none" "ghcr.io/rust-lang/crates-build-env/linux@sha256:f3a9d4ad9d972b27faf3965f35b62e55ba32bbce8f20bc8fe909558a86702fde" "/opt/rustwide/cargo-home/bin/cargo" "+1.83.0" "test" "--frozen" "--no-run" "--message-format=json", kill_on_drop: false }`
[INFO] [stdout] 8f6ff920068053bde989f5c5c54500943e948d79fa82a7278d24c60dca087f12
[INFO] running `Command { std: "docker" "start" "-a" "8f6ff920068053bde989f5c5c54500943e948d79fa82a7278d24c60dca087f12", kill_on_drop: false }`
[INFO] [stderr]    Compiling pin-project-lite v0.2.14
[INFO] [stderr]    Compiling serde v1.0.208
[INFO] [stderr]    Compiling tracing-core v0.1.32
[INFO] [stderr]    Compiling zune-inflate v0.2.54
[INFO] [stderr]    Compiling jpeg-encoder v0.6.0
[INFO] [stderr]    Compiling tracing v0.1.40
[INFO] [stderr]    Compiling jxl-bitstream v0.4.0
[INFO] [stderr]    Compiling jxl-grid v0.4.2
[INFO] [stderr]    Compiling jxl-threadpool v0.1.1
[INFO] [stderr]    Compiling jxl-coding v0.4.0
[INFO] [stderr]    Compiling jxl-modular v0.7.1
[INFO] [stderr]    Compiling jxl-color v0.7.1
[INFO] [stderr]    Compiling jxl-image v0.9.0
[INFO] [stderr]    Compiling jxl-vardct v0.7.0
[INFO] [stderr]    Compiling jxl-frame v0.9.0
[INFO] [stderr]    Compiling zune-core v0.5.0-rc2
[INFO] [stderr]    Compiling toml v0.5.11
[INFO] [stderr]    Compiling zune-psd v0.5.0-rc0
[INFO] [stderr]    Compiling zune-bmp v0.5.0-rc4
[INFO] [stderr]    Compiling zune-jpeg v0.5.0-rc2
[INFO] [stderr]    Compiling zune-jpegxl v0.5.0-rc0
[INFO] [stderr]    Compiling zune-png v0.5.0-rc1
[INFO] [stderr]    Compiling zune-farbfeld v0.5.0-rc0
[INFO] [stderr]    Compiling zune-ppm v0.5.0-rc0
[INFO] [stderr]    Compiling zune-qoi v0.5.0-rc0
[INFO] [stderr]    Compiling zune-hdr v0.5.0-rc0
[INFO] [stderr]    Compiling jxl-render v0.8.2
[INFO] [stderr]    Compiling winres v0.1.12
[INFO] [stderr]    Compiling rimage v0.11.0-next.3 (/opt/rustwide/workdir)
[INFO] [stderr] warning: rimage@0.11.0-next.3: "This build script is only for windows target, skipping..."
[INFO] [stderr]    Compiling jxl-oxide v0.8.1
[INFO] [stderr]    Compiling zune-image v0.5.0-rc0
[INFO] [stderr]     Finished `test` profile [unoptimized + debuginfo] target(s) in 19.87s
[INFO] running `Command { std: "docker" "inspect" "8f6ff920068053bde989f5c5c54500943e948d79fa82a7278d24c60dca087f12", kill_on_drop: false }`
[INFO] running `Command { std: "docker" "rm" "-f" "8f6ff920068053bde989f5c5c54500943e948d79fa82a7278d24c60dca087f12", kill_on_drop: false }`
[INFO] [stdout] 8f6ff920068053bde989f5c5c54500943e948d79fa82a7278d24c60dca087f12
[INFO] running `Command { std: "docker" "create" "-v" "/var/lib/crater-agent-workspace/builds/worker-1-tc1/target:/opt/rustwide/target:rw,Z" "-v" "/var/lib/crater-agent-workspace/builds/worker-1-tc1/source:/opt/rustwide/workdir:ro,Z" "-v" "/var/lib/crater-agent-workspace/cargo-home:/opt/rustwide/cargo-home:ro,Z" "-v" "/var/lib/crater-agent-workspace/rustup-home:/opt/rustwide/rustup-home:ro,Z" "-e" "SOURCE_DIR=/opt/rustwide/workdir" "-e" "CARGO_TARGET_DIR=/opt/rustwide/target" "-e" "CARGO_INCREMENTAL=0" "-e" "RUST_BACKTRACE=full" "-e" "RUSTFLAGS=--cap-lints=warn" "-e" "RUSTDOCFLAGS=--cap-lints=warn" "-e" "CARGO_HOME=/opt/rustwide/cargo-home" "-e" "RUSTUP_HOME=/opt/rustwide/rustup-home" "-w" "/opt/rustwide/workdir" "-m" "1610612736" "--user" "0:0" "--network" "none" "ghcr.io/rust-lang/crates-build-env/linux@sha256:f3a9d4ad9d972b27faf3965f35b62e55ba32bbce8f20bc8fe909558a86702fde" "/opt/rustwide/cargo-home/bin/cargo" "+1.83.0" "test" "--frozen", kill_on_drop: false }`
[INFO] [stdout] 5adcb99ccc6e48bdeac55250f1e03ab08f302b49aa540dd515168abcc505c875
[INFO] running `Command { std: "docker" "start" "-a" "5adcb99ccc6e48bdeac55250f1e03ab08f302b49aa540dd515168abcc505c875", kill_on_drop: false }`
[INFO] [stderr] warning: rimage@0.11.0-next.3: "This build script is only for windows target, skipping..."
[INFO] [stderr]     Finished `test` profile [unoptimized + debuginfo] target(s) in 0.18s
[INFO] [stderr]      Running unittests src/lib.rs (/opt/rustwide/target/debug/deps/rimage-8e843d8134200a6d)
[INFO] [stdout] 
[INFO] [stdout] running 37 tests
[INFO] [stdout] test codecs::avif::decoder::tests::decode ... ok
[INFO] [stdout] test codecs::mozjpeg::encoder::tests::encode_u8 ... ok
[INFO] [stdout] test codecs::mozjpeg::encoder::tests::encode_f32 ... ok
[INFO] [stdout] test codecs::mozjpeg::encoder::tests::encode_u16 ... ok
[INFO] [stdout] test codecs::mozjpeg::encoder::tests::encode_animated ... ok
[INFO] [stdout] test codecs::mozjpeg::encoder::tests::encode_colorspaces_u8 ... ok
[INFO] [stdout] test codecs::mozjpeg::encoder::tests::encode_colorspaces_u16 ... ok
[INFO] [stdout] test codecs::tiff::decoder::tests::decode ... ok
[INFO] [stdout] test codecs::webp::decoder::tests::decode ... ok
[INFO] [stdout] test codecs::webp::encoder::tests::encode_animated ... ok
[INFO] [stdout] test codecs::mozjpeg::encoder::tests::encode_colorspaces_f32 ... ok
[INFO] [stdout] test codecs::webp::encoder::tests::encode_colorspaces_f32 ... ok
[INFO] [stdout] test codecs::webp::encoder::tests::encode_colorspaces_u16 ... ok
[INFO] [stdout] test codecs::webp::encoder::tests::encode_f32 ... ok
[INFO] [stdout] test codecs::webp::encoder::tests::encode_colorspaces_u8 ... ok
[INFO] [stdout] test codecs::webp::encoder::tests::encode_u16 ... ok
[INFO] [stdout] test codecs::webp::encoder::tests::encode_u8 ... ok
[INFO] [stdout] test operations::quantize::tests::quantize_u8 ... ok
[INFO] [stdout] test operations::quantize::tests::dither_u8 ... ok
[INFO] [stdout] test operations::resize::tests::resize_f32 ... ok
[INFO] [stdout] test operations::resize::tests::resize_animated ... ok
[INFO] [stdout] test operations::resize::tests::resize_u16 ... ok
[INFO] [stdout] test operations::resize::tests::resize_u8 ... ok
[INFO] [stdout] test codecs::oxipng::encoder::tests::encode_animated ... ok
[INFO] [stdout] test codecs::oxipng::encoder::tests::encode_u16 ... ok
[INFO] [stdout] test codecs::oxipng::encoder::tests::encode_u8 ... ok
[INFO] [stdout] test codecs::avif::encoder::tests::encode_f32 ... ok
[INFO] [stdout] test codecs::oxipng::encoder::tests::encode_colorspaces_u8 ... ok
[INFO] [stdout] test codecs::avif::encoder::tests::encode_animated ... ok
[INFO] [stdout] test codecs::avif::encoder::tests::encode_u16 ... ok
[INFO] [stdout] test codecs::oxipng::encoder::tests::encode_f32 ... ok
[INFO] [stdout] test codecs::avif::encoder::tests::encode_u8 ... ok
[INFO] [stdout] test codecs::avif::encoder::tests::encode_colorspaces_u16 ... ok
[INFO] [stdout] test codecs::avif::encoder::tests::encode_colorspaces_u8 ... ok
[INFO] [stdout] test codecs::avif::encoder::tests::encode_colorspaces_f32 ... ok
[INFO] [stdout] test codecs::oxipng::encoder::tests::encode_colorspaces_u16 ... ok
[INFO] [stdout] test codecs::oxipng::encoder::tests::encode_colorspaces_f32 ... ok
[INFO] [stdout] 
[INFO] [stdout] test result: ok. 37 passed; 0 failed; 0 ignored; 0 measured; 0 filtered out; finished in 13.79s
[INFO] [stdout] 
[INFO] [stderr]    Doc-tests rimage
[INFO] [stdout] 
[INFO] [stdout] running 5 tests
[INFO] [stdout] test src/lib.rs - (line 86) ... FAILED
[INFO] [stdout] test src/lib.rs - (line 100) ... FAILED
[INFO] [stdout] test src/lib.rs - (line 30) ... ok
[INFO] [stdout] test src/lib.rs - (line 49) ... ok
[INFO] [stdout] test src/lib.rs - (line 63) ... ok
[INFO] [stderr] error: doctest failed, to rerun pass `--doc`
[INFO] [stdout] 
[INFO] [stdout] failures:
[INFO] [stdout] 
[INFO] [stdout] ---- src/lib.rs - (line 86) stdout ----
[INFO] [stdout] error: linking with `cc` failed: exit status: 1
[INFO] [stdout]   |
[INFO] [stdout]   = note: LC_ALL="C" PATH="/opt/rustwide/rustup-home/toolchains/1.83.0-x86_64-unknown-linux-gnu/lib/rustlib/x86_64-unknown-linux-gnu/bin:/opt/rustwide/cargo-home/bin:/usr/local/sbin:/usr/local/bin:/usr/sbin:/usr/bin:/sbin:/bin" VSLANG="1033" "cc" "-m64" "/tmp/rustcVLU35o/symbols.o" "/tmp/rustdoctestuQZZ9D/rust_out.rust_out.cb03291d53e4e161-cgu.0.rcgu.o" "/tmp/rustdoctestuQZZ9D/rust_out.1s7umcihpz0t7nkz1uc2ifee9.rcgu.o" "-Wl,--as-needed" "-Wl,-Bstatic" "/opt/rustwide/target/debug/deps/librimage-52e0e51e93cc4cf8.rlib" "/opt/rustwide/target/debug/deps/libtiff-735e6d5a0ace48d6.rlib" "/opt/rustwide/target/debug/deps/libflate2-41b4a7d72f332235.rlib" "/opt/rustwide/target/debug/deps/libminiz_oxide-dbe4d5c6b06aebd9.rlib" "/opt/rustwide/target/debug/deps/libadler2-e253e5013e39fbc6.rlib" "/opt/rustwide/target/debug/deps/libcrc32fast-6da0a50d86e2d24a.rlib" "/opt/rustwide/target/debug/deps/libweezl-a9691073051f61b4.rlib" "/opt/rustwide/target/debug/deps/libjpeg_decoder-c9a1a3712b338179.rlib" "/opt/rustwide/target/debug/deps/liboxipng-a51bc0ebf1e31ef4.rlib" "/opt/rustwide/target/debug/deps/libfiletime-4e5ce3d31e7cd976.rlib" "/opt/rustwide/target/debug/deps/libzopfli-0566daf5b0f32221.rlib" "/opt/rustwide/target/debug/deps/libbumpalo-5bb7154c5e17cb17.rlib" "/opt/rustwide/target/debug/deps/liblockfree_object_pool-188ad0c23ea6768b.rlib" "/opt/rustwide/target/debug/deps/librustc_hash-c9f1ca6ac0c62e13.rlib" "/opt/rustwide/target/debug/deps/libbitvec-b140377dfdb77f04.rlib" "/opt/rustwide/target/debug/deps/libwyz-1bf639ea2585bd37.rlib" "/opt/rustwide/target/debug/deps/libtap-88d1698c4d44c9d2.rlib" "/opt/rustwide/target/debug/deps/libradium-70b4d14a4cf73461.rlib" "/opt/rustwide/target/debug/deps/libfunty-8432ee30c8d1a4ea.rlib" "/opt/rustwide/target/debug/deps/libcrossbeam_channel-2b068e04c96a1cbf.rlib" "/opt/rustwide/target/debug/deps/liblibdeflater-b1d1b8617f98899c.rlib" "/opt/rustwide/target/debug/deps/liblibdeflate_sys-cfee556b1f25ad77.rlib" "/opt/rustwide/target/debug/deps/libindexmap-18ea7fb11a07c463.rlib" "/opt/rustwide/target/debug/deps/libequivalent-4d5cfde55792e26d.rlib" "/opt/rustwide/target/debug/deps/libhashbrown-7d02282e476b54c1.rlib" "/opt/rustwide/target/debug/deps/liblibavif-6709eeceb18b6ffa.rlib" "/opt/rustwide/target/debug/deps/liblibavif_sys-d85c554568cb5f97.rlib" "/opt/rustwide/target/debug/deps/liblibaom_sys-93eb21b1291708ce.rlib" "/opt/rustwide/target/debug/deps/libwebp-6b09b422d2cc482e.rlib" "/opt/rustwide/target/debug/deps/liblibwebp_sys-cd42e455211e000c.rlib" "/opt/rustwide/target/debug/deps/libmozjpeg-53366e3b4676c918.rlib" "/opt/rustwide/target/debug/deps/libmozjpeg_sys-c096c8b45f5a9180.rlib" "/opt/rustwide/target/debug/deps/libravif-399cdeb2534e2d7c.rlib" "/opt/rustwide/target/debug/deps/libloop9-cc8817d1a4b46633.rlib" "/opt/rustwide/target/debug/deps/libavif_serialize-d4bed869605a1ae9.rlib" "/opt/rustwide/target/debug/deps/libquick_error-c1fe8880e5201177.rlib" "/opt/rustwide/target/debug/deps/librav1e-8a26e414d88064a7.rlib" "/opt/rustwide/target/debug/deps/liblibc-ec79ab4c02cd37fe.rlib" "/opt/rustwide/target/debug/deps/libprofiling-7d277cf2f042df29.rlib" "/opt/rustwide/target/debug/deps/libav1_grain-e21ad2555719f607.rlib" "/opt/rustwide/target/debug/deps/libnom-330397ad8af74e03.rlib" "/opt/rustwide/target/debug/deps/libmemchr-6b84ce758acd6c63.rlib" "/opt/rustwide/target/debug/deps/libnum_rational-a152e62775845ded.rlib" "/opt/rustwide/target/debug/deps/libnum_bigint-9473586d4f72ed62.rlib" "/opt/rustwide/target/debug/deps/libnum_integer-cfbbb16dc886ad80.rlib" "/opt/rustwide/target/debug/deps/libanyhow-f54ff07ef0bdf739.rlib" "/opt/rustwide/target/debug/deps/libmaybe_rayon-2c3ed37aa696f9ad.rlib" "/opt/rustwide/target/debug/deps/libbitstream_io-621f82de743ed763.rlib" "/opt/rustwide/target/debug/deps/libdebug_unreachable-4507fd018f69d5a7.rlib" "/opt/rustwide/target/debug/deps/libv_frame-c9794cecab14a211.rlib" "/opt/rustwide/target/debug/deps/libaligned_vec-054ccdbc8c0df0a4.rlib" "/opt/rustwide/target/debug/deps/libitertools-b68c38a525fcf717.rlib" "/opt/rustwide/target/debug/deps/libimgref-7e3d9fd2353f5197.rlib" "/opt/rustwide/target/debug/deps/libfast_image_resize-dd81441ccbdccdfc.rlib" "/opt/rustwide/target/debug/deps/libnum_traits-d98baff45e856f32.rlib" "/opt/rustwide/target/debug/deps/libthiserror-328d145e4485fffa.rlib" "/opt/rustwide/target/debug/deps/libzune_image-ac2790378a1bb031.rlib" "/opt/rustwide/target/debug/deps/libzune_qoi-5c2ceb4287f50e31.rlib" "/opt/rustwide/target/debug/deps/libzune_psd-0f50de8c0e1b8c38.rlib" "/opt/rustwide/target/debug/deps/libzune_ppm-55f240c64fef5c11.rlib" "/opt/rustwide/target/debug/deps/libzune_png-c82d2fb93c10a9a2.rlib" "/opt/rustwide/target/debug/deps/libzune_inflate-a1d9a457014ff3a3.rlib" "/opt/rustwide/target/debug/deps/libsimd_adler32-5e311076dee16997.rlib" "/opt/rustwide/target/debug/deps/libzune_jpegxl-2dbdb51508397c3b.rlib" "/opt/rustwide/target/debug/deps/libjxl_oxide-e1a861ed2db04ae1.rlib" "/opt/rustwide/target/debug/deps/libjxl_render-ad8ce136c4fb61ae.rlib" "/opt/rustwide/target/debug/deps/libjxl_frame-27008aed61b696f7.rlib" "/opt/rustwide/target/debug/deps/libjxl_vardct-54015d5ff116f24a.rlib" "/opt/rustwide/target/debug/deps/libjxl_modular-a21025abf4dc8155.rlib" "/opt/rustwide/target/debug/deps/libjxl_image-dcad011c86e2cde5.rlib" "/opt/rustwide/target/debug/deps/libjxl_color-46cc583ce1dfd03d.rlib" "/opt/rustwide/target/debug/deps/libjxl_coding-d97bb8dc4981af3a.rlib" "/opt/rustwide/target/debug/deps/libjxl_threadpool-facc5484fe533f6f.rlib" "/opt/rustwide/target/debug/deps/libjxl_grid-5184eeee803800b4.rlib" "/opt/rustwide/target/debug/deps/libjxl_bitstream-41eb0f7425661edf.rlib" "/opt/rustwide/target/debug/deps/libtracing-1b86065d6e7033cf.rlib" "/opt/rustwide/target/debug/deps/libpin_project_lite-04d37b8eb510eecb.rlib" "/opt/rustwide/target/debug/deps/libtracing_core-028ad275d3d25bcf.rlib" "/opt/rustwide/target/debug/deps/libexif-639d10c486af9b1c.rlib" "/opt/rustwide/target/debug/deps/libmutate_once-74eeb65e1d8c027b.rlib" "/opt/rustwide/target/debug/deps/libzune_jpeg-5fdd755400068a0b.rlib" "/opt/rustwide/target/debug/deps/libjpeg_encoder-7b98fd1f79f3859c.rlib" "/opt/rustwide/target/debug/deps/libzune_hdr-54e2bad18b70e025.rlib" "/opt/rustwide/target/debug/deps/libzune_farbfeld-0a98769fdb3fc186.rlib" "/opt/rustwide/target/debug/deps/libzune_bmp-d6b4cc966290be76.rlib" "/opt/rustwide/target/debug/deps/libzune_core-b6f88645c62080ea.rlib" "/opt/rustwide/target/debug/deps/libserde-8126cc9f0294eccc.rlib" "/opt/rustwide/target/debug/deps/liblog-2579a5a2dbce8c4d.rlib" "/opt/rustwide/target/debug/deps/libimagequant-bb253b9a15b6cdf2.rlib" "/opt/rustwide/target/debug/deps/libthread_local-2bde5dc5893d4fe3.rlib" "/opt/rustwide/target/debug/deps/libcfg_if-8217498f8667ada9.rlib" "/opt/rustwide/target/debug/deps/libonce_cell-dd4734ba15c3811e.rlib" "/opt/rustwide/target/debug/deps/librayon-9a34e8013756c14e.rlib" "/opt/rustwide/target/debug/deps/librayon_core-c85d1807022617f5.rlib" "/opt/rustwide/target/debug/deps/libcrossbeam_deque-a3beb0ebfe0441fb.rlib" "/opt/rustwide/target/debug/deps/libcrossbeam_epoch-17a12af7c8a0cc0a.rlib" "/opt/rustwide/target/debug/deps/libcrossbeam_utils-be96993693568ee0.rlib" "/opt/rustwide/target/debug/deps/libeither-41b3367888b49508.rlib" "/opt/rustwide/target/debug/deps/libarrayvec-b2502cae894393e0.rlib" "/opt/rustwide/target/debug/deps/librgb-ad13dd7a45ce7467.rlib" "/opt/rustwide/target/debug/deps/libbytemuck-47bef6040ecdfd87.rlib" "/opt/rustwide/rustup-home/toolchains/1.83.0-x86_64-unknown-linux-gnu/lib/rustlib/x86_64-unknown-linux-gnu/lib/libstd-ca74a2d9c5166d9f.rlib" "/opt/rustwide/rustup-home/toolchains/1.83.0-x86_64-unknown-linux-gnu/lib/rustlib/x86_64-unknown-linux-gnu/lib/libpanic_unwind-e31ab23316ed5080.rlib" "/opt/rustwide/rustup-home/toolchains/1.83.0-x86_64-unknown-linux-gnu/lib/rustlib/x86_64-unknown-linux-gnu/lib/libobject-27dc4aa955912662.rlib" "/opt/rustwide/rustup-home/toolchains/1.83.0-x86_64-unknown-linux-gnu/lib/rustlib/x86_64-unknown-linux-gnu/lib/libmemchr-bd0d6cccce077b99.rlib" "/opt/rustwide/rustup-home/toolchains/1.83.0-x86_64-unknown-linux-gnu/lib/rustlib/x86_64-unknown-linux-gnu/lib/libaddr2line-8d001680935b5e3c.rlib" "/opt/rustwide/rustup-home/toolchains/1.83.0-x86_64-unknown-linux-gnu/lib/rustlib/x86_64-unknown-linux-gnu/lib/libgimli-ba8ce71964f984f4.rlib" "/opt/rustwide/rustup-home/toolchains/1.83.0-x86_64-unknown-linux-gnu/lib/rustlib/x86_64-unknown-linux-gnu/lib/librustc_demangle-99a73526abcec14b.rlib" "/opt/rustwide/rustup-home/toolchains/1.83.0-x86_64-unknown-linux-gnu/lib/rustlib/x86_64-unknown-linux-gnu/lib/libstd_detect-63ac0d22cff92579.rlib" "/opt/rustwide/rustup-home/toolchains/1.83.0-x86_64-unknown-linux-gnu/lib/rustlib/x86_64-unknown-linux-gnu/lib/libhashbrown-9057355c92c922d5.rlib" "/opt/rustwide/rustup-home/toolchains/1.83.0-x86_64-unknown-linux-gnu/lib/rustlib/x86_64-unknown-linux-gnu/lib/librustc_std_workspace_alloc-358be9bc1f6bab04.rlib" "/opt/rustwide/rustup-home/toolchains/1.83.0-x86_64-unknown-linux-gnu/lib/rustlib/x86_64-unknown-linux-gnu/lib/libminiz_oxide-aca15549d5bff974.rlib" "/opt/rustwide/rustup-home/toolchains/1.83.0-x86_64-unknown-linux-gnu/lib/rustlib/x86_64-unknown-linux-gnu/lib/libadler-8251d2cef7072448.rlib" "/opt/rustwide/rustup-home/toolchains/1.83.0-x86_64-unknown-linux-gnu/lib/rustlib/x86_64-unknown-linux-gnu/lib/libunwind-7d50b86011c66411.rlib" "/opt/rustwide/rustup-home/toolchains/1.83.0-x86_64-unknown-linux-gnu/lib/rustlib/x86_64-unknown-linux-gnu/lib/libcfg_if-51ea098fce5006bf.rlib" "/opt/rustwide/rustup-home/toolchains/1.83.0-x86_64-unknown-linux-gnu/lib/rustlib/x86_64-unknown-linux-gnu/lib/liblibc-5a14e0d0b712e731.rlib" "/opt/rustwide/rustup-home/toolchains/1.83.0-x86_64-unknown-linux-gnu/lib/rustlib/x86_64-unknown-linux-gnu/lib/liballoc-8b83dbf3a7b8f999.rlib" "/opt/rustwide/rustup-home/toolchains/1.83.0-x86_64-unknown-linux-gnu/lib/rustlib/x86_64-unknown-linux-gnu/lib/librustc_std_workspace_core-c6fd227bdc7b39ff.rlib" "/opt/rustwide/rustup-home/toolchains/1.83.0-x86_64-unknown-linux-gnu/lib/rustlib/x86_64-unknown-linux-gnu/lib/libcore-959d3389fa3da8a5.rlib" "/opt/rustwide/rustup-home/toolchains/1.83.0-x86_64-unknown-linux-gnu/lib/rustlib/x86_64-unknown-linux-gnu/lib/libcompiler_builtins-abe05db089cc2c62.rlib" "-Wl,-Bdynamic" "-lgcc_s" "-lutil" "-lrt" "-lpthread" "-lm" "-ldl" "-lc" "-Wl,--eh-frame-hdr" "-Wl,-z,noexecstack" "-L" "/opt/rustwide/target/debug/build/libaom-sys-39aa2a5b752d5011/out/lib" "-L" "/opt/rustwide/target/debug/build/libavif-sys-fc66321e020f8f0e/out/lib" "-L" "/opt/rustwide/target/debug/build/libdeflate-sys-f060e9d6b6fb96b7/out/lib" "-L" "/opt/rustwide/target/debug/build/libwebp-sys-c4a46724a5f56f06/out" "-L" "/opt/rustwide/target/debug/build/mozjpeg-sys-4bfeadf5a0d3c64c/out" "-L" "/opt/rustwide/target/debug/build/rav1e-dc0ffa19da185018/out" "-L" "/opt/rustwide/rustup-home/toolchains/1.83.0-x86_64-unknown-linux-gnu/lib/rustlib/x86_64-unknown-linux-gnu/lib" "-o" "/tmp/rustdoctestuQZZ9D/rust_out" "-Wl,--gc-sections" "-pie" "-Wl,-z,relro,-z,now" "-nodefaultlibs"
[INFO] [stdout]   = note: collect2: fatal error: ld terminated with signal 9 [Killed]
[INFO] [stdout]           compilation terminated.
[INFO] [stdout]           
[INFO] [stdout] 
[INFO] [stdout] error: aborting due to 1 previous error
[INFO] [stdout] 
[INFO] [stdout] Couldn't compile the test.
[INFO] [stdout] ---- src/lib.rs - (line 100) stdout ----
[INFO] [stdout] error: linking with `cc` failed: exit status: 1
[INFO] [stdout]   |
[INFO] [stdout]   = note: LC_ALL="C" PATH="/opt/rustwide/rustup-home/toolchains/1.83.0-x86_64-unknown-linux-gnu/lib/rustlib/x86_64-unknown-linux-gnu/bin:/opt/rustwide/cargo-home/bin:/usr/local/sbin:/usr/local/bin:/usr/sbin:/usr/bin:/sbin:/bin" VSLANG="1033" "cc" "-m64" "/tmp/rustcQ0O1k9/symbols.o" "/tmp/rustdoctest0wbG1e/rust_out.rust_out.cb03291d53e4e161-cgu.0.rcgu.o" "/tmp/rustdoctest0wbG1e/rust_out.1s7umcihpz0t7nkz1uc2ifee9.rcgu.o" "-Wl,--as-needed" "-Wl,-Bstatic" "/opt/rustwide/target/debug/deps/librimage-52e0e51e93cc4cf8.rlib" "/opt/rustwide/target/debug/deps/libtiff-735e6d5a0ace48d6.rlib" "/opt/rustwide/target/debug/deps/libflate2-41b4a7d72f332235.rlib" "/opt/rustwide/target/debug/deps/libminiz_oxide-dbe4d5c6b06aebd9.rlib" "/opt/rustwide/target/debug/deps/libadler2-e253e5013e39fbc6.rlib" "/opt/rustwide/target/debug/deps/libcrc32fast-6da0a50d86e2d24a.rlib" "/opt/rustwide/target/debug/deps/libweezl-a9691073051f61b4.rlib" "/opt/rustwide/target/debug/deps/libjpeg_decoder-c9a1a3712b338179.rlib" "/opt/rustwide/target/debug/deps/liboxipng-a51bc0ebf1e31ef4.rlib" "/opt/rustwide/target/debug/deps/libfiletime-4e5ce3d31e7cd976.rlib" "/opt/rustwide/target/debug/deps/libzopfli-0566daf5b0f32221.rlib" "/opt/rustwide/target/debug/deps/libbumpalo-5bb7154c5e17cb17.rlib" "/opt/rustwide/target/debug/deps/liblockfree_object_pool-188ad0c23ea6768b.rlib" "/opt/rustwide/target/debug/deps/librustc_hash-c9f1ca6ac0c62e13.rlib" "/opt/rustwide/target/debug/deps/libbitvec-b140377dfdb77f04.rlib" "/opt/rustwide/target/debug/deps/libwyz-1bf639ea2585bd37.rlib" "/opt/rustwide/target/debug/deps/libtap-88d1698c4d44c9d2.rlib" "/opt/rustwide/target/debug/deps/libradium-70b4d14a4cf73461.rlib" "/opt/rustwide/target/debug/deps/libfunty-8432ee30c8d1a4ea.rlib" "/opt/rustwide/target/debug/deps/libcrossbeam_channel-2b068e04c96a1cbf.rlib" "/opt/rustwide/target/debug/deps/liblibdeflater-b1d1b8617f98899c.rlib" "/opt/rustwide/target/debug/deps/liblibdeflate_sys-cfee556b1f25ad77.rlib" "/opt/rustwide/target/debug/deps/libindexmap-18ea7fb11a07c463.rlib" "/opt/rustwide/target/debug/deps/libequivalent-4d5cfde55792e26d.rlib" "/opt/rustwide/target/debug/deps/libhashbrown-7d02282e476b54c1.rlib" "/opt/rustwide/target/debug/deps/liblibavif-6709eeceb18b6ffa.rlib" "/opt/rustwide/target/debug/deps/liblibavif_sys-d85c554568cb5f97.rlib" "/opt/rustwide/target/debug/deps/liblibaom_sys-93eb21b1291708ce.rlib" "/opt/rustwide/target/debug/deps/libwebp-6b09b422d2cc482e.rlib" "/opt/rustwide/target/debug/deps/liblibwebp_sys-cd42e455211e000c.rlib" "/opt/rustwide/target/debug/deps/libmozjpeg-53366e3b4676c918.rlib" "/opt/rustwide/target/debug/deps/libmozjpeg_sys-c096c8b45f5a9180.rlib" "/opt/rustwide/target/debug/deps/libravif-399cdeb2534e2d7c.rlib" "/opt/rustwide/target/debug/deps/libloop9-cc8817d1a4b46633.rlib" "/opt/rustwide/target/debug/deps/libavif_serialize-d4bed869605a1ae9.rlib" "/opt/rustwide/target/debug/deps/libquick_error-c1fe8880e5201177.rlib" "/opt/rustwide/target/debug/deps/librav1e-8a26e414d88064a7.rlib" "/opt/rustwide/target/debug/deps/liblibc-ec79ab4c02cd37fe.rlib" "/opt/rustwide/target/debug/deps/libprofiling-7d277cf2f042df29.rlib" "/opt/rustwide/target/debug/deps/libav1_grain-e21ad2555719f607.rlib" "/opt/rustwide/target/debug/deps/libnom-330397ad8af74e03.rlib" "/opt/rustwide/target/debug/deps/libmemchr-6b84ce758acd6c63.rlib" "/opt/rustwide/target/debug/deps/libnum_rational-a152e62775845ded.rlib" "/opt/rustwide/target/debug/deps/libnum_bigint-9473586d4f72ed62.rlib" "/opt/rustwide/target/debug/deps/libnum_integer-cfbbb16dc886ad80.rlib" "/opt/rustwide/target/debug/deps/libanyhow-f54ff07ef0bdf739.rlib" "/opt/rustwide/target/debug/deps/libmaybe_rayon-2c3ed37aa696f9ad.rlib" "/opt/rustwide/target/debug/deps/libbitstream_io-621f82de743ed763.rlib" "/opt/rustwide/target/debug/deps/libdebug_unreachable-4507fd018f69d5a7.rlib" "/opt/rustwide/target/debug/deps/libv_frame-c9794cecab14a211.rlib" "/opt/rustwide/target/debug/deps/libaligned_vec-054ccdbc8c0df0a4.rlib" "/opt/rustwide/target/debug/deps/libitertools-b68c38a525fcf717.rlib" "/opt/rustwide/target/debug/deps/libimgref-7e3d9fd2353f5197.rlib" "/opt/rustwide/target/debug/deps/libfast_image_resize-dd81441ccbdccdfc.rlib" "/opt/rustwide/target/debug/deps/libnum_traits-d98baff45e856f32.rlib" "/opt/rustwide/target/debug/deps/libthiserror-328d145e4485fffa.rlib" "/opt/rustwide/target/debug/deps/libzune_image-ac2790378a1bb031.rlib" "/opt/rustwide/target/debug/deps/libzune_qoi-5c2ceb4287f50e31.rlib" "/opt/rustwide/target/debug/deps/libzune_psd-0f50de8c0e1b8c38.rlib" "/opt/rustwide/target/debug/deps/libzune_ppm-55f240c64fef5c11.rlib" "/opt/rustwide/target/debug/deps/libzune_png-c82d2fb93c10a9a2.rlib" "/opt/rustwide/target/debug/deps/libzune_inflate-a1d9a457014ff3a3.rlib" "/opt/rustwide/target/debug/deps/libsimd_adler32-5e311076dee16997.rlib" "/opt/rustwide/target/debug/deps/libzune_jpegxl-2dbdb51508397c3b.rlib" "/opt/rustwide/target/debug/deps/libjxl_oxide-e1a861ed2db04ae1.rlib" "/opt/rustwide/target/debug/deps/libjxl_render-ad8ce136c4fb61ae.rlib" "/opt/rustwide/target/debug/deps/libjxl_frame-27008aed61b696f7.rlib" "/opt/rustwide/target/debug/deps/libjxl_vardct-54015d5ff116f24a.rlib" "/opt/rustwide/target/debug/deps/libjxl_modular-a21025abf4dc8155.rlib" "/opt/rustwide/target/debug/deps/libjxl_image-dcad011c86e2cde5.rlib" "/opt/rustwide/target/debug/deps/libjxl_color-46cc583ce1dfd03d.rlib" "/opt/rustwide/target/debug/deps/libjxl_coding-d97bb8dc4981af3a.rlib" "/opt/rustwide/target/debug/deps/libjxl_threadpool-facc5484fe533f6f.rlib" "/opt/rustwide/target/debug/deps/libjxl_grid-5184eeee803800b4.rlib" "/opt/rustwide/target/debug/deps/libjxl_bitstream-41eb0f7425661edf.rlib" "/opt/rustwide/target/debug/deps/libtracing-1b86065d6e7033cf.rlib" "/opt/rustwide/target/debug/deps/libpin_project_lite-04d37b8eb510eecb.rlib" "/opt/rustwide/target/debug/deps/libtracing_core-028ad275d3d25bcf.rlib" "/opt/rustwide/target/debug/deps/libexif-639d10c486af9b1c.rlib" "/opt/rustwide/target/debug/deps/libmutate_once-74eeb65e1d8c027b.rlib" "/opt/rustwide/target/debug/deps/libzune_jpeg-5fdd755400068a0b.rlib" "/opt/rustwide/target/debug/deps/libjpeg_encoder-7b98fd1f79f3859c.rlib" "/opt/rustwide/target/debug/deps/libzune_hdr-54e2bad18b70e025.rlib" "/opt/rustwide/target/debug/deps/libzune_farbfeld-0a98769fdb3fc186.rlib" "/opt/rustwide/target/debug/deps/libzune_bmp-d6b4cc966290be76.rlib" "/opt/rustwide/target/debug/deps/libzune_core-b6f88645c62080ea.rlib" "/opt/rustwide/target/debug/deps/libserde-8126cc9f0294eccc.rlib" "/opt/rustwide/target/debug/deps/liblog-2579a5a2dbce8c4d.rlib" "/opt/rustwide/target/debug/deps/libimagequant-bb253b9a15b6cdf2.rlib" "/opt/rustwide/target/debug/deps/libthread_local-2bde5dc5893d4fe3.rlib" "/opt/rustwide/target/debug/deps/libcfg_if-8217498f8667ada9.rlib" "/opt/rustwide/target/debug/deps/libonce_cell-dd4734ba15c3811e.rlib" "/opt/rustwide/target/debug/deps/librayon-9a34e8013756c14e.rlib" "/opt/rustwide/target/debug/deps/librayon_core-c85d1807022617f5.rlib" "/opt/rustwide/target/debug/deps/libcrossbeam_deque-a3beb0ebfe0441fb.rlib" "/opt/rustwide/target/debug/deps/libcrossbeam_epoch-17a12af7c8a0cc0a.rlib" "/opt/rustwide/target/debug/deps/libcrossbeam_utils-be96993693568ee0.rlib" "/opt/rustwide/target/debug/deps/libeither-41b3367888b49508.rlib" "/opt/rustwide/target/debug/deps/libarrayvec-b2502cae894393e0.rlib" "/opt/rustwide/target/debug/deps/librgb-ad13dd7a45ce7467.rlib" "/opt/rustwide/target/debug/deps/libbytemuck-47bef6040ecdfd87.rlib" "/opt/rustwide/rustup-home/toolchains/1.83.0-x86_64-unknown-linux-gnu/lib/rustlib/x86_64-unknown-linux-gnu/lib/libstd-ca74a2d9c5166d9f.rlib" "/opt/rustwide/rustup-home/toolchains/1.83.0-x86_64-unknown-linux-gnu/lib/rustlib/x86_64-unknown-linux-gnu/lib/libpanic_unwind-e31ab23316ed5080.rlib" "/opt/rustwide/rustup-home/toolchains/1.83.0-x86_64-unknown-linux-gnu/lib/rustlib/x86_64-unknown-linux-gnu/lib/libobject-27dc4aa955912662.rlib" "/opt/rustwide/rustup-home/toolchains/1.83.0-x86_64-unknown-linux-gnu/lib/rustlib/x86_64-unknown-linux-gnu/lib/libmemchr-bd0d6cccce077b99.rlib" "/opt/rustwide/rustup-home/toolchains/1.83.0-x86_64-unknown-linux-gnu/lib/rustlib/x86_64-unknown-linux-gnu/lib/libaddr2line-8d001680935b5e3c.rlib" "/opt/rustwide/rustup-home/toolchains/1.83.0-x86_64-unknown-linux-gnu/lib/rustlib/x86_64-unknown-linux-gnu/lib/libgimli-ba8ce71964f984f4.rlib" "/opt/rustwide/rustup-home/toolchains/1.83.0-x86_64-unknown-linux-gnu/lib/rustlib/x86_64-unknown-linux-gnu/lib/librustc_demangle-99a73526abcec14b.rlib" "/opt/rustwide/rustup-home/toolchains/1.83.0-x86_64-unknown-linux-gnu/lib/rustlib/x86_64-unknown-linux-gnu/lib/libstd_detect-63ac0d22cff92579.rlib" "/opt/rustwide/rustup-home/toolchains/1.83.0-x86_64-unknown-linux-gnu/lib/rustlib/x86_64-unknown-linux-gnu/lib/libhashbrown-9057355c92c922d5.rlib" "/opt/rustwide/rustup-home/toolchains/1.83.0-x86_64-unknown-linux-gnu/lib/rustlib/x86_64-unknown-linux-gnu/lib/librustc_std_workspace_alloc-358be9bc1f6bab04.rlib" "/opt/rustwide/rustup-home/toolchains/1.83.0-x86_64-unknown-linux-gnu/lib/rustlib/x86_64-unknown-linux-gnu/lib/libminiz_oxide-aca15549d5bff974.rlib" "/opt/rustwide/rustup-home/toolchains/1.83.0-x86_64-unknown-linux-gnu/lib/rustlib/x86_64-unknown-linux-gnu/lib/libadler-8251d2cef7072448.rlib" "/opt/rustwide/rustup-home/toolchains/1.83.0-x86_64-unknown-linux-gnu/lib/rustlib/x86_64-unknown-linux-gnu/lib/libunwind-7d50b86011c66411.rlib" "/opt/rustwide/rustup-home/toolchains/1.83.0-x86_64-unknown-linux-gnu/lib/rustlib/x86_64-unknown-linux-gnu/lib/libcfg_if-51ea098fce5006bf.rlib" "/opt/rustwide/rustup-home/toolchains/1.83.0-x86_64-unknown-linux-gnu/lib/rustlib/x86_64-unknown-linux-gnu/lib/liblibc-5a14e0d0b712e731.rlib" "/opt/rustwide/rustup-home/toolchains/1.83.0-x86_64-unknown-linux-gnu/lib/rustlib/x86_64-unknown-linux-gnu/lib/liballoc-8b83dbf3a7b8f999.rlib" "/opt/rustwide/rustup-home/toolchains/1.83.0-x86_64-unknown-linux-gnu/lib/rustlib/x86_64-unknown-linux-gnu/lib/librustc_std_workspace_core-c6fd227bdc7b39ff.rlib" "/opt/rustwide/rustup-home/toolchains/1.83.0-x86_64-unknown-linux-gnu/lib/rustlib/x86_64-unknown-linux-gnu/lib/libcore-959d3389fa3da8a5.rlib" "/opt/rustwide/rustup-home/toolchains/1.83.0-x86_64-unknown-linux-gnu/lib/rustlib/x86_64-unknown-linux-gnu/lib/libcompiler_builtins-abe05db089cc2c62.rlib" "-Wl,-Bdynamic" "-lgcc_s" "-lutil" "-lrt" "-lpthread" "-lm" "-ldl" "-lc" "-Wl,--eh-frame-hdr" "-Wl,-z,noexecstack" "-L" "/opt/rustwide/target/debug/build/libaom-sys-39aa2a5b752d5011/out/lib" "-L" "/opt/rustwide/target/debug/build/libavif-sys-fc66321e020f8f0e/out/lib" "-L" "/opt/rustwide/target/debug/build/libdeflate-sys-f060e9d6b6fb96b7/out/lib" "-L" "/opt/rustwide/target/debug/build/libwebp-sys-c4a46724a5f56f06/out" "-L" "/opt/rustwide/target/debug/build/mozjpeg-sys-4bfeadf5a0d3c64c/out" "-L" "/opt/rustwide/target/debug/build/rav1e-dc0ffa19da185018/out" "-L" "/opt/rustwide/rustup-home/toolchains/1.83.0-x86_64-unknown-linux-gnu/lib/rustlib/x86_64-unknown-linux-gnu/lib" "-o" "/tmp/rustdoctest0wbG1e/rust_out" "-Wl,--gc-sections" "-pie" "-Wl,-z,relro,-z,now" "-nodefaultlibs"
[INFO] [stdout]   = note: collect2: fatal error: ld terminated with signal 9 [Killed]
[INFO] [stdout]           compilation terminated.
[INFO] [stdout]           
[INFO] [stdout] 
[INFO] [stdout] error: aborting due to 1 previous error
[INFO] [stdout] 
[INFO] [stdout] Couldn't compile the test.
[INFO] [stdout] 
[INFO] [stdout] failures:
[INFO] [stdout]     src/lib.rs - (line 100)
[INFO] [stdout]     src/lib.rs - (line 86)
[INFO] [stdout] 
[INFO] [stdout] test result: FAILED. 3 passed; 2 failed; 0 ignored; 0 measured; 0 filtered out; finished in 9.48s
[INFO] [stdout] 
[INFO] running `Command { std: "docker" "inspect" "5adcb99ccc6e48bdeac55250f1e03ab08f302b49aa540dd515168abcc505c875", kill_on_drop: false }`
[INFO] running `Command { std: "docker" "rm" "-f" "5adcb99ccc6e48bdeac55250f1e03ab08f302b49aa540dd515168abcc505c875", kill_on_drop: false }`
[INFO] [stdout] 5adcb99ccc6e48bdeac55250f1e03ab08f302b49aa540dd515168abcc505c875
