[INFO] cloning repository https://github.com/Sajjon/uf-ws-epsilon
[INFO] running `Command { std: "git" "-c" "credential.helper=" "-c" "credential.helper=/workspace/cargo-home/bin/git-credential-null" "clone" "--bare" "https://github.com/Sajjon/uf-ws-epsilon" "/workspace/cache/git-repos/https%3A%2F%2Fgithub.com%2FSajjon%2Fuf-ws-epsilon", kill_on_drop: false }`
[INFO] [stderr] Cloning into bare repository '/workspace/cache/git-repos/https%3A%2F%2Fgithub.com%2FSajjon%2Fuf-ws-epsilon'...
[INFO] running `Command { std: "git" "rev-parse" "HEAD", kill_on_drop: false }`
[INFO] [stdout] ee284380ae2960756ae0e0e1c0338c32c2678ceb
[INFO] testing Sajjon/uf-ws-epsilon against beta-2024-12-08 for beta-1.84.0-4-retry
[INFO] running `Command { std: "git" "clone" "/workspace/cache/git-repos/https%3A%2F%2Fgithub.com%2FSajjon%2Fuf-ws-epsilon" "/workspace/builds/worker-3-tc2/source", kill_on_drop: false }`
[INFO] [stderr] Cloning into '/workspace/builds/worker-3-tc2/source'...
[INFO] [stderr] done.
[INFO] validating manifest of git repo https://github.com/Sajjon/uf-ws-epsilon on toolchain beta-2024-12-08
[INFO] running `Command { std: CARGO_HOME="/workspace/cargo-home" RUSTUP_HOME="/workspace/rustup-home" "/workspace/cargo-home/bin/cargo" "+beta-2024-12-08" "metadata" "--manifest-path" "Cargo.toml" "--no-deps", kill_on_drop: false }`
[INFO] started tweaking git repo https://github.com/Sajjon/uf-ws-epsilon
[INFO] finished tweaking git repo https://github.com/Sajjon/uf-ws-epsilon
[INFO] tweaked toml for git repo https://github.com/Sajjon/uf-ws-epsilon written to /workspace/builds/worker-3-tc2/source/Cargo.toml
[INFO] crate git repo https://github.com/Sajjon/uf-ws-epsilon already has a lockfile, it will not be regenerated
[INFO] running `Command { std: CARGO_HOME="/workspace/cargo-home" RUSTUP_HOME="/workspace/rustup-home" "/workspace/cargo-home/bin/cargo" "+beta-2024-12-08" "fetch" "--manifest-path" "Cargo.toml", kill_on_drop: false }`
[INFO] running `Command { std: "docker" "create" "-v" "/var/lib/crater-agent-workspace/builds/worker-3-tc2/target:/opt/rustwide/target:rw,Z" "-v" "/var/lib/crater-agent-workspace/builds/worker-3-tc2/source:/opt/rustwide/workdir:ro,Z" "-v" "/var/lib/crater-agent-workspace/cargo-home:/opt/rustwide/cargo-home:ro,Z" "-v" "/var/lib/crater-agent-workspace/rustup-home:/opt/rustwide/rustup-home:ro,Z" "-e" "SOURCE_DIR=/opt/rustwide/workdir" "-e" "CARGO_TARGET_DIR=/opt/rustwide/target" "-e" "CARGO_HOME=/opt/rustwide/cargo-home" "-e" "RUSTUP_HOME=/opt/rustwide/rustup-home" "-w" "/opt/rustwide/workdir" "-m" "1610612736" "--user" "0:0" "--network" "none" "ghcr.io/rust-lang/crates-build-env/linux@sha256:f3a9d4ad9d972b27faf3965f35b62e55ba32bbce8f20bc8fe909558a86702fde" "/opt/rustwide/cargo-home/bin/cargo" "+beta-2024-12-08" "metadata" "--no-deps" "--format-version=1", kill_on_drop: false }`
[INFO] [stdout] f2b14b186f5c94db4a3bb346c1c40693946e9428456054f640d93ea5bab99db3
[INFO] running `Command { std: "docker" "start" "-a" "f2b14b186f5c94db4a3bb346c1c40693946e9428456054f640d93ea5bab99db3", kill_on_drop: false }`
[INFO] running `Command { std: "docker" "inspect" "f2b14b186f5c94db4a3bb346c1c40693946e9428456054f640d93ea5bab99db3", kill_on_drop: false }`
[INFO] running `Command { std: "docker" "rm" "-f" "f2b14b186f5c94db4a3bb346c1c40693946e9428456054f640d93ea5bab99db3", kill_on_drop: false }`
[INFO] [stdout] f2b14b186f5c94db4a3bb346c1c40693946e9428456054f640d93ea5bab99db3
[INFO] running `Command { std: "docker" "create" "-v" "/var/lib/crater-agent-workspace/builds/worker-3-tc2/target:/opt/rustwide/target:rw,Z" "-v" "/var/lib/crater-agent-workspace/builds/worker-3-tc2/source:/opt/rustwide/workdir:ro,Z" "-v" "/var/lib/crater-agent-workspace/cargo-home:/opt/rustwide/cargo-home:ro,Z" "-v" "/var/lib/crater-agent-workspace/rustup-home:/opt/rustwide/rustup-home:ro,Z" "-e" "SOURCE_DIR=/opt/rustwide/workdir" "-e" "CARGO_TARGET_DIR=/opt/rustwide/target" "-e" "CARGO_INCREMENTAL=0" "-e" "RUST_BACKTRACE=full" "-e" "RUSTFLAGS=--cap-lints=warn" "-e" "RUSTDOCFLAGS=--cap-lints=warn" "-e" "CARGO_HOME=/opt/rustwide/cargo-home" "-e" "RUSTUP_HOME=/opt/rustwide/rustup-home" "-w" "/opt/rustwide/workdir" "-m" "1610612736" "--user" "0:0" "--network" "none" "ghcr.io/rust-lang/crates-build-env/linux@sha256:f3a9d4ad9d972b27faf3965f35b62e55ba32bbce8f20bc8fe909558a86702fde" "/opt/rustwide/cargo-home/bin/cargo" "+beta-2024-12-08" "build" "--frozen" "--message-format=json", kill_on_drop: false }`
[INFO] [stdout] e20ca761bf41f546841d77e083f1087b5ee314dcf2d9426e46cfc3cab9df9c54
[INFO] running `Command { std: "docker" "start" "-a" "e20ca761bf41f546841d77e083f1087b5ee314dcf2d9426e46cfc3cab9df9c54", kill_on_drop: false }`
[INFO] [stderr]    Compiling proc-macro2 v1.0.86
[INFO] [stderr]    Compiling unicode-ident v1.0.12
[INFO] [stderr]    Compiling serde v1.0.204
[INFO] [stderr]    Compiling version_check v0.9.4
[INFO] [stderr]    Compiling camino v1.1.7
[INFO] [stderr]    Compiling anyhow v1.0.86
[INFO] [stderr]    Compiling memchr v2.7.4
[INFO] [stderr]    Compiling minimal-lexical v0.2.1
[INFO] [stderr]    Compiling autocfg v1.3.0
[INFO] [stderr]    Compiling semver v1.0.23
[INFO] [stderr]    Compiling serde_json v1.0.120
[INFO] [stderr]    Compiling thiserror v1.0.61
[INFO] [stderr]    Compiling itoa v1.0.11
[INFO] [stderr]    Compiling once_cell v1.19.0
[INFO] [stderr]    Compiling bytes v1.6.0
[INFO] [stderr]    Compiling ryu v1.0.18
[INFO] [stderr]    Compiling siphasher v0.3.11
[INFO] [stderr]    Compiling mime v0.3.17
[INFO] [stderr]    Compiling paste v1.0.15
[INFO] [stderr]    Compiling smawk v0.3.2
[INFO] [stderr]    Compiling log v0.4.22
[INFO] [stderr]    Compiling heck v0.5.0
[INFO] [stderr]    Compiling askama_escape v0.10.3
[INFO] [stderr]    Compiling plain v0.2.3
[INFO] [stderr]    Compiling unicase v2.7.0
[INFO] [stderr]    Compiling glob v0.3.1
[INFO] [stderr]    Compiling fs-err v2.11.0
[INFO] [stderr]    Compiling textwrap v0.16.1
[INFO] [stderr]    Compiling static_assertions v1.1.0
[INFO] [stderr]    Compiling utf8parse v0.2.2
[INFO] [stderr]    Compiling anstyle-query v1.1.0
[INFO] [stderr]    Compiling anstyle v1.0.7
[INFO] [stderr]    Compiling anstyle-parse v0.2.4
[INFO] [stderr]    Compiling colorchoice v1.0.1
[INFO] [stderr]    Compiling is_terminal_polyfill v1.70.0
[INFO] [stderr]    Compiling clap_lex v0.7.1
[INFO] [stderr]    Compiling strsim v0.11.1
[INFO] [stderr]    Compiling nom v7.1.3
[INFO] [stderr]    Compiling anstream v0.6.14
[INFO] [stderr]    Compiling clap_builder v4.5.8
[INFO] [stderr]    Compiling quote v1.0.36
[INFO] [stderr]    Compiling syn v2.0.69
[INFO] [stderr]    Compiling mime_guess v2.0.5
[INFO] [stderr]    Compiling askama_parser v0.2.1
[INFO] [stderr]    Compiling weedle2 v5.0.0
[INFO] [stderr]    Compiling serde_derive v1.0.204
[INFO] [stderr]    Compiling thiserror-impl v1.0.61
[INFO] [stderr]    Compiling uniffi_checksum_derive v0.28.0
[INFO] [stderr]    Compiling scroll_derive v0.12.0
[INFO] [stderr]    Compiling clap_derive v4.5.8
[INFO] [stderr]    Compiling uniffi_meta v0.28.0
[INFO] [stderr]    Compiling scroll v0.12.0
[INFO] [stderr]    Compiling goblin v0.8.2
[INFO] [stderr]    Compiling clap v4.5.8
[INFO] [stderr]    Compiling cargo-platform v0.1.8
[INFO] [stderr]    Compiling basic-toml v0.1.9
[INFO] [stderr]    Compiling toml v0.5.11
[INFO] [stderr]    Compiling bincode v1.3.3
[INFO] [stderr]    Compiling askama_derive v0.12.5
[INFO] [stderr]    Compiling uniffi_core v0.28.0
[INFO] [stderr]    Compiling cargo_metadata v0.15.4
[INFO] [stderr]    Compiling uniffi_macros v0.28.0
[INFO] [stderr]    Compiling uniffi_testing v0.28.0
[INFO] [stderr]    Compiling uniffi_udl v0.28.0
[INFO] [stderr]    Compiling askama v0.12.1
[INFO] [stderr]    Compiling uniffi_bindgen v0.28.0
[INFO] [stderr]    Compiling uniffi_build v0.28.0
[INFO] [stderr]    Compiling uniffi v0.28.0
[INFO] [stderr]    Compiling one v0.1.0 (/opt/rustwide/workdir/crates/one)
[INFO] [stderr]    Compiling two v0.1.0 (/opt/rustwide/workdir/crates/two)
[INFO] [stderr]     Finished `dev` profile [unoptimized + debuginfo] target(s) in 1m 01s
[INFO] running `Command { std: "docker" "inspect" "e20ca761bf41f546841d77e083f1087b5ee314dcf2d9426e46cfc3cab9df9c54", kill_on_drop: false }`
[INFO] running `Command { std: "docker" "rm" "-f" "e20ca761bf41f546841d77e083f1087b5ee314dcf2d9426e46cfc3cab9df9c54", kill_on_drop: false }`
[INFO] [stdout] e20ca761bf41f546841d77e083f1087b5ee314dcf2d9426e46cfc3cab9df9c54
[INFO] running `Command { std: "docker" "create" "-v" "/var/lib/crater-agent-workspace/builds/worker-3-tc2/target:/opt/rustwide/target:rw,Z" "-v" "/var/lib/crater-agent-workspace/builds/worker-3-tc2/source:/opt/rustwide/workdir:ro,Z" "-v" "/var/lib/crater-agent-workspace/cargo-home:/opt/rustwide/cargo-home:ro,Z" "-v" "/var/lib/crater-agent-workspace/rustup-home:/opt/rustwide/rustup-home:ro,Z" "-e" "SOURCE_DIR=/opt/rustwide/workdir" "-e" "CARGO_TARGET_DIR=/opt/rustwide/target" "-e" "CARGO_INCREMENTAL=0" "-e" "RUST_BACKTRACE=full" "-e" "RUSTFLAGS=--cap-lints=warn" "-e" "RUSTDOCFLAGS=--cap-lints=warn" "-e" "CARGO_HOME=/opt/rustwide/cargo-home" "-e" "RUSTUP_HOME=/opt/rustwide/rustup-home" "-w" "/opt/rustwide/workdir" "-m" "1610612736" "--user" "0:0" "--network" "none" "ghcr.io/rust-lang/crates-build-env/linux@sha256:f3a9d4ad9d972b27faf3965f35b62e55ba32bbce8f20bc8fe909558a86702fde" "/opt/rustwide/cargo-home/bin/cargo" "+beta-2024-12-08" "test" "--frozen" "--no-run" "--message-format=json", kill_on_drop: false }`
[INFO] [stdout] 543e075b29468301c1a7e90c22656c79aa98e4fda59b3f35bf3a7c4c63294d8c
[INFO] running `Command { std: "docker" "start" "-a" "543e075b29468301c1a7e90c22656c79aa98e4fda59b3f35bf3a7c4c63294d8c", kill_on_drop: false }`
[INFO] [stderr]    Compiling uniffi v0.28.0
[INFO] [stderr]    Compiling one v0.1.0 (/opt/rustwide/workdir/crates/one)
[INFO] [stderr]    Compiling two v0.1.0 (/opt/rustwide/workdir/crates/two)
[INFO] [stderr]     Finished `test` profile [unoptimized + debuginfo] target(s) in 9.39s
[INFO] running `Command { std: "docker" "inspect" "543e075b29468301c1a7e90c22656c79aa98e4fda59b3f35bf3a7c4c63294d8c", kill_on_drop: false }`
[INFO] running `Command { std: "docker" "rm" "-f" "543e075b29468301c1a7e90c22656c79aa98e4fda59b3f35bf3a7c4c63294d8c", kill_on_drop: false }`
[INFO] [stdout] 543e075b29468301c1a7e90c22656c79aa98e4fda59b3f35bf3a7c4c63294d8c
[INFO] running `Command { std: "docker" "create" "-v" "/var/lib/crater-agent-workspace/builds/worker-3-tc2/target:/opt/rustwide/target:rw,Z" "-v" "/var/lib/crater-agent-workspace/builds/worker-3-tc2/source:/opt/rustwide/workdir:ro,Z" "-v" "/var/lib/crater-agent-workspace/cargo-home:/opt/rustwide/cargo-home:ro,Z" "-v" "/var/lib/crater-agent-workspace/rustup-home:/opt/rustwide/rustup-home:ro,Z" "-e" "SOURCE_DIR=/opt/rustwide/workdir" "-e" "CARGO_TARGET_DIR=/opt/rustwide/target" "-e" "CARGO_INCREMENTAL=0" "-e" "RUST_BACKTRACE=full" "-e" "RUSTFLAGS=--cap-lints=warn" "-e" "RUSTDOCFLAGS=--cap-lints=warn" "-e" "CARGO_HOME=/opt/rustwide/cargo-home" "-e" "RUSTUP_HOME=/opt/rustwide/rustup-home" "-w" "/opt/rustwide/workdir" "-m" "1610612736" "--user" "0:0" "--network" "none" "ghcr.io/rust-lang/crates-build-env/linux@sha256:f3a9d4ad9d972b27faf3965f35b62e55ba32bbce8f20bc8fe909558a86702fde" "/opt/rustwide/cargo-home/bin/cargo" "+beta-2024-12-08" "test" "--frozen", kill_on_drop: false }`
[INFO] [stdout] 9844f954c5cfab1d5d5ec8c69874f625c86209bae63e2a4adcbcbc9062df1546
[INFO] running `Command { std: "docker" "start" "-a" "9844f954c5cfab1d5d5ec8c69874f625c86209bae63e2a4adcbcbc9062df1546", kill_on_drop: false }`
[INFO] [stderr]     Finished `test` profile [unoptimized + debuginfo] target(s) in 0.09s
[INFO] [stderr]      Running unittests src/lib.rs (/opt/rustwide/target/debug/deps/one-22c85b5312c065ce)
[INFO] [stdout] 
[INFO] [stdout] running 0 tests
[INFO] [stdout] 
[INFO] [stdout] test result: ok. 0 passed; 0 failed; 0 ignored; 0 measured; 0 filtered out; finished in 0.00s
[INFO] [stdout] 
[INFO] [stderr]      Running unittests src/lib.rs (/opt/rustwide/target/debug/deps/two-02a9ade0e3d3913f)
[INFO] [stdout] 
[INFO] [stdout] running 0 tests
[INFO] [stdout] 
[INFO] [stdout] test result: ok. 0 passed; 0 failed; 0 ignored; 0 measured; 0 filtered out; finished in 0.00s
[INFO] [stdout] 
[INFO] [stderr]      Running tests/main.rs (/opt/rustwide/target/debug/deps/main-79db693b77461865)
[INFO] [stdout] 
[INFO] [stdout] running 2 tests
[INFO] [stderr]    Compiling one v0.1.0 (/opt/rustwide/workdir/crates/one)
[INFO] [stderr]    Compiling two v0.1.0 (/opt/rustwide/workdir/crates/two)
[INFO] [stderr]     Finished `dev` profile [unoptimized + debuginfo] target(s) in 4.85s
[INFO] [stdout] test uniffi_foreign_language_testcase_test_swift ... FAILED
[INFO] [stdout] test uniffi_foreign_language_testcase_test_kts ... FAILED
[INFO] [stdout] 
[INFO] [stdout] failures:
[INFO] [stdout] 
[INFO] [stdout] ---- uniffi_foreign_language_testcase_test_swift stdout ----
[INFO] [stdout] Creating testing out_dir: /opt/rustwide/target/tmp/two-6f04ce17f3e92764
[INFO] [stdout] Error: Failed to spawn `swiftc` when compiling bindings
[INFO] [stdout] 
[INFO] [stdout] Caused by:
[INFO] [stdout]     No such file or directory (os error 2)
[INFO] [stdout] 
[INFO] [stdout] Stack backtrace:
[INFO] [stdout]    0: <E as anyhow::context::ext::StdError>::ext_context
[INFO] [stdout]              at /opt/rustwide/cargo-home/registry/src/index.crates.io-6f17d22bba15001f/anyhow-1.0.86/src/backtrace.rs:27:14
[INFO] [stdout]    1: anyhow::context::<impl anyhow::Context<T,E> for core::result::Result<T,E>>::context
[INFO] [stdout]              at /opt/rustwide/cargo-home/registry/src/index.crates.io-6f17d22bba15001f/anyhow-1.0.86/src/context.rs:54:31
[INFO] [stdout]    2: uniffi_bindgen::bindings::swift::test::compile_swift_module
[INFO] [stdout]              at /opt/rustwide/cargo-home/registry/src/index.crates.io-6f17d22bba15001f/uniffi_bindgen-0.28.0/src/bindings/swift/test.rs:105:18
[INFO] [stdout]    3: uniffi_bindgen::bindings::swift::test::run_script
[INFO] [stdout]              at /opt/rustwide/cargo-home/registry/src/index.crates.io-6f17d22bba15001f/uniffi_bindgen-0.28.0/src/bindings/swift/test.rs:45:5
[INFO] [stdout]    4: uniffi_bindgen::bindings::swift::test::run_test
[INFO] [stdout]              at /opt/rustwide/cargo-home/registry/src/index.crates.io-6f17d22bba15001f/uniffi_bindgen-0.28.0/src/bindings/swift/test.rs:19:5
[INFO] [stdout]    5: main::uniffi_foreign_language_testcase_test_swift
[INFO] [stdout]              at ./tests/main.rs:1:1
[INFO] [stdout]    6: main::uniffi_foreign_language_testcase_test_swift::{{closure}}
[INFO] [stdout]              at ./tests/main.rs:1:1
[INFO] [stdout]    7: core::ops::function::FnOnce::call_once
[INFO] [stdout]              at /rustc/202008a1b8de96d2e5b6bc02d379db03a877d34d/library/core/src/ops/function.rs:250:5
[INFO] [stdout]    8: core::ops::function::FnOnce::call_once
[INFO] [stdout]              at /rustc/202008a1b8de96d2e5b6bc02d379db03a877d34d/library/core/src/ops/function.rs:250:5
[INFO] [stdout]    9: test::__rust_begin_short_backtrace
[INFO] [stdout]              at /rustc/202008a1b8de96d2e5b6bc02d379db03a877d34d/library/test/src/lib.rs:632:18
[INFO] [stdout]   10: test::run_test_in_process::{{closure}}
[INFO] [stdout]              at /rustc/202008a1b8de96d2e5b6bc02d379db03a877d34d/library/test/src/lib.rs:655:60
[INFO] [stdout]   11: <core::panic::unwind_safe::AssertUnwindSafe<F> as core::ops::function::FnOnce<()>>::call_once
[INFO] [stdout]              at /rustc/202008a1b8de96d2e5b6bc02d379db03a877d34d/library/core/src/panic/unwind_safe.rs:272:9
[INFO] [stdout]   12: std::panicking::try::do_call
[INFO] [stdout]              at /rustc/202008a1b8de96d2e5b6bc02d379db03a877d34d/library/std/src/panicking.rs:557:40
[INFO] [stdout]   13: std::panicking::try
[INFO] [stdout]              at /rustc/202008a1b8de96d2e5b6bc02d379db03a877d34d/library/std/src/panicking.rs:520:19
[INFO] [stdout]   14: std::panic::catch_unwind
[INFO] [stdout]              at /rustc/202008a1b8de96d2e5b6bc02d379db03a877d34d/library/std/src/panic.rs:358:14
[INFO] [stdout]   15: test::run_test_in_process
[INFO] [stdout]              at /rustc/202008a1b8de96d2e5b6bc02d379db03a877d34d/library/test/src/lib.rs:655:27
[INFO] [stdout]   16: test::run_test::{{closure}}
[INFO] [stdout]              at /rustc/202008a1b8de96d2e5b6bc02d379db03a877d34d/library/test/src/lib.rs:576:43
[INFO] [stdout]   17: test::run_test::{{closure}}
[INFO] [stdout]              at /rustc/202008a1b8de96d2e5b6bc02d379db03a877d34d/library/test/src/lib.rs:606:41
[INFO] [stdout]   18: std::sys::backtrace::__rust_begin_short_backtrace
[INFO] [stdout]              at /rustc/202008a1b8de96d2e5b6bc02d379db03a877d34d/library/std/src/sys/backtrace.rs:154:18
[INFO] [stdout]   19: std::thread::Builder::spawn_unchecked_::{{closure}}::{{closure}}
[INFO] [stdout]              at /rustc/202008a1b8de96d2e5b6bc02d379db03a877d34d/library/std/src/thread/mod.rs:561:17
[INFO] [stdout]   20: <core::panic::unwind_safe::AssertUnwindSafe<F> as core::ops::function::FnOnce<()>>::call_once
[INFO] [stdout]              at /rustc/202008a1b8de96d2e5b6bc02d379db03a877d34d/library/core/src/panic/unwind_safe.rs:272:9
[INFO] [stdout]   21: std::panicking::try::do_call
[INFO] [stdout]              at /rustc/202008a1b8de96d2e5b6bc02d379db03a877d34d/library/std/src/panicking.rs:557:40
[INFO] [stdout]   22: std::panicking::try
[INFO] [stdout]              at /rustc/202008a1b8de96d2e5b6bc02d379db03a877d34d/library/std/src/panicking.rs:520:19
[INFO] [stdout]   23: std::panic::catch_unwind
[INFO] [stdout]              at /rustc/202008a1b8de96d2e5b6bc02d379db03a877d34d/library/std/src/panic.rs:358:14
[INFO] [stdout]   24: std::thread::Builder::spawn_unchecked_::{{closure}}
[INFO] [stdout]              at /rustc/202008a1b8de96d2e5b6bc02d379db03a877d34d/library/std/src/thread/mod.rs:559:30
[INFO] [stdout]   25: core::ops::function::FnOnce::call_once{{vtable.shim}}
[INFO] [stdout]              at /rustc/202008a1b8de96d2e5b6bc02d379db03a877d34d/library/core/src/ops/function.rs:250:5
[INFO] [stdout]   26: <alloc::boxed::Box<F,A> as core::ops::function::FnOnce<Args>>::call_once
[INFO] [stdout]              at /rustc/202008a1b8de96d2e5b6bc02d379db03a877d34d/library/alloc/src/boxed.rs:1972:9
[INFO] [stdout]   27: <alloc::boxed::Box<F,A> as core::ops::function::FnOnce<Args>>::call_once
[INFO] [stdout]              at /rustc/202008a1b8de96d2e5b6bc02d379db03a877d34d/library/alloc/src/boxed.rs:1972:9
[INFO] [stdout]   28: std::sys::pal::unix::thread::Thread::new::thread_start
[INFO] [stdout]              at /rustc/202008a1b8de96d2e5b6bc02d379db03a877d34d/library/std/src/sys/pal/unix/thread.rs:105:17
[INFO] [stdout]   29: <unknown>
[INFO] [stdout]   30: clone
[INFO] [stdout] 
[INFO] [stdout] ---- uniffi_foreign_language_testcase_test_kts stdout ----
[INFO] [stdout] Creating testing out_dir: /opt/rustwide/target/tmp/two-c8951bac7a9f54ee
[INFO] [stdout] Error: Failed to spawn `kotlinc` to compile the bindings
[INFO] [stdout] 
[INFO] [stdout] Caused by:
[INFO] [stdout]     No such file or directory (os error 2)
[INFO] [stdout] 
[INFO] [stdout] Stack backtrace:
[INFO] [stdout]    0: <E as anyhow::context::ext::StdError>::ext_context
[INFO] [stdout]              at /opt/rustwide/cargo-home/registry/src/index.crates.io-6f17d22bba15001f/anyhow-1.0.86/src/backtrace.rs:27:14
[INFO] [stdout]    1: anyhow::context::<impl anyhow::Context<T,E> for core::result::Result<T,E>>::context
[INFO] [stdout]              at /opt/rustwide/cargo-home/registry/src/index.crates.io-6f17d22bba15001f/anyhow-1.0.86/src/context.rs:54:31
[INFO] [stdout]    2: uniffi_bindgen::bindings::kotlin::test::build_jar
[INFO] [stdout]              at /opt/rustwide/cargo-home/registry/src/index.crates.io-6f17d22bba15001f/uniffi_bindgen-0.28.0/src/bindings/kotlin/test.rs:102:18
[INFO] [stdout]    3: uniffi_bindgen::bindings::kotlin::test::run_script
[INFO] [stdout]              at /opt/rustwide/cargo-home/registry/src/index.crates.io-6f17d22bba15001f/uniffi_bindgen-0.28.0/src/bindings/kotlin/test.rs:46:20
[INFO] [stdout]    4: uniffi_bindgen::bindings::kotlin::test::run_test
[INFO] [stdout]              at /opt/rustwide/cargo-home/registry/src/index.crates.io-6f17d22bba15001f/uniffi_bindgen-0.28.0/src/bindings/kotlin/test.rs:15:5
[INFO] [stdout]    5: main::uniffi_foreign_language_testcase_test_kts
[INFO] [stdout]              at ./tests/main.rs:1:1
[INFO] [stdout]    6: main::uniffi_foreign_language_testcase_test_kts::{{closure}}
[INFO] [stdout]              at ./tests/main.rs:1:1
[INFO] [stdout]    7: core::ops::function::FnOnce::call_once
[INFO] [stdout]              at /rustc/202008a1b8de96d2e5b6bc02d379db03a877d34d/library/core/src/ops/function.rs:250:5
[INFO] [stdout]    8: core::ops::function::FnOnce::call_once
[INFO] [stdout]              at /rustc/202008a1b8de96d2e5b6bc02d379db03a877d34d/library/core/src/ops/function.rs:250:5
[INFO] [stdout]    9: test::__rust_begin_short_backtrace
[INFO] [stdout]              at /rustc/202008a1b8de96d2e5b6bc02d379db03a877d34d/library/test/src/lib.rs:632:18
[INFO] [stdout]   10: test::run_test_in_process::{{closure}}
[INFO] [stdout]              at /rustc/202008a1b8de96d2e5b6bc02d379db03a877d34d/library/test/src/lib.rs:655:60
[INFO] [stdout]   11: <core::panic::unwind_safe::AssertUnwindSafe<F> as core::ops::function::FnOnce<()>>::call_once
[INFO] [stdout]              at /rustc/202008a1b8de96d2e5b6bc02d379db03a877d34d/library/core/src/panic/unwind_safe.rs:272:9
[INFO] [stdout]   12: std::panicking::try::do_call
[INFO] [stdout]              at /rustc/202008a1b8de96d2e5b6bc02d379db03a877d34d/library/std/src/panicking.rs:557:40
[INFO] [stdout]   13: std::panicking::try
[INFO] [stdout]              at /rustc/202008a1b8de96d2e5b6bc02d379db03a877d34d/library/std/src/panicking.rs:520:19
[INFO] [stdout]   14: std::panic::catch_unwind
[INFO] [stdout]              at /rustc/202008a1b8de96d2e5b6bc02d379db03a877d34d/library/std/src/panic.rs:358:14
[INFO] [stdout]   15: test::run_test_in_process
[INFO] [stdout]              at /rustc/202008a1b8de96d2e5b6bc02d379db03a877d34d/library/test/src/lib.rs:655:27
[INFO] [stdout]   16: test::run_test::{{closure}}
[INFO] [stdout]              at /rustc/202008a1b8de96d2e5b6bc02d379db03a877d34d/library/test/src/lib.rs:576:43
[INFO] [stdout]   17: test::run_test::{{closure}}
[INFO] [stdout]              at /rustc/202008a1b8de96d2e5b6bc02d379db03a877d34d/library/test/src/lib.rs:606:41
[INFO] [stdout]   18: std::sys::backtrace::__rust_begin_short_backtrace
[INFO] [stdout]              at /rustc/202008a1b8de96d2e5b6bc02d379db03a877d34d/library/std/src/sys/backtrace.rs:154:18
[INFO] [stdout]   19: std::thread::Builder::spawn_unchecked_::{{closure}}::{{closure}}
[INFO] [stdout]              at /rustc/202008a1b8de96d2e5b6bc02d379db03a877d34d/library/std/src/thread/mod.rs:561:17
[INFO] [stdout]   20: <core::panic::unwind_safe::AssertUnwindSafe<F> as core::ops::function::FnOnce<()>>::call_once
[INFO] [stdout]              at /rustc/202008a1b8de96d2e5b6bc02d379db03a877d34d/library/core/src/panic/unwind_safe.rs:272:9
[INFO] [stdout]   21: std::panicking::try::do_call
[INFO] [stdout]              at /rustc/202008a1b8de96d2e5b6bc02d379db03a877d34d/library/std/src/panicking.rs:557:40
[INFO] [stdout]   22: std::panicking::try
[INFO] [stdout]              at /rustc/202008a1b8de96d2e5b6bc02d379db03a877d34d/library/std/src/panicking.rs:520:19
[INFO] [stdout]   23: std::panic::catch_unwind
[INFO] [stdout]              at /rustc/202008a1b8de96d2e5b6bc02d379db03a877d34d/library/std/src/panic.rs:358:14
[INFO] [stdout]   24: std::thread::Builder::spawn_unchecked_::{{closure}}
[INFO] [stdout]              at /rustc/202008a1b8de96d2e5b6bc02d379db03a877d34d/library/std/src/thread/mod.rs:559:30
[INFO] [stdout]   25: core::ops::function::FnOnce::call_once{{vtable.shim}}
[INFO] [stdout]              at /rustc/202008a1b8de96d2e5b6bc02d379db03a877d34d/library/core/src/ops/function.rs:250:5
[INFO] [stdout]   26: <alloc::boxed::Box<F,A> as core::ops::function::FnOnce<Args>>::call_once
[INFO] [stdout]              at /rustc/202008a1b8de96d2e5b6bc02d379db03a877d34d/library/alloc/src/boxed.rs:1972:9
[INFO] [stdout]   27: <alloc::boxed::Box<F,A> as core::ops::function::FnOnce<Args>>::call_once
[INFO] [stdout]              at /rustc/202008a1b8de96d2e5b6bc02d379db03a877d34d/library/alloc/src/boxed.rs:1972:9
[INFO] [stdout]   28: std::sys::pal::unix::thread::Thread::new::thread_start
[INFO] [stdout]              at /rustc/202008a1b8de96d2e5b6bc02d379db03a877d34d/library/std/src/sys/pal/unix/thread.rs:105:17
[INFO] [stdout]   29: <unknown>
[INFO] [stdout]   30: clone
[INFO] [stdout] 
[INFO] [stdout] 
[INFO] [stdout] failures:
[INFO] [stdout]     uniffi_foreign_language_testcase_test_kts
[INFO] [stdout]     uniffi_foreign_language_testcase_test_swift
[INFO] [stdout] 
[INFO] [stdout] test result: FAILED. 0 passed; 2 failed; 0 ignored; 0 measured; 0 filtered out; finished in 5.61s
[INFO] [stdout] 
[INFO] [stderr] error: test failed, to rerun pass `-p two --test main`
[INFO] running `Command { std: "docker" "inspect" "9844f954c5cfab1d5d5ec8c69874f625c86209bae63e2a4adcbcbc9062df1546", kill_on_drop: false }`
[INFO] running `Command { std: "docker" "rm" "-f" "9844f954c5cfab1d5d5ec8c69874f625c86209bae63e2a4adcbcbc9062df1546", kill_on_drop: false }`
[INFO] [stdout] 9844f954c5cfab1d5d5ec8c69874f625c86209bae63e2a4adcbcbc9062df1546
