[INFO] cloning repository https://github.com/SAT-STEP/SAT-STEP
[INFO] running `Command { std: "git" "-c" "credential.helper=" "-c" "credential.helper=/workspace/cargo-home/bin/git-credential-null" "clone" "--bare" "https://github.com/SAT-STEP/SAT-STEP" "/workspace/cache/git-repos/https%3A%2F%2Fgithub.com%2FSAT-STEP%2FSAT-STEP", kill_on_drop: false }`
[INFO] [stderr] Cloning into bare repository '/workspace/cache/git-repos/https%3A%2F%2Fgithub.com%2FSAT-STEP%2FSAT-STEP'...
[INFO] running `Command { std: "git" "rev-parse" "HEAD", kill_on_drop: false }`
[INFO] [stdout] 1dd6d2e09ddfd624c88ddf82d36c1b5c172a7987
[INFO] testing SAT-STEP/SAT-STEP against beta-2024-12-08 for beta-1.84.0-4-retry
[INFO] running `Command { std: "git" "clone" "/workspace/cache/git-repos/https%3A%2F%2Fgithub.com%2FSAT-STEP%2FSAT-STEP" "/workspace/builds/worker-2-tc2/source", kill_on_drop: false }`
[INFO] [stderr] Cloning into '/workspace/builds/worker-2-tc2/source'...
[INFO] [stderr] done.
[INFO] validating manifest of git repo https://github.com/SAT-STEP/SAT-STEP on toolchain beta-2024-12-08
[INFO] running `Command { std: CARGO_HOME="/workspace/cargo-home" RUSTUP_HOME="/workspace/rustup-home" "/workspace/cargo-home/bin/cargo" "+beta-2024-12-08" "metadata" "--manifest-path" "Cargo.toml" "--no-deps", kill_on_drop: false }`
[INFO] started tweaking git repo https://github.com/SAT-STEP/SAT-STEP
[INFO] finished tweaking git repo https://github.com/SAT-STEP/SAT-STEP
[INFO] tweaked toml for git repo https://github.com/SAT-STEP/SAT-STEP written to /workspace/builds/worker-2-tc2/source/Cargo.toml
[INFO] crate git repo https://github.com/SAT-STEP/SAT-STEP already has a lockfile, it will not be regenerated
[INFO] running `Command { std: CARGO_HOME="/workspace/cargo-home" RUSTUP_HOME="/workspace/rustup-home" "/workspace/cargo-home/bin/cargo" "+beta-2024-12-08" "fetch" "--manifest-path" "Cargo.toml", kill_on_drop: false }`
[INFO] running `Command { std: "docker" "create" "-v" "/var/lib/crater-agent-workspace/builds/worker-2-tc2/target:/opt/rustwide/target:rw,Z" "-v" "/var/lib/crater-agent-workspace/builds/worker-2-tc2/source:/opt/rustwide/workdir:ro,Z" "-v" "/var/lib/crater-agent-workspace/cargo-home:/opt/rustwide/cargo-home:ro,Z" "-v" "/var/lib/crater-agent-workspace/rustup-home:/opt/rustwide/rustup-home:ro,Z" "-e" "SOURCE_DIR=/opt/rustwide/workdir" "-e" "CARGO_TARGET_DIR=/opt/rustwide/target" "-e" "CARGO_HOME=/opt/rustwide/cargo-home" "-e" "RUSTUP_HOME=/opt/rustwide/rustup-home" "-w" "/opt/rustwide/workdir" "-m" "1610612736" "--user" "0:0" "--network" "none" "ghcr.io/rust-lang/crates-build-env/linux@sha256:f3a9d4ad9d972b27faf3965f35b62e55ba32bbce8f20bc8fe909558a86702fde" "/opt/rustwide/cargo-home/bin/cargo" "+beta-2024-12-08" "metadata" "--no-deps" "--format-version=1", kill_on_drop: false }`
[INFO] [stdout] 451df4a1c3b30cbbcf3f837742c683a527b8f08bb4f7aa22e06f366005d6b6f5
[INFO] running `Command { std: "docker" "start" "-a" "451df4a1c3b30cbbcf3f837742c683a527b8f08bb4f7aa22e06f366005d6b6f5", kill_on_drop: false }`
[INFO] running `Command { std: "docker" "inspect" "451df4a1c3b30cbbcf3f837742c683a527b8f08bb4f7aa22e06f366005d6b6f5", kill_on_drop: false }`
[INFO] running `Command { std: "docker" "rm" "-f" "451df4a1c3b30cbbcf3f837742c683a527b8f08bb4f7aa22e06f366005d6b6f5", kill_on_drop: false }`
[INFO] [stdout] 451df4a1c3b30cbbcf3f837742c683a527b8f08bb4f7aa22e06f366005d6b6f5
[INFO] running `Command { std: "docker" "create" "-v" "/var/lib/crater-agent-workspace/builds/worker-2-tc2/target:/opt/rustwide/target:rw,Z" "-v" "/var/lib/crater-agent-workspace/builds/worker-2-tc2/source:/opt/rustwide/workdir:ro,Z" "-v" "/var/lib/crater-agent-workspace/cargo-home:/opt/rustwide/cargo-home:ro,Z" "-v" "/var/lib/crater-agent-workspace/rustup-home:/opt/rustwide/rustup-home:ro,Z" "-e" "SOURCE_DIR=/opt/rustwide/workdir" "-e" "CARGO_TARGET_DIR=/opt/rustwide/target" "-e" "CARGO_INCREMENTAL=0" "-e" "RUST_BACKTRACE=full" "-e" "RUSTFLAGS=--cap-lints=warn" "-e" "RUSTDOCFLAGS=--cap-lints=warn" "-e" "CARGO_HOME=/opt/rustwide/cargo-home" "-e" "RUSTUP_HOME=/opt/rustwide/rustup-home" "-w" "/opt/rustwide/workdir" "-m" "1610612736" "--user" "0:0" "--network" "none" "ghcr.io/rust-lang/crates-build-env/linux@sha256:f3a9d4ad9d972b27faf3965f35b62e55ba32bbce8f20bc8fe909558a86702fde" "/opt/rustwide/cargo-home/bin/cargo" "+beta-2024-12-08" "build" "--frozen" "--message-format=json", kill_on_drop: false }`
[INFO] [stdout] a80147d2f378eec4ddc3c59119975267bffc36d057adb56b7514816e228cf288
[INFO] running `Command { std: "docker" "start" "-a" "a80147d2f378eec4ddc3c59119975267bffc36d057adb56b7514816e228cf288", kill_on_drop: false }`
[INFO] [stderr]    Compiling libc v0.2.150
[INFO] [stderr]    Compiling once_cell v1.18.0
[INFO] [stderr]    Compiling value-bag v1.4.2
[INFO] [stderr]    Compiling serde v1.0.193
[INFO] [stderr]    Compiling memchr v2.6.4
[INFO] [stderr]    Compiling futures-core v0.3.29
[INFO] [stderr]    Compiling syn v2.0.39
[INFO] [stderr]    Compiling xml-rs v0.8.19
[INFO] [stderr]    Compiling pkg-config v0.3.27
[INFO] [stderr]    Compiling parking v2.2.0
[INFO] [stderr]    Compiling log v0.4.20
[INFO] [stderr]    Compiling concurrent-queue v2.4.0
[INFO] [stderr]    Compiling futures-io v0.3.29
[INFO] [stderr]    Compiling event-listener v4.0.0
[INFO] [stderr]    Compiling unicode-normalization v0.1.22
[INFO] [stderr]    Compiling memoffset v0.7.1
[INFO] [stderr]    Compiling slab v0.4.9
[INFO] [stderr]    Compiling event-listener-strategy v0.4.0
[INFO] [stderr]    Compiling fastrand v2.0.1
[INFO] [stderr]    Compiling syn v1.0.109
[INFO] [stderr]    Compiling unicode-bidi v0.3.13
[INFO] [stderr]    Compiling smallvec v1.11.2
[INFO] [stderr]    Compiling getrandom v0.2.11
[INFO] [stderr]    Compiling tracing-core v0.1.32
[INFO] [stderr]    Compiling hashbrown v0.14.3
[INFO] [stderr]    Compiling equivalent v1.0.1
[INFO] [stderr]    Compiling futures-lite v2.1.0
[INFO] [stderr]    Compiling async-lock v3.2.0
[INFO] [stderr]    Compiling idna v0.5.0
[INFO] [stderr]    Compiling indexmap v2.1.0
[INFO] [stderr]    Compiling wayland-scanner v0.29.5
[INFO] [stderr]    Compiling memoffset v0.6.5
[INFO] [stderr]    Compiling generic-array v0.14.7
[INFO] [stderr]    Compiling winnow v0.5.19
[INFO] [stderr]    Compiling event-listener v2.5.3
[INFO] [stderr]    Compiling simd-adler32 v0.3.7
[INFO] [stderr]    Compiling toml_datetime v0.6.5
[INFO] [stderr]    Compiling libloading v0.8.1
[INFO] [stderr]    Compiling async-task v4.5.0
[INFO] [stderr]    Compiling io-lifetimes v1.0.11
[INFO] [stderr]    Compiling atomic-waker v1.1.2
[INFO] [stderr]    Compiling dlib v0.5.2
[INFO] [stderr]    Compiling piper v0.2.1
[INFO] [stderr]    Compiling miniz_oxide v0.7.1
[INFO] [stderr]    Compiling nix v0.26.4
[INFO] [stderr]    Compiling async-channel v2.1.1
[INFO] [stderr]    Compiling polling v2.8.0
[INFO] [stderr]    Compiling rustix v0.37.27
[INFO] [stderr]    Compiling byteorder v1.5.0
[INFO] [stderr]    Compiling waker-fn v1.1.1
[INFO] [stderr]    Compiling fastrand v1.9.0
[INFO] [stderr]    Compiling jobserver v0.1.27
[INFO] [stderr]    Compiling flate2 v1.0.28
[INFO] [stderr]    Compiling toml_edit v0.19.15
[INFO] [stderr]    Compiling futures-lite v1.13.0
[INFO] [stderr]    Compiling async-lock v2.8.0
[INFO] [stderr]    Compiling wayland-sys v0.29.5
[INFO] [stderr]    Compiling aho-corasick v1.1.2
[INFO] [stderr]    Compiling async-io v1.13.0
[INFO] [stderr]    Compiling linux-raw-sys v0.3.8
[INFO] [stderr]    Compiling regex-syntax v0.8.2
[INFO] [stderr]    Compiling futures-task v0.3.29
[INFO] [stderr]    Compiling serde_derive v1.0.193
[INFO] [stderr]    Compiling tracing-attributes v0.1.27
[INFO] [stderr]    Compiling bytemuck_derive v1.5.0
[INFO] [stderr]    Compiling enumflags2_derive v0.7.8
[INFO] [stderr]    Compiling proc-macro-crate v1.3.1
[INFO] [stderr]    Compiling bytemuck v1.14.0
[INFO] [stderr]    Compiling zvariant_utils v1.0.1
[INFO] [stderr]    Compiling regex-automata v0.4.3
[INFO] [stderr]    Compiling cc v1.0.83
[INFO] [stderr]    Compiling tracing v0.1.40
[INFO] [stderr]    Compiling blocking v1.5.1
[INFO] [stderr]    Compiling crypto-common v0.1.6
[INFO] [stderr]    Compiling block-buffer v0.10.4
[INFO] [stderr]    Compiling async-executor v1.8.0
[INFO] [stderr]    Compiling rand_core v0.6.4
[INFO] [stderr]    Compiling zvariant_derive v3.15.0
[INFO] [stderr]    Compiling socket2 v0.4.10
[INFO] [stderr]    Compiling async-fs v1.6.0
[INFO] [stderr]    Compiling async-trait v0.1.74
[INFO] [stderr]    Compiling futures-util v0.3.29
[INFO] [stderr]    Compiling rand_chacha v0.3.1
[INFO] [stderr]    Compiling digest v0.10.7
[INFO] [stderr]    Compiling futures-macro v0.3.29
[INFO] [stderr]    Compiling wayland-client v0.29.5
[INFO] [stderr]    Compiling nix v0.24.3
[INFO] [stderr]    Compiling ttf-parser v0.20.0
[INFO] [stderr]    Compiling cfg_aliases v0.1.1
[INFO] [stderr]    Compiling khronos_api v3.1.0
[INFO] [stderr]    Compiling regex v1.10.2
[INFO] [stderr]    Compiling float-cmp v0.9.0
[INFO] [stderr]    Compiling futures-sink v0.3.29
[INFO] [stderr]    Compiling strict-num v0.1.1
[INFO] [stderr]    Compiling sha1 v0.10.6
[INFO] [stderr]    Compiling rand v0.8.5
[INFO] [stderr]    Compiling wayland-commons v0.29.5
[INFO] [stderr]    Compiling zbus_macros v3.14.1
[INFO] [stderr]    Compiling derivative v2.2.0
[INFO] [stderr]    Compiling serde_repr v0.1.17
[INFO] [stderr]    Compiling owned_ttf_parser v0.20.0
[INFO] [stderr]    Compiling thiserror-impl v1.0.50
[INFO] [stderr]    Compiling async-recursion v1.0.5
[INFO] [stderr]    Compiling url v2.5.0
[INFO] [stderr]    Compiling enumflags2 v0.7.8
[INFO] [stderr]    Compiling xdg-home v1.0.0
[INFO] [stderr]    Compiling fdeflate v0.3.1
[INFO] [stderr]    Compiling zvariant v3.15.0
[INFO] [stderr]    Compiling async-broadcast v0.5.1
[INFO] [stderr]    Compiling ordered-stream v0.2.0
[INFO] [stderr]    Compiling slotmap v1.0.7
[INFO] [stderr]    Compiling downcast-rs v1.2.0
[INFO] [stderr]    Compiling scoped-tls v1.0.1
[INFO] [stderr]    Compiling minimal-lexical v0.2.1
[INFO] [stderr]    Compiling arrayvec v0.7.4
[INFO] [stderr]    Compiling ab_glyph_rasterizer v0.1.8
[INFO] [stderr]    Compiling thiserror v1.0.50
[INFO] [stderr]    Compiling ab_glyph v0.2.23
[INFO] [stderr]    Compiling nom v7.1.3
[INFO] [stderr]    Compiling png v0.17.10
[INFO] [stderr]    Compiling wayland-protocols v0.29.5
[INFO] [stderr]    Compiling lock_api v0.4.11
[INFO] [stderr]    Compiling zbus_names v2.6.0
[INFO] [stderr]    Compiling parking_lot_core v0.9.9
[INFO] [stderr]    Compiling arrayref v0.3.7
[INFO] [stderr]    Compiling wasm-bindgen-shared v0.2.89
[INFO] [stderr]    Compiling tiny-skia-path v0.8.4
[INFO] [stderr]    Compiling gl_generator v0.14.0
[INFO] [stderr]    Compiling ring v0.17.6
[INFO] [stderr]    Compiling xcursor v0.3.4
[INFO] [stderr]    Compiling enumn v0.1.12
[INFO] [stderr]    Compiling nix v0.25.1
[INFO] [stderr]    Compiling x11-dl v2.21.0
[INFO] [stderr]    Compiling smithay-client-toolkit v0.16.1
[INFO] [stderr]    Compiling wayland-cursor v0.29.5
[INFO] [stderr]    Compiling zbus v3.14.1
[INFO] [stderr]    Compiling tiny-skia v0.8.4
[INFO] [stderr]    Compiling memmap2 v0.5.10
[INFO] [stderr]    Compiling ahash v0.8.6
[INFO] [stderr]    Compiling accesskit v0.12.1
[INFO] [stderr]    Compiling rustix v0.38.26
[INFO] [stderr]    Compiling calloop v0.10.6
[INFO] [stderr]    Compiling bumpalo v3.14.0
[INFO] [stderr]    Compiling wasm-bindgen-backend v0.2.89
[INFO] [stderr]    Compiling parking_lot v0.12.1
[INFO] [stderr]    Compiling async-channel v1.9.0
[INFO] [stderr]    Compiling num-traits v0.2.17
[INFO] [stderr]    Compiling untrusted v0.9.0
[INFO] [stderr]    Compiling linux-raw-sys v0.4.12
[INFO] [stderr]    Compiling raw-window-handle v0.5.2
[INFO] [stderr]    Compiling spin v0.9.8
[INFO] [stderr]    Compiling zerocopy v0.7.28
[INFO] [stderr]    Compiling bitflags v2.4.1
[INFO] [stderr]    Compiling wasm-bindgen-macro-support v0.2.89
[INFO] [stderr]    Compiling emath v0.24.1
[INFO] [stderr]    Compiling ecolor v0.24.1
[INFO] [stderr]    Compiling winit v0.28.7
[INFO] [stderr]    Compiling num-integer v0.1.45
[INFO] [stderr]    Compiling unicase v2.7.0
[INFO] [stderr]    Compiling nohash-hasher v0.2.0
[INFO] [stderr]    Compiling wasm-bindgen v0.2.89
[INFO] [stderr]    Compiling epaint v0.24.1
[INFO] [stderr]    Compiling wasm-bindgen-macro v0.2.89
[INFO] [stderr]    Compiling atspi-common v0.3.0
[INFO] [stderr]    Compiling glutin_egl_sys v0.5.1
[INFO] [stderr]    Compiling glutin_glx_sys v0.4.0
[INFO] [stderr]    Compiling mio v0.8.9
[INFO] [stderr]    Compiling wayland-sys v0.30.1
[INFO] [stderr]    Compiling num-rational v0.4.1
[INFO] [stderr]    Compiling instant v0.1.12
[INFO] [stderr]    Compiling rustls v0.21.9
[INFO] [stderr]    Compiling x11rb v0.12.0
[INFO] [stderr]    Compiling egui v0.24.1
[INFO] [stderr]    Compiling polling v3.3.1
[INFO] [stderr]    Compiling async-io v2.2.1
[INFO] [stderr]    Compiling accesskit_consumer v0.16.1
[INFO] [stderr]    Compiling glutin v0.30.10
[INFO] [stderr]    Compiling x11rb-protocol v0.12.0
[INFO] [stderr]    Compiling gethostname v0.3.0
[INFO] [stderr]    Compiling async-once-cell v0.5.3
[INFO] [stderr]    Compiling xmlparser v0.13.6
[INFO] [stderr]    Compiling futures-channel v0.3.29
[INFO] [stderr]    Compiling siphasher v0.3.11
[INFO] [stderr]    Compiling svgtypes v0.8.2
[INFO] [stderr]    Compiling roxmltree v0.15.1
[INFO] [stderr]    Compiling async-global-executor v2.4.0
[INFO] [stderr]    Compiling atspi-proxies v0.3.0
[INFO] [stderr]    Compiling js-sys v0.3.66
[INFO] [stderr]    Compiling mime_guess2 v2.0.5
[INFO] [stderr]    Compiling kurbo v0.8.3
[INFO] [stderr]    Compiling glutin-winit v0.3.0
[INFO] [stderr]    Compiling simplecss v0.2.1
[INFO] [stderr]    Compiling atspi-connection v0.3.0
[INFO] [stderr]    Compiling atspi v0.19.0
[INFO] [stderr]    Compiling accesskit_unix v0.6.1
[INFO] [stderr]    Compiling kv-log-macro v1.0.7
[INFO] [stderr]    Compiling libloading v0.7.4
[INFO] [stderr]    Compiling data-url v0.2.0
[INFO] [stderr]    Compiling imagesize v0.10.1
[INFO] [stderr]    Compiling rctree v0.5.0
[INFO] [stderr]    Compiling color_quant v1.1.0
[INFO] [stderr]    Compiling home v0.5.5
[INFO] [stderr]    Compiling webpki-roots v0.25.3
[INFO] [stderr]    Compiling litrs v0.2.3
[INFO] [stderr]    Compiling usvg v0.28.0
[INFO] [stderr]    Compiling document-features v0.2.7
[INFO] [stderr]    Compiling arboard v3.3.0
[INFO] [stderr]    Compiling webbrowser v0.8.12
[INFO] [stderr]    Compiling image v0.24.7
[INFO] [stderr]    Compiling async-std v1.12.0
[INFO] [stderr]    Compiling web-sys v0.3.66
[INFO] [stderr]    Compiling cadical v0.1.14 (/opt/rustwide/workdir/cadical-rs)
[INFO] [stderr]    Compiling rgb v0.8.37
[INFO] [stderr]    Compiling enum-map-derive v0.17.0
[INFO] [stderr]    Compiling pico-args v0.5.0
[INFO] [stderr]    Compiling rfd v0.12.1
[INFO] [stderr]    Compiling web-time v0.2.3
[INFO] [stderr]    Compiling glow v0.12.3
[INFO] [stderr]    Compiling resvg v0.28.0
[INFO] [stderr]    Compiling enum-map v2.7.3
[INFO] [stderr]    Compiling pollster v0.3.0
[INFO] [stderr]    Compiling urlencoding v2.1.3
[INFO] [stderr]    Compiling egui_glow v0.24.1
[INFO] [stderr]    Compiling ashpd v0.6.7
[INFO] [stderr]    Compiling sct v0.7.1
[INFO] [stderr]    Compiling rustls-webpki v0.101.7
[INFO] [stderr]    Compiling ureq v2.9.1
[INFO] [stderr]    Compiling ehttp v0.3.1
[INFO] [stderr]    Compiling egui_extras v0.24.1
[INFO] [stderr]    Compiling sctk-adwaita v0.5.4
[INFO] [stderr]    Compiling smithay-clipboard v0.6.6
[INFO] [stderr]    Compiling accesskit_winit v0.15.0
[INFO] [stderr]    Compiling egui-winit v0.24.1
[INFO] [stderr]    Compiling eframe v0.24.1
[INFO] [stderr]    Compiling sat-step v0.1.0 (/opt/rustwide/workdir)
[INFO] [stderr]     Finished `dev` profile [unoptimized + debuginfo] target(s) in 6m 48s
[INFO] running `Command { std: "docker" "inspect" "a80147d2f378eec4ddc3c59119975267bffc36d057adb56b7514816e228cf288", kill_on_drop: false }`
[INFO] running `Command { std: "docker" "rm" "-f" "a80147d2f378eec4ddc3c59119975267bffc36d057adb56b7514816e228cf288", kill_on_drop: false }`
[INFO] [stdout] a80147d2f378eec4ddc3c59119975267bffc36d057adb56b7514816e228cf288
[INFO] running `Command { std: "docker" "create" "-v" "/var/lib/crater-agent-workspace/builds/worker-2-tc2/target:/opt/rustwide/target:rw,Z" "-v" "/var/lib/crater-agent-workspace/builds/worker-2-tc2/source:/opt/rustwide/workdir:ro,Z" "-v" "/var/lib/crater-agent-workspace/cargo-home:/opt/rustwide/cargo-home:ro,Z" "-v" "/var/lib/crater-agent-workspace/rustup-home:/opt/rustwide/rustup-home:ro,Z" "-e" "SOURCE_DIR=/opt/rustwide/workdir" "-e" "CARGO_TARGET_DIR=/opt/rustwide/target" "-e" "CARGO_INCREMENTAL=0" "-e" "RUST_BACKTRACE=full" "-e" "RUSTFLAGS=--cap-lints=warn" "-e" "RUSTDOCFLAGS=--cap-lints=warn" "-e" "CARGO_HOME=/opt/rustwide/cargo-home" "-e" "RUSTUP_HOME=/opt/rustwide/rustup-home" "-w" "/opt/rustwide/workdir" "-m" "1610612736" "--user" "0:0" "--network" "none" "ghcr.io/rust-lang/crates-build-env/linux@sha256:f3a9d4ad9d972b27faf3965f35b62e55ba32bbce8f20bc8fe909558a86702fde" "/opt/rustwide/cargo-home/bin/cargo" "+beta-2024-12-08" "test" "--frozen" "--no-run" "--message-format=json", kill_on_drop: false }`
[INFO] [stdout] 6a850a108cd9afad7992660ddca756238603c1ecbdb2dda667d9c5aef3acda97
[INFO] running `Command { std: "docker" "start" "-a" "6a850a108cd9afad7992660ddca756238603c1ecbdb2dda667d9c5aef3acda97", kill_on_drop: false }`
[INFO] [stderr]    Compiling sat-step v0.1.0 (/opt/rustwide/workdir)
[INFO] [stderr]     Finished `test` profile [unoptimized + debuginfo] target(s) in 13.29s
[INFO] running `Command { std: "docker" "inspect" "6a850a108cd9afad7992660ddca756238603c1ecbdb2dda667d9c5aef3acda97", kill_on_drop: false }`
[INFO] running `Command { std: "docker" "rm" "-f" "6a850a108cd9afad7992660ddca756238603c1ecbdb2dda667d9c5aef3acda97", kill_on_drop: false }`
[INFO] [stdout] 6a850a108cd9afad7992660ddca756238603c1ecbdb2dda667d9c5aef3acda97
[INFO] running `Command { std: "docker" "create" "-v" "/var/lib/crater-agent-workspace/builds/worker-2-tc2/target:/opt/rustwide/target:rw,Z" "-v" "/var/lib/crater-agent-workspace/builds/worker-2-tc2/source:/opt/rustwide/workdir:ro,Z" "-v" "/var/lib/crater-agent-workspace/cargo-home:/opt/rustwide/cargo-home:ro,Z" "-v" "/var/lib/crater-agent-workspace/rustup-home:/opt/rustwide/rustup-home:ro,Z" "-e" "SOURCE_DIR=/opt/rustwide/workdir" "-e" "CARGO_TARGET_DIR=/opt/rustwide/target" "-e" "CARGO_INCREMENTAL=0" "-e" "RUST_BACKTRACE=full" "-e" "RUSTFLAGS=--cap-lints=warn" "-e" "RUSTDOCFLAGS=--cap-lints=warn" "-e" "CARGO_HOME=/opt/rustwide/cargo-home" "-e" "RUSTUP_HOME=/opt/rustwide/rustup-home" "-w" "/opt/rustwide/workdir" "-m" "1610612736" "--user" "0:0" "--network" "none" "ghcr.io/rust-lang/crates-build-env/linux@sha256:f3a9d4ad9d972b27faf3965f35b62e55ba32bbce8f20bc8fe909558a86702fde" "/opt/rustwide/cargo-home/bin/cargo" "+beta-2024-12-08" "test" "--frozen", kill_on_drop: false }`
[INFO] [stdout] 4e49c04538d09e63a7f08a2c16161cbbaa1995b05cf8c239d0305fd624b8c41d
[INFO] running `Command { std: "docker" "start" "-a" "4e49c04538d09e63a7f08a2c16161cbbaa1995b05cf8c239d0305fd624b8c41d", kill_on_drop: false }`
[INFO] [stderr]     Finished `test` profile [unoptimized + debuginfo] target(s) in 0.61s
[INFO] [stderr]      Running unittests src/lib.rs (/opt/rustwide/target/debug/deps/sat_step-ad24ca86cf17a81a)
[INFO] [stdout] 
[INFO] [stdout] running 66 tests
[INFO] [stdout] test app_state::tests::test_cell_clearing ... ok
[INFO] [stdout] test app_state::tests::test_filter_by_max_length ... ok
[INFO] [stdout] test app_state::tests::test_count_pages ... ok
[INFO] [stdout] test app_state::tests::test_length_clearing ... ok
[INFO] [stdout] test app_state::tests::test_filter_clearing ... ok
[INFO] [stdout] test app_state::tests::test_paging_system ... ok
[INFO] [stdout] test app_state::tests::test_reinit ... ok
[INFO] [stdout] test app_state::tests::test_select_cell ... ok
[INFO] [stdout] test app_state::tests::test_set_page_length ... ok
[INFO] [stdout] test app_state::tests::test_set_page_number ... ok
[INFO] [stdout] test app_state::tests::test_update_little_number_constraints ... ok
[INFO] [stdout] test app_state::tests::test_update_little_number_constraints_many_literals ... ok
[INFO] [stdout] test cnf::binary_encoding::tests::test_to_eq_id_and_back ... ok
[INFO] [stdout] test cnf::binary_encoding::tests::test_to_id_and_back ... ok
[INFO] [stdout] test cnf::decimal_encoding::tests::test_cnf_converter_respects_clues ... ok
[INFO] [stdout] test cnf::tests::test_encoding_rules_shouldbe_not_ok ... ok
[INFO] [stdout] test cnf::tests::test_encoding_rules_shouldbe_ok ... ok
[INFO] [stdout] test cnf::tests::test_get_possible_groups ... ok
[INFO] [stdout] test cnf::tests::test_get_possible_numbers_bit ... ok
[INFO] [stdout] test cnf::tests::test_get_possible_numbers_decimal ... ok
[INFO] [stdout] test cnf::binary_encoding::tests::test_cnf_converter_respects_clues ... ok
[INFO] [stdout] test cnf::tests::test_to_cnf_and_back_bit ... ok
[INFO] [stdout] test cnf::decimal_encoding::tests::test_to_id_and_back ... ok
[INFO] [stdout] test cnf::tests::test_to_cnf_and_back_decimal ... ok
[INFO] [stdout] test cnf::tests::test_get_possible_numbers_eq ... ok
[INFO] [stdout] test cnf::tests::test_to_cnf_and_back_eq ... ok
[INFO] [stdout] test filtering::tests::test_filter_by_cell_binary ... ok
[INFO] [stdout] test filtering::tests::test_get_empty_filtered_index_list ... ok
[INFO] [stdout] test filtering::tests::test_get_filtered_index_list ... ok
[INFO] [stdout] test filtering::tests::test_clear_filters_and_multiple_filters ... ok
[INFO] [stdout] test filtering::tests::test_get_index_index_list ... ok
[INFO] [stdout] test filtering::tests::test_get_little_number_constraints ... ok
[INFO] [stdout] test filtering::tests::test_get_no_little_number_constraints ... ok
[INFO] [stdout] test app_state::tests::test_update_little_number_constraints_no_literals ... ok
[INFO] [stdout] test filtering::tests::test_filter_by_cell_decimal ... ok
[INFO] [stdout] test statistics::tests::test_csv_header ... ok
[INFO] [stdout] test filtering::tests::test_paging_system ... ok
[INFO] [stdout] test filtering::tests::test_get_two_little_number_constraints ... ok
[INFO] [stdout] test filtering::tests::test_filter_by_max_length ... ok
[INFO] [stdout] test sudoku::tests::test_get_empty_sudoku ... ok
[INFO] [stdout] test sudoku::tests::test_get_wrong_filetype ... ok
[INFO] [stdout] test sudoku::tests::test_get_sudoku ... ok
[INFO] [stdout] test sudoku::tests::test_get_no_sudoku ... ok
[INFO] [stdout] test sudoku::tests::test_invalid_string_to_sudoku ... ok
[INFO] [stdout] test cnf::decimal_encoding::tests::test_get_cell_value ... ok
[INFO] [stdout] test sudoku::tests::test_string_from_grid ... ok
[INFO] [stdout] test statistics::tests::test_statistics ... ok
[INFO] [stdout] test sudoku::tests::test_string_from_grid_second ... ok
[INFO] [stdout] test sudoku::tests::test_string_to_clues ... ok
[INFO] [stdout] test sudoku::tests::test_write_no_sudoku ... ok
[INFO] [stdout] test sudoku::tests::test_write_no_valid_path ... ok
[INFO] [stdout] test statistics::tests::test_statistics_csv ... ok
[INFO] [stdout] test tests::test_constraint_list ... ok
[INFO] [stdout] test tests::test_get_cell_returns_correct_cell ... ok
[INFO] [stdout] test tests::test_parse_numeric_input_negative ... ok
[INFO] [stdout] test tests::test_parse_numeric_input_empty ... ok
[INFO] [stdout] test tests::test_parse_numeric_input_valid_input ... ok
[INFO] [stdout] test tests::test_trail ... ok
[INFO] [stdout] test warning::tests::test_set_warning ... ok
[INFO] [stdout] test sudoku::tests::test_solve_sudoku_fails ... ok
[INFO] [stdout] test cnf::binary_encoding::tests::no_overlapping_identifiers ... ok
[INFO] [stdout] test sudoku::tests::test_solve_sudoku_decimal ... ok
[INFO] [stdout] test tests::test_parse_numeric_input_not_numeric ... ok
[INFO] [stdout] test sudoku::tests::test_write_sudoku ... FAILED
[INFO] [stdout] test cnf::binary_encoding::tests::test_get_cell_value ... ok
[INFO] [stdout] test sudoku::tests::test_solve_sudoku_binary ... ok
[INFO] [stdout] 
[INFO] [stdout] failures:
[INFO] [stdout] 
[INFO] [stdout] ---- sudoku::tests::test_write_sudoku stdout ----
[INFO] [stdout] thread 'sudoku::tests::test_write_sudoku' panicked at src/sudoku.rs:418:58:
[INFO] [stdout] called `Result::unwrap()` on an `Err` value: Os { code: 2, kind: NotFound, message: "No such file or directory" }
[INFO] [stdout] stack backtrace:
[INFO] [stdout]    0:     0x6015d8a15ffa - std::backtrace_rs::backtrace::libunwind::trace::h8810477743020387
[INFO] [stdout]                                at /rustc/202008a1b8de96d2e5b6bc02d379db03a877d34d/library/std/src/../../backtrace/src/backtrace/libunwind.rs:116:5
[INFO] [stdout]    1:     0x6015d8a15ffa - std::backtrace_rs::backtrace::trace_unsynchronized::h3aa55355dd6c54a6
[INFO] [stdout]                                at /rustc/202008a1b8de96d2e5b6bc02d379db03a877d34d/library/std/src/../../backtrace/src/backtrace/mod.rs:66:5
[INFO] [stdout]    2:     0x6015d8a15ffa - std::sys::backtrace::_print_fmt::h8588b0f62410823f
[INFO] [stdout]                                at /rustc/202008a1b8de96d2e5b6bc02d379db03a877d34d/library/std/src/sys/backtrace.rs:66:9
[INFO] [stdout]    3:     0x6015d8a15ffa - <std::sys::backtrace::BacktraceLock::print::DisplayBacktrace as core::fmt::Display>::fmt::h98c26ac25ffe89bb
[INFO] [stdout]                                at /rustc/202008a1b8de96d2e5b6bc02d379db03a877d34d/library/std/src/sys/backtrace.rs:39:26
[INFO] [stdout]    4:     0x6015d8a3bbe3 - core::fmt::rt::Argument::fmt::hf95377f4aebd453b
[INFO] [stdout]                                at /rustc/202008a1b8de96d2e5b6bc02d379db03a877d34d/library/core/src/fmt/rt.rs:177:76
[INFO] [stdout]    5:     0x6015d8a3bbe3 - core::fmt::write::h0dd5f6e2238c7982
[INFO] [stdout]                                at /rustc/202008a1b8de96d2e5b6bc02d379db03a877d34d/library/core/src/fmt/mod.rs:1189:21
[INFO] [stdout]    6:     0x6015d8a13173 - std::io::Write::write_fmt::h03bb0ca26e6faf8c
[INFO] [stdout]                                at /rustc/202008a1b8de96d2e5b6bc02d379db03a877d34d/library/std/src/io/mod.rs:1884:15
[INFO] [stdout]    7:     0x6015d8a15e42 - std::sys::backtrace::BacktraceLock::print::h5c19c1c038ee186d
[INFO] [stdout]                                at /rustc/202008a1b8de96d2e5b6bc02d379db03a877d34d/library/std/src/sys/backtrace.rs:42:9
[INFO] [stdout]    8:     0x6015d8a1747d - std::panicking::default_hook::{{closure}}::h77172f079a1fcb13
[INFO] [stdout]                                at /rustc/202008a1b8de96d2e5b6bc02d379db03a877d34d/library/std/src/panicking.rs:268:22
[INFO] [stdout]    9:     0x6015d8a17287 - std::panicking::default_hook::he5f8e3b203ccddba
[INFO] [stdout]                                at /rustc/202008a1b8de96d2e5b6bc02d379db03a877d34d/library/std/src/panicking.rs:292:9
[INFO] [stdout]   10:     0x6015d89854a7 - <alloc::boxed::Box<F,A> as core::ops::function::Fn<Args>>::call::h7a3c7b4a1ae77f2f
[INFO] [stdout]                                at /rustc/202008a1b8de96d2e5b6bc02d379db03a877d34d/library/alloc/src/boxed.rs:1986:9
[INFO] [stdout]   11:     0x6015d89854a7 - test::test_main::{{closure}}::hf0d3b69ae9b353d1
[INFO] [stdout]                                at /rustc/202008a1b8de96d2e5b6bc02d379db03a877d34d/library/test/src/lib.rs:134:21
[INFO] [stdout]   12:     0x6015d8a17b28 - <alloc::boxed::Box<F,A> as core::ops::function::Fn<Args>>::call::h6332e82e7b189abd
[INFO] [stdout]                                at /rustc/202008a1b8de96d2e5b6bc02d379db03a877d34d/library/alloc/src/boxed.rs:1986:9
[INFO] [stdout]   13:     0x6015d8a17b28 - std::panicking::rust_panic_with_hook::h53863d4e9018df39
[INFO] [stdout]                                at /rustc/202008a1b8de96d2e5b6bc02d379db03a877d34d/library/std/src/panicking.rs:809:13
[INFO] [stdout]   14:     0x6015d8a178ea - std::panicking::begin_panic_handler::{{closure}}::h67280e6fa0757873
[INFO] [stdout]                                at /rustc/202008a1b8de96d2e5b6bc02d379db03a877d34d/library/std/src/panicking.rs:674:13
[INFO] [stdout]   15:     0x6015d8a164d9 - std::sys::backtrace::__rust_end_short_backtrace::h1dac3f54d6fbbeb2
[INFO] [stdout]                                at /rustc/202008a1b8de96d2e5b6bc02d379db03a877d34d/library/std/src/sys/backtrace.rs:170:18
[INFO] [stdout]   16:     0x6015d8a1757c - rust_begin_unwind
[INFO] [stdout]                                at /rustc/202008a1b8de96d2e5b6bc02d379db03a877d34d/library/std/src/panicking.rs:665:5
[INFO] [stdout]   17:     0x6015d88ed5b0 - core::panicking::panic_fmt::h6792bd1b2bf01041
[INFO] [stdout]                                at /rustc/202008a1b8de96d2e5b6bc02d379db03a877d34d/library/core/src/panicking.rs:76:14
[INFO] [stdout]   18:     0x6015d88eda36 - core::result::unwrap_failed::h05e0602ed34287c5
[INFO] [stdout]                                at /rustc/202008a1b8de96d2e5b6bc02d379db03a877d34d/library/core/src/result.rs:1699:5
[INFO] [stdout]   19:     0x6015d8915a1b - core::result::Result<T,E>::unwrap::hda6603bb09536971
[INFO] [stdout]                                at /rustc/202008a1b8de96d2e5b6bc02d379db03a877d34d/library/core/src/result.rs:1104:23
[INFO] [stdout]   20:     0x6015d8915a1b - sat_step::sudoku::tests::test_write_sudoku::h425c6a26566eb71d
[INFO] [stdout]                                at /opt/rustwide/workdir/src/sudoku.rs:418:28
[INFO] [stdout]   21:     0x6015d8915857 - sat_step::sudoku::tests::test_write_sudoku::{{closure}}::hc0c717bd39e598c3
[INFO] [stdout]                                at /opt/rustwide/workdir/src/sudoku.rs:414:27
[INFO] [stdout]   22:     0x6015d8927db6 - core::ops::function::FnOnce::call_once::h4ffa32a6da51c810
[INFO] [stdout]                                at /rustc/202008a1b8de96d2e5b6bc02d379db03a877d34d/library/core/src/ops/function.rs:250:5
[INFO] [stdout]   23:     0x6015d8989fcb - core::ops::function::FnOnce::call_once::h871bf86719ec9aa4
[INFO] [stdout]                                at /rustc/202008a1b8de96d2e5b6bc02d379db03a877d34d/library/core/src/ops/function.rs:250:5
[INFO] [stdout]   24:     0x6015d8989fcb - test::__rust_begin_short_backtrace::h2167df1e2b7d76fd
[INFO] [stdout]                                at /rustc/202008a1b8de96d2e5b6bc02d379db03a877d34d/library/test/src/lib.rs:632:18
[INFO] [stdout]   25:     0x6015d89899b8 - test::run_test_in_process::{{closure}}::h15d92f75a3adfb79
[INFO] [stdout]                                at /rustc/202008a1b8de96d2e5b6bc02d379db03a877d34d/library/test/src/lib.rs:655:60
[INFO] [stdout]   26:     0x6015d89899b8 - <core::panic::unwind_safe::AssertUnwindSafe<F> as core::ops::function::FnOnce<()>>::call_once::hb6c8955835a8dbbb
[INFO] [stdout]                                at /rustc/202008a1b8de96d2e5b6bc02d379db03a877d34d/library/core/src/panic/unwind_safe.rs:272:9
[INFO] [stdout]   27:     0x6015d89899b8 - std::panicking::try::do_call::hc79d0fc888a0bd30
[INFO] [stdout]                                at /rustc/202008a1b8de96d2e5b6bc02d379db03a877d34d/library/std/src/panicking.rs:557:40
[INFO] [stdout]   28:     0x6015d89899b8 - std::panicking::try::hb8a7878e3a8589d6
[INFO] [stdout]                                at /rustc/202008a1b8de96d2e5b6bc02d379db03a877d34d/library/std/src/panicking.rs:520:19
[INFO] [stdout]   29:     0x6015d89899b8 - std::panic::catch_unwind::hb8e4600ff0ff5cfa
[INFO] [stdout]                                at /rustc/202008a1b8de96d2e5b6bc02d379db03a877d34d/library/std/src/panic.rs:358:14
[INFO] [stdout]   30:     0x6015d89899b8 - test::run_test_in_process::hc2900b0b18688dd6
[INFO] [stdout]                                at /rustc/202008a1b8de96d2e5b6bc02d379db03a877d34d/library/test/src/lib.rs:655:27
[INFO] [stdout]   31:     0x6015d89899b8 - test::run_test::{{closure}}::hac2a9cb07be3d48d
[INFO] [stdout]                                at /rustc/202008a1b8de96d2e5b6bc02d379db03a877d34d/library/test/src/lib.rs:576:43
[INFO] [stdout]   32:     0x6015d894d45a - test::run_test::{{closure}}::h4a5b729e66a38cd8
[INFO] [stdout]                                at /rustc/202008a1b8de96d2e5b6bc02d379db03a877d34d/library/test/src/lib.rs:606:41
[INFO] [stdout]   33:     0x6015d894d45a - std::sys::backtrace::__rust_begin_short_backtrace::h0496fb742492f573
[INFO] [stdout]                                at /rustc/202008a1b8de96d2e5b6bc02d379db03a877d34d/library/std/src/sys/backtrace.rs:154:18
[INFO] [stdout]   34:     0x6015d8950dd4 - std::thread::Builder::spawn_unchecked_::{{closure}}::{{closure}}::hbb6d257c550a54bd
[INFO] [stdout]                                at /rustc/202008a1b8de96d2e5b6bc02d379db03a877d34d/library/std/src/thread/mod.rs:561:17
[INFO] [stdout]   35:     0x6015d8950dd4 - <core::panic::unwind_safe::AssertUnwindSafe<F> as core::ops::function::FnOnce<()>>::call_once::h46696fe4a6832328
[INFO] [stdout]                                at /rustc/202008a1b8de96d2e5b6bc02d379db03a877d34d/library/core/src/panic/unwind_safe.rs:272:9
[INFO] [stdout]   36:     0x6015d8950dd4 - std::panicking::try::do_call::h2625a51b667bfb64
[INFO] [stdout]                                at /rustc/202008a1b8de96d2e5b6bc02d379db03a877d34d/library/std/src/panicking.rs:557:40
[INFO] [stdout]   37:     0x6015d8950dd4 - std::panicking::try::hb956a59a1973aa4c
[INFO] [stdout]                                at /rustc/202008a1b8de96d2e5b6bc02d379db03a877d34d/library/std/src/panicking.rs:520:19
[INFO] [stdout]   38:     0x6015d8950dd4 - std::panic::catch_unwind::h64f3b9d1067ef6a0
[INFO] [stdout]                                at /rustc/202008a1b8de96d2e5b6bc02d379db03a877d34d/library/std/src/panic.rs:358:14
[INFO] [stdout]   39:     0x6015d8950dd4 - std::thread::Builder::spawn_unchecked_::{{closure}}::h42b2841295b6c0b2
[INFO] [stdout]                                at /rustc/202008a1b8de96d2e5b6bc02d379db03a877d34d/library/std/src/thread/mod.rs:559:30
[INFO] [stdout]   40:     0x6015d8950dd4 - core::ops::function::FnOnce::call_once{{vtable.shim}}::h6127de71b8124639
[INFO] [stdout]                                at /rustc/202008a1b8de96d2e5b6bc02d379db03a877d34d/library/core/src/ops/function.rs:250:5
[INFO] [stdout]   41:     0x6015d8a1ba6b - <alloc::boxed::Box<F,A> as core::ops::function::FnOnce<Args>>::call_once::h42f0ba71002a1b2c
[INFO] [stdout]                                at /rustc/202008a1b8de96d2e5b6bc02d379db03a877d34d/library/alloc/src/boxed.rs:1972:9
[INFO] [stdout]   42:     0x6015d8a1ba6b - <alloc::boxed::Box<F,A> as core::ops::function::FnOnce<Args>>::call_once::had9e47d7a3dcecb8
[INFO] [stdout]                                at /rustc/202008a1b8de96d2e5b6bc02d379db03a877d34d/library/alloc/src/boxed.rs:1972:9
[INFO] [stdout]   43:     0x6015d8a1ba6b - std::sys::pal::unix::thread::Thread::new::thread_start::h48cf765408f6f5f2
[INFO] [stdout]                                at /rustc/202008a1b8de96d2e5b6bc02d379db03a877d34d/library/std/src/sys/pal/unix/thread.rs:105:17
[INFO] [stdout]   44:     0x727c4666dac3 - <unknown>
[INFO] [stdout]   45:     0x727c466fea04 - clone
[INFO] [stdout]   46:                0x0 - <unknown>
[INFO] [stdout] 
[INFO] [stdout] 
[INFO] [stdout] failures:
[INFO] [stdout]     sudoku::tests::test_write_sudoku
[INFO] [stdout] 
[INFO] [stdout] test result: FAILED. 65 passed; 1 failed; 0 ignored; 0 measured; 0 filtered out; finished in 0.54s
[INFO] [stdout] 
[INFO] [stderr] error: test failed, to rerun pass `--lib`
[INFO] running `Command { std: "docker" "inspect" "4e49c04538d09e63a7f08a2c16161cbbaa1995b05cf8c239d0305fd624b8c41d", kill_on_drop: false }`
[INFO] running `Command { std: "docker" "rm" "-f" "4e49c04538d09e63a7f08a2c16161cbbaa1995b05cf8c239d0305fd624b8c41d", kill_on_drop: false }`
[INFO] [stdout] 4e49c04538d09e63a7f08a2c16161cbbaa1995b05cf8c239d0305fd624b8c41d
