[INFO] cloning repository https://github.com/Rydwxz/jade
[INFO] running `Command { std: "git" "-c" "credential.helper=" "-c" "credential.helper=/workspace/cargo-home/bin/git-credential-null" "clone" "--bare" "https://github.com/Rydwxz/jade" "/workspace/cache/git-repos/https%3A%2F%2Fgithub.com%2FRydwxz%2Fjade", kill_on_drop: false }`
[INFO] [stderr] Cloning into bare repository '/workspace/cache/git-repos/https%3A%2F%2Fgithub.com%2FRydwxz%2Fjade'...
[INFO] running `Command { std: "git" "rev-parse" "HEAD", kill_on_drop: false }`
[INFO] [stdout] 4444310e6f0a848e10299fcdb8e4423dc5878ce5
[INFO] testing Rydwxz/jade against 1.83.0 for beta-1.84.0-4-retry
[INFO] running `Command { std: "git" "clone" "/workspace/cache/git-repos/https%3A%2F%2Fgithub.com%2FRydwxz%2Fjade" "/workspace/builds/worker-2-tc1/source", kill_on_drop: false }`
[INFO] [stderr] Cloning into '/workspace/builds/worker-2-tc1/source'...
[INFO] [stderr] done.
[INFO] validating manifest of git repo https://github.com/Rydwxz/jade on toolchain 1.83.0
[INFO] running `Command { std: CARGO_HOME="/workspace/cargo-home" RUSTUP_HOME="/workspace/rustup-home" "/workspace/cargo-home/bin/cargo" "+1.83.0" "metadata" "--manifest-path" "Cargo.toml" "--no-deps", kill_on_drop: false }`
[INFO] started tweaking git repo https://github.com/Rydwxz/jade
[INFO] finished tweaking git repo https://github.com/Rydwxz/jade
[INFO] tweaked toml for git repo https://github.com/Rydwxz/jade written to /workspace/builds/worker-2-tc1/source/Cargo.toml
[INFO] crate git repo https://github.com/Rydwxz/jade already has a lockfile, it will not be regenerated
[INFO] running `Command { std: CARGO_HOME="/workspace/cargo-home" RUSTUP_HOME="/workspace/rustup-home" "/workspace/cargo-home/bin/cargo" "+1.83.0" "fetch" "--manifest-path" "Cargo.toml", kill_on_drop: false }`
[INFO] running `Command { std: "docker" "create" "-v" "/var/lib/crater-agent-workspace/builds/worker-2-tc1/target:/opt/rustwide/target:rw,Z" "-v" "/var/lib/crater-agent-workspace/builds/worker-2-tc1/source:/opt/rustwide/workdir:ro,Z" "-v" "/var/lib/crater-agent-workspace/cargo-home:/opt/rustwide/cargo-home:ro,Z" "-v" "/var/lib/crater-agent-workspace/rustup-home:/opt/rustwide/rustup-home:ro,Z" "-e" "SOURCE_DIR=/opt/rustwide/workdir" "-e" "CARGO_TARGET_DIR=/opt/rustwide/target" "-e" "CARGO_HOME=/opt/rustwide/cargo-home" "-e" "RUSTUP_HOME=/opt/rustwide/rustup-home" "-w" "/opt/rustwide/workdir" "-m" "1610612736" "--user" "0:0" "--network" "none" "ghcr.io/rust-lang/crates-build-env/linux@sha256:f3a9d4ad9d972b27faf3965f35b62e55ba32bbce8f20bc8fe909558a86702fde" "/opt/rustwide/cargo-home/bin/cargo" "+1.83.0" "metadata" "--no-deps" "--format-version=1", kill_on_drop: false }`
[INFO] [stdout] e4396488e91f4ed98e553c91802992bec1696e992a416e2e4ce1bb4ce5b2b9fc
[INFO] running `Command { std: "docker" "start" "-a" "e4396488e91f4ed98e553c91802992bec1696e992a416e2e4ce1bb4ce5b2b9fc", kill_on_drop: false }`
[INFO] running `Command { std: "docker" "inspect" "e4396488e91f4ed98e553c91802992bec1696e992a416e2e4ce1bb4ce5b2b9fc", kill_on_drop: false }`
[INFO] running `Command { std: "docker" "rm" "-f" "e4396488e91f4ed98e553c91802992bec1696e992a416e2e4ce1bb4ce5b2b9fc", kill_on_drop: false }`
[INFO] [stdout] e4396488e91f4ed98e553c91802992bec1696e992a416e2e4ce1bb4ce5b2b9fc
[INFO] running `Command { std: "docker" "create" "-v" "/var/lib/crater-agent-workspace/builds/worker-2-tc1/target:/opt/rustwide/target:rw,Z" "-v" "/var/lib/crater-agent-workspace/builds/worker-2-tc1/source:/opt/rustwide/workdir:ro,Z" "-v" "/var/lib/crater-agent-workspace/cargo-home:/opt/rustwide/cargo-home:ro,Z" "-v" "/var/lib/crater-agent-workspace/rustup-home:/opt/rustwide/rustup-home:ro,Z" "-e" "SOURCE_DIR=/opt/rustwide/workdir" "-e" "CARGO_TARGET_DIR=/opt/rustwide/target" "-e" "CARGO_INCREMENTAL=0" "-e" "RUST_BACKTRACE=full" "-e" "RUSTFLAGS=--cap-lints=warn" "-e" "RUSTDOCFLAGS=--cap-lints=warn" "-e" "CARGO_HOME=/opt/rustwide/cargo-home" "-e" "RUSTUP_HOME=/opt/rustwide/rustup-home" "-w" "/opt/rustwide/workdir" "-m" "1610612736" "--user" "0:0" "--network" "none" "ghcr.io/rust-lang/crates-build-env/linux@sha256:f3a9d4ad9d972b27faf3965f35b62e55ba32bbce8f20bc8fe909558a86702fde" "/opt/rustwide/cargo-home/bin/cargo" "+1.83.0" "build" "--frozen" "--message-format=json", kill_on_drop: false }`
[INFO] [stdout] 930924faef92147f98fcc7ef454604dfef6f5c265e361ee6152ba399b302a963
[INFO] running `Command { std: "docker" "start" "-a" "930924faef92147f98fcc7ef454604dfef6f5c265e361ee6152ba399b302a963", kill_on_drop: false }`
[INFO] [stderr]    Compiling libc v0.2.159
[INFO] [stderr]    Compiling proc-macro2 v1.0.86
[INFO] [stderr]    Compiling rustversion v1.0.17
[INFO] [stderr]    Compiling unicode-ident v1.0.13
[INFO] [stderr]    Compiling version_check v0.9.5
[INFO] [stderr]    Compiling autocfg v1.4.0
[INFO] [stderr]    Compiling parking_lot_core v0.9.10
[INFO] [stderr]    Compiling signal-hook v0.3.17
[INFO] [stderr]    Compiling smallvec v1.13.2
[INFO] [stderr]    Compiling once_cell v1.19.0
[INFO] [stderr]    Compiling rustix v0.38.37
[INFO] [stderr]    Compiling zerocopy v0.7.35
[INFO] [stderr]    Compiling scopeguard v1.2.0
[INFO] [stderr]    Compiling log v0.4.22
[INFO] [stderr]    Compiling paste v1.0.15
[INFO] [stderr]    Compiling heck v0.5.0
[INFO] [stderr]    Compiling bitflags v2.6.0
[INFO] [stderr]    Compiling either v1.13.0
[INFO] [stderr]    Compiling allocator-api2 v0.2.18
[INFO] [stderr]    Compiling linux-raw-sys v0.4.14
[INFO] [stderr]    Compiling itoa v1.0.11
[INFO] [stderr]    Compiling static_assertions v1.1.0
[INFO] [stderr]    Compiling unicode-width v0.1.14
[INFO] [stderr]    Compiling unicode-segmentation v1.12.0
[INFO] [stderr]    Compiling ryu v1.0.18
[INFO] [stderr]    Compiling ahash v0.8.11
[INFO] [stderr]    Compiling itertools v0.13.0
[INFO] [stderr]    Compiling cassowary v0.3.0
[INFO] [stderr]    Compiling lock_api v0.4.12
[INFO] [stderr]    Compiling hashbrown v0.14.5
[INFO] [stderr]    Compiling castaway v0.2.3
[INFO] [stderr]    Compiling compact_str v0.8.0
[INFO] [stderr]    Compiling quote v1.0.37
[INFO] [stderr]    Compiling signal-hook-registry v1.4.2
[INFO] [stderr]    Compiling mio v1.0.2
[INFO] [stderr]    Compiling parking_lot v0.12.3
[INFO] [stderr]    Compiling syn v2.0.79
[INFO] [stderr]    Compiling signal-hook-mio v0.2.4
[INFO] [stderr]    Compiling crossterm v0.28.1
[INFO] [stderr]    Compiling lru v0.12.4
[INFO] [stderr]    Compiling unicode-truncate v1.1.0
[INFO] [stderr]    Compiling strum_macros v0.26.4
[INFO] [stderr]    Compiling instability v0.3.2
[INFO] [stderr]    Compiling strum v0.26.3
[INFO] [stderr]    Compiling ratatui v0.28.1
[INFO] [stderr]    Compiling jade v0.0.1 (/opt/rustwide/workdir)
[INFO] [stdout] warning: unused imports: `Block`, `Line`, `Span`, and `Tabs`
[INFO] [stdout]   --> src/app.rs:10:12
[INFO] [stdout]    |
[INFO] [stdout] 10 |     text::{Line, Span},
[INFO] [stdout]    |            ^^^^  ^^^^
[INFO] [stdout] 11 |     widgets::{Block, Tabs, Widget},
[INFO] [stdout]    |               ^^^^^  ^^^^
[INFO] [stdout]    |
[INFO] [stdout]    = note: `#[warn(unused_imports)]` on by default
[INFO] [stdout] 
[INFO] [stdout] 
[INFO] [stdout] warning: unused import: `std::fs::DirEntry`
[INFO] [stdout]  --> src/jade/jfs.rs:2:5
[INFO] [stdout]   |
[INFO] [stdout] 2 | use std::fs::DirEntry;
[INFO] [stdout]   |     ^^^^^^^^^^^^^^^^^
[INFO] [stdout] 
[INFO] [stdout] 
[INFO] [stdout] warning: unused variable: `tool_pane`
[INFO] [stdout]   --> src/app.rs:80:9
[INFO] [stdout]    |
[INFO] [stdout] 80 |         tool_pane,
[INFO] [stdout]    |         ^^^^^^^^^ help: if this is intentional, prefix it with an underscore: `_tool_pane`
[INFO] [stdout]    |
[INFO] [stdout]    = note: `#[warn(unused_variables)]` on by default
[INFO] [stdout] 
[INFO] [stdout] 
[INFO] [stdout] warning: unused variable: `com_bar`
[INFO] [stdout]   --> src/app.rs:81:9
[INFO] [stdout]    |
[INFO] [stdout] 81 |         com_bar] = Layout::vertical([
[INFO] [stdout]    |         ^^^^^^^ help: if this is intentional, prefix it with an underscore: `_com_bar`
[INFO] [stdout] 
[INFO] [stdout] 
[INFO] [stdout] warning: unused variable: `name`
[INFO] [stdout]   --> src/jade/jfs.rs:90:45
[INFO] [stdout]    |
[INFO] [stdout] 90 | fn get_subpath(strpath: &str, prefix: &str, name: &str, uname: &str) -> String {
[INFO] [stdout]    |                                             ^^^^ help: if this is intentional, prefix it with an underscore: `_name`
[INFO] [stdout] 
[INFO] [stdout] 
[INFO] [stdout] warning: fields `cwd` and `uname` are never read
[INFO] [stdout]   --> src/app.rs:24:5
[INFO] [stdout]    |
[INFO] [stdout] 22 | pub struct App {
[INFO] [stdout]    |            --- fields in this struct
[INFO] [stdout] 23 |     running: bool,
[INFO] [stdout] 24 |     cwd: DirItem,
[INFO] [stdout]    |     ^^^
[INFO] [stdout] ...
[INFO] [stdout] 27 |     uname: String,
[INFO] [stdout]    |     ^^^^^
[INFO] [stdout]    |
[INFO] [stdout]    = note: `#[warn(dead_code)]` on by default
[INFO] [stdout] 
[INFO] [stdout] 
[INFO] [stdout] warning: field `dir` is never read
[INFO] [stdout]  --> src/jade/jfs.rs:5:5
[INFO] [stdout]   |
[INFO] [stdout] 4 | pub struct DirList {
[INFO] [stdout]   |            ------- field in this struct
[INFO] [stdout] 5 |     dir: PathBuf,
[INFO] [stdout]   |     ^^^
[INFO] [stdout] 
[INFO] [stdout] 
[INFO] [stdout] warning: field `full_string` is never read
[INFO] [stdout]   --> src/jade/jfs.rs:12:5
[INFO] [stdout]    |
[INFO] [stdout] 10 | pub struct DirItem {
[INFO] [stdout]    |            ------- field in this struct
[INFO] [stdout] 11 |     pub path: PathBuf,
[INFO] [stdout] 12 |     full_string: String,
[INFO] [stdout]    |     ^^^^^^^^^^^
[INFO] [stdout]    |
[INFO] [stdout]    = note: `DirItem` has a derived impl for the trait `Clone`, but this is intentionally ignored during dead code analysis
[INFO] [stdout] 
[INFO] [stdout] 
[INFO] [stderr]     Finished `dev` profile [unoptimized + debuginfo] target(s) in 20.16s
[INFO] running `Command { std: "docker" "inspect" "930924faef92147f98fcc7ef454604dfef6f5c265e361ee6152ba399b302a963", kill_on_drop: false }`
[INFO] running `Command { std: "docker" "rm" "-f" "930924faef92147f98fcc7ef454604dfef6f5c265e361ee6152ba399b302a963", kill_on_drop: false }`
[INFO] [stdout] 930924faef92147f98fcc7ef454604dfef6f5c265e361ee6152ba399b302a963
[INFO] running `Command { std: "docker" "create" "-v" "/var/lib/crater-agent-workspace/builds/worker-2-tc1/target:/opt/rustwide/target:rw,Z" "-v" "/var/lib/crater-agent-workspace/builds/worker-2-tc1/source:/opt/rustwide/workdir:ro,Z" "-v" "/var/lib/crater-agent-workspace/cargo-home:/opt/rustwide/cargo-home:ro,Z" "-v" "/var/lib/crater-agent-workspace/rustup-home:/opt/rustwide/rustup-home:ro,Z" "-e" "SOURCE_DIR=/opt/rustwide/workdir" "-e" "CARGO_TARGET_DIR=/opt/rustwide/target" "-e" "CARGO_INCREMENTAL=0" "-e" "RUST_BACKTRACE=full" "-e" "RUSTFLAGS=--cap-lints=warn" "-e" "RUSTDOCFLAGS=--cap-lints=warn" "-e" "CARGO_HOME=/opt/rustwide/cargo-home" "-e" "RUSTUP_HOME=/opt/rustwide/rustup-home" "-w" "/opt/rustwide/workdir" "-m" "1610612736" "--user" "0:0" "--network" "none" "ghcr.io/rust-lang/crates-build-env/linux@sha256:f3a9d4ad9d972b27faf3965f35b62e55ba32bbce8f20bc8fe909558a86702fde" "/opt/rustwide/cargo-home/bin/cargo" "+1.83.0" "test" "--frozen" "--no-run" "--message-format=json", kill_on_drop: false }`
[INFO] [stdout] c7b5768be1fd64841defd3a79b869221b49f7fb76b2c595514f1518ffa9fd310
[INFO] running `Command { std: "docker" "start" "-a" "c7b5768be1fd64841defd3a79b869221b49f7fb76b2c595514f1518ffa9fd310", kill_on_drop: false }`
[INFO] [stderr]    Compiling jade v0.0.1 (/opt/rustwide/workdir)
[INFO] [stdout] warning: unused imports: `Block`, `Line`, `Span`, and `Tabs`
[INFO] [stdout]   --> src/app.rs:10:12
[INFO] [stdout]    |
[INFO] [stdout] 10 |     text::{Line, Span},
[INFO] [stdout]    |            ^^^^  ^^^^
[INFO] [stdout] 11 |     widgets::{Block, Tabs, Widget},
[INFO] [stdout]    |               ^^^^^  ^^^^
[INFO] [stdout]    |
[INFO] [stdout]    = note: `#[warn(unused_imports)]` on by default
[INFO] [stdout] 
[INFO] [stdout] 
[INFO] [stdout] warning: unused import: `std::fs::DirEntry`
[INFO] [stdout]  --> src/jade/jfs.rs:2:5
[INFO] [stdout]   |
[INFO] [stdout] 2 | use std::fs::DirEntry;
[INFO] [stdout]   |     ^^^^^^^^^^^^^^^^^
[INFO] [stdout] 
[INFO] [stdout] 
[INFO] [stdout] warning: unused variable: `tool_pane`
[INFO] [stdout]   --> src/app.rs:80:9
[INFO] [stdout]    |
[INFO] [stdout] 80 |         tool_pane,
[INFO] [stdout]    |         ^^^^^^^^^ help: if this is intentional, prefix it with an underscore: `_tool_pane`
[INFO] [stdout]    |
[INFO] [stdout]    = note: `#[warn(unused_variables)]` on by default
[INFO] [stdout] 
[INFO] [stdout] 
[INFO] [stdout] warning: unused variable: `com_bar`
[INFO] [stdout]   --> src/app.rs:81:9
[INFO] [stdout]    |
[INFO] [stdout] 81 |         com_bar] = Layout::vertical([
[INFO] [stdout]    |         ^^^^^^^ help: if this is intentional, prefix it with an underscore: `_com_bar`
[INFO] [stdout] 
[INFO] [stdout] 
[INFO] [stdout] warning: unused variable: `name`
[INFO] [stdout]   --> src/jade/jfs.rs:90:45
[INFO] [stdout]    |
[INFO] [stdout] 90 | fn get_subpath(strpath: &str, prefix: &str, name: &str, uname: &str) -> String {
[INFO] [stdout]    |                                             ^^^^ help: if this is intentional, prefix it with an underscore: `_name`
[INFO] [stdout] 
[INFO] [stdout] 
[INFO] [stdout] warning: fields `cwd` and `uname` are never read
[INFO] [stdout]   --> src/app.rs:24:5
[INFO] [stdout]    |
[INFO] [stdout] 22 | pub struct App {
[INFO] [stdout]    |            --- fields in this struct
[INFO] [stdout] 23 |     running: bool,
[INFO] [stdout] 24 |     cwd: DirItem,
[INFO] [stdout]    |     ^^^
[INFO] [stdout] ...
[INFO] [stdout] 27 |     uname: String,
[INFO] [stdout]    |     ^^^^^
[INFO] [stdout]    |
[INFO] [stdout]    = note: `#[warn(dead_code)]` on by default
[INFO] [stdout] 
[INFO] [stdout] 
[INFO] [stdout] warning: field `dir` is never read
[INFO] [stdout]  --> src/jade/jfs.rs:5:5
[INFO] [stdout]   |
[INFO] [stdout] 4 | pub struct DirList {
[INFO] [stdout]   |            ------- field in this struct
[INFO] [stdout] 5 |     dir: PathBuf,
[INFO] [stdout]   |     ^^^
[INFO] [stdout] 
[INFO] [stdout] 
[INFO] [stdout] warning: field `full_string` is never read
[INFO] [stdout]   --> src/jade/jfs.rs:12:5
[INFO] [stdout]    |
[INFO] [stdout] 10 | pub struct DirItem {
[INFO] [stdout]    |            ------- field in this struct
[INFO] [stdout] 11 |     pub path: PathBuf,
[INFO] [stdout] 12 |     full_string: String,
[INFO] [stdout]    |     ^^^^^^^^^^^
[INFO] [stdout]    |
[INFO] [stdout]    = note: `DirItem` has a derived impl for the trait `Clone`, but this is intentionally ignored during dead code analysis
[INFO] [stdout] 
[INFO] [stdout] 
[INFO] [stderr]     Finished `test` profile [unoptimized + debuginfo] target(s) in 0.95s
[INFO] running `Command { std: "docker" "inspect" "c7b5768be1fd64841defd3a79b869221b49f7fb76b2c595514f1518ffa9fd310", kill_on_drop: false }`
[INFO] running `Command { std: "docker" "rm" "-f" "c7b5768be1fd64841defd3a79b869221b49f7fb76b2c595514f1518ffa9fd310", kill_on_drop: false }`
[INFO] [stdout] c7b5768be1fd64841defd3a79b869221b49f7fb76b2c595514f1518ffa9fd310
[INFO] running `Command { std: "docker" "create" "-v" "/var/lib/crater-agent-workspace/builds/worker-2-tc1/target:/opt/rustwide/target:rw,Z" "-v" "/var/lib/crater-agent-workspace/builds/worker-2-tc1/source:/opt/rustwide/workdir:ro,Z" "-v" "/var/lib/crater-agent-workspace/cargo-home:/opt/rustwide/cargo-home:ro,Z" "-v" "/var/lib/crater-agent-workspace/rustup-home:/opt/rustwide/rustup-home:ro,Z" "-e" "SOURCE_DIR=/opt/rustwide/workdir" "-e" "CARGO_TARGET_DIR=/opt/rustwide/target" "-e" "CARGO_INCREMENTAL=0" "-e" "RUST_BACKTRACE=full" "-e" "RUSTFLAGS=--cap-lints=warn" "-e" "RUSTDOCFLAGS=--cap-lints=warn" "-e" "CARGO_HOME=/opt/rustwide/cargo-home" "-e" "RUSTUP_HOME=/opt/rustwide/rustup-home" "-w" "/opt/rustwide/workdir" "-m" "1610612736" "--user" "0:0" "--network" "none" "ghcr.io/rust-lang/crates-build-env/linux@sha256:f3a9d4ad9d972b27faf3965f35b62e55ba32bbce8f20bc8fe909558a86702fde" "/opt/rustwide/cargo-home/bin/cargo" "+1.83.0" "test" "--frozen", kill_on_drop: false }`
[INFO] [stdout] 28daf26c0a54c309fa483f910ba716321c9508a3dc087e347c5784a6a7fbf226
[INFO] running `Command { std: "docker" "start" "-a" "28daf26c0a54c309fa483f910ba716321c9508a3dc087e347c5784a6a7fbf226", kill_on_drop: false }`
[INFO] [stderr] warning: unused imports: `Block`, `Line`, `Span`, and `Tabs`
[INFO] [stderr]   --> src/app.rs:10:12
[INFO] [stderr]    |
[INFO] [stderr] 10 |     text::{Line, Span},
[INFO] [stderr]    |            ^^^^  ^^^^
[INFO] [stderr] 11 |     widgets::{Block, Tabs, Widget},
[INFO] [stderr]    |               ^^^^^  ^^^^
[INFO] [stderr]    |
[INFO] [stderr]    = note: `#[warn(unused_imports)]` on by default
[INFO] [stderr] 
[INFO] [stderr] warning: unused import: `std::fs::DirEntry`
[INFO] [stderr]  --> src/jade/jfs.rs:2:5
[INFO] [stderr]   |
[INFO] [stderr] 2 | use std::fs::DirEntry;
[INFO] [stderr]   |     ^^^^^^^^^^^^^^^^^
[INFO] [stderr] 
[INFO] [stderr] warning: unused variable: `tool_pane`
[INFO] [stderr]   --> src/app.rs:80:9
[INFO] [stderr]    |
[INFO] [stderr] 80 |         tool_pane,
[INFO] [stderr]    |         ^^^^^^^^^ help: if this is intentional, prefix it with an underscore: `_tool_pane`
[INFO] [stderr]    |
[INFO] [stderr]    = note: `#[warn(unused_variables)]` on by default
[INFO] [stderr] 
[INFO] [stderr] warning: unused variable: `com_bar`
[INFO] [stderr]   --> src/app.rs:81:9
[INFO] [stderr]    |
[INFO] [stderr] 81 |         com_bar] = Layout::vertical([
[INFO] [stderr]    |         ^^^^^^^ help: if this is intentional, prefix it with an underscore: `_com_bar`
[INFO] [stderr] 
[INFO] [stderr] warning: unused variable: `name`
[INFO] [stderr]   --> src/jade/jfs.rs:90:45
[INFO] [stderr]    |
[INFO] [stderr] 90 | fn get_subpath(strpath: &str, prefix: &str, name: &str, uname: &str) -> String {
[INFO] [stderr]    |                                             ^^^^ help: if this is intentional, prefix it with an underscore: `_name`
[INFO] [stderr] 
[INFO] [stderr] warning: fields `cwd` and `uname` are never read
[INFO] [stderr]   --> src/app.rs:24:5
[INFO] [stderr]    |
[INFO] [stderr] 22 | pub struct App {
[INFO] [stderr]    |            --- fields in this struct
[INFO] [stderr] 23 |     running: bool,
[INFO] [stderr] 24 |     cwd: DirItem,
[INFO] [stderr]    |     ^^^
[INFO] [stderr] ...
[INFO] [stderr] 27 |     uname: String,
[INFO] [stderr]    |     ^^^^^
[INFO] [stderr]    |
[INFO] [stderr]    = note: `#[warn(dead_code)]` on by default
[INFO] [stderr] 
[INFO] [stderr] warning: field `dir` is never read
[INFO] [stderr]  --> src/jade/jfs.rs:5:5
[INFO] [stderr]   |
[INFO] [stderr] 4 | pub struct DirList {
[INFO] [stderr]   |            ------- field in this struct
[INFO] [stderr] 5 |     dir: PathBuf,
[INFO] [stderr]   |     ^^^
[INFO] [stderr] 
[INFO] [stderr] warning: field `full_string` is never read
[INFO] [stderr]   --> src/jade/jfs.rs:12:5
[INFO] [stderr]    |
[INFO] [stderr] 10 | pub struct DirItem {
[INFO] [stderr]    |            ------- field in this struct
[INFO] [stderr] 11 |     pub path: PathBuf,
[INFO] [stderr] 12 |     full_string: String,
[INFO] [stderr]    |     ^^^^^^^^^^^
[INFO] [stderr]    |
[INFO] [stderr]    = note: `DirItem` has a derived impl for the trait `Clone`, but this is intentionally ignored during dead code analysis
[INFO] [stderr] 
[INFO] [stderr] warning: `jade` (bin "jade" test) generated 8 warnings (run `cargo fix --bin "jade" --tests` to apply 2 suggestions)
[INFO] [stderr]     Finished `test` profile [unoptimized + debuginfo] target(s) in 0.07s
[INFO] [stderr]      Running unittests src/main.rs (/opt/rustwide/target/debug/deps/jade-1cca15750657df05)
[INFO] [stdout] 
[INFO] [stdout] running 1 test
[INFO] [stderr] error: test failed, to rerun pass `--bin jade`
[INFO] [stdout] test jade::jfs::test_get_subpath ... FAILED
[INFO] [stdout] 
[INFO] [stdout] failures:
[INFO] [stdout] 
[INFO] [stdout] ---- jade::jfs::test_get_subpath stdout ----
[INFO] [stdout] thread 'jade::jfs::test_get_subpath' panicked at src/jade/jfs.rs:102:5:
[INFO] [stdout] assertion `left == right` failed
[INFO] [stdout]   left: "doc/ref/"
[INFO] [stdout]  right: "rw/doc/ref/.ind"
[INFO] [stdout] stack backtrace:
[INFO] [stdout]    0:     0x61ba0f6f64ca - std::backtrace_rs::backtrace::libunwind::trace::h5a5b8284f2d0c266
[INFO] [stdout]                                at /rustc/90b35a6239c3d8bdabc530a6a0816f7ff89a0aaf/library/std/src/../../backtrace/src/backtrace/libunwind.rs:116:5
[INFO] [stdout]    1:     0x61ba0f6f64ca - std::backtrace_rs::backtrace::trace_unsynchronized::h76d4f1c9b0b875e3
[INFO] [stdout]                                at /rustc/90b35a6239c3d8bdabc530a6a0816f7ff89a0aaf/library/std/src/../../backtrace/src/backtrace/mod.rs:66:5
[INFO] [stdout]    2:     0x61ba0f6f64ca - std::sys::backtrace::_print_fmt::hc4546b8364a537c6
[INFO] [stdout]                                at /rustc/90b35a6239c3d8bdabc530a6a0816f7ff89a0aaf/library/std/src/sys/backtrace.rs:66:9
[INFO] [stdout]    3:     0x61ba0f6f64ca - <std::sys::backtrace::BacktraceLock::print::DisplayBacktrace as core::fmt::Display>::fmt::h5b6bd5631a6d1f6b
[INFO] [stdout]                                at /rustc/90b35a6239c3d8bdabc530a6a0816f7ff89a0aaf/library/std/src/sys/backtrace.rs:39:26
[INFO] [stdout]    4:     0x61ba0f71b753 - core::fmt::rt::Argument::fmt::h270f6602a2b96f62
[INFO] [stdout]                                at /rustc/90b35a6239c3d8bdabc530a6a0816f7ff89a0aaf/library/core/src/fmt/rt.rs:177:76
[INFO] [stdout]    5:     0x61ba0f71b753 - core::fmt::write::h7550c97b06c86515
[INFO] [stdout]                                at /rustc/90b35a6239c3d8bdabc530a6a0816f7ff89a0aaf/library/core/src/fmt/mod.rs:1186:21
[INFO] [stdout]    6:     0x61ba0f6f3693 - std::io::Write::write_fmt::h509ff860e5956e5e
[INFO] [stdout]                                at /rustc/90b35a6239c3d8bdabc530a6a0816f7ff89a0aaf/library/std/src/io/mod.rs:1839:15
[INFO] [stdout]    7:     0x61ba0f6f6312 - std::sys::backtrace::BacktraceLock::print::h2395ccd2c84ba3aa
[INFO] [stdout]                                at /rustc/90b35a6239c3d8bdabc530a6a0816f7ff89a0aaf/library/std/src/sys/backtrace.rs:42:9
[INFO] [stdout]    8:     0x61ba0f6f792a - std::panicking::default_hook::{{closure}}::he19d4c7230e07961
[INFO] [stdout]                                at /rustc/90b35a6239c3d8bdabc530a6a0816f7ff89a0aaf/library/std/src/panicking.rs:268:22
[INFO] [stdout]    9:     0x61ba0f6f7734 - std::panicking::default_hook::hf614597d3c67bbdb
[INFO] [stdout]                                at /rustc/90b35a6239c3d8bdabc530a6a0816f7ff89a0aaf/library/std/src/panicking.rs:292:9
[INFO] [stdout]   10:     0x61ba0f6c21d9 - <alloc::boxed::Box<F,A> as core::ops::function::Fn<Args>>::call::h39b51ce4599c23d1
[INFO] [stdout]                                at /rustc/90b35a6239c3d8bdabc530a6a0816f7ff89a0aaf/library/alloc/src/boxed.rs:2468:9
[INFO] [stdout]   11:     0x61ba0f6c21d9 - test::test_main::{{closure}}::he977ae839a582784
[INFO] [stdout]                                at /rustc/90b35a6239c3d8bdabc530a6a0816f7ff89a0aaf/library/test/src/lib.rs:133:21
[INFO] [stdout]   12:     0x61ba0f6f7fc8 - <alloc::boxed::Box<F,A> as core::ops::function::Fn<Args>>::call::h9455091b6b06f9fb
[INFO] [stdout]                                at /rustc/90b35a6239c3d8bdabc530a6a0816f7ff89a0aaf/library/alloc/src/boxed.rs:2468:9
[INFO] [stdout]   13:     0x61ba0f6f7fc8 - std::panicking::rust_panic_with_hook::h8942133a8b252070
[INFO] [stdout]                                at /rustc/90b35a6239c3d8bdabc530a6a0816f7ff89a0aaf/library/std/src/panicking.rs:809:13
[INFO] [stdout]   14:     0x61ba0f6f7d8a - std::panicking::begin_panic_handler::{{closure}}::hb5f5963570096b29
[INFO] [stdout]                                at /rustc/90b35a6239c3d8bdabc530a6a0816f7ff89a0aaf/library/std/src/panicking.rs:674:13
[INFO] [stdout]   15:     0x61ba0f6f69a9 - std::sys::backtrace::__rust_end_short_backtrace::h6208cedc1922feda
[INFO] [stdout]                                at /rustc/90b35a6239c3d8bdabc530a6a0816f7ff89a0aaf/library/std/src/sys/backtrace.rs:170:18
[INFO] [stdout]   16:     0x61ba0f6f7a1c - rust_begin_unwind
[INFO] [stdout]                                at /rustc/90b35a6239c3d8bdabc530a6a0816f7ff89a0aaf/library/std/src/panicking.rs:665:5
[INFO] [stdout]   17:     0x61ba0f688a50 - core::panicking::panic_fmt::h0c3082644d1bf418
[INFO] [stdout]                                at /rustc/90b35a6239c3d8bdabc530a6a0816f7ff89a0aaf/library/core/src/panicking.rs:74:14
[INFO] [stdout]   18:     0x61ba0f688d7b - core::panicking::assert_failed_inner::h2ddf1fcc067fa858
[INFO] [stdout]   19:     0x61ba0f6896f5 - core::panicking::assert_failed::h700ef646126260d7
[INFO] [stdout]                                at /rustc/90b35a6239c3d8bdabc530a6a0816f7ff89a0aaf/library/core/src/panicking.rs:367:5
[INFO] [stdout]   20:     0x61ba0f689c9d - jade::jade::jfs::test_get_subpath::h525a5448af6f1bb5
[INFO] [stdout]                                at /opt/rustwide/workdir/src/jade/jfs.rs:102:5
[INFO] [stdout]   21:     0x61ba0f689ba7 - jade::jade::jfs::test_get_subpath::{{closure}}::h891e87b0d7159d25
[INFO] [stdout]                                at /opt/rustwide/workdir/src/jade/jfs.rs:101:22
[INFO] [stdout]   22:     0x61ba0f689456 - core::ops::function::FnOnce::call_once::h0abe6b48f06a592a
[INFO] [stdout]                                at /rustc/90b35a6239c3d8bdabc530a6a0816f7ff89a0aaf/library/core/src/ops/function.rs:250:5
[INFO] [stdout]   23:     0x61ba0f6c6b9b - core::ops::function::FnOnce::call_once::h109cf8051a59b34e
[INFO] [stdout]                                at /rustc/90b35a6239c3d8bdabc530a6a0816f7ff89a0aaf/library/core/src/ops/function.rs:250:5
[INFO] [stdout]   24:     0x61ba0f6c6b9b - test::__rust_begin_short_backtrace::hf4fff89d377446ba
[INFO] [stdout]                                at /rustc/90b35a6239c3d8bdabc530a6a0816f7ff89a0aaf/library/test/src/lib.rs:621:18
[INFO] [stdout]   25:     0x61ba0f6c63d7 - test::run_test_in_process::{{closure}}::h0e39181dd7ee5a43
[INFO] [stdout]                                at /rustc/90b35a6239c3d8bdabc530a6a0816f7ff89a0aaf/library/test/src/lib.rs:644:60
[INFO] [stdout]   26:     0x61ba0f6c63d7 - <core::panic::unwind_safe::AssertUnwindSafe<F> as core::ops::function::FnOnce<()>>::call_once::hc5a66a30f0bdfd1f
[INFO] [stdout]                                at /rustc/90b35a6239c3d8bdabc530a6a0816f7ff89a0aaf/library/core/src/panic/unwind_safe.rs:272:9
[INFO] [stdout]   27:     0x61ba0f6c63d7 - std::panicking::try::do_call::h873b7cf639554a5e
[INFO] [stdout]                                at /rustc/90b35a6239c3d8bdabc530a6a0816f7ff89a0aaf/library/std/src/panicking.rs:557:40
[INFO] [stdout]   28:     0x61ba0f6c63d7 - std::panicking::try::hdb19862fad9c8bd1
[INFO] [stdout]                                at /rustc/90b35a6239c3d8bdabc530a6a0816f7ff89a0aaf/library/std/src/panicking.rs:520:19
[INFO] [stdout]   29:     0x61ba0f6c63d7 - std::panic::catch_unwind::h281fe732d236d260
[INFO] [stdout]                                at /rustc/90b35a6239c3d8bdabc530a6a0816f7ff89a0aaf/library/std/src/panic.rs:358:14
[INFO] [stdout]   30:     0x61ba0f6c63d7 - test::run_test_in_process::h949b6df8457ed338
[INFO] [stdout]                                at /rustc/90b35a6239c3d8bdabc530a6a0816f7ff89a0aaf/library/test/src/lib.rs:644:27
[INFO] [stdout]   31:     0x61ba0f6c63d7 - test::run_test::{{closure}}::h52c556a6d4740e10
[INFO] [stdout]                                at /rustc/90b35a6239c3d8bdabc530a6a0816f7ff89a0aaf/library/test/src/lib.rs:565:43
[INFO] [stdout]   32:     0x61ba0f68b6b4 - test::run_test::{{closure}}::h4237f6381c45ccb9
[INFO] [stdout]                                at /rustc/90b35a6239c3d8bdabc530a6a0816f7ff89a0aaf/library/test/src/lib.rs:595:41
[INFO] [stdout]   33:     0x61ba0f68b6b4 - std::sys::backtrace::__rust_begin_short_backtrace::h505c97a579eca628
[INFO] [stdout]                                at /rustc/90b35a6239c3d8bdabc530a6a0816f7ff89a0aaf/library/std/src/sys/backtrace.rs:154:18
[INFO] [stdout]   34:     0x61ba0f68ed7e - std::thread::Builder::spawn_unchecked_::{{closure}}::{{closure}}::h9e86b2e2bc107ea3
[INFO] [stdout]                                at /rustc/90b35a6239c3d8bdabc530a6a0816f7ff89a0aaf/library/std/src/thread/mod.rs:538:17
[INFO] [stdout]   35:     0x61ba0f68ed7e - <core::panic::unwind_safe::AssertUnwindSafe<F> as core::ops::function::FnOnce<()>>::call_once::h8b06ddb275ff4a25
[INFO] [stdout]                                at /rustc/90b35a6239c3d8bdabc530a6a0816f7ff89a0aaf/library/core/src/panic/unwind_safe.rs:272:9
[INFO] [stdout]   36:     0x61ba0f68ed7e - std::panicking::try::do_call::hb26ecd7cd9a9355d
[INFO] [stdout]                                at /rustc/90b35a6239c3d8bdabc530a6a0816f7ff89a0aaf/library/std/src/panicking.rs:557:40
[INFO] [stdout]   37:     0x61ba0f68ed7e - std::panicking::try::h8ddeca9d705f9069
[INFO] [stdout]                                at /rustc/90b35a6239c3d8bdabc530a6a0816f7ff89a0aaf/library/std/src/panicking.rs:520:19
[INFO] [stdout]   38:     0x61ba0f68ed7e - std::panic::catch_unwind::h49e1c33078844c46
[INFO] [stdout]                                at /rustc/90b35a6239c3d8bdabc530a6a0816f7ff89a0aaf/library/std/src/panic.rs:358:14
[INFO] [stdout]   39:     0x61ba0f68ed7e - std::thread::Builder::spawn_unchecked_::{{closure}}::h6073db6ff56ad35d
[INFO] [stdout]                                at /rustc/90b35a6239c3d8bdabc530a6a0816f7ff89a0aaf/library/std/src/thread/mod.rs:537:30
[INFO] [stdout]   40:     0x61ba0f68ed7e - core::ops::function::FnOnce::call_once{{vtable.shim}}::h2c5a5f3779c774f1
[INFO] [stdout]                                at /rustc/90b35a6239c3d8bdabc530a6a0816f7ff89a0aaf/library/core/src/ops/function.rs:250:5
[INFO] [stdout]   41:     0x61ba0f6fbd1b - <alloc::boxed::Box<F,A> as core::ops::function::FnOnce<Args>>::call_once::hf75717d9f28faebf
[INFO] [stdout]                                at /rustc/90b35a6239c3d8bdabc530a6a0816f7ff89a0aaf/library/alloc/src/boxed.rs:2454:9
[INFO] [stdout]   42:     0x61ba0f6fbd1b - <alloc::boxed::Box<F,A> as core::ops::function::FnOnce<Args>>::call_once::h7bd883a5f3c5f3c1
[INFO] [stdout]                                at /rustc/90b35a6239c3d8bdabc530a6a0816f7ff89a0aaf/library/alloc/src/boxed.rs:2454:9
[INFO] [stdout]   43:     0x61ba0f6fbd1b - std::sys::pal::unix::thread::Thread::new::thread_start::hcc78f3943333fa94
[INFO] [stdout]                                at /rustc/90b35a6239c3d8bdabc530a6a0816f7ff89a0aaf/library/std/src/sys/pal/unix/thread.rs:105:17
[INFO] [stdout]   44:     0x71ebc8175ac3 - <unknown>
[INFO] [stdout]   45:     0x71ebc8206a04 - clone
[INFO] [stdout]   46:                0x0 - <unknown>
[INFO] [stdout] 
[INFO] [stdout] 
[INFO] [stdout] failures:
[INFO] [stdout]     jade::jfs::test_get_subpath
[INFO] [stdout] 
[INFO] [stdout] test result: FAILED. 0 passed; 1 failed; 0 ignored; 0 measured; 0 filtered out; finished in 0.05s
[INFO] [stdout] 
[INFO] running `Command { std: "docker" "inspect" "28daf26c0a54c309fa483f910ba716321c9508a3dc087e347c5784a6a7fbf226", kill_on_drop: false }`
[INFO] running `Command { std: "docker" "rm" "-f" "28daf26c0a54c309fa483f910ba716321c9508a3dc087e347c5784a6a7fbf226", kill_on_drop: false }`
[INFO] [stdout] 28daf26c0a54c309fa483f910ba716321c9508a3dc087e347c5784a6a7fbf226
