[INFO] cloning repository https://github.com/RusPiRo/ruspiro-arch-aarch64
[INFO] running `Command { std: "git" "-c" "credential.helper=" "-c" "credential.helper=/workspace/cargo-home/bin/git-credential-null" "clone" "--bare" "https://github.com/RusPiRo/ruspiro-arch-aarch64" "/workspace/cache/git-repos/https%3A%2F%2Fgithub.com%2FRusPiRo%2Fruspiro-arch-aarch64", kill_on_drop: false }`
[INFO] [stderr] Cloning into bare repository '/workspace/cache/git-repos/https%3A%2F%2Fgithub.com%2FRusPiRo%2Fruspiro-arch-aarch64'...
[INFO] running `Command { std: "git" "rev-parse" "HEAD", kill_on_drop: false }`
[INFO] [stdout] 3d9d1797962b4f7c87b44a8c9736f02b066a0173
[INFO] testing RusPiRo/ruspiro-arch-aarch64 against beta-2024-12-08 for beta-1.84.0-4-retry
[INFO] running `Command { std: "git" "clone" "/workspace/cache/git-repos/https%3A%2F%2Fgithub.com%2FRusPiRo%2Fruspiro-arch-aarch64" "/workspace/builds/worker-2-tc2/source", kill_on_drop: false }`
[INFO] [stderr] Cloning into '/workspace/builds/worker-2-tc2/source'...
[INFO] [stderr] done.
[INFO] validating manifest of git repo https://github.com/RusPiRo/ruspiro-arch-aarch64 on toolchain beta-2024-12-08
[INFO] running `Command { std: CARGO_HOME="/workspace/cargo-home" RUSTUP_HOME="/workspace/rustup-home" "/workspace/cargo-home/bin/cargo" "+beta-2024-12-08" "metadata" "--manifest-path" "Cargo.toml" "--no-deps", kill_on_drop: false }`
[INFO] removed /workspace/builds/worker-2-tc2/source/.cargo/config.toml
[INFO] removed /workspace/builds/worker-2-tc2/source/rust-toolchain.toml
[INFO] started tweaking git repo https://github.com/RusPiRo/ruspiro-arch-aarch64
[INFO] finished tweaking git repo https://github.com/RusPiRo/ruspiro-arch-aarch64
[INFO] tweaked toml for git repo https://github.com/RusPiRo/ruspiro-arch-aarch64 written to /workspace/builds/worker-2-tc2/source/Cargo.toml
[INFO] crate git repo https://github.com/RusPiRo/ruspiro-arch-aarch64 already has a lockfile, it will not be regenerated
[INFO] running `Command { std: CARGO_HOME="/workspace/cargo-home" RUSTUP_HOME="/workspace/rustup-home" "/workspace/cargo-home/bin/cargo" "+beta-2024-12-08" "fetch" "--manifest-path" "Cargo.toml", kill_on_drop: false }`
[INFO] running `Command { std: "docker" "create" "-v" "/var/lib/crater-agent-workspace/builds/worker-2-tc2/target:/opt/rustwide/target:rw,Z" "-v" "/var/lib/crater-agent-workspace/builds/worker-2-tc2/source:/opt/rustwide/workdir:ro,Z" "-v" "/var/lib/crater-agent-workspace/cargo-home:/opt/rustwide/cargo-home:ro,Z" "-v" "/var/lib/crater-agent-workspace/rustup-home:/opt/rustwide/rustup-home:ro,Z" "-e" "SOURCE_DIR=/opt/rustwide/workdir" "-e" "CARGO_TARGET_DIR=/opt/rustwide/target" "-e" "CARGO_HOME=/opt/rustwide/cargo-home" "-e" "RUSTUP_HOME=/opt/rustwide/rustup-home" "-w" "/opt/rustwide/workdir" "-m" "1610612736" "--user" "0:0" "--network" "none" "ghcr.io/rust-lang/crates-build-env/linux@sha256:f3a9d4ad9d972b27faf3965f35b62e55ba32bbce8f20bc8fe909558a86702fde" "/opt/rustwide/cargo-home/bin/cargo" "+beta-2024-12-08" "metadata" "--no-deps" "--format-version=1", kill_on_drop: false }`
[INFO] [stdout] 8e4248608314fdb8b029728e218884f0126945600d90075ba1f438bd219fa61e
[INFO] running `Command { std: "docker" "start" "-a" "8e4248608314fdb8b029728e218884f0126945600d90075ba1f438bd219fa61e", kill_on_drop: false }`
[INFO] running `Command { std: "docker" "inspect" "8e4248608314fdb8b029728e218884f0126945600d90075ba1f438bd219fa61e", kill_on_drop: false }`
[INFO] running `Command { std: "docker" "rm" "-f" "8e4248608314fdb8b029728e218884f0126945600d90075ba1f438bd219fa61e", kill_on_drop: false }`
[INFO] [stdout] 8e4248608314fdb8b029728e218884f0126945600d90075ba1f438bd219fa61e
[INFO] running `Command { std: "docker" "create" "-v" "/var/lib/crater-agent-workspace/builds/worker-2-tc2/target:/opt/rustwide/target:rw,Z" "-v" "/var/lib/crater-agent-workspace/builds/worker-2-tc2/source:/opt/rustwide/workdir:ro,Z" "-v" "/var/lib/crater-agent-workspace/cargo-home:/opt/rustwide/cargo-home:ro,Z" "-v" "/var/lib/crater-agent-workspace/rustup-home:/opt/rustwide/rustup-home:ro,Z" "-e" "SOURCE_DIR=/opt/rustwide/workdir" "-e" "CARGO_TARGET_DIR=/opt/rustwide/target" "-e" "CARGO_INCREMENTAL=0" "-e" "RUST_BACKTRACE=full" "-e" "RUSTFLAGS=--cap-lints=warn" "-e" "RUSTDOCFLAGS=--cap-lints=warn" "-e" "CARGO_HOME=/opt/rustwide/cargo-home" "-e" "RUSTUP_HOME=/opt/rustwide/rustup-home" "-w" "/opt/rustwide/workdir" "-m" "1610612736" "--user" "0:0" "--network" "none" "ghcr.io/rust-lang/crates-build-env/linux@sha256:f3a9d4ad9d972b27faf3965f35b62e55ba32bbce8f20bc8fe909558a86702fde" "/opt/rustwide/cargo-home/bin/cargo" "+beta-2024-12-08" "build" "--frozen" "--message-format=json", kill_on_drop: false }`
[INFO] [stdout] 5d64c2e3f43c90075c77e23a2d4aaf2cfd3691a4c2715dc073ad31053bd82740
[INFO] running `Command { std: "docker" "start" "-a" "5d64c2e3f43c90075c77e23a2d4aaf2cfd3691a4c2715dc073ad31053bd82740", kill_on_drop: false }`
[INFO] [stderr]    Compiling ruspiro-register v0.5.5 (https://github.com/RusPiRo/ruspiro-register.git?branch=development#51e4bd82)
[INFO] [stderr]    Compiling ruspiro-arch-aarch64 v0.1.7 (/opt/rustwide/workdir)
[INFO] [stderr]     Finished `dev` profile [unoptimized + debuginfo] target(s) in 0.37s
[INFO] running `Command { std: "docker" "inspect" "5d64c2e3f43c90075c77e23a2d4aaf2cfd3691a4c2715dc073ad31053bd82740", kill_on_drop: false }`
[INFO] running `Command { std: "docker" "rm" "-f" "5d64c2e3f43c90075c77e23a2d4aaf2cfd3691a4c2715dc073ad31053bd82740", kill_on_drop: false }`
[INFO] [stdout] 5d64c2e3f43c90075c77e23a2d4aaf2cfd3691a4c2715dc073ad31053bd82740
[INFO] running `Command { std: "docker" "create" "-v" "/var/lib/crater-agent-workspace/builds/worker-2-tc2/target:/opt/rustwide/target:rw,Z" "-v" "/var/lib/crater-agent-workspace/builds/worker-2-tc2/source:/opt/rustwide/workdir:ro,Z" "-v" "/var/lib/crater-agent-workspace/cargo-home:/opt/rustwide/cargo-home:ro,Z" "-v" "/var/lib/crater-agent-workspace/rustup-home:/opt/rustwide/rustup-home:ro,Z" "-e" "SOURCE_DIR=/opt/rustwide/workdir" "-e" "CARGO_TARGET_DIR=/opt/rustwide/target" "-e" "CARGO_INCREMENTAL=0" "-e" "RUST_BACKTRACE=full" "-e" "RUSTFLAGS=--cap-lints=warn" "-e" "RUSTDOCFLAGS=--cap-lints=warn" "-e" "CARGO_HOME=/opt/rustwide/cargo-home" "-e" "RUSTUP_HOME=/opt/rustwide/rustup-home" "-w" "/opt/rustwide/workdir" "-m" "1610612736" "--user" "0:0" "--network" "none" "ghcr.io/rust-lang/crates-build-env/linux@sha256:f3a9d4ad9d972b27faf3965f35b62e55ba32bbce8f20bc8fe909558a86702fde" "/opt/rustwide/cargo-home/bin/cargo" "+beta-2024-12-08" "test" "--frozen" "--no-run" "--message-format=json", kill_on_drop: false }`
[INFO] [stdout] c2d65bacec6077481eeffd123b1f1c65da03645517ddda98fe3dd860a0053490
[INFO] running `Command { std: "docker" "start" "-a" "c2d65bacec6077481eeffd123b1f1c65da03645517ddda98fe3dd860a0053490", kill_on_drop: false }`
[INFO] [stderr]    Compiling ruspiro-arch-aarch64 v0.1.7 (/opt/rustwide/workdir)
[INFO] [stderr]     Finished `test` profile [unoptimized + debuginfo] target(s) in 0.48s
[INFO] running `Command { std: "docker" "inspect" "c2d65bacec6077481eeffd123b1f1c65da03645517ddda98fe3dd860a0053490", kill_on_drop: false }`
[INFO] running `Command { std: "docker" "rm" "-f" "c2d65bacec6077481eeffd123b1f1c65da03645517ddda98fe3dd860a0053490", kill_on_drop: false }`
[INFO] [stdout] c2d65bacec6077481eeffd123b1f1c65da03645517ddda98fe3dd860a0053490
[INFO] running `Command { std: "docker" "create" "-v" "/var/lib/crater-agent-workspace/builds/worker-2-tc2/target:/opt/rustwide/target:rw,Z" "-v" "/var/lib/crater-agent-workspace/builds/worker-2-tc2/source:/opt/rustwide/workdir:ro,Z" "-v" "/var/lib/crater-agent-workspace/cargo-home:/opt/rustwide/cargo-home:ro,Z" "-v" "/var/lib/crater-agent-workspace/rustup-home:/opt/rustwide/rustup-home:ro,Z" "-e" "SOURCE_DIR=/opt/rustwide/workdir" "-e" "CARGO_TARGET_DIR=/opt/rustwide/target" "-e" "CARGO_INCREMENTAL=0" "-e" "RUST_BACKTRACE=full" "-e" "RUSTFLAGS=--cap-lints=warn" "-e" "RUSTDOCFLAGS=--cap-lints=warn" "-e" "CARGO_HOME=/opt/rustwide/cargo-home" "-e" "RUSTUP_HOME=/opt/rustwide/rustup-home" "-w" "/opt/rustwide/workdir" "-m" "1610612736" "--user" "0:0" "--network" "none" "ghcr.io/rust-lang/crates-build-env/linux@sha256:f3a9d4ad9d972b27faf3965f35b62e55ba32bbce8f20bc8fe909558a86702fde" "/opt/rustwide/cargo-home/bin/cargo" "+beta-2024-12-08" "test" "--frozen", kill_on_drop: false }`
[INFO] [stdout] 177987c1dcba70c5105828eedf2f6ab5ebf2a5655ba9dedbebaa30cffceaa3d7
[INFO] running `Command { std: "docker" "start" "-a" "177987c1dcba70c5105828eedf2f6ab5ebf2a5655ba9dedbebaa30cffceaa3d7", kill_on_drop: false }`
[INFO] [stderr]     Finished `test` profile [unoptimized + debuginfo] target(s) in 0.01s
[INFO] [stderr]      Running unittests src/lib.rs (/opt/rustwide/target/debug/deps/ruspiro_arch_aarch64-0e2b14e0f12bd94d)
[INFO] [stdout] 
[INFO] [stdout] running 0 tests
[INFO] [stdout] 
[INFO] [stdout] test result: ok. 0 passed; 0 failed; 0 ignored; 0 measured; 0 filtered out; finished in 0.00s
[INFO] [stdout] 
[INFO] [stderr]    Doc-tests ruspiro_arch_aarch64
[INFO] [stdout] 
[INFO] [stdout] running 2 tests
[INFO] [stdout] test src/register/currentel.rs - register::currentel (line 12) - compile ... ok
[INFO] [stdout] test src/register/macros.rs - register::macros::define_aarch64_register (line 45) - compile ... FAILED
[INFO] [stdout] 
[INFO] [stdout] failures:
[INFO] [stdout] 
[INFO] [stdout] ---- src/register/macros.rs - register::macros::define_aarch64_register (line 45) stdout ----
[INFO] [stdout] error[E0557]: feature has been removed
[INFO] [stdout]  --> src/register/macros.rs:45:22
[INFO] [stdout]   |
[INFO] [stdout] 2 | #![feature(llvm_asm, const_fn)]
[INFO] [stdout]   |                      ^^^^^^^^ feature has been removed
[INFO] [stdout]   |
[INFO] [stdout]   = note: split into finer-grained feature gates
[INFO] [stdout] 
[INFO] [stdout] error[E0554]: `#![feature]` may not be used on the beta release channel
[INFO] [stdout]  --> src/register/macros.rs:45:1
[INFO] [stdout]   |
[INFO] [stdout] 2 | #![feature(llvm_asm, const_fn)]
[INFO] [stdout]   | ^^^^^^^^^^^^^^^^^^^^^^^^^^^^^^^
[INFO] [stdout] 
[INFO] [stdout] error[E0635]: unknown feature `llvm_asm`
[INFO] [stdout]  --> src/register/macros.rs:45:12
[INFO] [stdout]   |
[INFO] [stdout] 2 | #![feature(llvm_asm, const_fn)]
[INFO] [stdout]   |            ^^^^^^^^
[INFO] [stdout] 
[INFO] [stdout] error: aborting due to 3 previous errors
[INFO] [stdout] 
[INFO] [stdout] Some errors have detailed explanations: E0554, E0557, E0635.
[INFO] [stdout] For more information about an error, try `rustc --explain E0554`.
[INFO] [stdout] Couldn't compile the test.
[INFO] [stdout] 
[INFO] [stdout] failures:
[INFO] [stdout]     src/register/macros.rs - register::macros::define_aarch64_register (line 45)
[INFO] [stdout] 
[INFO] [stdout] test result: FAILED. 1 passed; 1 failed; 0 ignored; 0 measured; 0 filtered out; finished in 0.13s
[INFO] [stdout] 
[INFO] [stderr] error: doctest failed, to rerun pass `--doc`
[INFO] running `Command { std: "docker" "inspect" "177987c1dcba70c5105828eedf2f6ab5ebf2a5655ba9dedbebaa30cffceaa3d7", kill_on_drop: false }`
[INFO] running `Command { std: "docker" "rm" "-f" "177987c1dcba70c5105828eedf2f6ab5ebf2a5655ba9dedbebaa30cffceaa3d7", kill_on_drop: false }`
[INFO] [stdout] 177987c1dcba70c5105828eedf2f6ab5ebf2a5655ba9dedbebaa30cffceaa3d7
