[INFO] cloning repository https://github.com/RubixDev/mcdata
[INFO] running `Command { std: "git" "-c" "credential.helper=" "-c" "credential.helper=/workspace/cargo-home/bin/git-credential-null" "clone" "--bare" "https://github.com/RubixDev/mcdata" "/workspace/cache/git-repos/https%3A%2F%2Fgithub.com%2FRubixDev%2Fmcdata", kill_on_drop: false }`
[INFO] [stderr] Cloning into bare repository '/workspace/cache/git-repos/https%3A%2F%2Fgithub.com%2FRubixDev%2Fmcdata'...
[INFO] running `Command { std: "git" "rev-parse" "HEAD", kill_on_drop: false }`
[INFO] [stdout] 86c530a81546b40988ce7046a8eb51f3303cc17d
[INFO] testing RubixDev/mcdata against 1.83.0 for beta-1.84.0-4-retry
[INFO] running `Command { std: "git" "clone" "/workspace/cache/git-repos/https%3A%2F%2Fgithub.com%2FRubixDev%2Fmcdata" "/workspace/builds/worker-1-tc1/source", kill_on_drop: false }`
[INFO] [stderr] Cloning into '/workspace/builds/worker-1-tc1/source'...
[INFO] [stderr] done.
[INFO] validating manifest of git repo https://github.com/RubixDev/mcdata on toolchain 1.83.0
[INFO] running `Command { std: CARGO_HOME="/workspace/cargo-home" RUSTUP_HOME="/workspace/rustup-home" "/workspace/cargo-home/bin/cargo" "+1.83.0" "metadata" "--manifest-path" "Cargo.toml" "--no-deps", kill_on_drop: false }`
[INFO] removed /workspace/builds/worker-1-tc1/source/.cargo/config.toml
[INFO] started tweaking git repo https://github.com/RubixDev/mcdata
[INFO] finished tweaking git repo https://github.com/RubixDev/mcdata
[INFO] tweaked toml for git repo https://github.com/RubixDev/mcdata written to /workspace/builds/worker-1-tc1/source/Cargo.toml
[INFO] crate git repo https://github.com/RubixDev/mcdata already has a lockfile, it will not be regenerated
[INFO] running `Command { std: CARGO_HOME="/workspace/cargo-home" RUSTUP_HOME="/workspace/rustup-home" "/workspace/cargo-home/bin/cargo" "+1.83.0" "fetch" "--manifest-path" "Cargo.toml", kill_on_drop: false }`
[INFO] [stderr]     Updating crates.io index
[INFO] [stderr]  Downloading crates ...
[INFO] [stderr]   Downloaded bounded-integer v0.5.7
[INFO] [stderr]   Downloaded lazy-regex v3.1.0
[INFO] [stderr]   Downloaded fastnbt v2.5.0
[INFO] [stderr]   Downloaded lazy-regex-proc_macros v3.1.0
[INFO] running `Command { std: "docker" "create" "-v" "/var/lib/crater-agent-workspace/builds/worker-1-tc1/target:/opt/rustwide/target:rw,Z" "-v" "/var/lib/crater-agent-workspace/builds/worker-1-tc1/source:/opt/rustwide/workdir:ro,Z" "-v" "/var/lib/crater-agent-workspace/cargo-home:/opt/rustwide/cargo-home:ro,Z" "-v" "/var/lib/crater-agent-workspace/rustup-home:/opt/rustwide/rustup-home:ro,Z" "-e" "SOURCE_DIR=/opt/rustwide/workdir" "-e" "CARGO_TARGET_DIR=/opt/rustwide/target" "-e" "CARGO_HOME=/opt/rustwide/cargo-home" "-e" "RUSTUP_HOME=/opt/rustwide/rustup-home" "-w" "/opt/rustwide/workdir" "-m" "1610612736" "--user" "0:0" "--network" "none" "ghcr.io/rust-lang/crates-build-env/linux@sha256:f3a9d4ad9d972b27faf3965f35b62e55ba32bbce8f20bc8fe909558a86702fde" "/opt/rustwide/cargo-home/bin/cargo" "+1.83.0" "metadata" "--no-deps" "--format-version=1", kill_on_drop: false }`
[INFO] [stdout] 6590d0c5882a33bbdd6f6d4604bd955aed3a2b497e853202fc7511fb7541a68a
[INFO] running `Command { std: "docker" "start" "-a" "6590d0c5882a33bbdd6f6d4604bd955aed3a2b497e853202fc7511fb7541a68a", kill_on_drop: false }`
[INFO] running `Command { std: "docker" "inspect" "6590d0c5882a33bbdd6f6d4604bd955aed3a2b497e853202fc7511fb7541a68a", kill_on_drop: false }`
[INFO] running `Command { std: "docker" "rm" "-f" "6590d0c5882a33bbdd6f6d4604bd955aed3a2b497e853202fc7511fb7541a68a", kill_on_drop: false }`
[INFO] [stdout] 6590d0c5882a33bbdd6f6d4604bd955aed3a2b497e853202fc7511fb7541a68a
[INFO] running `Command { std: "docker" "create" "-v" "/var/lib/crater-agent-workspace/builds/worker-1-tc1/target:/opt/rustwide/target:rw,Z" "-v" "/var/lib/crater-agent-workspace/builds/worker-1-tc1/source:/opt/rustwide/workdir:ro,Z" "-v" "/var/lib/crater-agent-workspace/cargo-home:/opt/rustwide/cargo-home:ro,Z" "-v" "/var/lib/crater-agent-workspace/rustup-home:/opt/rustwide/rustup-home:ro,Z" "-e" "SOURCE_DIR=/opt/rustwide/workdir" "-e" "CARGO_TARGET_DIR=/opt/rustwide/target" "-e" "CARGO_INCREMENTAL=0" "-e" "RUST_BACKTRACE=full" "-e" "RUSTFLAGS=--cap-lints=warn" "-e" "RUSTDOCFLAGS=--cap-lints=warn" "-e" "CARGO_HOME=/opt/rustwide/cargo-home" "-e" "RUSTUP_HOME=/opt/rustwide/rustup-home" "-w" "/opt/rustwide/workdir" "-m" "1610612736" "--user" "0:0" "--network" "none" "ghcr.io/rust-lang/crates-build-env/linux@sha256:f3a9d4ad9d972b27faf3965f35b62e55ba32bbce8f20bc8fe909558a86702fde" "/opt/rustwide/cargo-home/bin/cargo" "+1.83.0" "build" "--frozen" "--message-format=json", kill_on_drop: false }`
[INFO] [stdout] e8fe37ca50055161a868addf260c7912ca5381f9b5ca0d716e1c4f135d71d108
[INFO] running `Command { std: "docker" "start" "-a" "e8fe37ca50055161a868addf260c7912ca5381f9b5ca0d716e1c4f135d71d108", kill_on_drop: false }`
[INFO] [stderr]    Compiling proc-macro2 v1.0.81
[INFO] [stderr]    Compiling unicode-ident v1.0.12
[INFO] [stderr]    Compiling serde v1.0.198
[INFO] [stderr]    Compiling rustversion v1.0.15
[INFO] [stderr]    Compiling heck v0.4.1
[INFO] [stderr]    Compiling cesu8 v1.1.0
[INFO] [stderr]    Compiling byteorder v1.5.0
[INFO] [stderr]    Compiling mcdata v0.4.0 (/opt/rustwide/workdir)
[INFO] [stderr]    Compiling quote v1.0.36
[INFO] [stderr]    Compiling syn v2.0.60
[INFO] [stderr]    Compiling serde_derive v1.0.198
[INFO] [stderr]    Compiling strum_macros v0.26.2
[INFO] [stderr]    Compiling strum v0.26.2
[INFO] [stderr]    Compiling serde_bytes v0.11.14
[INFO] [stderr]    Compiling fastnbt v2.5.0
[INFO] [stdout] warning: unexpected `cfg` condition name: `CHANNEL_NIGHTLY`
[INFO] [stdout]  --> src/lib.rs:6:22
[INFO] [stdout]   |
[INFO] [stdout] 6 | #![cfg_attr(all(doc, CHANNEL_NIGHTLY), feature(doc_auto_cfg))]
[INFO] [stdout]   |                      ^^^^^^^^^^^^^^^
[INFO] [stdout]   |
[INFO] [stdout]   = help: expected names are: `clippy`, `debug_assertions`, `doc`, `docsrs`, `doctest`, `feature`, `fmt_debug`, `miri`, `overflow_checks`, `panic`, `proc_macro`, `relocation_model`, `rustfmt`, `sanitize`, `sanitizer_cfi_generalize_pointers`, `sanitizer_cfi_normalize_integers`, `target_abi`, `target_arch`, `target_endian`, `target_env`, `target_family`, `target_feature`, `target_has_atomic`, `target_has_atomic_equal_alignment`, `target_has_atomic_load_store`, `target_os`, `target_pointer_width`, `target_thread_local`, `target_vendor`, `test`, `ub_checks`, `unix`, and `windows`
[INFO] [stdout]   = help: consider using a Cargo feature instead
[INFO] [stdout]   = help: or consider adding in `Cargo.toml` the `check-cfg` lint config for the lint:
[INFO] [stdout]            [lints.rust]
[INFO] [stdout]            unexpected_cfgs = { level = "warn", check-cfg = ['cfg(CHANNEL_NIGHTLY)'] }
[INFO] [stdout]   = help: or consider adding `println!("cargo::rustc-check-cfg=cfg(CHANNEL_NIGHTLY)");` to the top of the `build.rs`
[INFO] [stdout]   = note: see <https://doc.rust-lang.org/nightly/rustc/check-cfg/cargo-specifics.html> for more information about checking conditional configuration
[INFO] [stdout]   = note: `#[warn(unexpected_cfgs)]` on by default
[INFO] [stdout] 
[INFO] [stdout] 
[INFO] [stderr]     Finished `dev` profile [unoptimized + debuginfo] target(s) in 14.57s
[INFO] running `Command { std: "docker" "inspect" "e8fe37ca50055161a868addf260c7912ca5381f9b5ca0d716e1c4f135d71d108", kill_on_drop: false }`
[INFO] running `Command { std: "docker" "rm" "-f" "e8fe37ca50055161a868addf260c7912ca5381f9b5ca0d716e1c4f135d71d108", kill_on_drop: false }`
[INFO] [stdout] e8fe37ca50055161a868addf260c7912ca5381f9b5ca0d716e1c4f135d71d108
[INFO] running `Command { std: "docker" "create" "-v" "/var/lib/crater-agent-workspace/builds/worker-1-tc1/target:/opt/rustwide/target:rw,Z" "-v" "/var/lib/crater-agent-workspace/builds/worker-1-tc1/source:/opt/rustwide/workdir:ro,Z" "-v" "/var/lib/crater-agent-workspace/cargo-home:/opt/rustwide/cargo-home:ro,Z" "-v" "/var/lib/crater-agent-workspace/rustup-home:/opt/rustwide/rustup-home:ro,Z" "-e" "SOURCE_DIR=/opt/rustwide/workdir" "-e" "CARGO_TARGET_DIR=/opt/rustwide/target" "-e" "CARGO_INCREMENTAL=0" "-e" "RUST_BACKTRACE=full" "-e" "RUSTFLAGS=--cap-lints=warn" "-e" "RUSTDOCFLAGS=--cap-lints=warn" "-e" "CARGO_HOME=/opt/rustwide/cargo-home" "-e" "RUSTUP_HOME=/opt/rustwide/rustup-home" "-w" "/opt/rustwide/workdir" "-m" "1610612736" "--user" "0:0" "--network" "none" "ghcr.io/rust-lang/crates-build-env/linux@sha256:f3a9d4ad9d972b27faf3965f35b62e55ba32bbce8f20bc8fe909558a86702fde" "/opt/rustwide/cargo-home/bin/cargo" "+1.83.0" "test" "--frozen" "--no-run" "--message-format=json", kill_on_drop: false }`
[INFO] [stdout] 052c8f70ec8bb830a1086d575bb3f3be1020ed18bb54f9418ef3cdf33b8d6747
[INFO] running `Command { std: "docker" "start" "-a" "052c8f70ec8bb830a1086d575bb3f3be1020ed18bb54f9418ef3cdf33b8d6747", kill_on_drop: false }`
[INFO] [stderr]    Compiling mcdata v0.4.0 (/opt/rustwide/workdir)
[INFO] [stdout] warning: unexpected `cfg` condition name: `CHANNEL_NIGHTLY`
[INFO] [stdout]  --> src/lib.rs:6:22
[INFO] [stdout]   |
[INFO] [stdout] 6 | #![cfg_attr(all(doc, CHANNEL_NIGHTLY), feature(doc_auto_cfg))]
[INFO] [stdout]   |                      ^^^^^^^^^^^^^^^
[INFO] [stdout]   |
[INFO] [stdout]   = help: expected names are: `clippy`, `debug_assertions`, `doc`, `docsrs`, `doctest`, `feature`, `fmt_debug`, `miri`, `overflow_checks`, `panic`, `proc_macro`, `relocation_model`, `rustfmt`, `sanitize`, `sanitizer_cfi_generalize_pointers`, `sanitizer_cfi_normalize_integers`, `target_abi`, `target_arch`, `target_endian`, `target_env`, `target_family`, `target_feature`, `target_has_atomic`, `target_has_atomic_equal_alignment`, `target_has_atomic_load_store`, `target_os`, `target_pointer_width`, `target_thread_local`, `target_vendor`, `test`, `ub_checks`, `unix`, and `windows`
[INFO] [stdout]   = help: consider using a Cargo feature instead
[INFO] [stdout]   = help: or consider adding in `Cargo.toml` the `check-cfg` lint config for the lint:
[INFO] [stdout]            [lints.rust]
[INFO] [stdout]            unexpected_cfgs = { level = "warn", check-cfg = ['cfg(CHANNEL_NIGHTLY)'] }
[INFO] [stdout]   = help: or consider adding `println!("cargo::rustc-check-cfg=cfg(CHANNEL_NIGHTLY)");` to the top of the `build.rs`
[INFO] [stdout]   = note: see <https://doc.rust-lang.org/nightly/rustc/check-cfg/cargo-specifics.html> for more information about checking conditional configuration
[INFO] [stdout]   = note: `#[warn(unexpected_cfgs)]` on by default
[INFO] [stdout] 
[INFO] [stdout] 
[INFO] [stdout] warning: unexpected `cfg` condition name: `CHANNEL_NIGHTLY`
[INFO] [stdout]  --> src/lib.rs:6:22
[INFO] [stdout]   |
[INFO] [stdout] 6 | #![cfg_attr(all(doc, CHANNEL_NIGHTLY), feature(doc_auto_cfg))]
[INFO] [stdout]   |                      ^^^^^^^^^^^^^^^
[INFO] [stdout]   |
[INFO] [stdout]   = help: expected names are: `clippy`, `debug_assertions`, `doc`, `docsrs`, `doctest`, `feature`, `fmt_debug`, `miri`, `overflow_checks`, `panic`, `proc_macro`, `relocation_model`, `rustfmt`, `sanitize`, `sanitizer_cfi_generalize_pointers`, `sanitizer_cfi_normalize_integers`, `target_abi`, `target_arch`, `target_endian`, `target_env`, `target_family`, `target_feature`, `target_has_atomic`, `target_has_atomic_equal_alignment`, `target_has_atomic_load_store`, `target_os`, `target_pointer_width`, `target_thread_local`, `target_vendor`, `test`, `ub_checks`, `unix`, and `windows`
[INFO] [stdout]   = help: consider using a Cargo feature instead
[INFO] [stdout]   = help: or consider adding in `Cargo.toml` the `check-cfg` lint config for the lint:
[INFO] [stdout]            [lints.rust]
[INFO] [stdout]            unexpected_cfgs = { level = "warn", check-cfg = ['cfg(CHANNEL_NIGHTLY)'] }
[INFO] [stdout]   = help: or consider adding `println!("cargo::rustc-check-cfg=cfg(CHANNEL_NIGHTLY)");` to the top of the `build.rs`
[INFO] [stdout]   = note: see <https://doc.rust-lang.org/nightly/rustc/check-cfg/cargo-specifics.html> for more information about checking conditional configuration
[INFO] [stdout]   = note: `#[warn(unexpected_cfgs)]` on by default
[INFO] [stdout] 
[INFO] [stdout] 
[INFO] [stderr]     Finished `test` profile [unoptimized + debuginfo] target(s) in 0.34s
[INFO] running `Command { std: "docker" "inspect" "052c8f70ec8bb830a1086d575bb3f3be1020ed18bb54f9418ef3cdf33b8d6747", kill_on_drop: false }`
[INFO] running `Command { std: "docker" "rm" "-f" "052c8f70ec8bb830a1086d575bb3f3be1020ed18bb54f9418ef3cdf33b8d6747", kill_on_drop: false }`
[INFO] [stdout] 052c8f70ec8bb830a1086d575bb3f3be1020ed18bb54f9418ef3cdf33b8d6747
[INFO] running `Command { std: "docker" "create" "-v" "/var/lib/crater-agent-workspace/builds/worker-1-tc1/target:/opt/rustwide/target:rw,Z" "-v" "/var/lib/crater-agent-workspace/builds/worker-1-tc1/source:/opt/rustwide/workdir:ro,Z" "-v" "/var/lib/crater-agent-workspace/cargo-home:/opt/rustwide/cargo-home:ro,Z" "-v" "/var/lib/crater-agent-workspace/rustup-home:/opt/rustwide/rustup-home:ro,Z" "-e" "SOURCE_DIR=/opt/rustwide/workdir" "-e" "CARGO_TARGET_DIR=/opt/rustwide/target" "-e" "CARGO_INCREMENTAL=0" "-e" "RUST_BACKTRACE=full" "-e" "RUSTFLAGS=--cap-lints=warn" "-e" "RUSTDOCFLAGS=--cap-lints=warn" "-e" "CARGO_HOME=/opt/rustwide/cargo-home" "-e" "RUSTUP_HOME=/opt/rustwide/rustup-home" "-w" "/opt/rustwide/workdir" "-m" "1610612736" "--user" "0:0" "--network" "none" "ghcr.io/rust-lang/crates-build-env/linux@sha256:f3a9d4ad9d972b27faf3965f35b62e55ba32bbce8f20bc8fe909558a86702fde" "/opt/rustwide/cargo-home/bin/cargo" "+1.83.0" "test" "--frozen", kill_on_drop: false }`
[INFO] [stdout] 227e2d72b54e1f51ca8e7ed12dfa40d222d16276452fb3b91673fc84807ff20e
[INFO] running `Command { std: "docker" "start" "-a" "227e2d72b54e1f51ca8e7ed12dfa40d222d16276452fb3b91673fc84807ff20e", kill_on_drop: false }`
[INFO] [stderr] warning: unexpected `cfg` condition name: `CHANNEL_NIGHTLY`
[INFO] [stderr]  --> src/lib.rs:6:22
[INFO] [stderr]   |
[INFO] [stderr] 6 | #![cfg_attr(all(doc, CHANNEL_NIGHTLY), feature(doc_auto_cfg))]
[INFO] [stderr]   |                      ^^^^^^^^^^^^^^^
[INFO] [stderr]   |
[INFO] [stderr]   = help: expected names are: `clippy`, `debug_assertions`, `doc`, `docsrs`, `doctest`, `feature`, `fmt_debug`, `miri`, `overflow_checks`, `panic`, `proc_macro`, `relocation_model`, `rustfmt`, `sanitize`, `sanitizer_cfi_generalize_pointers`, `sanitizer_cfi_normalize_integers`, `target_abi`, `target_arch`, `target_endian`, `target_env`, `target_family`, `target_feature`, `target_has_atomic`, `target_has_atomic_equal_alignment`, `target_has_atomic_load_store`, `target_os`, `target_pointer_width`, `target_thread_local`, `target_vendor`, `test`, `ub_checks`, `unix`, and `windows`
[INFO] [stderr]   = help: consider using a Cargo feature instead
[INFO] [stderr]   = help: or consider adding in `Cargo.toml` the `check-cfg` lint config for the lint:
[INFO] [stderr]            [lints.rust]
[INFO] [stderr]            unexpected_cfgs = { level = "warn", check-cfg = ['cfg(CHANNEL_NIGHTLY)'] }
[INFO] [stderr]   = help: or consider adding `println!("cargo::rustc-check-cfg=cfg(CHANNEL_NIGHTLY)");` to the top of the `build.rs`
[INFO] [stderr]   = note: see <https://doc.rust-lang.org/nightly/rustc/check-cfg/cargo-specifics.html> for more information about checking conditional configuration
[INFO] [stderr]   = note: `#[warn(unexpected_cfgs)]` on by default
[INFO] [stderr] 
[INFO] [stderr] warning: `mcdata` (lib) generated 1 warning
[INFO] [stderr] warning: `mcdata` (lib test) generated 1 warning (1 duplicate)
[INFO] [stderr]     Finished `test` profile [unoptimized + debuginfo] target(s) in 0.04s
[INFO] [stderr]      Running unittests src/lib.rs (/opt/rustwide/target/debug/deps/mcdata-9e8259f9aabc2816)
[INFO] [stdout] 
[INFO] [stdout] running 0 tests
[INFO] [stdout] 
[INFO] [stdout] test result: ok. 0 passed; 0 failed; 0 ignored; 0 measured; 0 filtered out; finished in 0.00s
[INFO] [stdout] 
[INFO] [stderr]    Doc-tests mcdata
[INFO] [stdout] 
[INFO] [stdout] running 3 tests
[INFO] [stdout] test src/../README.md - (line 189) ... FAILED
[INFO] [stdout] test src/../README.md - (line 45) ... FAILED
[INFO] [stdout] test src/../README.md - (line 71) ... FAILED
[INFO] [stdout] 
[INFO] [stdout] failures:
[INFO] [stdout] 
[INFO] [stdout] ---- src/../README.md - (line 189) stdout ----
[INFO] [stdout] error: tests should be run with the 'test' feature enabled
[INFO] [stdout]  --> src/../README.md:192:1
[INFO] [stdout]   |
[INFO] [stdout] 6 | compile_error!("tests should be run with the 'test' feature enabled");
[INFO] [stdout]   | ^^^^^^^^^^^^^^^^^^^^^^^^^^^^^^^^^^^^^^^^^^^^^^^^^^^^^^^^^^^^^^^^^^^^^
[INFO] [stdout] 
[INFO] [stdout] error[E0432]: unresolved import `mcdata::latest`
[INFO] [stdout]  --> src/../README.md:193:13
[INFO] [stdout]   |
[INFO] [stdout] 7 | use mcdata::latest::{BlockEntity, block_entity_types as types};
[INFO] [stdout]   |             ^^^^^^ could not find `latest` in `mcdata`
[INFO] [stdout] 
[INFO] [stdout] error: aborting due to 2 previous errors
[INFO] [stdout] 
[INFO] [stdout] For more information about this error, try `rustc --explain E0432`.
[INFO] [stdout] Couldn't compile the test.
[INFO] [stdout] ---- src/../README.md - (line 45) stdout ----
[INFO] [stdout] error: tests should be run with the 'test' feature enabled
[INFO] [stdout]  --> src/../README.md:48:1
[INFO] [stdout]   |
[INFO] [stdout] 6 | compile_error!("tests should be run with the 'test' feature enabled");
[INFO] [stdout]   | ^^^^^^^^^^^^^^^^^^^^^^^^^^^^^^^^^^^^^^^^^^^^^^^^^^^^^^^^^^^^^^^^^^^^^
[INFO] [stdout] 
[INFO] [stdout] error[E0432]: unresolved import `mcdata::latest`
[INFO] [stdout]  --> src/../README.md:49:13
[INFO] [stdout]   |
[INFO] [stdout] 7 | use mcdata::latest::{BlockState, props};
[INFO] [stdout]   |             ^^^^^^ could not find `latest` in `mcdata`
[INFO] [stdout] 
[INFO] [stdout] error[E0433]: failed to resolve: use of undeclared crate or module `bounded_integer`
[INFO] [stdout]   --> src/../README.md:53:11
[INFO] [stdout]    |
[INFO] [stdout] 11 |     note: bounded_integer::BoundedU8::new(10).unwrap(),
[INFO] [stdout]    |           ^^^^^^^^^^^^^^^ use of undeclared crate or module `bounded_integer`
[INFO] [stdout] 
[INFO] [stdout] error: aborting due to 3 previous errors
[INFO] [stdout] 
[INFO] [stdout] Some errors have detailed explanations: E0432, E0433.
[INFO] [stdout] For more information about an error, try `rustc --explain E0432`.
[INFO] [stdout] Couldn't compile the test.
[INFO] [stdout] ---- src/../README.md - (line 71) stdout ----
[INFO] [stdout] error: tests should be run with the 'test' feature enabled
[INFO] [stdout]  --> src/../README.md:74:1
[INFO] [stdout]   |
[INFO] [stdout] 6 | compile_error!("tests should be run with the 'test' feature enabled");
[INFO] [stdout]   | ^^^^^^^^^^^^^^^^^^^^^^^^^^^^^^^^^^^^^^^^^^^^^^^^^^^^^^^^^^^^^^^^^^^^^
[INFO] [stdout] 
[INFO] [stdout] error[E0432]: unresolved import `mcdata::latest`
[INFO] [stdout]  --> src/../README.md:76:13
[INFO] [stdout]   |
[INFO] [stdout] 8 | use mcdata::latest::{Entity, entity_types as types, entity_compounds as compounds};
[INFO] [stdout]   |             ^^^^^^ could not find `latest` in `mcdata`
[INFO] [stdout] 
[INFO] [stdout] error: aborting due to 2 previous errors
[INFO] [stdout] 
[INFO] [stdout] For more information about this error, try `rustc --explain E0432`.
[INFO] [stdout] Couldn't compile the test.
[INFO] [stdout] 
[INFO] [stdout] failures:
[INFO] [stdout]     src/../README.md - (line 189)
[INFO] [stdout]     src/../README.md - (line 45)
[INFO] [stdout]     src/../README.md - (line 71)
[INFO] [stdout] 
[INFO] [stdout] test result: FAILED. 0 passed; 3 failed; 0 ignored; 0 measured; 0 filtered out; finished in 0.26s
[INFO] [stdout] 
[INFO] [stderr] error: doctest failed, to rerun pass `--doc`
[INFO] running `Command { std: "docker" "inspect" "227e2d72b54e1f51ca8e7ed12dfa40d222d16276452fb3b91673fc84807ff20e", kill_on_drop: false }`
[INFO] running `Command { std: "docker" "rm" "-f" "227e2d72b54e1f51ca8e7ed12dfa40d222d16276452fb3b91673fc84807ff20e", kill_on_drop: false }`
[INFO] [stdout] 227e2d72b54e1f51ca8e7ed12dfa40d222d16276452fb3b91673fc84807ff20e
