[INFO] cloning repository https://github.com/RubisRage/truth-ast
[INFO] running `Command { std: "git" "-c" "credential.helper=" "-c" "credential.helper=/workspace/cargo-home/bin/git-credential-null" "clone" "--bare" "https://github.com/RubisRage/truth-ast" "/workspace/cache/git-repos/https%3A%2F%2Fgithub.com%2FRubisRage%2Ftruth-ast", kill_on_drop: false }`
[INFO] [stderr] Cloning into bare repository '/workspace/cache/git-repos/https%3A%2F%2Fgithub.com%2FRubisRage%2Ftruth-ast'...
[INFO] running `Command { std: "git" "rev-parse" "HEAD", kill_on_drop: false }`
[INFO] [stdout] b59ce97a9ba28b01116f25282b5dddd3f92031dc
[INFO] testing RubisRage/truth-ast against beta-2024-12-08 for beta-1.84.0-4-retry
[INFO] running `Command { std: "git" "clone" "/workspace/cache/git-repos/https%3A%2F%2Fgithub.com%2FRubisRage%2Ftruth-ast" "/workspace/builds/worker-7-tc2/source", kill_on_drop: false }`
[INFO] [stderr] Cloning into '/workspace/builds/worker-7-tc2/source'...
[INFO] [stderr] done.
[INFO] validating manifest of git repo https://github.com/RubisRage/truth-ast on toolchain beta-2024-12-08
[INFO] running `Command { std: CARGO_HOME="/workspace/cargo-home" RUSTUP_HOME="/workspace/rustup-home" "/workspace/cargo-home/bin/cargo" "+beta-2024-12-08" "metadata" "--manifest-path" "Cargo.toml" "--no-deps", kill_on_drop: false }`
[INFO] started tweaking git repo https://github.com/RubisRage/truth-ast
[INFO] finished tweaking git repo https://github.com/RubisRage/truth-ast
[INFO] tweaked toml for git repo https://github.com/RubisRage/truth-ast written to /workspace/builds/worker-7-tc2/source/Cargo.toml
[INFO] crate git repo https://github.com/RubisRage/truth-ast already has a lockfile, it will not be regenerated
[INFO] running `Command { std: CARGO_HOME="/workspace/cargo-home" RUSTUP_HOME="/workspace/rustup-home" "/workspace/cargo-home/bin/cargo" "+beta-2024-12-08" "fetch" "--manifest-path" "Cargo.toml", kill_on_drop: false }`
[INFO] running `Command { std: "docker" "create" "-v" "/var/lib/crater-agent-workspace/builds/worker-7-tc2/target:/opt/rustwide/target:rw,Z" "-v" "/var/lib/crater-agent-workspace/builds/worker-7-tc2/source:/opt/rustwide/workdir:ro,Z" "-v" "/var/lib/crater-agent-workspace/cargo-home:/opt/rustwide/cargo-home:ro,Z" "-v" "/var/lib/crater-agent-workspace/rustup-home:/opt/rustwide/rustup-home:ro,Z" "-e" "SOURCE_DIR=/opt/rustwide/workdir" "-e" "CARGO_TARGET_DIR=/opt/rustwide/target" "-e" "CARGO_HOME=/opt/rustwide/cargo-home" "-e" "RUSTUP_HOME=/opt/rustwide/rustup-home" "-w" "/opt/rustwide/workdir" "-m" "1610612736" "--user" "0:0" "--network" "none" "ghcr.io/rust-lang/crates-build-env/linux@sha256:f3a9d4ad9d972b27faf3965f35b62e55ba32bbce8f20bc8fe909558a86702fde" "/opt/rustwide/cargo-home/bin/cargo" "+beta-2024-12-08" "metadata" "--no-deps" "--format-version=1", kill_on_drop: false }`
[INFO] [stdout] 6a3100ecd247302fc7f94c1f3755af7ef43bd24a0f3dbaa2d9412d8eed69c925
[INFO] running `Command { std: "docker" "start" "-a" "6a3100ecd247302fc7f94c1f3755af7ef43bd24a0f3dbaa2d9412d8eed69c925", kill_on_drop: false }`
[INFO] running `Command { std: "docker" "inspect" "6a3100ecd247302fc7f94c1f3755af7ef43bd24a0f3dbaa2d9412d8eed69c925", kill_on_drop: false }`
[INFO] running `Command { std: "docker" "rm" "-f" "6a3100ecd247302fc7f94c1f3755af7ef43bd24a0f3dbaa2d9412d8eed69c925", kill_on_drop: false }`
[INFO] [stdout] 6a3100ecd247302fc7f94c1f3755af7ef43bd24a0f3dbaa2d9412d8eed69c925
[INFO] running `Command { std: "docker" "create" "-v" "/var/lib/crater-agent-workspace/builds/worker-7-tc2/target:/opt/rustwide/target:rw,Z" "-v" "/var/lib/crater-agent-workspace/builds/worker-7-tc2/source:/opt/rustwide/workdir:ro,Z" "-v" "/var/lib/crater-agent-workspace/cargo-home:/opt/rustwide/cargo-home:ro,Z" "-v" "/var/lib/crater-agent-workspace/rustup-home:/opt/rustwide/rustup-home:ro,Z" "-e" "SOURCE_DIR=/opt/rustwide/workdir" "-e" "CARGO_TARGET_DIR=/opt/rustwide/target" "-e" "CARGO_INCREMENTAL=0" "-e" "RUST_BACKTRACE=full" "-e" "RUSTFLAGS=--cap-lints=warn" "-e" "RUSTDOCFLAGS=--cap-lints=warn" "-e" "CARGO_HOME=/opt/rustwide/cargo-home" "-e" "RUSTUP_HOME=/opt/rustwide/rustup-home" "-w" "/opt/rustwide/workdir" "-m" "1610612736" "--user" "0:0" "--network" "none" "ghcr.io/rust-lang/crates-build-env/linux@sha256:f3a9d4ad9d972b27faf3965f35b62e55ba32bbce8f20bc8fe909558a86702fde" "/opt/rustwide/cargo-home/bin/cargo" "+beta-2024-12-08" "build" "--frozen" "--message-format=json", kill_on_drop: false }`
[INFO] [stdout] 7d5ab69f9a11fdb759f08d7cf64d80e6b4b3eb92c69dbef7a1a301c7c3d95676
[INFO] running `Command { std: "docker" "start" "-a" "7d5ab69f9a11fdb759f08d7cf64d80e6b4b3eb92c69dbef7a1a301c7c3d95676", kill_on_drop: false }`
[INFO] [stderr]    Compiling truth-ast v0.1.0 (/opt/rustwide/workdir)
[INFO] [stdout] warning: unused variable: `inputs`
[INFO] [stdout]   --> src/lib.rs:60:5
[INFO] [stdout]    |
[INFO] [stdout] 60 |     inputs: Vec<String>,
[INFO] [stdout]    |     ^^^^^^ help: if this is intentional, prefix it with an underscore: `_inputs`
[INFO] [stdout]    |
[INFO] [stdout]    = note: `#[warn(unused_variables)]` on by default
[INFO] [stdout] 
[INFO] [stdout] 
[INFO] [stdout] warning: enum `LogicOp` is never used
[INFO] [stdout]  --> src/lib.rs:4:6
[INFO] [stdout]   |
[INFO] [stdout] 4 | enum LogicOp {
[INFO] [stdout]   |      ^^^^^^^
[INFO] [stdout]   |
[INFO] [stdout]   = note: `#[warn(dead_code)]` on by default
[INFO] [stdout] 
[INFO] [stdout] 
[INFO] [stdout] warning: struct `Instance` is never constructed
[INFO] [stdout]   --> src/lib.rs:12:8
[INFO] [stdout]    |
[INFO] [stdout] 12 | struct Instance {
[INFO] [stdout]    |        ^^^^^^^^
[INFO] [stdout] 
[INFO] [stdout] 
[INFO] [stdout] warning: associated function `new` is never used
[INFO] [stdout]   --> src/lib.rs:19:8
[INFO] [stdout]    |
[INFO] [stdout] 18 | impl Instance {
[INFO] [stdout]    | ------------- associated function in this implementation
[INFO] [stdout] 19 |     fn new(op: LogicOp, output: &str, inputs: &[&str]) -> Self {
[INFO] [stdout]    |        ^^^
[INFO] [stdout] 
[INFO] [stdout] 
[INFO] [stdout] warning: struct `StructuralAST` is never constructed
[INFO] [stdout]   --> src/lib.rs:52:8
[INFO] [stdout]    |
[INFO] [stdout] 52 | struct StructuralAST {
[INFO] [stdout]    |        ^^^^^^^^^^^^^
[INFO] [stdout] 
[INFO] [stdout] 
[INFO] [stdout] warning: function `build_truth_table` is never used
[INFO] [stdout]   --> src/lib.rs:58:4
[INFO] [stdout]    |
[INFO] [stdout] 58 | fn build_truth_table(
[INFO] [stdout]    |    ^^^^^^^^^^^^^^^^^
[INFO] [stdout] 
[INFO] [stdout] 
[INFO] [stderr]     Finished `dev` profile [unoptimized + debuginfo] target(s) in 0.20s
[INFO] running `Command { std: "docker" "inspect" "7d5ab69f9a11fdb759f08d7cf64d80e6b4b3eb92c69dbef7a1a301c7c3d95676", kill_on_drop: false }`
[INFO] running `Command { std: "docker" "rm" "-f" "7d5ab69f9a11fdb759f08d7cf64d80e6b4b3eb92c69dbef7a1a301c7c3d95676", kill_on_drop: false }`
[INFO] [stdout] 7d5ab69f9a11fdb759f08d7cf64d80e6b4b3eb92c69dbef7a1a301c7c3d95676
[INFO] running `Command { std: "docker" "create" "-v" "/var/lib/crater-agent-workspace/builds/worker-7-tc2/target:/opt/rustwide/target:rw,Z" "-v" "/var/lib/crater-agent-workspace/builds/worker-7-tc2/source:/opt/rustwide/workdir:ro,Z" "-v" "/var/lib/crater-agent-workspace/cargo-home:/opt/rustwide/cargo-home:ro,Z" "-v" "/var/lib/crater-agent-workspace/rustup-home:/opt/rustwide/rustup-home:ro,Z" "-e" "SOURCE_DIR=/opt/rustwide/workdir" "-e" "CARGO_TARGET_DIR=/opt/rustwide/target" "-e" "CARGO_INCREMENTAL=0" "-e" "RUST_BACKTRACE=full" "-e" "RUSTFLAGS=--cap-lints=warn" "-e" "RUSTDOCFLAGS=--cap-lints=warn" "-e" "CARGO_HOME=/opt/rustwide/cargo-home" "-e" "RUSTUP_HOME=/opt/rustwide/rustup-home" "-w" "/opt/rustwide/workdir" "-m" "1610612736" "--user" "0:0" "--network" "none" "ghcr.io/rust-lang/crates-build-env/linux@sha256:f3a9d4ad9d972b27faf3965f35b62e55ba32bbce8f20bc8fe909558a86702fde" "/opt/rustwide/cargo-home/bin/cargo" "+beta-2024-12-08" "test" "--frozen" "--no-run" "--message-format=json", kill_on_drop: false }`
[INFO] [stdout] ef3a0cb877a6ef6fab1e00b96302573f4a63ef929279243018dd38410bf67374
[INFO] running `Command { std: "docker" "start" "-a" "ef3a0cb877a6ef6fab1e00b96302573f4a63ef929279243018dd38410bf67374", kill_on_drop: false }`
[INFO] [stdout] warning: unused variable: `inputs`
[INFO] [stdout]   --> src/lib.rs:60:5
[INFO] [stdout]    |
[INFO] [stdout] 60 |     inputs: Vec<String>,
[INFO] [stdout]    |     ^^^^^^ help: if this is intentional, prefix it with an underscore: `_inputs`
[INFO] [stdout]    |
[INFO] [stdout]    = note: `#[warn(unused_variables)]` on by default
[INFO] [stdout] 
[INFO] [stdout] 
[INFO] [stdout] warning: enum `LogicOp` is never used
[INFO] [stdout]  --> src/lib.rs:4:6
[INFO] [stdout]   |
[INFO] [stdout] 4 | enum LogicOp {
[INFO] [stdout]   |      ^^^^^^^
[INFO] [stdout]   |
[INFO] [stdout]   = note: `#[warn(dead_code)]` on by default
[INFO] [stdout] 
[INFO] [stdout] 
[INFO] [stdout] warning: struct `Instance` is never constructed
[INFO] [stdout]   --> src/lib.rs:12:8
[INFO] [stdout]    |
[INFO] [stdout] 12 | struct Instance {
[INFO] [stdout]    |        ^^^^^^^^
[INFO] [stdout] 
[INFO] [stdout] 
[INFO] [stdout] warning: associated function `new` is never used
[INFO] [stdout]   --> src/lib.rs:19:8
[INFO] [stdout]    |
[INFO] [stdout] 18 | impl Instance {
[INFO] [stdout]    | ------------- associated function in this implementation
[INFO] [stdout] 19 |     fn new(op: LogicOp, output: &str, inputs: &[&str]) -> Self {
[INFO] [stdout]    |        ^^^
[INFO] [stdout] 
[INFO] [stdout] 
[INFO] [stdout] warning: struct `StructuralAST` is never constructed
[INFO] [stdout]   --> src/lib.rs:52:8
[INFO] [stdout]    |
[INFO] [stdout] 52 | struct StructuralAST {
[INFO] [stdout]    |        ^^^^^^^^^^^^^
[INFO] [stdout] 
[INFO] [stdout] 
[INFO] [stdout] warning: function `build_truth_table` is never used
[INFO] [stdout]   --> src/lib.rs:58:4
[INFO] [stdout]    |
[INFO] [stdout] 58 | fn build_truth_table(
[INFO] [stdout]    |    ^^^^^^^^^^^^^^^^^
[INFO] [stdout] 
[INFO] [stdout] 
[INFO] [stderr]    Compiling truth-ast v0.1.0 (/opt/rustwide/workdir)
[INFO] [stdout] warning: unused variable: `inputs`
[INFO] [stdout]   --> src/lib.rs:60:5
[INFO] [stdout]    |
[INFO] [stdout] 60 |     inputs: Vec<String>,
[INFO] [stdout]    |     ^^^^^^ help: if this is intentional, prefix it with an underscore: `_inputs`
[INFO] [stdout]    |
[INFO] [stdout]    = note: `#[warn(unused_variables)]` on by default
[INFO] [stdout] 
[INFO] [stdout] 
[INFO] [stdout] warning: field `op` is never read
[INFO] [stdout]   --> src/lib.rs:54:5
[INFO] [stdout]    |
[INFO] [stdout] 52 | struct StructuralAST {
[INFO] [stdout]    |        ------------- field in this struct
[INFO] [stdout] 53 |     name: String,
[INFO] [stdout] 54 |     op: LogicOp,
[INFO] [stdout]    |     ^^
[INFO] [stdout]    |
[INFO] [stdout]    = note: `StructuralAST` has a derived impl for the trait `Debug`, but this is intentionally ignored during dead code analysis
[INFO] [stdout]    = note: `#[warn(dead_code)]` on by default
[INFO] [stdout] 
[INFO] [stdout] 
[INFO] [stderr]     Finished `test` profile [unoptimized + debuginfo] target(s) in 0.63s
[INFO] running `Command { std: "docker" "inspect" "ef3a0cb877a6ef6fab1e00b96302573f4a63ef929279243018dd38410bf67374", kill_on_drop: false }`
[INFO] running `Command { std: "docker" "rm" "-f" "ef3a0cb877a6ef6fab1e00b96302573f4a63ef929279243018dd38410bf67374", kill_on_drop: false }`
[INFO] [stdout] ef3a0cb877a6ef6fab1e00b96302573f4a63ef929279243018dd38410bf67374
[INFO] running `Command { std: "docker" "create" "-v" "/var/lib/crater-agent-workspace/builds/worker-7-tc2/target:/opt/rustwide/target:rw,Z" "-v" "/var/lib/crater-agent-workspace/builds/worker-7-tc2/source:/opt/rustwide/workdir:ro,Z" "-v" "/var/lib/crater-agent-workspace/cargo-home:/opt/rustwide/cargo-home:ro,Z" "-v" "/var/lib/crater-agent-workspace/rustup-home:/opt/rustwide/rustup-home:ro,Z" "-e" "SOURCE_DIR=/opt/rustwide/workdir" "-e" "CARGO_TARGET_DIR=/opt/rustwide/target" "-e" "CARGO_INCREMENTAL=0" "-e" "RUST_BACKTRACE=full" "-e" "RUSTFLAGS=--cap-lints=warn" "-e" "RUSTDOCFLAGS=--cap-lints=warn" "-e" "CARGO_HOME=/opt/rustwide/cargo-home" "-e" "RUSTUP_HOME=/opt/rustwide/rustup-home" "-w" "/opt/rustwide/workdir" "-m" "1610612736" "--user" "0:0" "--network" "none" "ghcr.io/rust-lang/crates-build-env/linux@sha256:f3a9d4ad9d972b27faf3965f35b62e55ba32bbce8f20bc8fe909558a86702fde" "/opt/rustwide/cargo-home/bin/cargo" "+beta-2024-12-08" "test" "--frozen", kill_on_drop: false }`
[INFO] [stdout] aba64c0d5134795ec1c6b6dd2c1a6e44fc1a07a6af475499596c79962d2f6716
[INFO] running `Command { std: "docker" "start" "-a" "aba64c0d5134795ec1c6b6dd2c1a6e44fc1a07a6af475499596c79962d2f6716", kill_on_drop: false }`
[INFO] [stderr] warning: unused variable: `inputs`
[INFO] [stderr]   --> src/lib.rs:60:5
[INFO] [stderr]    |
[INFO] [stderr] 60 |     inputs: Vec<String>,
[INFO] [stderr]    |     ^^^^^^ help: if this is intentional, prefix it with an underscore: `_inputs`
[INFO] [stderr]    |
[INFO] [stderr]    = note: `#[warn(unused_variables)]` on by default
[INFO] [stderr] 
[INFO] [stderr] warning: enum `LogicOp` is never used
[INFO] [stderr]  --> src/lib.rs:4:6
[INFO] [stderr]   |
[INFO] [stderr] 4 | enum LogicOp {
[INFO] [stderr]   |      ^^^^^^^
[INFO] [stderr]   |
[INFO] [stderr]   = note: `#[warn(dead_code)]` on by default
[INFO] [stderr] 
[INFO] [stderr] warning: struct `Instance` is never constructed
[INFO] [stderr]   --> src/lib.rs:12:8
[INFO] [stderr]    |
[INFO] [stderr] 12 | struct Instance {
[INFO] [stderr]    |        ^^^^^^^^
[INFO] [stderr] 
[INFO] [stderr] warning: associated function `new` is never used
[INFO] [stderr]   --> src/lib.rs:19:8
[INFO] [stderr]    |
[INFO] [stderr] 18 | impl Instance {
[INFO] [stderr]    | ------------- associated function in this implementation
[INFO] [stderr] 19 |     fn new(op: LogicOp, output: &str, inputs: &[&str]) -> Self {
[INFO] [stderr]    |        ^^^
[INFO] [stderr] 
[INFO] [stderr] warning: struct `StructuralAST` is never constructed
[INFO] [stderr]   --> src/lib.rs:52:8
[INFO] [stderr]    |
[INFO] [stderr] 52 | struct StructuralAST {
[INFO] [stderr]    |        ^^^^^^^^^^^^^
[INFO] [stderr] 
[INFO] [stderr] warning: function `build_truth_table` is never used
[INFO] [stderr]   --> src/lib.rs:58:4
[INFO] [stderr]    |
[INFO] [stderr] 58 | fn build_truth_table(
[INFO] [stderr]    |    ^^^^^^^^^^^^^^^^^
[INFO] [stderr] 
[INFO] [stderr] warning: `truth-ast` (lib) generated 6 warnings
[INFO] [stderr] warning: field `op` is never read
[INFO] [stderr]   --> src/lib.rs:54:5
[INFO] [stderr]    |
[INFO] [stderr] 52 | struct StructuralAST {
[INFO] [stderr]    |        ------------- field in this struct
[INFO] [stderr] 53 |     name: String,
[INFO] [stderr] 54 |     op: LogicOp,
[INFO] [stderr]    |     ^^
[INFO] [stderr]    |
[INFO] [stderr]    = note: `StructuralAST` has a derived impl for the trait `Debug`, but this is intentionally ignored during dead code analysis
[INFO] [stderr]    = note: `#[warn(dead_code)]` on by default
[INFO] [stderr] 
[INFO] [stderr] warning: `truth-ast` (lib test) generated 2 warnings (1 duplicate)
[INFO] [stderr]     Finished `test` profile [unoptimized + debuginfo] target(s) in 0.01s
[INFO] [stderr]      Running unittests src/lib.rs (/opt/rustwide/target/debug/deps/truth_ast-412fbc2249015597)
[INFO] [stdout] 
[INFO] [stdout] running 1 test
[INFO] [stdout] test tests::test ... FAILED
[INFO] [stdout] 
[INFO] [stdout] failures:
[INFO] [stdout] 
[INFO] [stdout] ---- tests::test stdout ----
[INFO] [stdout] [src/lib.rs:94:5] root = StructuralAST {
[INFO] [stdout]     name: "out",
[INFO] [stdout]     op: Or,
[INFO] [stdout]     children: [
[INFO] [stdout]         StructuralAST {
[INFO] [stdout]             name: "f5",
[INFO] [stdout]             op: And,
[INFO] [stdout]             children: [
[INFO] [stdout]                 StructuralAST {
[INFO] [stdout]                     name: "cin",
[INFO] [stdout]                     op: Driver,
[INFO] [stdout]                     children: [],
[INFO] [stdout]                 },
[INFO] [stdout]                 StructuralAST {
[INFO] [stdout]                     name: "na0",
[INFO] [stdout]                     op: Not,
[INFO] [stdout]                     children: [
[INFO] [stdout]                         StructuralAST {
[INFO] [stdout]                             name: "a0",
[INFO] [stdout]                             op: Driver,
[INFO] [stdout]                             children: [],
[INFO] [stdout]                         },
[INFO] [stdout]                     ],
[INFO] [stdout]                 },
[INFO] [stdout]                 StructuralAST {
[INFO] [stdout]                     name: "nb0",
[INFO] [stdout]                     op: Not,
[INFO] [stdout]                     children: [
[INFO] [stdout]                         StructuralAST {
[INFO] [stdout]                             name: "b0",
[INFO] [stdout]                             op: Driver,
[INFO] [stdout]                             children: [],
[INFO] [stdout]                         },
[INFO] [stdout]                     ],
[INFO] [stdout]                 },
[INFO] [stdout]             ],
[INFO] [stdout]         },
[INFO] [stdout]         StructuralAST {
[INFO] [stdout]             name: "f6",
[INFO] [stdout]             op: And,
[INFO] [stdout]             children: [
[INFO] [stdout]                 StructuralAST {
[INFO] [stdout]                     name: "ncin",
[INFO] [stdout]                     op: Not,
[INFO] [stdout]                     children: [
[INFO] [stdout]                         StructuralAST {
[INFO] [stdout]                             name: "cin",
[INFO] [stdout]                             op: Driver,
[INFO] [stdout]                             children: [],
[INFO] [stdout]                         },
[INFO] [stdout]                     ],
[INFO] [stdout]                 },
[INFO] [stdout]                 StructuralAST {
[INFO] [stdout]                     name: "na0",
[INFO] [stdout]                     op: Not,
[INFO] [stdout]                     children: [
[INFO] [stdout]                         StructuralAST {
[INFO] [stdout]                             name: "a0",
[INFO] [stdout]                             op: Driver,
[INFO] [stdout]                             children: [],
[INFO] [stdout]                         },
[INFO] [stdout]                     ],
[INFO] [stdout]                 },
[INFO] [stdout]                 StructuralAST {
[INFO] [stdout]                     name: "b0",
[INFO] [stdout]                     op: Driver,
[INFO] [stdout]                     children: [],
[INFO] [stdout]                 },
[INFO] [stdout]             ],
[INFO] [stdout]         },
[INFO] [stdout]         StructuralAST {
[INFO] [stdout]             name: "f7",
[INFO] [stdout]             op: And,
[INFO] [stdout]             children: [
[INFO] [stdout]                 StructuralAST {
[INFO] [stdout]                     name: "cin",
[INFO] [stdout]                     op: Driver,
[INFO] [stdout]                     children: [],
[INFO] [stdout]                 },
[INFO] [stdout]                 StructuralAST {
[INFO] [stdout]                     name: "a0",
[INFO] [stdout]                     op: Driver,
[INFO] [stdout]                     children: [],
[INFO] [stdout]                 },
[INFO] [stdout]                 StructuralAST {
[INFO] [stdout]                     name: "b0",
[INFO] [stdout]                     op: Driver,
[INFO] [stdout]                     children: [],
[INFO] [stdout]                 },
[INFO] [stdout]             ],
[INFO] [stdout]         },
[INFO] [stdout]         StructuralAST {
[INFO] [stdout]             name: "f8",
[INFO] [stdout]             op: And,
[INFO] [stdout]             children: [
[INFO] [stdout]                 StructuralAST {
[INFO] [stdout]                     name: "ncin",
[INFO] [stdout]                     op: Not,
[INFO] [stdout]                     children: [
[INFO] [stdout]                         StructuralAST {
[INFO] [stdout]                             name: "cin",
[INFO] [stdout]                             op: Driver,
[INFO] [stdout]                             children: [],
[INFO] [stdout]                         },
[INFO] [stdout]                     ],
[INFO] [stdout]                 },
[INFO] [stdout]                 StructuralAST {
[INFO] [stdout]                     name: "a0",
[INFO] [stdout]                     op: Driver,
[INFO] [stdout]                     children: [],
[INFO] [stdout]                 },
[INFO] [stdout]                 StructuralAST {
[INFO] [stdout]                     name: "nb0",
[INFO] [stdout]                     op: Not,
[INFO] [stdout]                     children: [
[INFO] [stdout]                         StructuralAST {
[INFO] [stdout]                             name: "b0",
[INFO] [stdout]                             op: Driver,
[INFO] [stdout]                             children: [],
[INFO] [stdout]                         },
[INFO] [stdout]                     ],
[INFO] [stdout]                 },
[INFO] [stdout]             ],
[INFO] [stdout]         },
[INFO] [stdout]     ],
[INFO] [stdout] }
[INFO] [stdout] thread 'tests::test' panicked at src/lib.rs:96:5:
[INFO] [stdout] not yet implemented
[INFO] [stdout] stack backtrace:
[INFO] [stdout]    0:     0x588200ba8d6a - std::backtrace_rs::backtrace::libunwind::trace::h8810477743020387
[INFO] [stdout]                                at /rustc/202008a1b8de96d2e5b6bc02d379db03a877d34d/library/std/src/../../backtrace/src/backtrace/libunwind.rs:116:5
[INFO] [stdout]    1:     0x588200ba8d6a - std::backtrace_rs::backtrace::trace_unsynchronized::h3aa55355dd6c54a6
[INFO] [stdout]                                at /rustc/202008a1b8de96d2e5b6bc02d379db03a877d34d/library/std/src/../../backtrace/src/backtrace/mod.rs:66:5
[INFO] [stdout]    2:     0x588200ba8d6a - std::sys::backtrace::_print_fmt::h8588b0f62410823f
[INFO] [stdout]                                at /rustc/202008a1b8de96d2e5b6bc02d379db03a877d34d/library/std/src/sys/backtrace.rs:66:9
[INFO] [stdout]    3:     0x588200ba8d6a - <std::sys::backtrace::BacktraceLock::print::DisplayBacktrace as core::fmt::Display>::fmt::h98c26ac25ffe89bb
[INFO] [stdout]                                at /rustc/202008a1b8de96d2e5b6bc02d379db03a877d34d/library/std/src/sys/backtrace.rs:39:26
[INFO] [stdout]    4:     0x588200bce7d3 - core::fmt::rt::Argument::fmt::hf95377f4aebd453b
[INFO] [stdout]                                at /rustc/202008a1b8de96d2e5b6bc02d379db03a877d34d/library/core/src/fmt/rt.rs:177:76
[INFO] [stdout]    5:     0x588200bce7d3 - core::fmt::write::h0dd5f6e2238c7982
[INFO] [stdout]                                at /rustc/202008a1b8de96d2e5b6bc02d379db03a877d34d/library/core/src/fmt/mod.rs:1189:21
[INFO] [stdout]    6:     0x588200ba5f03 - std::io::Write::write_fmt::h03bb0ca26e6faf8c
[INFO] [stdout]                                at /rustc/202008a1b8de96d2e5b6bc02d379db03a877d34d/library/std/src/io/mod.rs:1884:15
[INFO] [stdout]    7:     0x588200ba8bb2 - std::sys::backtrace::BacktraceLock::print::h5c19c1c038ee186d
[INFO] [stdout]                                at /rustc/202008a1b8de96d2e5b6bc02d379db03a877d34d/library/std/src/sys/backtrace.rs:42:9
[INFO] [stdout]    8:     0x588200baa1ed - std::panicking::default_hook::{{closure}}::h77172f079a1fcb13
[INFO] [stdout]                                at /rustc/202008a1b8de96d2e5b6bc02d379db03a877d34d/library/std/src/panicking.rs:268:22
[INFO] [stdout]    9:     0x588200ba9ff7 - std::panicking::default_hook::he5f8e3b203ccddba
[INFO] [stdout]                                at /rustc/202008a1b8de96d2e5b6bc02d379db03a877d34d/library/std/src/panicking.rs:292:9
[INFO] [stdout]   10:     0x588200b73927 - <alloc::boxed::Box<F,A> as core::ops::function::Fn<Args>>::call::h7a3c7b4a1ae77f2f
[INFO] [stdout]                                at /rustc/202008a1b8de96d2e5b6bc02d379db03a877d34d/library/alloc/src/boxed.rs:1986:9
[INFO] [stdout]   11:     0x588200b73927 - test::test_main::{{closure}}::hf0d3b69ae9b353d1
[INFO] [stdout]                                at /rustc/202008a1b8de96d2e5b6bc02d379db03a877d34d/library/test/src/lib.rs:134:21
[INFO] [stdout]   12:     0x588200baa898 - <alloc::boxed::Box<F,A> as core::ops::function::Fn<Args>>::call::h6332e82e7b189abd
[INFO] [stdout]                                at /rustc/202008a1b8de96d2e5b6bc02d379db03a877d34d/library/alloc/src/boxed.rs:1986:9
[INFO] [stdout]   13:     0x588200baa898 - std::panicking::rust_panic_with_hook::h53863d4e9018df39
[INFO] [stdout]                                at /rustc/202008a1b8de96d2e5b6bc02d379db03a877d34d/library/std/src/panicking.rs:809:13
[INFO] [stdout]   14:     0x588200baa626 - std::panicking::begin_panic_handler::{{closure}}::h67280e6fa0757873
[INFO] [stdout]                                at /rustc/202008a1b8de96d2e5b6bc02d379db03a877d34d/library/std/src/panicking.rs:667:13
[INFO] [stdout]   15:     0x588200ba9249 - std::sys::backtrace::__rust_end_short_backtrace::h1dac3f54d6fbbeb2
[INFO] [stdout]                                at /rustc/202008a1b8de96d2e5b6bc02d379db03a877d34d/library/std/src/sys/backtrace.rs:170:18
[INFO] [stdout]   16:     0x588200baa2ec - rust_begin_unwind
[INFO] [stdout]                                at /rustc/202008a1b8de96d2e5b6bc02d379db03a877d34d/library/std/src/panicking.rs:665:5
[INFO] [stdout]   17:     0x588200b2aaa0 - core::panicking::panic_fmt::h6792bd1b2bf01041
[INFO] [stdout]                                at /rustc/202008a1b8de96d2e5b6bc02d379db03a877d34d/library/core/src/panicking.rs:76:14
[INFO] [stdout]   18:     0x588200b2ab2c - core::panicking::panic::hbb5c236a846c507c
[INFO] [stdout]                                at /rustc/202008a1b8de96d2e5b6bc02d379db03a877d34d/library/core/src/panicking.rs:148:5
[INFO] [stdout]   19:     0x588200b2ff86 - truth_ast::build_truth_table::h73386209b6e392f6
[INFO] [stdout]                                at /opt/rustwide/workdir/src/lib.rs:96:5
[INFO] [stdout]   20:     0x588200b3a043 - truth_ast::tests::test::hbcc5434ff96c142d
[INFO] [stdout]                                at /opt/rustwide/workdir/src/lib.rs:119:9
[INFO] [stdout]   21:     0x588200b39717 - truth_ast::tests::test::{{closure}}::hf05cd91f45298d21
[INFO] [stdout]                                at /opt/rustwide/workdir/src/lib.rs:104:14
[INFO] [stdout]   22:     0x588200b365a6 - core::ops::function::FnOnce::call_once::h29f1bea6042e0482
[INFO] [stdout]                                at /rustc/202008a1b8de96d2e5b6bc02d379db03a877d34d/library/core/src/ops/function.rs:250:5
[INFO] [stdout]   23:     0x588200b7844b - core::ops::function::FnOnce::call_once::h871bf86719ec9aa4
[INFO] [stdout]                                at /rustc/202008a1b8de96d2e5b6bc02d379db03a877d34d/library/core/src/ops/function.rs:250:5
[INFO] [stdout]   24:     0x588200b7844b - test::__rust_begin_short_backtrace::h2167df1e2b7d76fd
[INFO] [stdout]                                at /rustc/202008a1b8de96d2e5b6bc02d379db03a877d34d/library/test/src/lib.rs:632:18
[INFO] [stdout]   25:     0x588200b77e38 - test::run_test_in_process::{{closure}}::h15d92f75a3adfb79
[INFO] [stdout]                                at /rustc/202008a1b8de96d2e5b6bc02d379db03a877d34d/library/test/src/lib.rs:655:60
[INFO] [stdout]   26:     0x588200b77e38 - <core::panic::unwind_safe::AssertUnwindSafe<F> as core::ops::function::FnOnce<()>>::call_once::hb6c8955835a8dbbb
[INFO] [stdout]                                at /rustc/202008a1b8de96d2e5b6bc02d379db03a877d34d/library/core/src/panic/unwind_safe.rs:272:9
[INFO] [stdout]   27:     0x588200b77e38 - std::panicking::try::do_call::hc79d0fc888a0bd30
[INFO] [stdout]                                at /rustc/202008a1b8de96d2e5b6bc02d379db03a877d34d/library/std/src/panicking.rs:557:40
[INFO] [stdout]   28:     0x588200b77e38 - std::panicking::try::hb8a7878e3a8589d6
[INFO] [stdout]                                at /rustc/202008a1b8de96d2e5b6bc02d379db03a877d34d/library/std/src/panicking.rs:520:19
[INFO] [stdout]   29:     0x588200b77e38 - std::panic::catch_unwind::hb8e4600ff0ff5cfa
[INFO] [stdout]                                at /rustc/202008a1b8de96d2e5b6bc02d379db03a877d34d/library/std/src/panic.rs:358:14
[INFO] [stdout]   30:     0x588200b77e38 - test::run_test_in_process::hc2900b0b18688dd6
[INFO] [stdout]                                at /rustc/202008a1b8de96d2e5b6bc02d379db03a877d34d/library/test/src/lib.rs:655:27
[INFO] [stdout]   31:     0x588200b77e38 - test::run_test::{{closure}}::hac2a9cb07be3d48d
[INFO] [stdout]                                at /rustc/202008a1b8de96d2e5b6bc02d379db03a877d34d/library/test/src/lib.rs:576:43
[INFO] [stdout]   32:     0x588200b3b8da - test::run_test::{{closure}}::h4a5b729e66a38cd8
[INFO] [stdout]                                at /rustc/202008a1b8de96d2e5b6bc02d379db03a877d34d/library/test/src/lib.rs:606:41
[INFO] [stdout]   33:     0x588200b3b8da - std::sys::backtrace::__rust_begin_short_backtrace::h0496fb742492f573
[INFO] [stdout]                                at /rustc/202008a1b8de96d2e5b6bc02d379db03a877d34d/library/std/src/sys/backtrace.rs:154:18
[INFO] [stdout]   34:     0x588200b3f254 - std::thread::Builder::spawn_unchecked_::{{closure}}::{{closure}}::hbb6d257c550a54bd
[INFO] [stdout]                                at /rustc/202008a1b8de96d2e5b6bc02d379db03a877d34d/library/std/src/thread/mod.rs:561:17
[INFO] [stdout]   35:     0x588200b3f254 - <core::panic::unwind_safe::AssertUnwindSafe<F> as core::ops::function::FnOnce<()>>::call_once::h46696fe4a6832328
[INFO] [stdout]                                at /rustc/202008a1b8de96d2e5b6bc02d379db03a877d34d/library/core/src/panic/unwind_safe.rs:272:9
[INFO] [stdout]   36:     0x588200b3f254 - std::panicking::try::do_call::h2625a51b667bfb64
[INFO] [stdout]                                at /rustc/202008a1b8de96d2e5b6bc02d379db03a877d34d/library/std/src/panicking.rs:557:40
[INFO] [stdout]   37:     0x588200b3f254 - std::panicking::try::hb956a59a1973aa4c
[INFO] [stdout]                                at /rustc/202008a1b8de96d2e5b6bc02d379db03a877d34d/library/std/src/panicking.rs:520:19
[INFO] [stdout]   38:     0x588200b3f254 - std::panic::catch_unwind::h64f3b9d1067ef6a0
[INFO] [stdout]                                at /rustc/202008a1b8de96d2e5b6bc02d379db03a877d34d/library/std/src/panic.rs:358:14
[INFO] [stdout]   39:     0x588200b3f254 - std::thread::Builder::spawn_unchecked_::{{closure}}::h42b2841295b6c0b2
[INFO] [stdout]                                at /rustc/202008a1b8de96d2e5b6bc02d379db03a877d34d/library/std/src/thread/mod.rs:559:30
[INFO] [stdout]   40:     0x588200b3f254 - core::ops::function::FnOnce::call_once{{vtable.shim}}::h6127de71b8124639
[INFO] [stdout]                                at /rustc/202008a1b8de96d2e5b6bc02d379db03a877d34d/library/core/src/ops/function.rs:250:5
[INFO] [stdout]   41:     0x588200bae7db - <alloc::boxed::Box<F,A> as core::ops::function::FnOnce<Args>>::call_once::h42f0ba71002a1b2c
[INFO] [stdout]                                at /rustc/202008a1b8de96d2e5b6bc02d379db03a877d34d/library/alloc/src/boxed.rs:1972:9
[INFO] [stdout]   42:     0x588200bae7db - <alloc::boxed::Box<F,A> as core::ops::function::FnOnce<Args>>::call_once::had9e47d7a3dcecb8
[INFO] [stdout]                                at /rustc/202008a1b8de96d2e5b6bc02d379db03a877d34d/library/alloc/src/boxed.rs:1972:9
[INFO] [stdout]   43:     0x588200bae7db - std::sys::pal::unix::thread::Thread::new::thread_start::h48cf765408f6f5f2
[INFO] [stdout]                                at /rustc/202008a1b8de96d2e5b6bc02d379db03a877d34d/library/std/src/sys/pal/unix/thread.rs:105:17
[INFO] [stdout]   44:     0x701459fb3ac3 - <unknown>
[INFO] [stdout]   45:     0x70145a044a04 - clone
[INFO] [stdout]   46:                0x0 - <unknown>
[INFO] [stdout] 
[INFO] [stdout] 
[INFO] [stdout] failures:
[INFO] [stdout]     tests::test
[INFO] [stdout] 
[INFO] [stdout] test result: FAILED. 0 passed; 1 failed; 0 ignored; 0 measured; 0 filtered out; finished in 0.04s
[INFO] [stdout] 
[INFO] [stderr] error: test failed, to rerun pass `--lib`
[INFO] running `Command { std: "docker" "inspect" "aba64c0d5134795ec1c6b6dd2c1a6e44fc1a07a6af475499596c79962d2f6716", kill_on_drop: false }`
[INFO] running `Command { std: "docker" "rm" "-f" "aba64c0d5134795ec1c6b6dd2c1a6e44fc1a07a6af475499596c79962d2f6716", kill_on_drop: false }`
[INFO] [stdout] aba64c0d5134795ec1c6b6dd2c1a6e44fc1a07a6af475499596c79962d2f6716
