[INFO] cloning repository https://github.com/RtopRS/RtopDev
[INFO] running `Command { std: "git" "-c" "credential.helper=" "-c" "credential.helper=/workspace/cargo-home/bin/git-credential-null" "clone" "--bare" "https://github.com/RtopRS/RtopDev" "/workspace/cache/git-repos/https%3A%2F%2Fgithub.com%2FRtopRS%2FRtopDev", kill_on_drop: false }`
[INFO] [stderr] Cloning into bare repository '/workspace/cache/git-repos/https%3A%2F%2Fgithub.com%2FRtopRS%2FRtopDev'...
[INFO] running `Command { std: "git" "rev-parse" "HEAD", kill_on_drop: false }`
[INFO] [stdout] 0c7c5de5ce8ad12378bcb1592e5ff411c2bc4149
[INFO] testing RtopRS/RtopDev against 1.83.0 for beta-1.84.0-4-retry
[INFO] running `Command { std: "git" "clone" "/workspace/cache/git-repos/https%3A%2F%2Fgithub.com%2FRtopRS%2FRtopDev" "/workspace/builds/worker-5-tc1/source", kill_on_drop: false }`
[INFO] [stderr] Cloning into '/workspace/builds/worker-5-tc1/source'...
[INFO] [stderr] done.
[INFO] validating manifest of git repo https://github.com/RtopRS/RtopDev on toolchain 1.83.0
[INFO] running `Command { std: CARGO_HOME="/workspace/cargo-home" RUSTUP_HOME="/workspace/rustup-home" "/workspace/cargo-home/bin/cargo" "+1.83.0" "metadata" "--manifest-path" "Cargo.toml" "--no-deps", kill_on_drop: false }`
[INFO] started tweaking git repo https://github.com/RtopRS/RtopDev
[INFO] finished tweaking git repo https://github.com/RtopRS/RtopDev
[INFO] tweaked toml for git repo https://github.com/RtopRS/RtopDev written to /workspace/builds/worker-5-tc1/source/Cargo.toml
[INFO] crate git repo https://github.com/RtopRS/RtopDev already has a lockfile, it will not be regenerated
[INFO] running `Command { std: CARGO_HOME="/workspace/cargo-home" RUSTUP_HOME="/workspace/rustup-home" "/workspace/cargo-home/bin/cargo" "+1.83.0" "fetch" "--manifest-path" "Cargo.toml", kill_on_drop: false }`
[INFO] [stderr]     Updating crates.io index
[INFO] [stderr]     Blocking waiting for file lock on package cache
[INFO] [stderr]  Downloading crates ...
[INFO] [stderr]   Downloaded human-sort v0.2.2
[INFO] running `Command { std: "docker" "create" "-v" "/var/lib/crater-agent-workspace/builds/worker-5-tc1/target:/opt/rustwide/target:rw,Z" "-v" "/var/lib/crater-agent-workspace/builds/worker-5-tc1/source:/opt/rustwide/workdir:ro,Z" "-v" "/var/lib/crater-agent-workspace/cargo-home:/opt/rustwide/cargo-home:ro,Z" "-v" "/var/lib/crater-agent-workspace/rustup-home:/opt/rustwide/rustup-home:ro,Z" "-e" "SOURCE_DIR=/opt/rustwide/workdir" "-e" "CARGO_TARGET_DIR=/opt/rustwide/target" "-e" "CARGO_HOME=/opt/rustwide/cargo-home" "-e" "RUSTUP_HOME=/opt/rustwide/rustup-home" "-w" "/opt/rustwide/workdir" "-m" "1610612736" "--user" "0:0" "--network" "none" "ghcr.io/rust-lang/crates-build-env/linux@sha256:f3a9d4ad9d972b27faf3965f35b62e55ba32bbce8f20bc8fe909558a86702fde" "/opt/rustwide/cargo-home/bin/cargo" "+1.83.0" "metadata" "--no-deps" "--format-version=1", kill_on_drop: false }`
[INFO] [stdout] 3631f6cdd804c954fb33500b6f854b12f9bdbfd6f8b4e8873974e404f15f2b24
[INFO] running `Command { std: "docker" "start" "-a" "3631f6cdd804c954fb33500b6f854b12f9bdbfd6f8b4e8873974e404f15f2b24", kill_on_drop: false }`
[INFO] running `Command { std: "docker" "inspect" "3631f6cdd804c954fb33500b6f854b12f9bdbfd6f8b4e8873974e404f15f2b24", kill_on_drop: false }`
[INFO] running `Command { std: "docker" "rm" "-f" "3631f6cdd804c954fb33500b6f854b12f9bdbfd6f8b4e8873974e404f15f2b24", kill_on_drop: false }`
[INFO] [stdout] 3631f6cdd804c954fb33500b6f854b12f9bdbfd6f8b4e8873974e404f15f2b24
[INFO] running `Command { std: "docker" "create" "-v" "/var/lib/crater-agent-workspace/builds/worker-5-tc1/target:/opt/rustwide/target:rw,Z" "-v" "/var/lib/crater-agent-workspace/builds/worker-5-tc1/source:/opt/rustwide/workdir:ro,Z" "-v" "/var/lib/crater-agent-workspace/cargo-home:/opt/rustwide/cargo-home:ro,Z" "-v" "/var/lib/crater-agent-workspace/rustup-home:/opt/rustwide/rustup-home:ro,Z" "-e" "SOURCE_DIR=/opt/rustwide/workdir" "-e" "CARGO_TARGET_DIR=/opt/rustwide/target" "-e" "CARGO_INCREMENTAL=0" "-e" "RUST_BACKTRACE=full" "-e" "RUSTFLAGS=--cap-lints=warn" "-e" "RUSTDOCFLAGS=--cap-lints=warn" "-e" "CARGO_HOME=/opt/rustwide/cargo-home" "-e" "RUSTUP_HOME=/opt/rustwide/rustup-home" "-w" "/opt/rustwide/workdir" "-m" "1610612736" "--user" "0:0" "--network" "none" "ghcr.io/rust-lang/crates-build-env/linux@sha256:f3a9d4ad9d972b27faf3965f35b62e55ba32bbce8f20bc8fe909558a86702fde" "/opt/rustwide/cargo-home/bin/cargo" "+1.83.0" "build" "--frozen" "--message-format=json", kill_on_drop: false }`
[INFO] [stdout] dbddfb0ef77815c71ab6371f67733188d06a75adc83eefbc4ea31eeccd454405
[INFO] running `Command { std: "docker" "start" "-a" "dbddfb0ef77815c71ab6371f67733188d06a75adc83eefbc4ea31eeccd454405", kill_on_drop: false }`
[INFO] [stderr]    Compiling human-sort v0.2.2
[INFO] [stderr]    Compiling rtop_dev v1.1.0 (/opt/rustwide/workdir)
[INFO] [stderr]     Finished `dev` profile [unoptimized + debuginfo] target(s) in 0.87s
[INFO] running `Command { std: "docker" "inspect" "dbddfb0ef77815c71ab6371f67733188d06a75adc83eefbc4ea31eeccd454405", kill_on_drop: false }`
[INFO] running `Command { std: "docker" "rm" "-f" "dbddfb0ef77815c71ab6371f67733188d06a75adc83eefbc4ea31eeccd454405", kill_on_drop: false }`
[INFO] [stdout] dbddfb0ef77815c71ab6371f67733188d06a75adc83eefbc4ea31eeccd454405
[INFO] running `Command { std: "docker" "create" "-v" "/var/lib/crater-agent-workspace/builds/worker-5-tc1/target:/opt/rustwide/target:rw,Z" "-v" "/var/lib/crater-agent-workspace/builds/worker-5-tc1/source:/opt/rustwide/workdir:ro,Z" "-v" "/var/lib/crater-agent-workspace/cargo-home:/opt/rustwide/cargo-home:ro,Z" "-v" "/var/lib/crater-agent-workspace/rustup-home:/opt/rustwide/rustup-home:ro,Z" "-e" "SOURCE_DIR=/opt/rustwide/workdir" "-e" "CARGO_TARGET_DIR=/opt/rustwide/target" "-e" "CARGO_INCREMENTAL=0" "-e" "RUST_BACKTRACE=full" "-e" "RUSTFLAGS=--cap-lints=warn" "-e" "RUSTDOCFLAGS=--cap-lints=warn" "-e" "CARGO_HOME=/opt/rustwide/cargo-home" "-e" "RUSTUP_HOME=/opt/rustwide/rustup-home" "-w" "/opt/rustwide/workdir" "-m" "1610612736" "--user" "0:0" "--network" "none" "ghcr.io/rust-lang/crates-build-env/linux@sha256:f3a9d4ad9d972b27faf3965f35b62e55ba32bbce8f20bc8fe909558a86702fde" "/opt/rustwide/cargo-home/bin/cargo" "+1.83.0" "test" "--frozen" "--no-run" "--message-format=json", kill_on_drop: false }`
[INFO] [stdout] 58371bbce9fa09af4f750c3d8b7d05cbab51125e492bf76ff212fda5b8d51691
[INFO] running `Command { std: "docker" "start" "-a" "58371bbce9fa09af4f750c3d8b7d05cbab51125e492bf76ff212fda5b8d51691", kill_on_drop: false }`
[INFO] [stderr]    Compiling rtop_dev v1.1.0 (/opt/rustwide/workdir)
[INFO] [stderr]     Finished `test` profile [unoptimized + debuginfo] target(s) in 0.42s
[INFO] running `Command { std: "docker" "inspect" "58371bbce9fa09af4f750c3d8b7d05cbab51125e492bf76ff212fda5b8d51691", kill_on_drop: false }`
[INFO] running `Command { std: "docker" "rm" "-f" "58371bbce9fa09af4f750c3d8b7d05cbab51125e492bf76ff212fda5b8d51691", kill_on_drop: false }`
[INFO] [stdout] 58371bbce9fa09af4f750c3d8b7d05cbab51125e492bf76ff212fda5b8d51691
[INFO] running `Command { std: "docker" "create" "-v" "/var/lib/crater-agent-workspace/builds/worker-5-tc1/target:/opt/rustwide/target:rw,Z" "-v" "/var/lib/crater-agent-workspace/builds/worker-5-tc1/source:/opt/rustwide/workdir:ro,Z" "-v" "/var/lib/crater-agent-workspace/cargo-home:/opt/rustwide/cargo-home:ro,Z" "-v" "/var/lib/crater-agent-workspace/rustup-home:/opt/rustwide/rustup-home:ro,Z" "-e" "SOURCE_DIR=/opt/rustwide/workdir" "-e" "CARGO_TARGET_DIR=/opt/rustwide/target" "-e" "CARGO_INCREMENTAL=0" "-e" "RUST_BACKTRACE=full" "-e" "RUSTFLAGS=--cap-lints=warn" "-e" "RUSTDOCFLAGS=--cap-lints=warn" "-e" "CARGO_HOME=/opt/rustwide/cargo-home" "-e" "RUSTUP_HOME=/opt/rustwide/rustup-home" "-w" "/opt/rustwide/workdir" "-m" "1610612736" "--user" "0:0" "--network" "none" "ghcr.io/rust-lang/crates-build-env/linux@sha256:f3a9d4ad9d972b27faf3965f35b62e55ba32bbce8f20bc8fe909558a86702fde" "/opt/rustwide/cargo-home/bin/cargo" "+1.83.0" "test" "--frozen", kill_on_drop: false }`
[INFO] [stdout] 872496ab4618e42b05f3bb56adc1c82cde2c631b364ec41463c06ff1b7215f14
[INFO] running `Command { std: "docker" "start" "-a" "872496ab4618e42b05f3bb56adc1c82cde2c631b364ec41463c06ff1b7215f14", kill_on_drop: false }`
[INFO] [stderr]     Finished `test` profile [unoptimized + debuginfo] target(s) in 0.02s
[INFO] [stderr]      Running unittests src/lib.rs (/opt/rustwide/target/debug/deps/rtop_dev-c8abb8702c597c46)
[INFO] [stderr]    Doc-tests rtop_dev
[INFO] [stdout] 
[INFO] [stdout] running 0 tests
[INFO] [stdout] 
[INFO] [stdout] test result: ok. 0 passed; 0 failed; 0 ignored; 0 measured; 0 filtered out; finished in 0.00s
[INFO] [stdout] 
[INFO] [stdout] 
[INFO] [stdout] running 5 tests
[INFO] [stdout] test src/lib.rs - (line 4) ... FAILED
[INFO] [stdout] test src/lib.rs - (line 28) ... FAILED
[INFO] [stdout] test src/components/bar.rs - components::bar (line 4) ... ok
[INFO] [stdout] test src/components/listview.rs - components::listview (line 4) ... ok
[INFO] [stdout] test src/components/chart.rs - components::chart (line 4) ... ok
[INFO] [stdout] 
[INFO] [stdout] failures:
[INFO] [stdout] 
[INFO] [stdout] ---- src/lib.rs - (line 4) stdout ----
[INFO] [stdout] error: expected one of `!`, `.`, `::`, `;`, `?`, `{`, `}`, or an operator, found `new`
[INFO] [stdout]  --> src/lib.rs:5:7
[INFO] [stdout]   |
[INFO] [stdout] 3 | cargo new --lib MyPlugin
[INFO] [stdout]   |       ^^^ expected one of 8 possible tokens
[INFO] [stdout] 
[INFO] [stdout] error: aborting due to 1 previous error
[INFO] [stdout] 
[INFO] [stdout] Couldn't compile the test.
[INFO] [stdout] ---- src/lib.rs - (line 28) stdout ----
[INFO] [stdout] error[E0433]: failed to resolve: could not find `plugin` in `rtop_dev`
[INFO] [stdout]  --> src/lib.rs:32:16
[INFO] [stdout]   |
[INFO] [stdout] 7 | impl rtop_dev::plugin::Plugin for FooWidget {
[INFO] [stdout]   |                ^^^^^^ could not find `plugin` in `rtop_dev`
[INFO] [stdout] 
[INFO] [stdout] error[E0433]: failed to resolve: could not find `plugin` in `rtop_dev`
[INFO] [stdout]   --> src/lib.rs:39:55
[INFO] [stdout]    |
[INFO] [stdout] 14 | pub extern "Rust" fn init_foo() -> (Box<dyn rtop_dev::plugin::Plugin>, bool) {
[INFO] [stdout]    |                                                       ^^^^^^ could not find `plugin` in `rtop_dev`
[INFO] [stdout] 
[INFO] [stdout] error: aborting due to 2 previous errors
[INFO] [stdout] 
[INFO] [stdout] For more information about this error, try `rustc --explain E0433`.
[INFO] [stdout] Couldn't compile the test.
[INFO] [stdout] 
[INFO] [stdout] failures:
[INFO] [stdout]     src/lib.rs - (line 28)
[INFO] [stdout]     src/lib.rs - (line 4)
[INFO] [stdout] 
[INFO] [stdout] test result: FAILED. 3 passed; 2 failed; 0 ignored; 0 measured; 0 filtered out; finished in 0.49s
[INFO] [stdout] 
[INFO] [stderr] error: doctest failed, to rerun pass `--doc`
[INFO] running `Command { std: "docker" "inspect" "872496ab4618e42b05f3bb56adc1c82cde2c631b364ec41463c06ff1b7215f14", kill_on_drop: false }`
[INFO] running `Command { std: "docker" "rm" "-f" "872496ab4618e42b05f3bb56adc1c82cde2c631b364ec41463c06ff1b7215f14", kill_on_drop: false }`
[INFO] [stdout] 872496ab4618e42b05f3bb56adc1c82cde2c631b364ec41463c06ff1b7215f14
