[INFO] cloning repository https://github.com/RomanHodulak/evm-state-cache-rs
[INFO] running `Command { std: "git" "-c" "credential.helper=" "-c" "credential.helper=/workspace/cargo-home/bin/git-credential-null" "clone" "--bare" "https://github.com/RomanHodulak/evm-state-cache-rs" "/workspace/cache/git-repos/https%3A%2F%2Fgithub.com%2FRomanHodulak%2Fevm-state-cache-rs", kill_on_drop: false }`
[INFO] [stderr] Cloning into bare repository '/workspace/cache/git-repos/https%3A%2F%2Fgithub.com%2FRomanHodulak%2Fevm-state-cache-rs'...
[INFO] running `Command { std: "git" "rev-parse" "HEAD", kill_on_drop: false }`
[INFO] [stdout] 5504b9a1df53c4b8b2007a7d0ce802e3fcc6087e
[INFO] testing RomanHodulak/evm-state-cache-rs against beta-2024-12-08 for beta-1.84.0-4-retry
[INFO] running `Command { std: "git" "clone" "/workspace/cache/git-repos/https%3A%2F%2Fgithub.com%2FRomanHodulak%2Fevm-state-cache-rs" "/workspace/builds/worker-2-tc2/source", kill_on_drop: false }`
[INFO] [stderr] Cloning into '/workspace/builds/worker-2-tc2/source'...
[INFO] [stderr] done.
[INFO] validating manifest of git repo https://github.com/RomanHodulak/evm-state-cache-rs on toolchain beta-2024-12-08
[INFO] running `Command { std: CARGO_HOME="/workspace/cargo-home" RUSTUP_HOME="/workspace/rustup-home" "/workspace/cargo-home/bin/cargo" "+beta-2024-12-08" "metadata" "--manifest-path" "Cargo.toml" "--no-deps", kill_on_drop: false }`
[INFO] started tweaking git repo https://github.com/RomanHodulak/evm-state-cache-rs
[INFO] finished tweaking git repo https://github.com/RomanHodulak/evm-state-cache-rs
[INFO] tweaked toml for git repo https://github.com/RomanHodulak/evm-state-cache-rs written to /workspace/builds/worker-2-tc2/source/Cargo.toml
[INFO] crate git repo https://github.com/RomanHodulak/evm-state-cache-rs already has a lockfile, it will not be regenerated
[INFO] running `Command { std: CARGO_HOME="/workspace/cargo-home" RUSTUP_HOME="/workspace/rustup-home" "/workspace/cargo-home/bin/cargo" "+beta-2024-12-08" "fetch" "--manifest-path" "Cargo.toml", kill_on_drop: false }`
[INFO] running `Command { std: "docker" "create" "-v" "/var/lib/crater-agent-workspace/builds/worker-2-tc2/target:/opt/rustwide/target:rw,Z" "-v" "/var/lib/crater-agent-workspace/builds/worker-2-tc2/source:/opt/rustwide/workdir:ro,Z" "-v" "/var/lib/crater-agent-workspace/cargo-home:/opt/rustwide/cargo-home:ro,Z" "-v" "/var/lib/crater-agent-workspace/rustup-home:/opt/rustwide/rustup-home:ro,Z" "-e" "SOURCE_DIR=/opt/rustwide/workdir" "-e" "CARGO_TARGET_DIR=/opt/rustwide/target" "-e" "CARGO_HOME=/opt/rustwide/cargo-home" "-e" "RUSTUP_HOME=/opt/rustwide/rustup-home" "-w" "/opt/rustwide/workdir" "-m" "1610612736" "--user" "0:0" "--network" "none" "ghcr.io/rust-lang/crates-build-env/linux@sha256:f3a9d4ad9d972b27faf3965f35b62e55ba32bbce8f20bc8fe909558a86702fde" "/opt/rustwide/cargo-home/bin/cargo" "+beta-2024-12-08" "metadata" "--no-deps" "--format-version=1", kill_on_drop: false }`
[INFO] [stdout] 2e7f7839516e27d99090a7e393119c1530acac2d1fe6841c44fdc7d093bebabe
[INFO] running `Command { std: "docker" "start" "-a" "2e7f7839516e27d99090a7e393119c1530acac2d1fe6841c44fdc7d093bebabe", kill_on_drop: false }`
[INFO] running `Command { std: "docker" "inspect" "2e7f7839516e27d99090a7e393119c1530acac2d1fe6841c44fdc7d093bebabe", kill_on_drop: false }`
[INFO] running `Command { std: "docker" "rm" "-f" "2e7f7839516e27d99090a7e393119c1530acac2d1fe6841c44fdc7d093bebabe", kill_on_drop: false }`
[INFO] [stdout] 2e7f7839516e27d99090a7e393119c1530acac2d1fe6841c44fdc7d093bebabe
[INFO] running `Command { std: "docker" "create" "-v" "/var/lib/crater-agent-workspace/builds/worker-2-tc2/target:/opt/rustwide/target:rw,Z" "-v" "/var/lib/crater-agent-workspace/builds/worker-2-tc2/source:/opt/rustwide/workdir:ro,Z" "-v" "/var/lib/crater-agent-workspace/cargo-home:/opt/rustwide/cargo-home:ro,Z" "-v" "/var/lib/crater-agent-workspace/rustup-home:/opt/rustwide/rustup-home:ro,Z" "-e" "SOURCE_DIR=/opt/rustwide/workdir" "-e" "CARGO_TARGET_DIR=/opt/rustwide/target" "-e" "CARGO_INCREMENTAL=0" "-e" "RUST_BACKTRACE=full" "-e" "RUSTFLAGS=--cap-lints=warn" "-e" "RUSTDOCFLAGS=--cap-lints=warn" "-e" "CARGO_HOME=/opt/rustwide/cargo-home" "-e" "RUSTUP_HOME=/opt/rustwide/rustup-home" "-w" "/opt/rustwide/workdir" "-m" "1610612736" "--user" "0:0" "--network" "none" "ghcr.io/rust-lang/crates-build-env/linux@sha256:f3a9d4ad9d972b27faf3965f35b62e55ba32bbce8f20bc8fe909558a86702fde" "/opt/rustwide/cargo-home/bin/cargo" "+beta-2024-12-08" "build" "--frozen" "--message-format=json", kill_on_drop: false }`
[INFO] [stdout] fe17fb67e004d51f6876c32e48cd376b8cea65cecc26c6130e437b73524eb0ce
[INFO] running `Command { std: "docker" "start" "-a" "fe17fb67e004d51f6876c32e48cd376b8cea65cecc26c6130e437b73524eb0ce", kill_on_drop: false }`
[INFO] [stderr]    Compiling libc v0.2.155
[INFO] [stderr]    Compiling proc-macro2 v1.0.84
[INFO] [stderr]    Compiling once_cell v1.19.0
[INFO] [stderr]    Compiling unicode-ident v1.0.12
[INFO] [stderr]    Compiling crossbeam-utils v0.8.20
[INFO] [stderr]    Compiling autocfg v1.3.0
[INFO] [stderr]    Compiling parking_lot_core v0.9.10
[INFO] [stderr]    Compiling ahash v0.8.11
[INFO] [stderr]    Compiling smallvec v1.13.2
[INFO] [stderr]    Compiling scopeguard v1.2.0
[INFO] [stderr]    Compiling zerocopy v0.7.34
[INFO] [stderr]    Compiling crunchy v0.2.2
[INFO] [stderr]    Compiling ppv-lite86 v0.2.17
[INFO] [stderr]    Compiling byteorder v1.5.0
[INFO] [stderr]    Compiling lock_api v0.4.12
[INFO] [stderr]    Compiling thiserror v1.0.61
[INFO] [stderr]    Compiling allocator-api2 v0.2.18
[INFO] [stderr]    Compiling quote v1.0.36
[INFO] [stderr]    Compiling bitflags v2.5.0
[INFO] [stderr]    Compiling hashbrown v0.14.5
[INFO] [stderr]    Compiling syn v2.0.66
[INFO] [stderr]    Compiling hex v0.4.3
[INFO] [stderr]    Compiling raw-cpuid v11.0.2
[INFO] [stderr]    Compiling getrandom v0.2.15
[INFO] [stderr]    Compiling moka v0.12.7
[INFO] [stderr]    Compiling rand_core v0.6.4
[INFO] [stderr]    Compiling rustc-hex v2.1.0
[INFO] [stderr]    Compiling uint v0.9.5
[INFO] [stderr]    Compiling uuid v1.8.0
[INFO] [stderr]    Compiling parking_lot v0.12.3
[INFO] [stderr]    Compiling rand_chacha v0.3.1
[INFO] [stderr]    Compiling crossbeam-channel v0.5.13
[INFO] [stderr]    Compiling crossbeam-epoch v0.9.18
[INFO] [stderr]    Compiling rand v0.8.5
[INFO] [stderr]    Compiling tagptr v0.2.0
[INFO] [stderr]    Compiling triomphe v0.1.12
[INFO] [stderr]    Compiling dashmap v5.5.3
[INFO] [stderr]    Compiling lru v0.12.3
[INFO] [stderr]    Compiling fixed-hash v0.8.0
[INFO] [stderr]    Compiling primitive-types v0.12.2
[INFO] [stderr]    Compiling quanta v0.12.3
[INFO] [stderr]    Compiling thiserror-impl v1.0.61
[INFO] [stderr]    Compiling evm-state-cache v0.1.0 (/opt/rustwide/workdir)
[INFO] [stderr]     Finished `dev` profile [unoptimized + debuginfo] target(s) in 20.02s
[INFO] running `Command { std: "docker" "inspect" "fe17fb67e004d51f6876c32e48cd376b8cea65cecc26c6130e437b73524eb0ce", kill_on_drop: false }`
[INFO] running `Command { std: "docker" "rm" "-f" "fe17fb67e004d51f6876c32e48cd376b8cea65cecc26c6130e437b73524eb0ce", kill_on_drop: false }`
[INFO] [stdout] fe17fb67e004d51f6876c32e48cd376b8cea65cecc26c6130e437b73524eb0ce
[INFO] running `Command { std: "docker" "create" "-v" "/var/lib/crater-agent-workspace/builds/worker-2-tc2/target:/opt/rustwide/target:rw,Z" "-v" "/var/lib/crater-agent-workspace/builds/worker-2-tc2/source:/opt/rustwide/workdir:ro,Z" "-v" "/var/lib/crater-agent-workspace/cargo-home:/opt/rustwide/cargo-home:ro,Z" "-v" "/var/lib/crater-agent-workspace/rustup-home:/opt/rustwide/rustup-home:ro,Z" "-e" "SOURCE_DIR=/opt/rustwide/workdir" "-e" "CARGO_TARGET_DIR=/opt/rustwide/target" "-e" "CARGO_INCREMENTAL=0" "-e" "RUST_BACKTRACE=full" "-e" "RUSTFLAGS=--cap-lints=warn" "-e" "RUSTDOCFLAGS=--cap-lints=warn" "-e" "CARGO_HOME=/opt/rustwide/cargo-home" "-e" "RUSTUP_HOME=/opt/rustwide/rustup-home" "-w" "/opt/rustwide/workdir" "-m" "1610612736" "--user" "0:0" "--network" "none" "ghcr.io/rust-lang/crates-build-env/linux@sha256:f3a9d4ad9d972b27faf3965f35b62e55ba32bbce8f20bc8fe909558a86702fde" "/opt/rustwide/cargo-home/bin/cargo" "+beta-2024-12-08" "test" "--frozen" "--no-run" "--message-format=json", kill_on_drop: false }`
[INFO] [stdout] d27f26e61471dcce536066c711e5e967fcbcd40764a6e4422132ee66d43dc20c
[INFO] running `Command { std: "docker" "start" "-a" "d27f26e61471dcce536066c711e5e967fcbcd40764a6e4422132ee66d43dc20c", kill_on_drop: false }`
[INFO] [stderr]    Compiling evm-state-cache v0.1.0 (/opt/rustwide/workdir)
[INFO] [stderr]     Finished `test` profile [unoptimized + debuginfo] target(s) in 2.66s
[INFO] running `Command { std: "docker" "inspect" "d27f26e61471dcce536066c711e5e967fcbcd40764a6e4422132ee66d43dc20c", kill_on_drop: false }`
[INFO] running `Command { std: "docker" "rm" "-f" "d27f26e61471dcce536066c711e5e967fcbcd40764a6e4422132ee66d43dc20c", kill_on_drop: false }`
[INFO] [stdout] d27f26e61471dcce536066c711e5e967fcbcd40764a6e4422132ee66d43dc20c
[INFO] running `Command { std: "docker" "create" "-v" "/var/lib/crater-agent-workspace/builds/worker-2-tc2/target:/opt/rustwide/target:rw,Z" "-v" "/var/lib/crater-agent-workspace/builds/worker-2-tc2/source:/opt/rustwide/workdir:ro,Z" "-v" "/var/lib/crater-agent-workspace/cargo-home:/opt/rustwide/cargo-home:ro,Z" "-v" "/var/lib/crater-agent-workspace/rustup-home:/opt/rustwide/rustup-home:ro,Z" "-e" "SOURCE_DIR=/opt/rustwide/workdir" "-e" "CARGO_TARGET_DIR=/opt/rustwide/target" "-e" "CARGO_INCREMENTAL=0" "-e" "RUST_BACKTRACE=full" "-e" "RUSTFLAGS=--cap-lints=warn" "-e" "RUSTDOCFLAGS=--cap-lints=warn" "-e" "CARGO_HOME=/opt/rustwide/cargo-home" "-e" "RUSTUP_HOME=/opt/rustwide/rustup-home" "-w" "/opt/rustwide/workdir" "-m" "1610612736" "--user" "0:0" "--network" "none" "ghcr.io/rust-lang/crates-build-env/linux@sha256:f3a9d4ad9d972b27faf3965f35b62e55ba32bbce8f20bc8fe909558a86702fde" "/opt/rustwide/cargo-home/bin/cargo" "+beta-2024-12-08" "test" "--frozen", kill_on_drop: false }`
[INFO] [stdout] 3d22af39f6ecf8550bd8dd28de2f7c1e7f6aabc84e8f92a1c6f183353319dd3c
[INFO] running `Command { std: "docker" "start" "-a" "3d22af39f6ecf8550bd8dd28de2f7c1e7f6aabc84e8f92a1c6f183353319dd3c", kill_on_drop: false }`
[INFO] [stderr]     Finished `test` profile [unoptimized + debuginfo] target(s) in 0.11s
[INFO] [stderr]      Running unittests src/lib.rs (/opt/rustwide/target/debug/deps/evm_state_cache-26f99888b66aaf4f)
[INFO] [stdout] 
[INFO] [stdout] running 8 tests
[INFO] [stdout] test evm_state::cached::tests::test_account_is_loaded_from_repository_when_cache_misses ... ok
[INFO] [stdout] test evm_state::concurrent_in_memory::tests::test_account_by_existent_address_from_repository_is_found ... ok
[INFO] [stdout] test evm_state::concurrent_in_memory::tests::test_account_by_non_existent_address_from_repository_is_not_found ... ok
[INFO] [stdout] test evm_state::in_memory::tests::test_account_by_existent_address_from_repository_is_found ... ok
[INFO] [stdout] test evm_state::in_memory::tests::test_account_by_non_existent_address_from_repository_is_not_found ... ok
[INFO] [stdout] test factory::tests::test_builder_creates_cache_with_desired_capacity_that_evicts_lru ... ok
[INFO] [stdout] test evm_state::cached::tests::test_account_is_primarily_taken_from_cache ... ok
[INFO] [stdout] test factory::tests::test_builder_creates_cache_with_desired_capacity_that_evicts_lfu ... ok
[INFO] [stdout] 
[INFO] [stdout] test result: ok. 8 passed; 0 failed; 0 ignored; 0 measured; 0 filtered out; finished in 0.01s
[INFO] [stdout] 
[INFO] [stderr]    Doc-tests evm_state_cache
[INFO] [stdout] 
[INFO] [stdout] running 2 tests
[INFO] [stdout] test src/lib.rs - (line 18) ... FAILED
[INFO] [stdout] test src/cache/concurrent.rs - cache::concurrent (line 4) ... ok
[INFO] [stdout] 
[INFO] [stdout] failures:
[INFO] [stdout] 
[INFO] [stdout] ---- src/lib.rs - (line 18) stdout ----
[INFO] [stdout] error[E0432]: unresolved import `revm`
[INFO] [stdout]  --> src/lib.rs:20:5
[INFO] [stdout]   |
[INFO] [stdout] 5 | use revm::InMemoryDB;
[INFO] [stdout]   |     ^^^^ use of undeclared crate or module `revm`
[INFO] [stdout] 
[INFO] [stdout] error[E0432]: unresolved import `evm_state_cache::RevmStateRepository`
[INFO] [stdout]  --> src/lib.rs:21:99
[INFO] [stdout]   |
[INFO] [stdout] 6 | use evm_state_cache::{CacheBuilder, CachedEvmStateRepository, EvictionPolicy, EvmStateRepository, RevmStateRepository};
[INFO] [stdout]   |                                                                                                   ^^^^^^^^^^^^^^^^^^^
[INFO] [stdout]   |                                                                                                   |
[INFO] [stdout]   |                                                                                                   no `RevmStateRepository` in the root
[INFO] [stdout]   |                                                                                                   help: a similar name exists in the module: `EvmStateRepository`
[INFO] [stdout] 
[INFO] [stdout] error: aborting due to 2 previous errors
[INFO] [stdout] 
[INFO] [stdout] For more information about this error, try `rustc --explain E0432`.
[INFO] [stdout] Couldn't compile the test.
[INFO] [stdout] 
[INFO] [stdout] failures:
[INFO] [stdout]     src/lib.rs - (line 18)
[INFO] [stdout] 
[INFO] [stdout] test result: FAILED. 1 passed; 1 failed; 0 ignored; 0 measured; 0 filtered out; finished in 1.80s
[INFO] [stdout] 
[INFO] [stderr] error: doctest failed, to rerun pass `--doc`
[INFO] running `Command { std: "docker" "inspect" "3d22af39f6ecf8550bd8dd28de2f7c1e7f6aabc84e8f92a1c6f183353319dd3c", kill_on_drop: false }`
[INFO] running `Command { std: "docker" "rm" "-f" "3d22af39f6ecf8550bd8dd28de2f7c1e7f6aabc84e8f92a1c6f183353319dd3c", kill_on_drop: false }`
[INFO] [stdout] 3d22af39f6ecf8550bd8dd28de2f7c1e7f6aabc84e8f92a1c6f183353319dd3c
