[INFO] cloning repository https://github.com/Robsutar/lyanne
[INFO] running `Command { std: "git" "-c" "credential.helper=" "-c" "credential.helper=/workspace/cargo-home/bin/git-credential-null" "clone" "--bare" "https://github.com/Robsutar/lyanne" "/workspace/cache/git-repos/https%3A%2F%2Fgithub.com%2FRobsutar%2Flyanne", kill_on_drop: false }`
[INFO] [stderr] Cloning into bare repository '/workspace/cache/git-repos/https%3A%2F%2Fgithub.com%2FRobsutar%2Flyanne'...
[INFO] running `Command { std: "git" "rev-parse" "HEAD", kill_on_drop: false }`
[INFO] [stdout] 23cdcbe1af28e680b6db0b363a384609e3ebb30c
[INFO] testing Robsutar/lyanne against beta-2024-12-08 for beta-1.84.0-4-retry
[INFO] running `Command { std: "git" "clone" "/workspace/cache/git-repos/https%3A%2F%2Fgithub.com%2FRobsutar%2Flyanne" "/workspace/builds/worker-2-tc2/source", kill_on_drop: false }`
[INFO] [stderr] Cloning into '/workspace/builds/worker-2-tc2/source'...
[INFO] [stderr] done.
[INFO] validating manifest of git repo https://github.com/Robsutar/lyanne on toolchain beta-2024-12-08
[INFO] running `Command { std: CARGO_HOME="/workspace/cargo-home" RUSTUP_HOME="/workspace/rustup-home" "/workspace/cargo-home/bin/cargo" "+beta-2024-12-08" "metadata" "--manifest-path" "Cargo.toml" "--no-deps", kill_on_drop: false }`
[INFO] started tweaking git repo https://github.com/Robsutar/lyanne
[INFO] finished tweaking git repo https://github.com/Robsutar/lyanne
[INFO] tweaked toml for git repo https://github.com/Robsutar/lyanne written to /workspace/builds/worker-2-tc2/source/Cargo.toml
[INFO] running `Command { std: CARGO_HOME="/workspace/cargo-home" RUSTUP_HOME="/workspace/rustup-home" "/workspace/cargo-home/bin/cargo" "+beta-2024-12-08" "generate-lockfile" "--manifest-path" "Cargo.toml", kill_on_drop: false }`
[INFO] [stderr]     Updating crates.io index
[INFO] [stderr]      Locking 428 packages to latest compatible versions
[INFO] [stderr]       Adding bevy v0.14.2 (available: v0.15.0)
[INFO] [stderr]       Adding bevy_ecs v0.14.2 (available: v0.15.0)
[INFO] [stderr]       Adding bevy_tasks v0.14.2 (available: v0.15.0)
[INFO] running `Command { std: CARGO_HOME="/workspace/cargo-home" RUSTUP_HOME="/workspace/rustup-home" "/workspace/cargo-home/bin/cargo" "+beta-2024-12-08" "fetch" "--manifest-path" "Cargo.toml", kill_on_drop: false }`
[INFO] running `Command { std: "docker" "create" "-v" "/var/lib/crater-agent-workspace/builds/worker-2-tc2/target:/opt/rustwide/target:rw,Z" "-v" "/var/lib/crater-agent-workspace/builds/worker-2-tc2/source:/opt/rustwide/workdir:ro,Z" "-v" "/var/lib/crater-agent-workspace/cargo-home:/opt/rustwide/cargo-home:ro,Z" "-v" "/var/lib/crater-agent-workspace/rustup-home:/opt/rustwide/rustup-home:ro,Z" "-e" "SOURCE_DIR=/opt/rustwide/workdir" "-e" "CARGO_TARGET_DIR=/opt/rustwide/target" "-e" "CARGO_HOME=/opt/rustwide/cargo-home" "-e" "RUSTUP_HOME=/opt/rustwide/rustup-home" "-w" "/opt/rustwide/workdir" "-m" "1610612736" "--user" "0:0" "--network" "none" "ghcr.io/rust-lang/crates-build-env/linux@sha256:f3a9d4ad9d972b27faf3965f35b62e55ba32bbce8f20bc8fe909558a86702fde" "/opt/rustwide/cargo-home/bin/cargo" "+beta-2024-12-08" "metadata" "--no-deps" "--format-version=1", kill_on_drop: false }`
[INFO] [stdout] 6a464af6b269ac7686cd91e3dcf6d8b30179a018a2663b743842824a5797913e
[INFO] running `Command { std: "docker" "start" "-a" "6a464af6b269ac7686cd91e3dcf6d8b30179a018a2663b743842824a5797913e", kill_on_drop: false }`
[INFO] running `Command { std: "docker" "inspect" "6a464af6b269ac7686cd91e3dcf6d8b30179a018a2663b743842824a5797913e", kill_on_drop: false }`
[INFO] running `Command { std: "docker" "rm" "-f" "6a464af6b269ac7686cd91e3dcf6d8b30179a018a2663b743842824a5797913e", kill_on_drop: false }`
[INFO] [stdout] 6a464af6b269ac7686cd91e3dcf6d8b30179a018a2663b743842824a5797913e
[INFO] running `Command { std: "docker" "create" "-v" "/var/lib/crater-agent-workspace/builds/worker-2-tc2/target:/opt/rustwide/target:rw,Z" "-v" "/var/lib/crater-agent-workspace/builds/worker-2-tc2/source:/opt/rustwide/workdir:ro,Z" "-v" "/var/lib/crater-agent-workspace/cargo-home:/opt/rustwide/cargo-home:ro,Z" "-v" "/var/lib/crater-agent-workspace/rustup-home:/opt/rustwide/rustup-home:ro,Z" "-e" "SOURCE_DIR=/opt/rustwide/workdir" "-e" "CARGO_TARGET_DIR=/opt/rustwide/target" "-e" "CARGO_INCREMENTAL=0" "-e" "RUST_BACKTRACE=full" "-e" "RUSTFLAGS=--cap-lints=warn" "-e" "RUSTDOCFLAGS=--cap-lints=warn" "-e" "CARGO_HOME=/opt/rustwide/cargo-home" "-e" "RUSTUP_HOME=/opt/rustwide/rustup-home" "-w" "/opt/rustwide/workdir" "-m" "1610612736" "--user" "0:0" "--network" "none" "ghcr.io/rust-lang/crates-build-env/linux@sha256:f3a9d4ad9d972b27faf3965f35b62e55ba32bbce8f20bc8fe909558a86702fde" "/opt/rustwide/cargo-home/bin/cargo" "+beta-2024-12-08" "build" "--frozen" "--message-format=json", kill_on_drop: false }`
[INFO] [stdout] bace58dac1976a8ede646d0dea9b8926ef2bc988831a1452db3b83f4a2fcccd4
[INFO] running `Command { std: "docker" "start" "-a" "bace58dac1976a8ede646d0dea9b8926ef2bc988831a1452db3b83f4a2fcccd4", kill_on_drop: false }`
[INFO] [stderr]    Compiling unicode-ident v1.0.14
[INFO] [stderr]    Compiling libc v0.2.168
[INFO] [stderr]    Compiling semver v1.0.24
[INFO] [stderr]    Compiling byteorder v1.5.0
[INFO] [stderr]    Compiling autocfg v1.4.0
[INFO] [stderr]    Compiling pin-project-lite v0.2.15
[INFO] [stderr]    Compiling smallvec v1.13.2
[INFO] [stderr]    Compiling cpufeatures v0.2.16
[INFO] [stderr]    Compiling subtle v2.6.1
[INFO] [stderr]    Compiling futures-core v0.3.31
[INFO] [stderr]    Compiling hashbrown v0.14.5
[INFO] [stderr]    Compiling concurrent-queue v2.5.0
[INFO] [stderr]    Compiling proc-macro2 v1.0.92
[INFO] [stderr]    Compiling event-listener v5.3.1
[INFO] [stderr]    Compiling lock_api v0.4.12
[INFO] [stderr]    Compiling event-listener-strategy v0.5.3
[INFO] [stderr]    Compiling async-channel v2.3.1
[INFO] [stderr]    Compiling quote v1.0.37
[INFO] [stderr]    Compiling rustc_version v0.4.1
[INFO] [stderr]    Compiling syn v2.0.90
[INFO] [stderr]    Compiling curve25519-dalek v4.1.3
[INFO] [stderr]    Compiling getrandom v0.2.15
[INFO] [stderr]    Compiling parking_lot_core v0.9.10
[INFO] [stderr]    Compiling rand_core v0.6.4
[INFO] [stderr]    Compiling dashmap v6.1.0
[INFO] [stderr]    Compiling zerocopy-derive v0.7.35
[INFO] [stderr]    Compiling zeroize_derive v1.4.2
[INFO] [stderr]    Compiling curve25519-dalek-derive v0.1.1
[INFO] [stderr]    Compiling zeroize v1.8.1
[INFO] [stderr]    Compiling zerocopy v0.7.35
[INFO] [stderr]    Compiling ppv-lite86 v0.2.20
[INFO] [stderr]    Compiling rand_chacha v0.3.1
[INFO] [stderr]    Compiling x25519-dalek v2.0.1
[INFO] [stderr]    Compiling rand v0.8.5
[INFO] [stderr]    Compiling lyanne v0.6.2 (/opt/rustwide/workdir)
[INFO] [stderr]     Finished `dev` profile [unoptimized + debuginfo] target(s) in 8.42s
[INFO] running `Command { std: "docker" "inspect" "bace58dac1976a8ede646d0dea9b8926ef2bc988831a1452db3b83f4a2fcccd4", kill_on_drop: false }`
[INFO] running `Command { std: "docker" "rm" "-f" "bace58dac1976a8ede646d0dea9b8926ef2bc988831a1452db3b83f4a2fcccd4", kill_on_drop: false }`
[INFO] [stdout] bace58dac1976a8ede646d0dea9b8926ef2bc988831a1452db3b83f4a2fcccd4
[INFO] running `Command { std: "docker" "create" "-v" "/var/lib/crater-agent-workspace/builds/worker-2-tc2/target:/opt/rustwide/target:rw,Z" "-v" "/var/lib/crater-agent-workspace/builds/worker-2-tc2/source:/opt/rustwide/workdir:ro,Z" "-v" "/var/lib/crater-agent-workspace/cargo-home:/opt/rustwide/cargo-home:ro,Z" "-v" "/var/lib/crater-agent-workspace/rustup-home:/opt/rustwide/rustup-home:ro,Z" "-e" "SOURCE_DIR=/opt/rustwide/workdir" "-e" "CARGO_TARGET_DIR=/opt/rustwide/target" "-e" "CARGO_INCREMENTAL=0" "-e" "RUST_BACKTRACE=full" "-e" "RUSTFLAGS=--cap-lints=warn" "-e" "RUSTDOCFLAGS=--cap-lints=warn" "-e" "CARGO_HOME=/opt/rustwide/cargo-home" "-e" "RUSTUP_HOME=/opt/rustwide/rustup-home" "-w" "/opt/rustwide/workdir" "-m" "1610612736" "--user" "0:0" "--network" "none" "ghcr.io/rust-lang/crates-build-env/linux@sha256:f3a9d4ad9d972b27faf3965f35b62e55ba32bbce8f20bc8fe909558a86702fde" "/opt/rustwide/cargo-home/bin/cargo" "+beta-2024-12-08" "test" "--frozen" "--no-run" "--message-format=json", kill_on_drop: false }`
[INFO] [stdout] e6dc6c70082b7bcfc0aa1b9e2cfe7a1e693f47bc87aac2999e4c15c5de40406f
[INFO] running `Command { std: "docker" "start" "-a" "e6dc6c70082b7bcfc0aa1b9e2cfe7a1e693f47bc87aac2999e4c15c5de40406f", kill_on_drop: false }`
[INFO] [stderr]    Compiling lyanne v0.6.2 (/opt/rustwide/workdir)
[INFO] [stderr]     Finished `test` profile [unoptimized + debuginfo] target(s) in 0.78s
[INFO] running `Command { std: "docker" "inspect" "e6dc6c70082b7bcfc0aa1b9e2cfe7a1e693f47bc87aac2999e4c15c5de40406f", kill_on_drop: false }`
[INFO] running `Command { std: "docker" "rm" "-f" "e6dc6c70082b7bcfc0aa1b9e2cfe7a1e693f47bc87aac2999e4c15c5de40406f", kill_on_drop: false }`
[INFO] [stdout] e6dc6c70082b7bcfc0aa1b9e2cfe7a1e693f47bc87aac2999e4c15c5de40406f
[INFO] running `Command { std: "docker" "create" "-v" "/var/lib/crater-agent-workspace/builds/worker-2-tc2/target:/opt/rustwide/target:rw,Z" "-v" "/var/lib/crater-agent-workspace/builds/worker-2-tc2/source:/opt/rustwide/workdir:ro,Z" "-v" "/var/lib/crater-agent-workspace/cargo-home:/opt/rustwide/cargo-home:ro,Z" "-v" "/var/lib/crater-agent-workspace/rustup-home:/opt/rustwide/rustup-home:ro,Z" "-e" "SOURCE_DIR=/opt/rustwide/workdir" "-e" "CARGO_TARGET_DIR=/opt/rustwide/target" "-e" "CARGO_INCREMENTAL=0" "-e" "RUST_BACKTRACE=full" "-e" "RUSTFLAGS=--cap-lints=warn" "-e" "RUSTDOCFLAGS=--cap-lints=warn" "-e" "CARGO_HOME=/opt/rustwide/cargo-home" "-e" "RUSTUP_HOME=/opt/rustwide/rustup-home" "-w" "/opt/rustwide/workdir" "-m" "1610612736" "--user" "0:0" "--network" "none" "ghcr.io/rust-lang/crates-build-env/linux@sha256:f3a9d4ad9d972b27faf3965f35b62e55ba32bbce8f20bc8fe909558a86702fde" "/opt/rustwide/cargo-home/bin/cargo" "+beta-2024-12-08" "test" "--frozen", kill_on_drop: false }`
[INFO] [stdout] 894f9427f5703899292b8d47ed96b9fbf4b5238964570a3d9b86585212b43f97
[INFO] running `Command { std: "docker" "start" "-a" "894f9427f5703899292b8d47ed96b9fbf4b5238964570a3d9b86585212b43f97", kill_on_drop: false }`
[INFO] [stderr]     Finished `test` profile [unoptimized + debuginfo] target(s) in 0.20s
[INFO] [stderr]      Running unittests src/lib.rs (/opt/rustwide/target/debug/deps/lyanne-8a5217eee35545f4)
[INFO] [stdout] 
[INFO] [stdout] running 2 tests
[INFO] [stdout] test tests::assert_nonce_and_public_key_size ... ok
[INFO] [stdout] test internal::utils::tests::test_push_replaces_oldest_duration ... ok
[INFO] [stdout] 
[INFO] [stdout] test result: ok. 2 passed; 0 failed; 0 ignored; 0 measured; 0 filtered out; finished in 0.00s
[INFO] [stdout] 
[INFO] [stderr]    Doc-tests lyanne
[INFO] [stdout] 
[INFO] [stdout] running 7 tests
[INFO] [stdout] test src/packets.rs - packets::add_essential_packets (line 34) - compile ... ok
[INFO] [stdout] test src/packets.rs - packets::PacketRegistry (line 146) - compile ... FAILED
[INFO] [stdout] test src/packets.rs - packets::Packet::deserialize_packet (line 93) - compile ... ok
[INFO] [stdout] test src/packets.rs - packets::PacketRegistry::empty (line 188) - compile ... ok
[INFO] [stdout] test src/lib.rs - (line 50) - compile ... FAILED
[INFO] [stdout] test src/packets.rs - packets::PacketRegistry::add (line 213) - compile ... FAILED
[INFO] [stdout] test src/packets.rs - packets::Packet::serialize_packet (line 67) - compile ... ok
[INFO] [stdout] 
[INFO] [stdout] failures:
[INFO] [stdout] 
[INFO] [stdout] ---- src/packets.rs - packets::PacketRegistry (line 146) stdout ----
[INFO] [stdout] error[E0432]: unresolved import `serde`
[INFO] [stdout]  --> src/packets.rs:149:5
[INFO] [stdout]   |
[INFO] [stdout] 6 | use serde::{Deserialize, Serialize};
[INFO] [stdout]   |     ^^^^^ use of undeclared crate or module `serde`
[INFO] [stdout] 
[INFO] [stdout] error: cannot find derive macro `Packet` in this scope
[INFO] [stdout]   --> src/packets.rs:156:10
[INFO] [stdout]    |
[INFO] [stdout] 13 | #[derive(Packet, Deserialize, Serialize, Debug)]
[INFO] [stdout]    |          ^^^^^^
[INFO] [stdout]    |
[INFO] [stdout] note: `Packet` is imported here, but it is only a trait, without a derive macro
[INFO] [stdout]   --> src/packets.rs:148:23
[INFO] [stdout]    |
[INFO] [stdout] 5  | use lyanne::packets::{Packet, PacketRegistry};
[INFO] [stdout]    |                       ^^^^^^
[INFO] [stdout] 
[INFO] [stdout] error: cannot find derive macro `Packet` in this scope
[INFO] [stdout]  --> src/packets.rs:152:10
[INFO] [stdout]   |
[INFO] [stdout] 9 | #[derive(Packet, Deserialize, Serialize, Debug)]
[INFO] [stdout]   |          ^^^^^^
[INFO] [stdout]   |
[INFO] [stdout] note: `Packet` is imported here, but it is only a trait, without a derive macro
[INFO] [stdout]  --> src/packets.rs:148:23
[INFO] [stdout]   |
[INFO] [stdout] 5 | use lyanne::packets::{Packet, PacketRegistry};
[INFO] [stdout]   |                       ^^^^^^
[INFO] [stdout] 
[INFO] [stdout] error[E0277]: the trait bound `HelloPacket: Packet` is not satisfied
[INFO] [stdout]    --> src/packets.rs:165:23
[INFO] [stdout]     |
[INFO] [stdout] 22  | packet_registry.add::<HelloPacket>();
[INFO] [stdout]     |                 ---   ^^^^^^^^^^^ the trait `Packet` is not implemented for `HelloPacket`
[INFO] [stdout]     |                 |
[INFO] [stdout]     |                 required by a bound introduced by this call
[INFO] [stdout]     |
[INFO] [stdout]     = help: the following other types implement trait `Packet`:
[INFO] [stdout]               ClientTickEndPacket
[INFO] [stdout]               EmptyPacket
[INFO] [stdout]               ServerTickEndPacket
[INFO] [stdout] note: required by a bound in `PacketRegistry::add`
[INFO] [stdout]    --> /opt/rustwide/workdir/src/packets.rs:225:19
[INFO] [stdout]     |
[INFO] [stdout] 225 |     pub fn add<P: Packet>(&mut self) -> PacketId {
[INFO] [stdout]     |                   ^^^^^^ required by this bound in `PacketRegistry::add`
[INFO] [stdout] 
[INFO] [stdout] error[E0277]: the trait bound `MessagePacket: Packet` is not satisfied
[INFO] [stdout]    --> src/packets.rs:166:23
[INFO] [stdout]     |
[INFO] [stdout] 23  | packet_registry.add::<MessagePacket>();
[INFO] [stdout]     |                 ---   ^^^^^^^^^^^^^ the trait `Packet` is not implemented for `MessagePacket`
[INFO] [stdout]     |                 |
[INFO] [stdout]     |                 required by a bound introduced by this call
[INFO] [stdout]     |
[INFO] [stdout]     = help: the following other types implement trait `Packet`:
[INFO] [stdout]               ClientTickEndPacket
[INFO] [stdout]               EmptyPacket
[INFO] [stdout]               ServerTickEndPacket
[INFO] [stdout] note: required by a bound in `PacketRegistry::add`
[INFO] [stdout]    --> /opt/rustwide/workdir/src/packets.rs:225:19
[INFO] [stdout]     |
[INFO] [stdout] 225 |     pub fn add<P: Packet>(&mut self) -> PacketId {
[INFO] [stdout]     |                   ^^^^^^ required by this bound in `PacketRegistry::add`
[INFO] [stdout] 
[INFO] [stdout] error: aborting due to 5 previous errors
[INFO] [stdout] 
[INFO] [stdout] Some errors have detailed explanations: E0277, E0432.
[INFO] [stdout] For more information about an error, try `rustc --explain E0277`.
[INFO] [stdout] Couldn't compile the test.
[INFO] [stdout] ---- src/lib.rs - (line 50) stdout ----
[INFO] [stdout] error[E0432]: unresolved import `serde`
[INFO] [stdout]  --> src/lib.rs:53:5
[INFO] [stdout]   |
[INFO] [stdout] 6 | use serde::{Deserialize, Serialize};
[INFO] [stdout]   |     ^^^^^ use of undeclared crate or module `serde`
[INFO] [stdout] 
[INFO] [stdout] error: cannot find derive macro `Packet` in this scope
[INFO] [stdout]   --> src/lib.rs:60:10
[INFO] [stdout]    |
[INFO] [stdout] 13 | #[derive(Packet, Deserialize, Serialize, Debug)]
[INFO] [stdout]    |          ^^^^^^
[INFO] [stdout]    |
[INFO] [stdout] note: `Packet` is imported here, but it is only a trait, without a derive macro
[INFO] [stdout]   --> src/lib.rs:52:5
[INFO] [stdout]    |
[INFO] [stdout] 5  | use lyanne::packets::Packet;
[INFO] [stdout]    |     ^^^^^^^^^^^^^^^^^^^^^^^
[INFO] [stdout] 
[INFO] [stdout] error: cannot find derive macro `Packet` in this scope
[INFO] [stdout]  --> src/lib.rs:55:10
[INFO] [stdout]   |
[INFO] [stdout] 8 | #[derive(Packet, Deserialize, Serialize, Debug)]
[INFO] [stdout]   |          ^^^^^^
[INFO] [stdout]   |
[INFO] [stdout] note: `Packet` is imported here, but it is only a trait, without a derive macro
[INFO] [stdout]  --> src/lib.rs:52:5
[INFO] [stdout]   |
[INFO] [stdout] 5 | use lyanne::packets::Packet;
[INFO] [stdout]   |     ^^^^^^^^^^^^^^^^^^^^^^^
[INFO] [stdout] 
[INFO] [stdout] error: aborting due to 3 previous errors
[INFO] [stdout] 
[INFO] [stdout] For more information about this error, try `rustc --explain E0432`.
[INFO] [stdout] Couldn't compile the test.
[INFO] [stdout] ---- src/packets.rs - packets::PacketRegistry::add (line 213) stdout ----
[INFO] [stdout] error[E0432]: unresolved import `serde`
[INFO] [stdout]  --> src/packets.rs:216:5
[INFO] [stdout]   |
[INFO] [stdout] 6 | use serde::{Deserialize, Serialize};
[INFO] [stdout]   |     ^^^^^ use of undeclared crate or module `serde`
[INFO] [stdout] 
[INFO] [stdout] error: cannot find derive macro `Packet` in this scope
[INFO] [stdout]  --> src/packets.rs:218:10
[INFO] [stdout]   |
[INFO] [stdout] 8 | #[derive(Packet, Deserialize, Serialize, Debug)]
[INFO] [stdout]   |          ^^^^^^
[INFO] [stdout]   |
[INFO] [stdout] note: `Packet` is imported here, but it is only a trait, without a derive macro
[INFO] [stdout]  --> src/packets.rs:215:23
[INFO] [stdout]   |
[INFO] [stdout] 5 | use lyanne::packets::{Packet, PacketRegistry};
[INFO] [stdout]   |                       ^^^^^^
[INFO] [stdout] 
[INFO] [stdout] error[E0277]: the trait bound `HelloPacket: Packet` is not satisfied
[INFO] [stdout]    --> src/packets.rs:224:23
[INFO] [stdout]     |
[INFO] [stdout] 14  | packet_registry.add::<HelloPacket>();
[INFO] [stdout]     |                 ---   ^^^^^^^^^^^ the trait `Packet` is not implemented for `HelloPacket`
[INFO] [stdout]     |                 |
[INFO] [stdout]     |                 required by a bound introduced by this call
[INFO] [stdout]     |
[INFO] [stdout]     = help: the following other types implement trait `Packet`:
[INFO] [stdout]               ClientTickEndPacket
[INFO] [stdout]               EmptyPacket
[INFO] [stdout]               ServerTickEndPacket
[INFO] [stdout] note: required by a bound in `PacketRegistry::add`
[INFO] [stdout]    --> /opt/rustwide/workdir/src/packets.rs:225:19
[INFO] [stdout]     |
[INFO] [stdout] 225 |     pub fn add<P: Packet>(&mut self) -> PacketId {
[INFO] [stdout]     |                   ^^^^^^ required by this bound in `PacketRegistry::add`
[INFO] [stdout] 
[INFO] [stdout] error: aborting due to 3 previous errors
[INFO] [stdout] 
[INFO] [stdout] Some errors have detailed explanations: E0277, E0432.
[INFO] [stdout] For more information about an error, try `rustc --explain E0277`.
[INFO] [stdout] Couldn't compile the test.
[INFO] [stdout] 
[INFO] [stdout] failures:
[INFO] [stdout]     src/lib.rs - (line 50)
[INFO] [stdout]     src/packets.rs - packets::PacketRegistry (line 146)
[INFO] [stdout]     src/packets.rs - packets::PacketRegistry::add (line 213)
[INFO] [stdout] 
[INFO] [stdout] test result: FAILED. 4 passed; 3 failed; 0 ignored; 0 measured; 0 filtered out; finished in 0.19s
[INFO] [stdout] 
[INFO] [stderr] error: doctest failed, to rerun pass `--doc`
[INFO] running `Command { std: "docker" "inspect" "894f9427f5703899292b8d47ed96b9fbf4b5238964570a3d9b86585212b43f97", kill_on_drop: false }`
[INFO] running `Command { std: "docker" "rm" "-f" "894f9427f5703899292b8d47ed96b9fbf4b5238964570a3d9b86585212b43f97", kill_on_drop: false }`
[INFO] [stdout] 894f9427f5703899292b8d47ed96b9fbf4b5238964570a3d9b86585212b43f97
