[INFO] cloning repository https://github.com/Robert-M-Lucas/whython-7
[INFO] running `Command { std: "git" "-c" "credential.helper=" "-c" "credential.helper=/workspace/cargo-home/bin/git-credential-null" "clone" "--bare" "https://github.com/Robert-M-Lucas/whython-7" "/workspace/cache/git-repos/https%3A%2F%2Fgithub.com%2FRobert-M-Lucas%2Fwhython-7", kill_on_drop: false }`
[INFO] [stderr] Cloning into bare repository '/workspace/cache/git-repos/https%3A%2F%2Fgithub.com%2FRobert-M-Lucas%2Fwhython-7'...
[INFO] running `Command { std: "git" "rev-parse" "HEAD", kill_on_drop: false }`
[INFO] [stdout] b0c9ef997c0efe344b048b3e44345a2f1bb2a815
[INFO] testing Robert-M-Lucas/whython-7 against beta-2024-12-08 for beta-1.84.0-4-retry
[INFO] running `Command { std: "git" "clone" "/workspace/cache/git-repos/https%3A%2F%2Fgithub.com%2FRobert-M-Lucas%2Fwhython-7" "/workspace/builds/worker-5-tc2/source", kill_on_drop: false }`
[INFO] [stderr] Cloning into '/workspace/builds/worker-5-tc2/source'...
[INFO] [stderr] done.
[INFO] validating manifest of git repo https://github.com/Robert-M-Lucas/whython-7 on toolchain beta-2024-12-08
[INFO] running `Command { std: CARGO_HOME="/workspace/cargo-home" RUSTUP_HOME="/workspace/rustup-home" "/workspace/cargo-home/bin/cargo" "+beta-2024-12-08" "metadata" "--manifest-path" "Cargo.toml" "--no-deps", kill_on_drop: false }`
[INFO] removed /workspace/builds/worker-5-tc2/source/.cargo/config.toml
[INFO] started tweaking git repo https://github.com/Robert-M-Lucas/whython-7
[INFO] finished tweaking git repo https://github.com/Robert-M-Lucas/whython-7
[INFO] tweaked toml for git repo https://github.com/Robert-M-Lucas/whython-7 written to /workspace/builds/worker-5-tc2/source/Cargo.toml
[INFO] crate git repo https://github.com/Robert-M-Lucas/whython-7 already has a lockfile, it will not be regenerated
[INFO] running `Command { std: CARGO_HOME="/workspace/cargo-home" RUSTUP_HOME="/workspace/rustup-home" "/workspace/cargo-home/bin/cargo" "+beta-2024-12-08" "fetch" "--manifest-path" "Cargo.toml", kill_on_drop: false }`
[INFO] running `Command { std: "docker" "create" "-v" "/var/lib/crater-agent-workspace/builds/worker-5-tc2/target:/opt/rustwide/target:rw,Z" "-v" "/var/lib/crater-agent-workspace/builds/worker-5-tc2/source:/opt/rustwide/workdir:ro,Z" "-v" "/var/lib/crater-agent-workspace/cargo-home:/opt/rustwide/cargo-home:ro,Z" "-v" "/var/lib/crater-agent-workspace/rustup-home:/opt/rustwide/rustup-home:ro,Z" "-e" "SOURCE_DIR=/opt/rustwide/workdir" "-e" "CARGO_TARGET_DIR=/opt/rustwide/target" "-e" "CARGO_HOME=/opt/rustwide/cargo-home" "-e" "RUSTUP_HOME=/opt/rustwide/rustup-home" "-w" "/opt/rustwide/workdir" "-m" "1610612736" "--user" "0:0" "--network" "none" "ghcr.io/rust-lang/crates-build-env/linux@sha256:f3a9d4ad9d972b27faf3965f35b62e55ba32bbce8f20bc8fe909558a86702fde" "/opt/rustwide/cargo-home/bin/cargo" "+beta-2024-12-08" "metadata" "--no-deps" "--format-version=1", kill_on_drop: false }`
[INFO] [stdout] 75e423bdb268c085356a23ddbcbdd7597f6fac1802b65379aa27fc80a4d924bb
[INFO] running `Command { std: "docker" "start" "-a" "75e423bdb268c085356a23ddbcbdd7597f6fac1802b65379aa27fc80a4d924bb", kill_on_drop: false }`
[INFO] running `Command { std: "docker" "inspect" "75e423bdb268c085356a23ddbcbdd7597f6fac1802b65379aa27fc80a4d924bb", kill_on_drop: false }`
[INFO] running `Command { std: "docker" "rm" "-f" "75e423bdb268c085356a23ddbcbdd7597f6fac1802b65379aa27fc80a4d924bb", kill_on_drop: false }`
[INFO] [stdout] 75e423bdb268c085356a23ddbcbdd7597f6fac1802b65379aa27fc80a4d924bb
[INFO] running `Command { std: "docker" "create" "-v" "/var/lib/crater-agent-workspace/builds/worker-5-tc2/target:/opt/rustwide/target:rw,Z" "-v" "/var/lib/crater-agent-workspace/builds/worker-5-tc2/source:/opt/rustwide/workdir:ro,Z" "-v" "/var/lib/crater-agent-workspace/cargo-home:/opt/rustwide/cargo-home:ro,Z" "-v" "/var/lib/crater-agent-workspace/rustup-home:/opt/rustwide/rustup-home:ro,Z" "-e" "SOURCE_DIR=/opt/rustwide/workdir" "-e" "CARGO_TARGET_DIR=/opt/rustwide/target" "-e" "CARGO_INCREMENTAL=0" "-e" "RUST_BACKTRACE=full" "-e" "RUSTFLAGS=--cap-lints=warn" "-e" "RUSTDOCFLAGS=--cap-lints=warn" "-e" "CARGO_HOME=/opt/rustwide/cargo-home" "-e" "RUSTUP_HOME=/opt/rustwide/rustup-home" "-w" "/opt/rustwide/workdir" "-m" "1610612736" "--user" "0:0" "--network" "none" "ghcr.io/rust-lang/crates-build-env/linux@sha256:f3a9d4ad9d972b27faf3965f35b62e55ba32bbce8f20bc8fe909558a86702fde" "/opt/rustwide/cargo-home/bin/cargo" "+beta-2024-12-08" "build" "--frozen" "--message-format=json", kill_on_drop: false }`
[INFO] [stdout] 998fb2463fc5c56ac12e67ab99280ae5828e761fe09d0d11edbb489bb98f8166
[INFO] running `Command { std: "docker" "start" "-a" "998fb2463fc5c56ac12e67ab99280ae5828e761fe09d0d11edbb489bb98f8166", kill_on_drop: false }`
[INFO] [stderr]    Compiling proc-macro2 v1.0.79
[INFO] [stderr]    Compiling unicode-ident v1.0.12
[INFO] [stderr]    Compiling libc v0.2.153
[INFO] [stderr]    Compiling utf8parse v0.2.1
[INFO] [stderr]    Compiling colorchoice v1.0.0
[INFO] [stderr]    Compiling anstyle v1.0.6
[INFO] [stderr]    Compiling rustversion v1.0.14
[INFO] [stderr]    Compiling anstyle-query v1.0.2
[INFO] [stderr]    Compiling strsim v0.11.0
[INFO] [stderr]    Compiling thiserror v1.0.58
[INFO] [stderr]    Compiling heck v0.5.0
[INFO] [stderr]    Compiling clap_lex v0.7.0
[INFO] [stderr]    Compiling heck v0.4.1
[INFO] [stderr]    Compiling either v1.10.0
[INFO] [stderr]    Compiling same-file v1.0.6
[INFO] [stderr]    Compiling strum v0.26.2
[INFO] [stderr]    Compiling b-box v0.1.0
[INFO] [stderr]    Compiling lazy_static v1.4.0
[INFO] [stderr]    Compiling anstyle-parse v0.2.3
[INFO] [stderr]    Compiling walkdir v2.5.0
[INFO] [stderr]    Compiling itertools v0.12.1
[INFO] [stderr]    Compiling anstream v0.6.13
[INFO] [stderr]    Compiling clap_builder v4.5.2
[INFO] [stderr]    Compiling quote v1.0.35
[INFO] [stderr]    Compiling fs2 v0.4.3
[INFO] [stderr]    Compiling syn v2.0.53
[INFO] [stderr]    Compiling unique-type-id-derive v1.3.0
[INFO] [stderr]    Compiling clap_derive v4.5.3
[INFO] [stderr]    Compiling thiserror-impl v1.0.58
[INFO] [stderr]    Compiling strum_macros v0.26.2
[INFO] [stderr]    Compiling unique-type-id v1.3.0
[INFO] [stderr]    Compiling clap v4.5.3
[INFO] [stderr]    Compiling whython-7 v0.1.0 (/opt/rustwide/workdir)
[INFO] [stdout] warning: field `0` is never read
[INFO] [stdout]   --> src/root/basic_ast/symbol.rs:30:28
[INFO] [stdout]    |
[INFO] [stdout] 30 |     SquareBracketedSection(Vec<(BasicSymbol, LineInfo)>),
[INFO] [stdout]    |     ---------------------- ^^^^^^^^^^^^^^^^^^^^^^^^^^^^
[INFO] [stdout]    |     |
[INFO] [stdout]    |     field in this variant
[INFO] [stdout]    |
[INFO] [stdout]    = note: `BasicSymbol` has derived impls for the traits `Debug` and `Clone`, but these are intentionally ignored during dead code analysis
[INFO] [stdout]    = note: `#[warn(dead_code)]` on by default
[INFO] [stdout] help: consider changing the field to be of unit type to suppress this warning while preserving the field numbering, or remove the field
[INFO] [stdout]    |
[INFO] [stdout] 30 |     SquareBracketedSection(()),
[INFO] [stdout]    |                            ~~
[INFO] [stdout] 
[INFO] [stdout] 
[INFO] [stdout] warning: field `arg_count` is never read
[INFO] [stdout]   --> src/root/compiler/compile_functions.rs:40:9
[INFO] [stdout]    |
[INFO] [stdout] 36 | pub struct UserFunction {
[INFO] [stdout]    |            ------------ field in this struct
[INFO] [stdout] ...
[INFO] [stdout] 40 |     pub arg_count: usize,
[INFO] [stdout]    |         ^^^^^^^^^
[INFO] [stdout] 
[INFO] [stdout] 
[INFO] [stdout] warning: method `contents` is never used
[INFO] [stdout]    --> src/root/processor/type_builder.rs:225:8
[INFO] [stdout]     |
[INFO] [stdout] 197 | pub trait TypedFunction {
[INFO] [stdout]     |           ------------- method in this trait
[INFO] [stdout] ...
[INFO] [stdout] 225 |     fn contents(&self) -> &Vec<(BasicSymbol, LineInfo)> {
[INFO] [stdout]     |        ^^^^^^^^
[INFO] [stdout] 
[INFO] [stdout] 
[INFO] [stdout] warning: field `0` is never read
[INFO] [stdout]   --> src/root/basic_ast/symbol.rs:30:28
[INFO] [stdout]    |
[INFO] [stdout] 30 |     SquareBracketedSection(Vec<(BasicSymbol, LineInfo)>),
[INFO] [stdout]    |     ---------------------- ^^^^^^^^^^^^^^^^^^^^^^^^^^^^
[INFO] [stdout]    |     |
[INFO] [stdout]    |     field in this variant
[INFO] [stdout]    |
[INFO] [stdout]    = note: `BasicSymbol` has derived impls for the traits `Debug` and `Clone`, but these are intentionally ignored during dead code analysis
[INFO] [stdout]    = note: `#[warn(dead_code)]` on by default
[INFO] [stdout] help: consider changing the field to be of unit type to suppress this warning while preserving the field numbering, or remove the field
[INFO] [stdout]    |
[INFO] [stdout] 30 |     SquareBracketedSection(()),
[INFO] [stdout]    |                            ~~
[INFO] [stdout] 
[INFO] [stdout] 
[INFO] [stdout] warning: field `arg_count` is never read
[INFO] [stdout]   --> src/root/compiler/compile_functions.rs:40:9
[INFO] [stdout]    |
[INFO] [stdout] 36 | pub struct UserFunction {
[INFO] [stdout]    |            ------------ field in this struct
[INFO] [stdout] ...
[INFO] [stdout] 40 |     pub arg_count: usize,
[INFO] [stdout]    |         ^^^^^^^^^
[INFO] [stdout] 
[INFO] [stdout] 
[INFO] [stdout] warning: method `contents` is never used
[INFO] [stdout]    --> src/root/processor/type_builder.rs:225:8
[INFO] [stdout]     |
[INFO] [stdout] 197 | pub trait TypedFunction {
[INFO] [stdout]     |           ------------- method in this trait
[INFO] [stdout] ...
[INFO] [stdout] 225 |     fn contents(&self) -> &Vec<(BasicSymbol, LineInfo)> {
[INFO] [stdout]     |        ^^^^^^^^
[INFO] [stdout] 
[INFO] [stdout] 
[INFO] [stdout] warning: field `0` is never read
[INFO] [stdout]   --> src/root/utils.rs:50:11
[INFO] [stdout]    |
[INFO] [stdout] 50 |     Parse(ParseError),
[INFO] [stdout]    |     ----- ^^^^^^^^^^
[INFO] [stdout]    |     |
[INFO] [stdout]    |     field in this variant
[INFO] [stdout]    |
[INFO] [stdout] help: consider changing the field to be of unit type to suppress this warning while preserving the field numbering, or remove the field
[INFO] [stdout]    |
[INFO] [stdout] 50 |     Parse(()),
[INFO] [stdout]    |           ~~
[INFO] [stdout] 
[INFO] [stdout] 
[INFO] [stdout] warning: field `0` is never read
[INFO] [stdout]   --> src/root/utils.rs:51:16
[INFO] [stdout]    |
[INFO] [stdout] 51 |     Processing(ProcessorError),
[INFO] [stdout]    |     ---------- ^^^^^^^^^^^^^^
[INFO] [stdout]    |     |
[INFO] [stdout]    |     field in this variant
[INFO] [stdout]    |
[INFO] [stdout] help: consider changing the field to be of unit type to suppress this warning while preserving the field numbering, or remove the field
[INFO] [stdout]    |
[INFO] [stdout] 51 |     Processing(()),
[INFO] [stdout]    |                ~~
[INFO] [stdout] 
[INFO] [stdout] 
[INFO] [stderr]     Finished `dev` profile [unoptimized + debuginfo] target(s) in 16.36s
[INFO] running `Command { std: "docker" "inspect" "998fb2463fc5c56ac12e67ab99280ae5828e761fe09d0d11edbb489bb98f8166", kill_on_drop: false }`
[INFO] running `Command { std: "docker" "rm" "-f" "998fb2463fc5c56ac12e67ab99280ae5828e761fe09d0d11edbb489bb98f8166", kill_on_drop: false }`
[INFO] [stdout] 998fb2463fc5c56ac12e67ab99280ae5828e761fe09d0d11edbb489bb98f8166
[INFO] running `Command { std: "docker" "create" "-v" "/var/lib/crater-agent-workspace/builds/worker-5-tc2/target:/opt/rustwide/target:rw,Z" "-v" "/var/lib/crater-agent-workspace/builds/worker-5-tc2/source:/opt/rustwide/workdir:ro,Z" "-v" "/var/lib/crater-agent-workspace/cargo-home:/opt/rustwide/cargo-home:ro,Z" "-v" "/var/lib/crater-agent-workspace/rustup-home:/opt/rustwide/rustup-home:ro,Z" "-e" "SOURCE_DIR=/opt/rustwide/workdir" "-e" "CARGO_TARGET_DIR=/opt/rustwide/target" "-e" "CARGO_INCREMENTAL=0" "-e" "RUST_BACKTRACE=full" "-e" "RUSTFLAGS=--cap-lints=warn" "-e" "RUSTDOCFLAGS=--cap-lints=warn" "-e" "CARGO_HOME=/opt/rustwide/cargo-home" "-e" "RUSTUP_HOME=/opt/rustwide/rustup-home" "-w" "/opt/rustwide/workdir" "-m" "1610612736" "--user" "0:0" "--network" "none" "ghcr.io/rust-lang/crates-build-env/linux@sha256:f3a9d4ad9d972b27faf3965f35b62e55ba32bbce8f20bc8fe909558a86702fde" "/opt/rustwide/cargo-home/bin/cargo" "+beta-2024-12-08" "test" "--frozen" "--no-run" "--message-format=json", kill_on_drop: false }`
[INFO] [stdout] 013a82e4a568742ce47241bc0f8836b2d30ba2961ea0eb78ae18bcd656170d5e
[INFO] running `Command { std: "docker" "start" "-a" "013a82e4a568742ce47241bc0f8836b2d30ba2961ea0eb78ae18bcd656170d5e", kill_on_drop: false }`
[INFO] [stdout] warning: field `0` is never read
[INFO] [stdout]   --> src/root/basic_ast/symbol.rs:30:28
[INFO] [stdout]    |
[INFO] [stdout] 30 |     SquareBracketedSection(Vec<(BasicSymbol, LineInfo)>),
[INFO] [stdout]    |     ---------------------- ^^^^^^^^^^^^^^^^^^^^^^^^^^^^
[INFO] [stdout]    |     |
[INFO] [stdout]    |     field in this variant
[INFO] [stdout]    |
[INFO] [stdout]    = note: `BasicSymbol` has derived impls for the traits `Debug` and `Clone`, but these are intentionally ignored during dead code analysis
[INFO] [stdout]    = note: `#[warn(dead_code)]` on by default
[INFO] [stdout] help: consider changing the field to be of unit type to suppress this warning while preserving the field numbering, or remove the field
[INFO] [stdout]    |
[INFO] [stdout] 30 |     SquareBracketedSection(()),
[INFO] [stdout]    |                            ~~
[INFO] [stdout] 
[INFO] [stdout] 
[INFO] [stdout] warning: field `arg_count` is never read
[INFO] [stdout]   --> src/root/compiler/compile_functions.rs:40:9
[INFO] [stdout]    |
[INFO] [stdout] 36 | pub struct UserFunction {
[INFO] [stdout]    |            ------------ field in this struct
[INFO] [stdout] ...
[INFO] [stdout] 40 |     pub arg_count: usize,
[INFO] [stdout]    |         ^^^^^^^^^
[INFO] [stdout] 
[INFO] [stdout] 
[INFO] [stdout] warning: method `contents` is never used
[INFO] [stdout]    --> src/root/processor/type_builder.rs:225:8
[INFO] [stdout]     |
[INFO] [stdout] 197 | pub trait TypedFunction {
[INFO] [stdout]     |           ------------- method in this trait
[INFO] [stdout] ...
[INFO] [stdout] 225 |     fn contents(&self) -> &Vec<(BasicSymbol, LineInfo)> {
[INFO] [stdout]     |        ^^^^^^^^
[INFO] [stdout] 
[INFO] [stdout] 
[INFO] [stderr]    Compiling whython-7 v0.1.0 (/opt/rustwide/workdir)
[INFO] [stdout] warning: field `0` is never read
[INFO] [stdout]   --> src/root/basic_ast/symbol.rs:30:28
[INFO] [stdout]    |
[INFO] [stdout] 30 |     SquareBracketedSection(Vec<(BasicSymbol, LineInfo)>),
[INFO] [stdout]    |     ---------------------- ^^^^^^^^^^^^^^^^^^^^^^^^^^^^
[INFO] [stdout]    |     |
[INFO] [stdout]    |     field in this variant
[INFO] [stdout]    |
[INFO] [stdout]    = note: `BasicSymbol` has derived impls for the traits `Debug` and `Clone`, but these are intentionally ignored during dead code analysis
[INFO] [stdout]    = note: `#[warn(dead_code)]` on by default
[INFO] [stdout] help: consider changing the field to be of unit type to suppress this warning while preserving the field numbering, or remove the field
[INFO] [stdout]    |
[INFO] [stdout] 30 |     SquareBracketedSection(()),
[INFO] [stdout]    |                            ~~
[INFO] [stdout] 
[INFO] [stdout] 
[INFO] [stdout] warning: field `arg_count` is never read
[INFO] [stdout]   --> src/root/compiler/compile_functions.rs:40:9
[INFO] [stdout]    |
[INFO] [stdout] 36 | pub struct UserFunction {
[INFO] [stdout]    |            ------------ field in this struct
[INFO] [stdout] ...
[INFO] [stdout] 40 |     pub arg_count: usize,
[INFO] [stdout]    |         ^^^^^^^^^
[INFO] [stdout] 
[INFO] [stdout] 
[INFO] [stdout] warning: method `contents` is never used
[INFO] [stdout]    --> src/root/processor/type_builder.rs:225:8
[INFO] [stdout]     |
[INFO] [stdout] 197 | pub trait TypedFunction {
[INFO] [stdout]     |           ------------- method in this trait
[INFO] [stdout] ...
[INFO] [stdout] 225 |     fn contents(&self) -> &Vec<(BasicSymbol, LineInfo)> {
[INFO] [stdout]     |        ^^^^^^^^
[INFO] [stdout] 
[INFO] [stdout] 
[INFO] [stdout] warning: field `0` is never read
[INFO] [stdout]   --> src/root/utils.rs:50:11
[INFO] [stdout]    |
[INFO] [stdout] 50 |     Parse(ParseError),
[INFO] [stdout]    |     ----- ^^^^^^^^^^
[INFO] [stdout]    |     |
[INFO] [stdout]    |     field in this variant
[INFO] [stdout]    |
[INFO] [stdout] help: consider changing the field to be of unit type to suppress this warning while preserving the field numbering, or remove the field
[INFO] [stdout]    |
[INFO] [stdout] 50 |     Parse(()),
[INFO] [stdout]    |           ~~
[INFO] [stdout] 
[INFO] [stdout] 
[INFO] [stdout] warning: field `0` is never read
[INFO] [stdout]   --> src/root/utils.rs:51:16
[INFO] [stdout]    |
[INFO] [stdout] 51 |     Processing(ProcessorError),
[INFO] [stdout]    |     ---------- ^^^^^^^^^^^^^^
[INFO] [stdout]    |     |
[INFO] [stdout]    |     field in this variant
[INFO] [stdout]    |
[INFO] [stdout] help: consider changing the field to be of unit type to suppress this warning while preserving the field numbering, or remove the field
[INFO] [stdout]    |
[INFO] [stdout] 51 |     Processing(()),
[INFO] [stdout]    |                ~~
[INFO] [stdout] 
[INFO] [stdout] 
[INFO] [stdout] warning: field `0` is never read
[INFO] [stdout]   --> src/root/basic_ast/symbol.rs:30:28
[INFO] [stdout]    |
[INFO] [stdout] 30 |     SquareBracketedSection(Vec<(BasicSymbol, LineInfo)>),
[INFO] [stdout]    |     ---------------------- ^^^^^^^^^^^^^^^^^^^^^^^^^^^^
[INFO] [stdout]    |     |
[INFO] [stdout]    |     field in this variant
[INFO] [stdout]    |
[INFO] [stdout]    = note: `BasicSymbol` has derived impls for the traits `Debug` and `Clone`, but these are intentionally ignored during dead code analysis
[INFO] [stdout]    = note: `#[warn(dead_code)]` on by default
[INFO] [stdout] help: consider changing the field to be of unit type to suppress this warning while preserving the field numbering, or remove the field
[INFO] [stdout]    |
[INFO] [stdout] 30 |     SquareBracketedSection(()),
[INFO] [stdout]    |                            ~~
[INFO] [stdout] 
[INFO] [stdout] 
[INFO] [stdout] warning: field `arg_count` is never read
[INFO] [stdout]   --> src/root/compiler/compile_functions.rs:40:9
[INFO] [stdout]    |
[INFO] [stdout] 36 | pub struct UserFunction {
[INFO] [stdout]    |            ------------ field in this struct
[INFO] [stdout] ...
[INFO] [stdout] 40 |     pub arg_count: usize,
[INFO] [stdout]    |         ^^^^^^^^^
[INFO] [stdout] 
[INFO] [stdout] 
[INFO] [stdout] warning: method `contents` is never used
[INFO] [stdout]    --> src/root/processor/type_builder.rs:225:8
[INFO] [stdout]     |
[INFO] [stdout] 197 | pub trait TypedFunction {
[INFO] [stdout]     |           ------------- method in this trait
[INFO] [stdout] ...
[INFO] [stdout] 225 |     fn contents(&self) -> &Vec<(BasicSymbol, LineInfo)> {
[INFO] [stdout]     |        ^^^^^^^^
[INFO] [stdout] 
[INFO] [stdout] 
[INFO] [stdout] warning: field `0` is never read
[INFO] [stdout]   --> src/root/utils.rs:50:11
[INFO] [stdout]    |
[INFO] [stdout] 50 |     Parse(ParseError),
[INFO] [stdout]    |     ----- ^^^^^^^^^^
[INFO] [stdout]    |     |
[INFO] [stdout]    |     field in this variant
[INFO] [stdout]    |
[INFO] [stdout] help: consider changing the field to be of unit type to suppress this warning while preserving the field numbering, or remove the field
[INFO] [stdout]    |
[INFO] [stdout] 50 |     Parse(()),
[INFO] [stdout]    |           ~~
[INFO] [stdout] 
[INFO] [stdout] 
[INFO] [stdout] warning: field `0` is never read
[INFO] [stdout]   --> src/root/utils.rs:51:16
[INFO] [stdout]    |
[INFO] [stdout] 51 |     Processing(ProcessorError),
[INFO] [stdout]    |     ---------- ^^^^^^^^^^^^^^
[INFO] [stdout]    |     |
[INFO] [stdout]    |     field in this variant
[INFO] [stdout]    |
[INFO] [stdout] help: consider changing the field to be of unit type to suppress this warning while preserving the field numbering, or remove the field
[INFO] [stdout]    |
[INFO] [stdout] 51 |     Processing(()),
[INFO] [stdout]    |                ~~
[INFO] [stdout] 
[INFO] [stdout] 
[INFO] [stdout] warning: field `0` is never read
[INFO] [stdout]   --> src/root/basic_ast/symbol.rs:30:28
[INFO] [stdout]    |
[INFO] [stdout] 30 |     SquareBracketedSection(Vec<(BasicSymbol, LineInfo)>),
[INFO] [stdout]    |     ---------------------- ^^^^^^^^^^^^^^^^^^^^^^^^^^^^
[INFO] [stdout]    |     |
[INFO] [stdout]    |     field in this variant
[INFO] [stdout]    |
[INFO] [stdout]    = note: `BasicSymbol` has derived impls for the traits `Debug` and `Clone`, but these are intentionally ignored during dead code analysis
[INFO] [stdout]    = note: `#[warn(dead_code)]` on by default
[INFO] [stdout] help: consider changing the field to be of unit type to suppress this warning while preserving the field numbering, or remove the field
[INFO] [stdout]    |
[INFO] [stdout] 30 |     SquareBracketedSection(()),
[INFO] [stdout]    |                            ~~
[INFO] [stdout] 
[INFO] [stdout] 
[INFO] [stdout] warning: field `arg_count` is never read
[INFO] [stdout]   --> src/root/compiler/compile_functions.rs:40:9
[INFO] [stdout]    |
[INFO] [stdout] 36 | pub struct UserFunction {
[INFO] [stdout]    |            ------------ field in this struct
[INFO] [stdout] ...
[INFO] [stdout] 40 |     pub arg_count: usize,
[INFO] [stdout]    |         ^^^^^^^^^
[INFO] [stdout] 
[INFO] [stdout] 
[INFO] [stdout] warning: method `contents` is never used
[INFO] [stdout]    --> src/root/processor/type_builder.rs:225:8
[INFO] [stdout]     |
[INFO] [stdout] 197 | pub trait TypedFunction {
[INFO] [stdout]     |           ------------- method in this trait
[INFO] [stdout] ...
[INFO] [stdout] 225 |     fn contents(&self) -> &Vec<(BasicSymbol, LineInfo)> {
[INFO] [stdout]     |        ^^^^^^^^
[INFO] [stdout] 
[INFO] [stdout] 
[INFO] [stderr]     Finished `test` profile [unoptimized + debuginfo] target(s) in 1.43s
[INFO] running `Command { std: "docker" "inspect" "013a82e4a568742ce47241bc0f8836b2d30ba2961ea0eb78ae18bcd656170d5e", kill_on_drop: false }`
[INFO] running `Command { std: "docker" "rm" "-f" "013a82e4a568742ce47241bc0f8836b2d30ba2961ea0eb78ae18bcd656170d5e", kill_on_drop: false }`
[INFO] [stdout] 013a82e4a568742ce47241bc0f8836b2d30ba2961ea0eb78ae18bcd656170d5e
[INFO] running `Command { std: "docker" "create" "-v" "/var/lib/crater-agent-workspace/builds/worker-5-tc2/target:/opt/rustwide/target:rw,Z" "-v" "/var/lib/crater-agent-workspace/builds/worker-5-tc2/source:/opt/rustwide/workdir:ro,Z" "-v" "/var/lib/crater-agent-workspace/cargo-home:/opt/rustwide/cargo-home:ro,Z" "-v" "/var/lib/crater-agent-workspace/rustup-home:/opt/rustwide/rustup-home:ro,Z" "-e" "SOURCE_DIR=/opt/rustwide/workdir" "-e" "CARGO_TARGET_DIR=/opt/rustwide/target" "-e" "CARGO_INCREMENTAL=0" "-e" "RUST_BACKTRACE=full" "-e" "RUSTFLAGS=--cap-lints=warn" "-e" "RUSTDOCFLAGS=--cap-lints=warn" "-e" "CARGO_HOME=/opt/rustwide/cargo-home" "-e" "RUSTUP_HOME=/opt/rustwide/rustup-home" "-w" "/opt/rustwide/workdir" "-m" "1610612736" "--user" "0:0" "--network" "none" "ghcr.io/rust-lang/crates-build-env/linux@sha256:f3a9d4ad9d972b27faf3965f35b62e55ba32bbce8f20bc8fe909558a86702fde" "/opt/rustwide/cargo-home/bin/cargo" "+beta-2024-12-08" "test" "--frozen", kill_on_drop: false }`
[INFO] [stdout] 5ac49bf80a302faa80c5c01df10436e8abeb1ebe5175380694bf504d51e85775
[INFO] running `Command { std: "docker" "start" "-a" "5ac49bf80a302faa80c5c01df10436e8abeb1ebe5175380694bf504d51e85775", kill_on_drop: false }`
[INFO] [stderr] warning: field `0` is never read
[INFO] [stderr]   --> src/root/basic_ast/symbol.rs:30:28
[INFO] [stderr]    |
[INFO] [stderr] 30 |     SquareBracketedSection(Vec<(BasicSymbol, LineInfo)>),
[INFO] [stderr]    |     ---------------------- ^^^^^^^^^^^^^^^^^^^^^^^^^^^^
[INFO] [stderr]    |     |
[INFO] [stderr]    |     field in this variant
[INFO] [stderr]    |
[INFO] [stderr]    = note: `BasicSymbol` has derived impls for the traits `Debug` and `Clone`, but these are intentionally ignored during dead code analysis
[INFO] [stderr]    = note: `#[warn(dead_code)]` on by default
[INFO] [stderr] help: consider changing the field to be of unit type to suppress this warning while preserving the field numbering, or remove the field
[INFO] [stderr]    |
[INFO] [stderr] 30 |     SquareBracketedSection(()),
[INFO] [stderr]    |                            ~~
[INFO] [stderr] 
[INFO] [stderr] warning: field `arg_count` is never read
[INFO] [stderr]   --> src/root/compiler/compile_functions.rs:40:9
[INFO] [stderr]    |
[INFO] [stderr] 36 | pub struct UserFunction {
[INFO] [stderr]    |            ------------ field in this struct
[INFO] [stderr] ...
[INFO] [stderr] 40 |     pub arg_count: usize,
[INFO] [stderr]    |         ^^^^^^^^^
[INFO] [stderr] 
[INFO] [stderr] warning: method `contents` is never used
[INFO] [stderr]    --> src/root/processor/type_builder.rs:225:8
[INFO] [stderr]     |
[INFO] [stderr] 197 | pub trait TypedFunction {
[INFO] [stderr]     |           ------------- method in this trait
[INFO] [stderr] ...
[INFO] [stderr] 225 |     fn contents(&self) -> &Vec<(BasicSymbol, LineInfo)> {
[INFO] [stderr]     |        ^^^^^^^^
[INFO] [stderr] 
[INFO] [stderr] warning: `whython-7` (lib) generated 3 warnings
[INFO] [stderr] warning: `whython-7` (lib test) generated 3 warnings (3 duplicates)
[INFO] [stderr] warning: field `0` is never read
[INFO] [stderr]   --> src/root/utils.rs:50:11
[INFO] [stderr]    |
[INFO] [stderr] 50 |     Parse(ParseError),
[INFO] [stderr]    |     ----- ^^^^^^^^^^
[INFO] [stderr]    |     |
[INFO] [stderr]    |     field in this variant
[INFO] [stderr]    |
[INFO] [stderr] help: consider changing the field to be of unit type to suppress this warning while preserving the field numbering, or remove the field
[INFO] [stderr]    |
[INFO] [stderr] 50 |     Parse(()),
[INFO] [stderr]    |           ~~
[INFO] [stderr] 
[INFO] [stderr] warning: field `0` is never read
[INFO] [stderr]   --> src/root/utils.rs:51:16
[INFO] [stderr]    |
[INFO] [stderr] 51 |     Processing(ProcessorError),
[INFO] [stderr]    |     ---------- ^^^^^^^^^^^^^^
[INFO] [stderr]    |     |
[INFO] [stderr]    |     field in this variant
[INFO] [stderr]    |
[INFO] [stderr] help: consider changing the field to be of unit type to suppress this warning while preserving the field numbering, or remove the field
[INFO] [stderr]    |
[INFO] [stderr] 51 |     Processing(()),
[INFO] [stderr]    |                ~~
[INFO] [stderr] 
[INFO] [stderr] warning: `whython-7` (bin "whython-7" test) generated 5 warnings (3 duplicates)
[INFO] [stderr] warning: `whython-7` (bin "whython-7") generated 5 warnings (5 duplicates)
[INFO] [stderr]     Finished `test` profile [unoptimized + debuginfo] target(s) in 0.06s
[INFO] [stderr]      Running unittests src/lib.rs (/opt/rustwide/target/debug/deps/whython_7-8969208935c733bd)
[INFO] [stdout] 
[INFO] [stderr]      Running unittests src/main.rs (/opt/rustwide/target/debug/deps/whython_7-6c12ec660074bb30)
[INFO] [stdout] running 0 tests
[INFO] [stdout] 
[INFO] [stdout] test result: ok. 0 passed; 0 failed; 0 ignored; 0 measured; 0 filtered out; finished in 0.00s
[INFO] [stdout] 
[INFO] [stdout] 
[INFO] [stdout] running 0 tests
[INFO] [stdout] 
[INFO] [stdout] test result: ok. 0 passed; 0 failed; 0 ignored; 0 measured; 0 filtered out; finished in 0.00s
[INFO] [stdout] 
[INFO] [stderr]      Running tests/tests.rs (/opt/rustwide/target/debug/deps/tests-5da38e1aa65b4970)
[INFO] [stdout] 
[INFO] [stdout] running 1 test
[INFO] [stdout] test tests ... FAILED
[INFO] [stdout] 
[INFO] [stdout] failures:
[INFO] [stdout] 
[INFO] [stdout] ---- tests stdout ----
[INFO] [stdout] thread 'tests' panicked at tests/tests.rs:9:38:
[INFO] [stdout] called `Result::unwrap()` on an `Err` value: Os { code: 30, kind: ReadOnlyFilesystem, message: "Read-only file system" }
[INFO] [stdout] stack backtrace:
[INFO] [stdout]    0:     0x5594468a577a - std::backtrace_rs::backtrace::libunwind::trace::h8810477743020387
[INFO] [stdout]                                at /rustc/202008a1b8de96d2e5b6bc02d379db03a877d34d/library/std/src/../../backtrace/src/backtrace/libunwind.rs:116:5
[INFO] [stdout]    1:     0x5594468a577a - std::backtrace_rs::backtrace::trace_unsynchronized::h3aa55355dd6c54a6
[INFO] [stdout]                                at /rustc/202008a1b8de96d2e5b6bc02d379db03a877d34d/library/std/src/../../backtrace/src/backtrace/mod.rs:66:5
[INFO] [stdout]    2:     0x5594468a577a - std::sys::backtrace::_print_fmt::h8588b0f62410823f
[INFO] [stdout]                                at /rustc/202008a1b8de96d2e5b6bc02d379db03a877d34d/library/std/src/sys/backtrace.rs:66:9
[INFO] [stdout]    3:     0x5594468a577a - <std::sys::backtrace::BacktraceLock::print::DisplayBacktrace as core::fmt::Display>::fmt::h98c26ac25ffe89bb
[INFO] [stdout]                                at /rustc/202008a1b8de96d2e5b6bc02d379db03a877d34d/library/std/src/sys/backtrace.rs:39:26
[INFO] [stdout]    4:     0x5594468cbec3 - core::fmt::rt::Argument::fmt::hf95377f4aebd453b
[INFO] [stdout]                                at /rustc/202008a1b8de96d2e5b6bc02d379db03a877d34d/library/core/src/fmt/rt.rs:177:76
[INFO] [stdout]    5:     0x5594468cbec3 - core::fmt::write::h0dd5f6e2238c7982
[INFO] [stdout]                                at /rustc/202008a1b8de96d2e5b6bc02d379db03a877d34d/library/core/src/fmt/mod.rs:1189:21
[INFO] [stdout]    6:     0x5594468a25f3 - std::io::Write::write_fmt::h03bb0ca26e6faf8c
[INFO] [stdout]                                at /rustc/202008a1b8de96d2e5b6bc02d379db03a877d34d/library/std/src/io/mod.rs:1884:15
[INFO] [stdout]    7:     0x5594468a55c2 - std::sys::backtrace::BacktraceLock::print::h5c19c1c038ee186d
[INFO] [stdout]                                at /rustc/202008a1b8de96d2e5b6bc02d379db03a877d34d/library/std/src/sys/backtrace.rs:42:9
[INFO] [stdout]    8:     0x5594468a6bfd - std::panicking::default_hook::{{closure}}::h77172f079a1fcb13
[INFO] [stdout]                                at /rustc/202008a1b8de96d2e5b6bc02d379db03a877d34d/library/std/src/panicking.rs:268:22
[INFO] [stdout]    9:     0x5594468a6a07 - std::panicking::default_hook::he5f8e3b203ccddba
[INFO] [stdout]                                at /rustc/202008a1b8de96d2e5b6bc02d379db03a877d34d/library/std/src/panicking.rs:292:9
[INFO] [stdout]   10:     0x5594467d3607 - <alloc::boxed::Box<F,A> as core::ops::function::Fn<Args>>::call::h7a3c7b4a1ae77f2f
[INFO] [stdout]                                at /rustc/202008a1b8de96d2e5b6bc02d379db03a877d34d/library/alloc/src/boxed.rs:1986:9
[INFO] [stdout]   11:     0x5594467d3607 - test::test_main::{{closure}}::hf0d3b69ae9b353d1
[INFO] [stdout]                                at /rustc/202008a1b8de96d2e5b6bc02d379db03a877d34d/library/test/src/lib.rs:134:21
[INFO] [stdout]   12:     0x5594468a72a8 - <alloc::boxed::Box<F,A> as core::ops::function::Fn<Args>>::call::h6332e82e7b189abd
[INFO] [stdout]                                at /rustc/202008a1b8de96d2e5b6bc02d379db03a877d34d/library/alloc/src/boxed.rs:1986:9
[INFO] [stdout]   13:     0x5594468a72a8 - std::panicking::rust_panic_with_hook::h53863d4e9018df39
[INFO] [stdout]                                at /rustc/202008a1b8de96d2e5b6bc02d379db03a877d34d/library/std/src/panicking.rs:809:13
[INFO] [stdout]   14:     0x5594468a706a - std::panicking::begin_panic_handler::{{closure}}::h67280e6fa0757873
[INFO] [stdout]                                at /rustc/202008a1b8de96d2e5b6bc02d379db03a877d34d/library/std/src/panicking.rs:674:13
[INFO] [stdout]   15:     0x5594468a5c59 - std::sys::backtrace::__rust_end_short_backtrace::h1dac3f54d6fbbeb2
[INFO] [stdout]                                at /rustc/202008a1b8de96d2e5b6bc02d379db03a877d34d/library/std/src/sys/backtrace.rs:170:18
[INFO] [stdout]   16:     0x5594468a6cfc - rust_begin_unwind
[INFO] [stdout]                                at /rustc/202008a1b8de96d2e5b6bc02d379db03a877d34d/library/std/src/panicking.rs:665:5
[INFO] [stdout]   17:     0x559446795bf0 - core::panicking::panic_fmt::h6792bd1b2bf01041
[INFO] [stdout]                                at /rustc/202008a1b8de96d2e5b6bc02d379db03a877d34d/library/core/src/panicking.rs:76:14
[INFO] [stdout]   18:     0x559446796096 - core::result::unwrap_failed::h05e0602ed34287c5
[INFO] [stdout]                                at /rustc/202008a1b8de96d2e5b6bc02d379db03a877d34d/library/core/src/result.rs:1699:5
[INFO] [stdout]   19:     0x559446799692 - core::result::Result<T,E>::unwrap::heca96bd448b84d3d
[INFO] [stdout]                                at /rustc/202008a1b8de96d2e5b6bc02d379db03a877d34d/library/core/src/result.rs:1104:23
[INFO] [stdout]   20:     0x559446799692 - tests::tests::h1a118e27c6560ac2
[INFO] [stdout]                                at /opt/rustwide/workdir/tests/tests.rs:9:5
[INFO] [stdout]   21:     0x5594467995e7 - tests::tests::{{closure}}::h6578267b71c0568f
[INFO] [stdout]                                at /opt/rustwide/workdir/tests/tests.rs:8:11
[INFO] [stdout]   22:     0x559446797146 - core::ops::function::FnOnce::call_once::h6a0955ace92bcca0
[INFO] [stdout]                                at /rustc/202008a1b8de96d2e5b6bc02d379db03a877d34d/library/core/src/ops/function.rs:250:5
[INFO] [stdout]   23:     0x5594467d812b - core::ops::function::FnOnce::call_once::h871bf86719ec9aa4
[INFO] [stdout]                                at /rustc/202008a1b8de96d2e5b6bc02d379db03a877d34d/library/core/src/ops/function.rs:250:5
[INFO] [stdout]   24:     0x5594467d812b - test::__rust_begin_short_backtrace::h2167df1e2b7d76fd
[INFO] [stdout]                                at /rustc/202008a1b8de96d2e5b6bc02d379db03a877d34d/library/test/src/lib.rs:632:18
[INFO] [stdout]   25:     0x5594467d7b18 - test::run_test_in_process::{{closure}}::h15d92f75a3adfb79
[INFO] [stdout]                                at /rustc/202008a1b8de96d2e5b6bc02d379db03a877d34d/library/test/src/lib.rs:655:60
[INFO] [stdout]   26:     0x5594467d7b18 - <core::panic::unwind_safe::AssertUnwindSafe<F> as core::ops::function::FnOnce<()>>::call_once::hb6c8955835a8dbbb
[INFO] [stdout]                                at /rustc/202008a1b8de96d2e5b6bc02d379db03a877d34d/library/core/src/panic/unwind_safe.rs:272:9
[INFO] [stdout]   27:     0x5594467d7b18 - std::panicking::try::do_call::hc79d0fc888a0bd30
[INFO] [stdout]                                at /rustc/202008a1b8de96d2e5b6bc02d379db03a877d34d/library/std/src/panicking.rs:557:40
[INFO] [stdout]   28:     0x5594467d7b18 - std::panicking::try::hb8a7878e3a8589d6
[INFO] [stdout]                                at /rustc/202008a1b8de96d2e5b6bc02d379db03a877d34d/library/std/src/panicking.rs:520:19
[INFO] [stdout]   29:     0x5594467d7b18 - std::panic::catch_unwind::hb8e4600ff0ff5cfa
[INFO] [stdout]                                at /rustc/202008a1b8de96d2e5b6bc02d379db03a877d34d/library/std/src/panic.rs:358:14
[INFO] [stdout]   30:     0x5594467d7b18 - test::run_test_in_process::hc2900b0b18688dd6
[INFO] [stdout]                                at /rustc/202008a1b8de96d2e5b6bc02d379db03a877d34d/library/test/src/lib.rs:655:27
[INFO] [stdout]   31:     0x5594467d7b18 - test::run_test::{{closure}}::hac2a9cb07be3d48d
[INFO] [stdout]                                at /rustc/202008a1b8de96d2e5b6bc02d379db03a877d34d/library/test/src/lib.rs:576:43
[INFO] [stdout]   32:     0x55944679b5ba - test::run_test::{{closure}}::h4a5b729e66a38cd8
[INFO] [stdout]                                at /rustc/202008a1b8de96d2e5b6bc02d379db03a877d34d/library/test/src/lib.rs:606:41
[INFO] [stdout]   33:     0x55944679b5ba - std::sys::backtrace::__rust_begin_short_backtrace::h0496fb742492f573
[INFO] [stdout]                                at /rustc/202008a1b8de96d2e5b6bc02d379db03a877d34d/library/std/src/sys/backtrace.rs:154:18
[INFO] [stdout]   34:     0x55944679ef34 - std::thread::Builder::spawn_unchecked_::{{closure}}::{{closure}}::hbb6d257c550a54bd
[INFO] [stdout]                                at /rustc/202008a1b8de96d2e5b6bc02d379db03a877d34d/library/std/src/thread/mod.rs:561:17
[INFO] [stdout]   35:     0x55944679ef34 - <core::panic::unwind_safe::AssertUnwindSafe<F> as core::ops::function::FnOnce<()>>::call_once::h46696fe4a6832328
[INFO] [stdout]                                at /rustc/202008a1b8de96d2e5b6bc02d379db03a877d34d/library/core/src/panic/unwind_safe.rs:272:9
[INFO] [stdout]   36:     0x55944679ef34 - std::panicking::try::do_call::h2625a51b667bfb64
[INFO] [stdout]                                at /rustc/202008a1b8de96d2e5b6bc02d379db03a877d34d/library/std/src/panicking.rs:557:40
[INFO] [stdout]   37:     0x55944679ef34 - std::panicking::try::hb956a59a1973aa4c
[INFO] [stdout]                                at /rustc/202008a1b8de96d2e5b6bc02d379db03a877d34d/library/std/src/panicking.rs:520:19
[INFO] [stdout]   38:     0x55944679ef34 - std::panic::catch_unwind::h64f3b9d1067ef6a0
[INFO] [stdout]                                at /rustc/202008a1b8de96d2e5b6bc02d379db03a877d34d/library/std/src/panic.rs:358:14
[INFO] [stdout]   39:     0x55944679ef34 - std::thread::Builder::spawn_unchecked_::{{closure}}::h42b2841295b6c0b2
[INFO] [stdout]                                at /rustc/202008a1b8de96d2e5b6bc02d379db03a877d34d/library/std/src/thread/mod.rs:559:30
[INFO] [stdout]   40:     0x55944679ef34 - core::ops::function::FnOnce::call_once{{vtable.shim}}::h6127de71b8124639
[INFO] [stdout]                                at /rustc/202008a1b8de96d2e5b6bc02d379db03a877d34d/library/core/src/ops/function.rs:250:5
[INFO] [stdout]   41:     0x5594468ab76b - <alloc::boxed::Box<F,A> as core::ops::function::FnOnce<Args>>::call_once::h42f0ba71002a1b2c
[INFO] [stdout]                                at /rustc/202008a1b8de96d2e5b6bc02d379db03a877d34d/library/alloc/src/boxed.rs:1972:9
[INFO] [stdout]   42:     0x5594468ab76b - <alloc::boxed::Box<F,A> as core::ops::function::FnOnce<Args>>::call_once::had9e47d7a3dcecb8
[INFO] [stdout]                                at /rustc/202008a1b8de96d2e5b6bc02d379db03a877d34d/library/alloc/src/boxed.rs:1972:9
[INFO] [stdout]   43:     0x5594468ab76b - std::sys::pal::unix::thread::Thread::new::thread_start::h48cf765408f6f5f2
[INFO] [stdout]                                at /rustc/202008a1b8de96d2e5b6bc02d379db03a877d34d/library/std/src/sys/pal/unix/thread.rs:105:17
[INFO] [stdout]   44:     0x77239af03ac3 - <unknown>
[INFO] [stdout]   45:     0x77239af94a04 - clone
[INFO] [stdout]   46:                0x0 - <unknown>
[INFO] [stdout] 
[INFO] [stdout] 
[INFO] [stdout] failures:
[INFO] [stdout]     tests
[INFO] [stdout] 
[INFO] [stdout] test result: FAILED. 0 passed; 1 failed; 0 ignored; 0 measured; 0 filtered out; finished in 0.02s
[INFO] [stdout] 
[INFO] [stderr] error: test failed, to rerun pass `--test tests`
[INFO] running `Command { std: "docker" "inspect" "5ac49bf80a302faa80c5c01df10436e8abeb1ebe5175380694bf504d51e85775", kill_on_drop: false }`
[INFO] running `Command { std: "docker" "rm" "-f" "5ac49bf80a302faa80c5c01df10436e8abeb1ebe5175380694bf504d51e85775", kill_on_drop: false }`
[INFO] [stdout] 5ac49bf80a302faa80c5c01df10436e8abeb1ebe5175380694bf504d51e85775
