[INFO] cloning repository https://github.com/RobWalt/bevy_predicate_filter
[INFO] running `Command { std: "git" "-c" "credential.helper=" "-c" "credential.helper=/workspace/cargo-home/bin/git-credential-null" "clone" "--bare" "https://github.com/RobWalt/bevy_predicate_filter" "/workspace/cache/git-repos/https%3A%2F%2Fgithub.com%2FRobWalt%2Fbevy_predicate_filter", kill_on_drop: false }`
[INFO] [stderr] Cloning into bare repository '/workspace/cache/git-repos/https%3A%2F%2Fgithub.com%2FRobWalt%2Fbevy_predicate_filter'...
[INFO] running `Command { std: "git" "rev-parse" "HEAD", kill_on_drop: false }`
[INFO] [stdout] 206bba68743a718a125c26cbd6fa0a1d27e570db
[INFO] testing RobWalt/bevy_predicate_filter against 1.83.0 for beta-1.84.0-4-retry
[INFO] running `Command { std: "git" "clone" "/workspace/cache/git-repos/https%3A%2F%2Fgithub.com%2FRobWalt%2Fbevy_predicate_filter" "/workspace/builds/worker-7-tc1/source", kill_on_drop: false }`
[INFO] [stderr] Cloning into '/workspace/builds/worker-7-tc1/source'...
[INFO] [stderr] done.
[INFO] validating manifest of git repo https://github.com/RobWalt/bevy_predicate_filter on toolchain 1.83.0
[INFO] running `Command { std: CARGO_HOME="/workspace/cargo-home" RUSTUP_HOME="/workspace/rustup-home" "/workspace/cargo-home/bin/cargo" "+1.83.0" "metadata" "--manifest-path" "Cargo.toml" "--no-deps", kill_on_drop: false }`
[INFO] started tweaking git repo https://github.com/RobWalt/bevy_predicate_filter
[INFO] finished tweaking git repo https://github.com/RobWalt/bevy_predicate_filter
[INFO] tweaked toml for git repo https://github.com/RobWalt/bevy_predicate_filter written to /workspace/builds/worker-7-tc1/source/Cargo.toml
[INFO] crate git repo https://github.com/RobWalt/bevy_predicate_filter already has a lockfile, it will not be regenerated
[INFO] running `Command { std: CARGO_HOME="/workspace/cargo-home" RUSTUP_HOME="/workspace/rustup-home" "/workspace/cargo-home/bin/cargo" "+1.83.0" "fetch" "--manifest-path" "Cargo.toml", kill_on_drop: false }`
[INFO] running `Command { std: "docker" "create" "-v" "/var/lib/crater-agent-workspace/builds/worker-7-tc1/target:/opt/rustwide/target:rw,Z" "-v" "/var/lib/crater-agent-workspace/builds/worker-7-tc1/source:/opt/rustwide/workdir:ro,Z" "-v" "/var/lib/crater-agent-workspace/cargo-home:/opt/rustwide/cargo-home:ro,Z" "-v" "/var/lib/crater-agent-workspace/rustup-home:/opt/rustwide/rustup-home:ro,Z" "-e" "SOURCE_DIR=/opt/rustwide/workdir" "-e" "CARGO_TARGET_DIR=/opt/rustwide/target" "-e" "CARGO_HOME=/opt/rustwide/cargo-home" "-e" "RUSTUP_HOME=/opt/rustwide/rustup-home" "-w" "/opt/rustwide/workdir" "-m" "1610612736" "--user" "0:0" "--network" "none" "ghcr.io/rust-lang/crates-build-env/linux@sha256:f3a9d4ad9d972b27faf3965f35b62e55ba32bbce8f20bc8fe909558a86702fde" "/opt/rustwide/cargo-home/bin/cargo" "+1.83.0" "metadata" "--no-deps" "--format-version=1", kill_on_drop: false }`
[INFO] [stdout] b44e0df45ffc273ac7ac4aeca30fa040caabced7c27fe75981235fba2479afa3
[INFO] running `Command { std: "docker" "start" "-a" "b44e0df45ffc273ac7ac4aeca30fa040caabced7c27fe75981235fba2479afa3", kill_on_drop: false }`
[INFO] running `Command { std: "docker" "inspect" "b44e0df45ffc273ac7ac4aeca30fa040caabced7c27fe75981235fba2479afa3", kill_on_drop: false }`
[INFO] running `Command { std: "docker" "rm" "-f" "b44e0df45ffc273ac7ac4aeca30fa040caabced7c27fe75981235fba2479afa3", kill_on_drop: false }`
[INFO] [stdout] b44e0df45ffc273ac7ac4aeca30fa040caabced7c27fe75981235fba2479afa3
[INFO] running `Command { std: "docker" "create" "-v" "/var/lib/crater-agent-workspace/builds/worker-7-tc1/target:/opt/rustwide/target:rw,Z" "-v" "/var/lib/crater-agent-workspace/builds/worker-7-tc1/source:/opt/rustwide/workdir:ro,Z" "-v" "/var/lib/crater-agent-workspace/cargo-home:/opt/rustwide/cargo-home:ro,Z" "-v" "/var/lib/crater-agent-workspace/rustup-home:/opt/rustwide/rustup-home:ro,Z" "-e" "SOURCE_DIR=/opt/rustwide/workdir" "-e" "CARGO_TARGET_DIR=/opt/rustwide/target" "-e" "CARGO_INCREMENTAL=0" "-e" "RUST_BACKTRACE=full" "-e" "RUSTFLAGS=--cap-lints=warn" "-e" "RUSTDOCFLAGS=--cap-lints=warn" "-e" "CARGO_HOME=/opt/rustwide/cargo-home" "-e" "RUSTUP_HOME=/opt/rustwide/rustup-home" "-w" "/opt/rustwide/workdir" "-m" "1610612736" "--user" "0:0" "--network" "none" "ghcr.io/rust-lang/crates-build-env/linux@sha256:f3a9d4ad9d972b27faf3965f35b62e55ba32bbce8f20bc8fe909558a86702fde" "/opt/rustwide/cargo-home/bin/cargo" "+1.83.0" "build" "--frozen" "--message-format=json", kill_on_drop: false }`
[INFO] [stdout] d75ed15e48c429a3d01c36f102a5fbe18cb26e83436d448cd5ee41c2dc026468
[INFO] running `Command { std: "docker" "start" "-a" "d75ed15e48c429a3d01c36f102a5fbe18cb26e83436d448cd5ee41c2dc026468", kill_on_drop: false }`
[INFO] [stderr]    Compiling proc-macro2 v1.0.86
[INFO] [stderr]    Compiling libc v0.2.155
[INFO] [stderr]    Compiling unicode-ident v1.0.12
[INFO] [stderr]    Compiling cfg-if v1.0.0
[INFO] [stderr]    Compiling once_cell v1.19.0
[INFO] [stderr]    Compiling equivalent v1.0.1
[INFO] [stderr]    Compiling serde v1.0.207
[INFO] [stderr]    Compiling version_check v0.9.5
[INFO] [stderr]    Compiling hashbrown v0.14.5
[INFO] [stderr]    Compiling zerocopy v0.7.35
[INFO] [stderr]    Compiling pin-project-lite v0.2.14
[INFO] [stderr]    Compiling toml_datetime v0.6.8
[INFO] [stderr]    Compiling crossbeam-utils v0.8.20
[INFO] [stderr]    Compiling winnow v0.6.18
[INFO] [stderr]    Compiling allocator-api2 v0.2.18
[INFO] [stderr]    Compiling autocfg v1.3.0
[INFO] [stderr]    Compiling parking v2.2.0
[INFO] [stderr]    Compiling futures-core v0.3.30
[INFO] [stderr]    Compiling fastrand v2.1.0
[INFO] [stderr]    Compiling futures-io v0.3.30
[INFO] [stderr]    Compiling thiserror v1.0.63
[INFO] [stderr]    Compiling ahash v0.8.11
[INFO] [stderr]    Compiling async-task v4.7.1
[INFO] [stderr]    Compiling tracing-core v0.1.32
[INFO] [stderr]    Compiling thread_local v1.1.8
[INFO] [stderr]    Compiling typeid v1.0.0
[INFO] [stderr]    Compiling web-time v1.1.0
[INFO] [stderr]    Compiling bevy_ptr v0.14.1
[INFO] [stderr]    Compiling smallvec v1.13.2
[INFO] [stderr]    Compiling futures-lite v2.3.0
[INFO] [stderr]    Compiling downcast-rs v1.2.1
[INFO] [stderr]    Compiling fixedbitset v0.4.2
[INFO] [stderr]    Compiling bitflags v2.6.0
[INFO] [stderr]    Compiling nonmax v0.5.5
[INFO] [stderr]    Compiling fixedbitset v0.5.7
[INFO] [stderr]    Compiling slab v0.4.9
[INFO] [stderr]    Compiling tracing v0.1.40
[INFO] [stderr]    Compiling getrandom v0.2.15
[INFO] [stderr]    Compiling concurrent-queue v2.5.0
[INFO] [stderr]    Compiling quote v1.0.36
[INFO] [stderr]    Compiling uuid v1.10.0
[INFO] [stderr]    Compiling syn v2.0.74
[INFO] [stderr]    Compiling indexmap v2.3.0
[INFO] [stderr]    Compiling toml_edit v0.22.20
[INFO] [stderr]    Compiling async-executor v1.13.0
[INFO] [stderr]    Compiling bevy_tasks v0.14.1
[INFO] [stderr]    Compiling bevy_macro_utils v0.14.1
[INFO] [stderr]    Compiling erased-serde v0.4.5
[INFO] [stderr]    Compiling bevy_utils_proc_macros v0.14.1
[INFO] [stderr]    Compiling thiserror-impl v1.0.63
[INFO] [stderr]    Compiling bevy_reflect_derive v0.14.1
[INFO] [stderr]    Compiling bevy_ecs_macros v0.14.1
[INFO] [stderr]    Compiling bevy_utils v0.14.1
[INFO] [stderr]    Compiling petgraph v0.6.5
[INFO] [stderr]    Compiling bevy_reflect v0.14.1
[INFO] [stderr]    Compiling bevy_ecs v0.14.1
[INFO] [stderr]    Compiling bevy_predicate_filter v0.1.0 (/opt/rustwide/workdir)
[INFO] [stderr]     Finished `dev` profile [unoptimized + debuginfo] target(s) in 38.00s
[INFO] running `Command { std: "docker" "inspect" "d75ed15e48c429a3d01c36f102a5fbe18cb26e83436d448cd5ee41c2dc026468", kill_on_drop: false }`
[INFO] running `Command { std: "docker" "rm" "-f" "d75ed15e48c429a3d01c36f102a5fbe18cb26e83436d448cd5ee41c2dc026468", kill_on_drop: false }`
[INFO] [stdout] d75ed15e48c429a3d01c36f102a5fbe18cb26e83436d448cd5ee41c2dc026468
[INFO] running `Command { std: "docker" "create" "-v" "/var/lib/crater-agent-workspace/builds/worker-7-tc1/target:/opt/rustwide/target:rw,Z" "-v" "/var/lib/crater-agent-workspace/builds/worker-7-tc1/source:/opt/rustwide/workdir:ro,Z" "-v" "/var/lib/crater-agent-workspace/cargo-home:/opt/rustwide/cargo-home:ro,Z" "-v" "/var/lib/crater-agent-workspace/rustup-home:/opt/rustwide/rustup-home:ro,Z" "-e" "SOURCE_DIR=/opt/rustwide/workdir" "-e" "CARGO_TARGET_DIR=/opt/rustwide/target" "-e" "CARGO_INCREMENTAL=0" "-e" "RUST_BACKTRACE=full" "-e" "RUSTFLAGS=--cap-lints=warn" "-e" "RUSTDOCFLAGS=--cap-lints=warn" "-e" "CARGO_HOME=/opt/rustwide/cargo-home" "-e" "RUSTUP_HOME=/opt/rustwide/rustup-home" "-w" "/opt/rustwide/workdir" "-m" "1610612736" "--user" "0:0" "--network" "none" "ghcr.io/rust-lang/crates-build-env/linux@sha256:f3a9d4ad9d972b27faf3965f35b62e55ba32bbce8f20bc8fe909558a86702fde" "/opt/rustwide/cargo-home/bin/cargo" "+1.83.0" "test" "--frozen" "--no-run" "--message-format=json", kill_on_drop: false }`
[INFO] [stdout] 27b6d4f0fac52cfcd7d2eee0d7e85e36bc101a55003f87ece9136faff87a4e6d
[INFO] running `Command { std: "docker" "start" "-a" "27b6d4f0fac52cfcd7d2eee0d7e85e36bc101a55003f87ece9136faff87a4e6d", kill_on_drop: false }`
[INFO] [stderr]    Compiling bevy_predicate_filter v0.1.0 (/opt/rustwide/workdir)
[INFO] [stderr]     Finished `test` profile [unoptimized + debuginfo] target(s) in 1.73s
[INFO] running `Command { std: "docker" "inspect" "27b6d4f0fac52cfcd7d2eee0d7e85e36bc101a55003f87ece9136faff87a4e6d", kill_on_drop: false }`
[INFO] running `Command { std: "docker" "rm" "-f" "27b6d4f0fac52cfcd7d2eee0d7e85e36bc101a55003f87ece9136faff87a4e6d", kill_on_drop: false }`
[INFO] [stdout] 27b6d4f0fac52cfcd7d2eee0d7e85e36bc101a55003f87ece9136faff87a4e6d
[INFO] running `Command { std: "docker" "create" "-v" "/var/lib/crater-agent-workspace/builds/worker-7-tc1/target:/opt/rustwide/target:rw,Z" "-v" "/var/lib/crater-agent-workspace/builds/worker-7-tc1/source:/opt/rustwide/workdir:ro,Z" "-v" "/var/lib/crater-agent-workspace/cargo-home:/opt/rustwide/cargo-home:ro,Z" "-v" "/var/lib/crater-agent-workspace/rustup-home:/opt/rustwide/rustup-home:ro,Z" "-e" "SOURCE_DIR=/opt/rustwide/workdir" "-e" "CARGO_TARGET_DIR=/opt/rustwide/target" "-e" "CARGO_INCREMENTAL=0" "-e" "RUST_BACKTRACE=full" "-e" "RUSTFLAGS=--cap-lints=warn" "-e" "RUSTDOCFLAGS=--cap-lints=warn" "-e" "CARGO_HOME=/opt/rustwide/cargo-home" "-e" "RUSTUP_HOME=/opt/rustwide/rustup-home" "-w" "/opt/rustwide/workdir" "-m" "1610612736" "--user" "0:0" "--network" "none" "ghcr.io/rust-lang/crates-build-env/linux@sha256:f3a9d4ad9d972b27faf3965f35b62e55ba32bbce8f20bc8fe909558a86702fde" "/opt/rustwide/cargo-home/bin/cargo" "+1.83.0" "test" "--frozen", kill_on_drop: false }`
[INFO] [stdout] 079143244a17deae93db993bec28723b0f71682a82c8b5a2a64cfe9e41b5e437
[INFO] running `Command { std: "docker" "start" "-a" "079143244a17deae93db993bec28723b0f71682a82c8b5a2a64cfe9e41b5e437", kill_on_drop: false }`
[INFO] [stderr]     Finished `test` profile [unoptimized + debuginfo] target(s) in 0.09s
[INFO] [stderr]      Running unittests src/lib.rs (/opt/rustwide/target/debug/deps/bevy_predicate_filter-1903a9732f109ad7)
[INFO] [stdout] 
[INFO] [stdout] running 1 test
[INFO] [stdout] test tests::query_predicate_basic ... ok
[INFO] [stderr]    Doc-tests bevy_predicate_filter
[INFO] [stdout] 
[INFO] [stdout] test result: ok. 1 passed; 0 failed; 0 ignored; 0 measured; 0 filtered out; finished in 0.01s
[INFO] [stdout] 
[INFO] [stdout] 
[INFO] [stdout] running 3 tests
[INFO] [stdout] test src/predicate.rs - predicate::PredicateFilter (line 18) ... FAILED
[INFO] [stdout] test src/predicate.rs - predicate::Predicate (line 56) ... ok
[INFO] [stdout] test src/predicate.rs - predicate::Predicate (line 96) ... ok
[INFO] [stdout] 
[INFO] [stdout] failures:
[INFO] [stdout] 
[INFO] [stdout] ---- src/predicate.rs - predicate::PredicateFilter (line 18) stdout ----
[INFO] [stdout] error[E0446]: private type `BookPages` in public interface
[INFO] [stdout]   --> src/predicate.rs:31:5
[INFO] [stdout]    |
[INFO] [stdout] 11 | struct BookPages(usize);
[INFO] [stdout]    | ---------------- `BookPages` declared as private
[INFO] [stdout] ...
[INFO] [stdout] 16 |     type Data = &'static BookPages;
[INFO] [stdout]    |     ^^^^^^^^^ can't leak private type
[INFO] [stdout] 
[INFO] [stdout] error: aborting due to 1 previous error
[INFO] [stdout] 
[INFO] [stdout] For more information about this error, try `rustc --explain E0446`.
[INFO] [stdout] Couldn't compile the test.
[INFO] [stdout] 
[INFO] [stdout] failures:
[INFO] [stdout]     src/predicate.rs - predicate::PredicateFilter (line 18)
[INFO] [stdout] 
[INFO] [stdout] test result: FAILED. 2 passed; 1 failed; 0 ignored; 0 measured; 0 filtered out; finished in 1.57s
[INFO] [stdout] 
[INFO] [stderr] error: doctest failed, to rerun pass `--doc`
[INFO] running `Command { std: "docker" "inspect" "079143244a17deae93db993bec28723b0f71682a82c8b5a2a64cfe9e41b5e437", kill_on_drop: false }`
[INFO] running `Command { std: "docker" "rm" "-f" "079143244a17deae93db993bec28723b0f71682a82c8b5a2a64cfe9e41b5e437", kill_on_drop: false }`
[INFO] [stdout] 079143244a17deae93db993bec28723b0f71682a82c8b5a2a64cfe9e41b5e437
