[INFO] cloning repository https://github.com/RinatNamazov/vmt-hook
[INFO] running `Command { std: "git" "-c" "credential.helper=" "-c" "credential.helper=/workspace/cargo-home/bin/git-credential-null" "clone" "--bare" "https://github.com/RinatNamazov/vmt-hook" "/workspace/cache/git-repos/https%3A%2F%2Fgithub.com%2FRinatNamazov%2Fvmt-hook", kill_on_drop: false }`
[INFO] [stderr] Cloning into bare repository '/workspace/cache/git-repos/https%3A%2F%2Fgithub.com%2FRinatNamazov%2Fvmt-hook'...
[INFO] running `Command { std: "git" "rev-parse" "HEAD", kill_on_drop: false }`
[INFO] [stdout] 8e2ef709bffa81bd7f28fcb1db2e77d844bbe873
[INFO] testing RinatNamazov/vmt-hook against beta-2024-12-08 for beta-1.84.0-4-retry
[INFO] running `Command { std: "git" "clone" "/workspace/cache/git-repos/https%3A%2F%2Fgithub.com%2FRinatNamazov%2Fvmt-hook" "/workspace/builds/worker-2-tc2/source", kill_on_drop: false }`
[INFO] [stderr] Cloning into '/workspace/builds/worker-2-tc2/source'...
[INFO] [stderr] done.
[INFO] validating manifest of git repo https://github.com/RinatNamazov/vmt-hook on toolchain beta-2024-12-08
[INFO] running `Command { std: CARGO_HOME="/workspace/cargo-home" RUSTUP_HOME="/workspace/rustup-home" "/workspace/cargo-home/bin/cargo" "+beta-2024-12-08" "metadata" "--manifest-path" "Cargo.toml" "--no-deps", kill_on_drop: false }`
[INFO] started tweaking git repo https://github.com/RinatNamazov/vmt-hook
[INFO] finished tweaking git repo https://github.com/RinatNamazov/vmt-hook
[INFO] tweaked toml for git repo https://github.com/RinatNamazov/vmt-hook written to /workspace/builds/worker-2-tc2/source/Cargo.toml
[INFO] crate git repo https://github.com/RinatNamazov/vmt-hook already has a lockfile, it will not be regenerated
[INFO] running `Command { std: CARGO_HOME="/workspace/cargo-home" RUSTUP_HOME="/workspace/rustup-home" "/workspace/cargo-home/bin/cargo" "+beta-2024-12-08" "fetch" "--manifest-path" "Cargo.toml", kill_on_drop: false }`
[INFO] running `Command { std: "docker" "create" "-v" "/var/lib/crater-agent-workspace/builds/worker-2-tc2/target:/opt/rustwide/target:rw,Z" "-v" "/var/lib/crater-agent-workspace/builds/worker-2-tc2/source:/opt/rustwide/workdir:ro,Z" "-v" "/var/lib/crater-agent-workspace/cargo-home:/opt/rustwide/cargo-home:ro,Z" "-v" "/var/lib/crater-agent-workspace/rustup-home:/opt/rustwide/rustup-home:ro,Z" "-e" "SOURCE_DIR=/opt/rustwide/workdir" "-e" "CARGO_TARGET_DIR=/opt/rustwide/target" "-e" "CARGO_HOME=/opt/rustwide/cargo-home" "-e" "RUSTUP_HOME=/opt/rustwide/rustup-home" "-w" "/opt/rustwide/workdir" "-m" "1610612736" "--user" "0:0" "--network" "none" "ghcr.io/rust-lang/crates-build-env/linux@sha256:f3a9d4ad9d972b27faf3965f35b62e55ba32bbce8f20bc8fe909558a86702fde" "/opt/rustwide/cargo-home/bin/cargo" "+beta-2024-12-08" "metadata" "--no-deps" "--format-version=1", kill_on_drop: false }`
[INFO] [stdout] 31125ab31332d3e733482f9398809e11980ab5155e0098a5caed916c19e43e28
[INFO] running `Command { std: "docker" "start" "-a" "31125ab31332d3e733482f9398809e11980ab5155e0098a5caed916c19e43e28", kill_on_drop: false }`
[INFO] running `Command { std: "docker" "inspect" "31125ab31332d3e733482f9398809e11980ab5155e0098a5caed916c19e43e28", kill_on_drop: false }`
[INFO] running `Command { std: "docker" "rm" "-f" "31125ab31332d3e733482f9398809e11980ab5155e0098a5caed916c19e43e28", kill_on_drop: false }`
[INFO] [stdout] 31125ab31332d3e733482f9398809e11980ab5155e0098a5caed916c19e43e28
[INFO] running `Command { std: "docker" "create" "-v" "/var/lib/crater-agent-workspace/builds/worker-2-tc2/target:/opt/rustwide/target:rw,Z" "-v" "/var/lib/crater-agent-workspace/builds/worker-2-tc2/source:/opt/rustwide/workdir:ro,Z" "-v" "/var/lib/crater-agent-workspace/cargo-home:/opt/rustwide/cargo-home:ro,Z" "-v" "/var/lib/crater-agent-workspace/rustup-home:/opt/rustwide/rustup-home:ro,Z" "-e" "SOURCE_DIR=/opt/rustwide/workdir" "-e" "CARGO_TARGET_DIR=/opt/rustwide/target" "-e" "CARGO_INCREMENTAL=0" "-e" "RUST_BACKTRACE=full" "-e" "RUSTFLAGS=--cap-lints=warn" "-e" "RUSTDOCFLAGS=--cap-lints=warn" "-e" "CARGO_HOME=/opt/rustwide/cargo-home" "-e" "RUSTUP_HOME=/opt/rustwide/rustup-home" "-w" "/opt/rustwide/workdir" "-m" "1610612736" "--user" "0:0" "--network" "none" "ghcr.io/rust-lang/crates-build-env/linux@sha256:f3a9d4ad9d972b27faf3965f35b62e55ba32bbce8f20bc8fe909558a86702fde" "/opt/rustwide/cargo-home/bin/cargo" "+beta-2024-12-08" "build" "--frozen" "--message-format=json", kill_on_drop: false }`
[INFO] [stdout] 597ea273dbcee9a3f8e0c1852172846d1db88cd53bddb1541cea7bf79aabbb51
[INFO] running `Command { std: "docker" "start" "-a" "597ea273dbcee9a3f8e0c1852172846d1db88cd53bddb1541cea7bf79aabbb51", kill_on_drop: false }`
[INFO] [stderr]    Compiling vmt-hook v0.2.0 (/opt/rustwide/workdir)
[INFO] [stderr]     Finished `dev` profile [unoptimized + debuginfo] target(s) in 0.09s
[INFO] running `Command { std: "docker" "inspect" "597ea273dbcee9a3f8e0c1852172846d1db88cd53bddb1541cea7bf79aabbb51", kill_on_drop: false }`
[INFO] running `Command { std: "docker" "rm" "-f" "597ea273dbcee9a3f8e0c1852172846d1db88cd53bddb1541cea7bf79aabbb51", kill_on_drop: false }`
[INFO] [stdout] 597ea273dbcee9a3f8e0c1852172846d1db88cd53bddb1541cea7bf79aabbb51
[INFO] running `Command { std: "docker" "create" "-v" "/var/lib/crater-agent-workspace/builds/worker-2-tc2/target:/opt/rustwide/target:rw,Z" "-v" "/var/lib/crater-agent-workspace/builds/worker-2-tc2/source:/opt/rustwide/workdir:ro,Z" "-v" "/var/lib/crater-agent-workspace/cargo-home:/opt/rustwide/cargo-home:ro,Z" "-v" "/var/lib/crater-agent-workspace/rustup-home:/opt/rustwide/rustup-home:ro,Z" "-e" "SOURCE_DIR=/opt/rustwide/workdir" "-e" "CARGO_TARGET_DIR=/opt/rustwide/target" "-e" "CARGO_INCREMENTAL=0" "-e" "RUST_BACKTRACE=full" "-e" "RUSTFLAGS=--cap-lints=warn" "-e" "RUSTDOCFLAGS=--cap-lints=warn" "-e" "CARGO_HOME=/opt/rustwide/cargo-home" "-e" "RUSTUP_HOME=/opt/rustwide/rustup-home" "-w" "/opt/rustwide/workdir" "-m" "1610612736" "--user" "0:0" "--network" "none" "ghcr.io/rust-lang/crates-build-env/linux@sha256:f3a9d4ad9d972b27faf3965f35b62e55ba32bbce8f20bc8fe909558a86702fde" "/opt/rustwide/cargo-home/bin/cargo" "+beta-2024-12-08" "test" "--frozen" "--no-run" "--message-format=json", kill_on_drop: false }`
[INFO] [stdout] 79884cf4b6e3fcab88410afaa7413f1db657a148f839ea55f01ae99f2bd70cb4
[INFO] running `Command { std: "docker" "start" "-a" "79884cf4b6e3fcab88410afaa7413f1db657a148f839ea55f01ae99f2bd70cb4", kill_on_drop: false }`
[INFO] [stderr]    Compiling vmt-hook v0.2.0 (/opt/rustwide/workdir)
[INFO] [stderr]     Finished `test` profile [unoptimized + debuginfo] target(s) in 0.32s
[INFO] running `Command { std: "docker" "inspect" "79884cf4b6e3fcab88410afaa7413f1db657a148f839ea55f01ae99f2bd70cb4", kill_on_drop: false }`
[INFO] running `Command { std: "docker" "rm" "-f" "79884cf4b6e3fcab88410afaa7413f1db657a148f839ea55f01ae99f2bd70cb4", kill_on_drop: false }`
[INFO] [stdout] 79884cf4b6e3fcab88410afaa7413f1db657a148f839ea55f01ae99f2bd70cb4
[INFO] running `Command { std: "docker" "create" "-v" "/var/lib/crater-agent-workspace/builds/worker-2-tc2/target:/opt/rustwide/target:rw,Z" "-v" "/var/lib/crater-agent-workspace/builds/worker-2-tc2/source:/opt/rustwide/workdir:ro,Z" "-v" "/var/lib/crater-agent-workspace/cargo-home:/opt/rustwide/cargo-home:ro,Z" "-v" "/var/lib/crater-agent-workspace/rustup-home:/opt/rustwide/rustup-home:ro,Z" "-e" "SOURCE_DIR=/opt/rustwide/workdir" "-e" "CARGO_TARGET_DIR=/opt/rustwide/target" "-e" "CARGO_INCREMENTAL=0" "-e" "RUST_BACKTRACE=full" "-e" "RUSTFLAGS=--cap-lints=warn" "-e" "RUSTDOCFLAGS=--cap-lints=warn" "-e" "CARGO_HOME=/opt/rustwide/cargo-home" "-e" "RUSTUP_HOME=/opt/rustwide/rustup-home" "-w" "/opt/rustwide/workdir" "-m" "1610612736" "--user" "0:0" "--network" "none" "ghcr.io/rust-lang/crates-build-env/linux@sha256:f3a9d4ad9d972b27faf3965f35b62e55ba32bbce8f20bc8fe909558a86702fde" "/opt/rustwide/cargo-home/bin/cargo" "+beta-2024-12-08" "test" "--frozen", kill_on_drop: false }`
[INFO] [stdout] c720ab6b258e911d3be526659659673047ec57eb59bb70dd790477126ef99626
[INFO] running `Command { std: "docker" "start" "-a" "c720ab6b258e911d3be526659659673047ec57eb59bb70dd790477126ef99626", kill_on_drop: false }`
[INFO] [stderr]     Finished `test` profile [unoptimized + debuginfo] target(s) in 0.01s
[INFO] [stderr]      Running unittests src/lib.rs (/opt/rustwide/target/debug/deps/vmt_hook-6ef91f97fded5617)
[INFO] [stdout] 
[INFO] [stdout] running 0 tests
[INFO] [stdout] 
[INFO] [stdout] test result: ok. 0 passed; 0 failed; 0 ignored; 0 measured; 0 filtered out; finished in 0.00s
[INFO] [stdout] 
[INFO] [stderr]    Doc-tests vmt_hook
[INFO] [stdout] 
[INFO] [stdout] running 1 test
[INFO] [stdout] test src/lib.rs - VTableHook (line 10) ... FAILED
[INFO] [stdout] 
[INFO] [stdout] failures:
[INFO] [stdout] 
[INFO] [stdout] ---- src/lib.rs - VTableHook (line 10) stdout ----
[INFO] [stdout] error: expected expression, found `;`
[INFO] [stdout]   --> src/lib.rs:51:51
[INFO] [stdout]    |
[INFO] [stdout] 44 |     let device: IDirect3DDevice9 = /* Your ptr. */;
[INFO] [stdout]    |                                                   ^ expected expression
[INFO] [stdout] 
[INFO] [stdout] error[E0433]: failed to resolve: use of undeclared crate or module `windows`
[INFO] [stdout]  --> src/lib.rs:14:5
[INFO] [stdout]   |
[INFO] [stdout] 7 | use windows::{
[INFO] [stdout]   |     ^^^^^^^ use of undeclared crate or module `windows`
[INFO] [stdout] 
[INFO] [stdout] warning: the calling convention "stdcall" is not supported on this target
[INFO] [stdout]   --> src/lib.rs:25:18
[INFO] [stdout]    |
[INFO] [stdout] 18 |   type FnPresent = extern "stdcall" fn(
[INFO] [stdout]    |  __________________^
[INFO] [stdout] 19 | |     IDirect3DDevice9,
[INFO] [stdout] 20 | |     *const RECT,
[INFO] [stdout] 21 | |     *const RECT,
[INFO] [stdout] 22 | |     HWND,
[INFO] [stdout] 23 | |     *const RGNDATA,
[INFO] [stdout] 24 | | ) -> HRESULT;
[INFO] [stdout]    | |____________^
[INFO] [stdout]    |
[INFO] [stdout]    = warning: this was previously accepted by the compiler but is being phased out; it will become a hard error in a future release!
[INFO] [stdout]    = note: for more information, see issue #130260 <https://github.com/rust-lang/rust/issues/130260>
[INFO] [stdout]    = note: `#[warn(unsupported_fn_ptr_calling_conventions)]` on by default
[INFO] [stdout] 
[INFO] [stdout] error[E0570]: `"stdcall"` is not a supported ABI for the current target
[INFO] [stdout]   --> src/lib.rs:35:1
[INFO] [stdout]    |
[INFO] [stdout] 28 | / extern "stdcall" fn hk_present(
[INFO] [stdout] 29 | |     device: IDirect3DDevice9,
[INFO] [stdout] 30 | |     source_rect: *const RECT,
[INFO] [stdout] 31 | |     dest_rect: *const RECT,
[INFO] [stdout] 32 | |     dest_window_override: HWND,
[INFO] [stdout] 33 | |     dirty_region: *const RGNDATA,
[INFO] [stdout] 34 | | ) -> HRESULT {
[INFO] [stdout]    | |____________^
[INFO] [stdout] 
[INFO] [stdout] error: aborting due to 3 previous errors; 1 warning emitted
[INFO] [stdout] 
[INFO] [stdout] Some errors have detailed explanations: E0433, E0570.
[INFO] [stdout] For more information about an error, try `rustc --explain E0433`.
[INFO] [stdout] Couldn't compile the test.
[INFO] [stdout] 
[INFO] [stdout] failures:
[INFO] [stdout]     src/lib.rs - VTableHook (line 10)
[INFO] [stdout] 
[INFO] [stdout] test result: FAILED. 0 passed; 1 failed; 0 ignored; 0 measured; 0 filtered out; finished in 0.06s
[INFO] [stdout] 
[INFO] [stderr] error: doctest failed, to rerun pass `--doc`
[INFO] running `Command { std: "docker" "inspect" "c720ab6b258e911d3be526659659673047ec57eb59bb70dd790477126ef99626", kill_on_drop: false }`
[INFO] running `Command { std: "docker" "rm" "-f" "c720ab6b258e911d3be526659659673047ec57eb59bb70dd790477126ef99626", kill_on_drop: false }`
[INFO] [stdout] c720ab6b258e911d3be526659659673047ec57eb59bb70dd790477126ef99626
