[INFO] cloning repository https://github.com/Riketta/versa-league-helper
[INFO] running `Command { std: "git" "-c" "credential.helper=" "-c" "credential.helper=/workspace/cargo-home/bin/git-credential-null" "clone" "--bare" "https://github.com/Riketta/versa-league-helper" "/workspace/cache/git-repos/https%3A%2F%2Fgithub.com%2FRiketta%2Fversa-league-helper", kill_on_drop: false }`
[INFO] [stderr] Cloning into bare repository '/workspace/cache/git-repos/https%3A%2F%2Fgithub.com%2FRiketta%2Fversa-league-helper'...
[INFO] running `Command { std: "git" "rev-parse" "HEAD", kill_on_drop: false }`
[INFO] [stdout] 0eed32f48b6edcda2e3e4e55a424204858270773
[INFO] testing Riketta/versa-league-helper against beta-2024-12-08 for beta-1.84.0-4-retry
[INFO] running `Command { std: "git" "clone" "/workspace/cache/git-repos/https%3A%2F%2Fgithub.com%2FRiketta%2Fversa-league-helper" "/workspace/builds/worker-7-tc2/source", kill_on_drop: false }`
[INFO] [stderr] Cloning into '/workspace/builds/worker-7-tc2/source'...
[INFO] [stderr] done.
[INFO] validating manifest of git repo https://github.com/Riketta/versa-league-helper on toolchain beta-2024-12-08
[INFO] running `Command { std: CARGO_HOME="/workspace/cargo-home" RUSTUP_HOME="/workspace/rustup-home" "/workspace/cargo-home/bin/cargo" "+beta-2024-12-08" "metadata" "--manifest-path" "Cargo.toml" "--no-deps", kill_on_drop: false }`
[INFO] started tweaking git repo https://github.com/Riketta/versa-league-helper
[INFO] finished tweaking git repo https://github.com/Riketta/versa-league-helper
[INFO] tweaked toml for git repo https://github.com/Riketta/versa-league-helper written to /workspace/builds/worker-7-tc2/source/Cargo.toml
[INFO] crate git repo https://github.com/Riketta/versa-league-helper already has a lockfile, it will not be regenerated
[INFO] running `Command { std: CARGO_HOME="/workspace/cargo-home" RUSTUP_HOME="/workspace/rustup-home" "/workspace/cargo-home/bin/cargo" "+beta-2024-12-08" "fetch" "--manifest-path" "Cargo.toml", kill_on_drop: false }`
[INFO] running `Command { std: "docker" "create" "-v" "/var/lib/crater-agent-workspace/builds/worker-7-tc2/target:/opt/rustwide/target:rw,Z" "-v" "/var/lib/crater-agent-workspace/builds/worker-7-tc2/source:/opt/rustwide/workdir:ro,Z" "-v" "/var/lib/crater-agent-workspace/cargo-home:/opt/rustwide/cargo-home:ro,Z" "-v" "/var/lib/crater-agent-workspace/rustup-home:/opt/rustwide/rustup-home:ro,Z" "-e" "SOURCE_DIR=/opt/rustwide/workdir" "-e" "CARGO_TARGET_DIR=/opt/rustwide/target" "-e" "CARGO_HOME=/opt/rustwide/cargo-home" "-e" "RUSTUP_HOME=/opt/rustwide/rustup-home" "-w" "/opt/rustwide/workdir" "-m" "1610612736" "--user" "0:0" "--network" "none" "ghcr.io/rust-lang/crates-build-env/linux@sha256:f3a9d4ad9d972b27faf3965f35b62e55ba32bbce8f20bc8fe909558a86702fde" "/opt/rustwide/cargo-home/bin/cargo" "+beta-2024-12-08" "metadata" "--no-deps" "--format-version=1", kill_on_drop: false }`
[INFO] [stdout] e24d026f05d2452eb21bf8917a24ad6c38dce92e028a49d0cc6cfc5757ab6442
[INFO] running `Command { std: "docker" "start" "-a" "e24d026f05d2452eb21bf8917a24ad6c38dce92e028a49d0cc6cfc5757ab6442", kill_on_drop: false }`
[INFO] running `Command { std: "docker" "inspect" "e24d026f05d2452eb21bf8917a24ad6c38dce92e028a49d0cc6cfc5757ab6442", kill_on_drop: false }`
[INFO] running `Command { std: "docker" "rm" "-f" "e24d026f05d2452eb21bf8917a24ad6c38dce92e028a49d0cc6cfc5757ab6442", kill_on_drop: false }`
[INFO] [stdout] e24d026f05d2452eb21bf8917a24ad6c38dce92e028a49d0cc6cfc5757ab6442
[INFO] running `Command { std: "docker" "create" "-v" "/var/lib/crater-agent-workspace/builds/worker-7-tc2/target:/opt/rustwide/target:rw,Z" "-v" "/var/lib/crater-agent-workspace/builds/worker-7-tc2/source:/opt/rustwide/workdir:ro,Z" "-v" "/var/lib/crater-agent-workspace/cargo-home:/opt/rustwide/cargo-home:ro,Z" "-v" "/var/lib/crater-agent-workspace/rustup-home:/opt/rustwide/rustup-home:ro,Z" "-e" "SOURCE_DIR=/opt/rustwide/workdir" "-e" "CARGO_TARGET_DIR=/opt/rustwide/target" "-e" "CARGO_INCREMENTAL=0" "-e" "RUST_BACKTRACE=full" "-e" "RUSTFLAGS=--cap-lints=warn" "-e" "RUSTDOCFLAGS=--cap-lints=warn" "-e" "CARGO_HOME=/opt/rustwide/cargo-home" "-e" "RUSTUP_HOME=/opt/rustwide/rustup-home" "-w" "/opt/rustwide/workdir" "-m" "1610612736" "--user" "0:0" "--network" "none" "ghcr.io/rust-lang/crates-build-env/linux@sha256:f3a9d4ad9d972b27faf3965f35b62e55ba32bbce8f20bc8fe909558a86702fde" "/opt/rustwide/cargo-home/bin/cargo" "+beta-2024-12-08" "build" "--frozen" "--message-format=json", kill_on_drop: false }`
[INFO] [stdout] 396db884c48bd65dc2c38609f3010a2d73a6f3ab30743c5c643c24170d4f6535
[INFO] running `Command { std: "docker" "start" "-a" "396db884c48bd65dc2c38609f3010a2d73a6f3ab30743c5c643c24170d4f6535", kill_on_drop: false }`
[INFO] [stderr]    Compiling proc-macro2 v1.0.86
[INFO] [stderr]    Compiling unicode-ident v1.0.12
[INFO] [stderr]    Compiling glob v0.3.1
[INFO] [stderr]    Compiling prettyplease v0.2.20
[INFO] [stderr]    Compiling libc v0.2.155
[INFO] [stderr]    Compiling rustix v0.38.34
[INFO] [stderr]    Compiling bitflags v2.6.0
[INFO] [stderr]    Compiling memchr v2.7.4
[INFO] [stderr]    Compiling regex-syntax v0.8.4
[INFO] [stderr]    Compiling minimal-lexical v0.2.1
[INFO] [stderr]    Compiling either v1.13.0
[INFO] [stderr]    Compiling linux-raw-sys v0.4.14
[INFO] [stderr]    Compiling libloading v0.8.4
[INFO] [stderr]    Compiling bindgen v0.69.4
[INFO] [stderr]    Compiling home v0.5.9
[INFO] [stderr]    Compiling shlex v1.3.0
[INFO] [stderr]    Compiling lazy_static v1.5.0
[INFO] [stderr]    Compiling log v0.4.22
[INFO] [stderr]    Compiling lazycell v1.3.0
[INFO] [stderr]    Compiling rustc-hash v1.1.0
[INFO] [stderr]    Compiling syn v1.0.109
[INFO] [stderr]    Compiling autocfg v1.3.0
[INFO] [stderr]    Compiling itertools v0.12.1
[INFO] [stderr]    Compiling thiserror v1.0.62
[INFO] [stderr]    Compiling anyhow v1.0.86
[INFO] [stderr]    Compiling ppv-lite86 v0.2.17
[INFO] [stderr]    Compiling tts v0.26.3
[INFO] [stderr]    Compiling dyn-clone v1.0.17
[INFO] [stderr]    Compiling clang-sys v1.8.1
[INFO] [stderr]    Compiling iana-time-zone v0.1.60
[INFO] [stderr]    Compiling nom v7.1.3
[INFO] [stderr]    Compiling oxilangtag v0.1.5
[INFO] [stderr]    Compiling num-traits v0.2.19
[INFO] [stderr]    Compiling quote v1.0.36
[INFO] [stderr]    Compiling regex-automata v0.4.7
[INFO] [stderr]    Compiling syn v2.0.71
[INFO] [stderr]    Compiling getrandom v0.2.15
[INFO] [stderr]    Compiling rand_core v0.6.4
[INFO] [stderr]    Compiling rand_chacha v0.3.1
[INFO] [stderr]    Compiling rand v0.8.5
[INFO] [stderr]    Compiling chrono v0.4.38
[INFO] [stderr]    Compiling which v4.4.2
[INFO] [stderr]    Compiling cexpr v0.6.0
[INFO] [stderr]    Compiling regex v1.10.5
[INFO] [stderr]    Compiling dyn-clonable-impl v0.9.0
[INFO] [stderr]    Compiling thiserror-impl v1.0.62
[INFO] [stderr]    Compiling dyn-clonable v0.9.0
[INFO] [stderr]    Compiling speech-dispatcher-sys v0.7.0
[INFO] [stderr]    Compiling speech-dispatcher v0.16.0
[INFO] [stderr]    Compiling versa-league-helper v0.1.0 (/opt/rustwide/workdir)
[INFO] [stdout] warning: field `rng` is never read
[INFO] [stdout]   --> src/game_session.rs:10:5
[INFO] [stdout]    |
[INFO] [stdout] 9  | pub struct GameSession<'a> {
[INFO] [stdout]    |            ----------- field in this struct
[INFO] [stdout] 10 |     rng: RefCell<ThreadRng>,
[INFO] [stdout]    |     ^^^
[INFO] [stdout]    |
[INFO] [stdout]    = note: `#[warn(dead_code)]` on by default
[INFO] [stdout] 
[INFO] [stdout] 
[INFO] [stdout] warning: method `random_valid_message` is never used
[INFO] [stdout]    --> src/game_session.rs:117:8
[INFO] [stdout]     |
[INFO] [stdout] 21  | impl<'a> GameSession<'a> {
[INFO] [stdout]     | ------------------------ method in this implementation
[INFO] [stdout] ...
[INFO] [stdout] 117 |     fn random_valid_message(&self) -> Message {
[INFO] [stdout]     |        ^^^^^^^^^^^^^^^^^^^^
[INFO] [stdout] 
[INFO] [stdout] 
[INFO] [stdout] warning: associated function `from` is never used
[INFO] [stdout]   --> src/game_stage.rs:11:12
[INFO] [stdout]    |
[INFO] [stdout] 10 | impl GameStage {
[INFO] [stdout]    | -------------- associated function in this implementation
[INFO] [stdout] 11 |     pub fn from(seconds: u64) -> Self {
[INFO] [stdout]    |            ^^^^
[INFO] [stdout] 
[INFO] [stdout] 
[INFO] [stdout] warning: struct `LeagueAPI` is never constructed
[INFO] [stdout]  --> src/league_api.rs:3:8
[INFO] [stdout]   |
[INFO] [stdout] 3 | struct LeagueAPI {
[INFO] [stdout]   |        ^^^^^^^^^
[INFO] [stdout] 
[INFO] [stdout] 
[INFO] [stdout] warning: constant `USER_AGENT` is never used
[INFO] [stdout]  --> src/league_rest_api.rs:1:7
[INFO] [stdout]   |
[INFO] [stdout] 1 | const USER_AGENT: &str = "LeagueOfLegendsClient/14.5.563.9790 (CEF 91)";
[INFO] [stdout]   |       ^^^^^^^^^^
[INFO] [stdout] 
[INFO] [stdout] 
[INFO] [stdout] warning: struct `RiotClientAPICredentials` is never constructed
[INFO] [stdout]  --> src/league_rest_api.rs:3:8
[INFO] [stdout]   |
[INFO] [stdout] 3 | struct RiotClientAPICredentials {}
[INFO] [stdout]   |        ^^^^^^^^^^^^^^^^^^^^^^^^
[INFO] [stdout] 
[INFO] [stdout] 
[INFO] [stdout] warning: struct `LeagueClientAPICredentials` is never constructed
[INFO] [stdout]  --> src/league_rest_api.rs:5:8
[INFO] [stdout]   |
[INFO] [stdout] 5 | struct LeagueClientAPICredentials {}
[INFO] [stdout]   |        ^^^^^^^^^^^^^^^^^^^^^^^^^^
[INFO] [stdout] 
[INFO] [stdout] 
[INFO] [stdout] warning: struct `LeagueAPI` is never constructed
[INFO] [stdout]  --> src/league_rest_api.rs:7:8
[INFO] [stdout]   |
[INFO] [stdout] 7 | struct LeagueAPI {
[INFO] [stdout]   |        ^^^^^^^^^
[INFO] [stdout] 
[INFO] [stdout] 
[INFO] [stdout] warning: associated function `new` is never used
[INFO] [stdout]   --> src/league_rest_api.rs:13:8
[INFO] [stdout]    |
[INFO] [stdout] 12 | impl LeagueAPI {
[INFO] [stdout]    | -------------- associated function in this implementation
[INFO] [stdout] 13 |     fn new(
[INFO] [stdout]    |        ^^^
[INFO] [stdout] 
[INFO] [stdout] 
[INFO] [stdout] warning: struct `LeagueRestAPI` is never constructed
[INFO] [stdout]   --> src/league_rest_api.rs:26:12
[INFO] [stdout]    |
[INFO] [stdout] 26 | pub struct LeagueRestAPI {}
[INFO] [stdout]    |            ^^^^^^^^^^^^^
[INFO] [stdout] 
[INFO] [stdout] 
[INFO] [stderr]     Finished `dev` profile [unoptimized + debuginfo] target(s) in 23.75s
[INFO] running `Command { std: "docker" "inspect" "396db884c48bd65dc2c38609f3010a2d73a6f3ab30743c5c643c24170d4f6535", kill_on_drop: false }`
[INFO] running `Command { std: "docker" "rm" "-f" "396db884c48bd65dc2c38609f3010a2d73a6f3ab30743c5c643c24170d4f6535", kill_on_drop: false }`
[INFO] [stdout] 396db884c48bd65dc2c38609f3010a2d73a6f3ab30743c5c643c24170d4f6535
[INFO] running `Command { std: "docker" "create" "-v" "/var/lib/crater-agent-workspace/builds/worker-7-tc2/target:/opt/rustwide/target:rw,Z" "-v" "/var/lib/crater-agent-workspace/builds/worker-7-tc2/source:/opt/rustwide/workdir:ro,Z" "-v" "/var/lib/crater-agent-workspace/cargo-home:/opt/rustwide/cargo-home:ro,Z" "-v" "/var/lib/crater-agent-workspace/rustup-home:/opt/rustwide/rustup-home:ro,Z" "-e" "SOURCE_DIR=/opt/rustwide/workdir" "-e" "CARGO_TARGET_DIR=/opt/rustwide/target" "-e" "CARGO_INCREMENTAL=0" "-e" "RUST_BACKTRACE=full" "-e" "RUSTFLAGS=--cap-lints=warn" "-e" "RUSTDOCFLAGS=--cap-lints=warn" "-e" "CARGO_HOME=/opt/rustwide/cargo-home" "-e" "RUSTUP_HOME=/opt/rustwide/rustup-home" "-w" "/opt/rustwide/workdir" "-m" "1610612736" "--user" "0:0" "--network" "none" "ghcr.io/rust-lang/crates-build-env/linux@sha256:f3a9d4ad9d972b27faf3965f35b62e55ba32bbce8f20bc8fe909558a86702fde" "/opt/rustwide/cargo-home/bin/cargo" "+beta-2024-12-08" "test" "--frozen" "--no-run" "--message-format=json", kill_on_drop: false }`
[INFO] [stdout] 2818f6e35432a642e6b59e390146998bbf25b80cdf5fc3090cdf004015ebd3ea
[INFO] running `Command { std: "docker" "start" "-a" "2818f6e35432a642e6b59e390146998bbf25b80cdf5fc3090cdf004015ebd3ea", kill_on_drop: false }`
[INFO] [stderr]    Compiling versa-league-helper v0.1.0 (/opt/rustwide/workdir)
[INFO] [stdout] warning: field `rng` is never read
[INFO] [stdout]   --> src/game_session.rs:10:5
[INFO] [stdout]    |
[INFO] [stdout] 9  | pub struct GameSession<'a> {
[INFO] [stdout]    |            ----------- field in this struct
[INFO] [stdout] 10 |     rng: RefCell<ThreadRng>,
[INFO] [stdout]    |     ^^^
[INFO] [stdout]    |
[INFO] [stdout]    = note: `#[warn(dead_code)]` on by default
[INFO] [stdout] 
[INFO] [stdout] 
[INFO] [stdout] warning: method `random_valid_message` is never used
[INFO] [stdout]    --> src/game_session.rs:117:8
[INFO] [stdout]     |
[INFO] [stdout] 21  | impl<'a> GameSession<'a> {
[INFO] [stdout]     | ------------------------ method in this implementation
[INFO] [stdout] ...
[INFO] [stdout] 117 |     fn random_valid_message(&self) -> Message {
[INFO] [stdout]     |        ^^^^^^^^^^^^^^^^^^^^
[INFO] [stdout] 
[INFO] [stdout] 
[INFO] [stdout] warning: associated function `from` is never used
[INFO] [stdout]   --> src/game_stage.rs:11:12
[INFO] [stdout]    |
[INFO] [stdout] 10 | impl GameStage {
[INFO] [stdout]    | -------------- associated function in this implementation
[INFO] [stdout] 11 |     pub fn from(seconds: u64) -> Self {
[INFO] [stdout]    |            ^^^^
[INFO] [stdout] 
[INFO] [stdout] 
[INFO] [stdout] warning: struct `LeagueAPI` is never constructed
[INFO] [stdout]  --> src/league_api.rs:3:8
[INFO] [stdout]   |
[INFO] [stdout] 3 | struct LeagueAPI {
[INFO] [stdout]   |        ^^^^^^^^^
[INFO] [stdout] 
[INFO] [stdout] 
[INFO] [stdout] warning: constant `USER_AGENT` is never used
[INFO] [stdout]  --> src/league_rest_api.rs:1:7
[INFO] [stdout]   |
[INFO] [stdout] 1 | const USER_AGENT: &str = "LeagueOfLegendsClient/14.5.563.9790 (CEF 91)";
[INFO] [stdout]   |       ^^^^^^^^^^
[INFO] [stdout] 
[INFO] [stdout] 
[INFO] [stdout] warning: struct `RiotClientAPICredentials` is never constructed
[INFO] [stdout]  --> src/league_rest_api.rs:3:8
[INFO] [stdout]   |
[INFO] [stdout] 3 | struct RiotClientAPICredentials {}
[INFO] [stdout]   |        ^^^^^^^^^^^^^^^^^^^^^^^^
[INFO] [stdout] 
[INFO] [stdout] 
[INFO] [stdout] warning: struct `LeagueClientAPICredentials` is never constructed
[INFO] [stdout]  --> src/league_rest_api.rs:5:8
[INFO] [stdout]   |
[INFO] [stdout] 5 | struct LeagueClientAPICredentials {}
[INFO] [stdout]   |        ^^^^^^^^^^^^^^^^^^^^^^^^^^
[INFO] [stdout] 
[INFO] [stdout] 
[INFO] [stdout] warning: struct `LeagueAPI` is never constructed
[INFO] [stdout]  --> src/league_rest_api.rs:7:8
[INFO] [stdout]   |
[INFO] [stdout] 7 | struct LeagueAPI {
[INFO] [stdout]   |        ^^^^^^^^^
[INFO] [stdout] 
[INFO] [stdout] 
[INFO] [stdout] warning: associated function `new` is never used
[INFO] [stdout]   --> src/league_rest_api.rs:13:8
[INFO] [stdout]    |
[INFO] [stdout] 12 | impl LeagueAPI {
[INFO] [stdout]    | -------------- associated function in this implementation
[INFO] [stdout] 13 |     fn new(
[INFO] [stdout]    |        ^^^
[INFO] [stdout] 
[INFO] [stdout] 
[INFO] [stdout] warning: struct `LeagueRestAPI` is never constructed
[INFO] [stdout]   --> src/league_rest_api.rs:26:12
[INFO] [stdout]    |
[INFO] [stdout] 26 | pub struct LeagueRestAPI {}
[INFO] [stdout]    |            ^^^^^^^^^^^^^
[INFO] [stdout] 
[INFO] [stdout] 
[INFO] [stderr]     Finished `test` profile [unoptimized + debuginfo] target(s) in 1.35s
[INFO] running `Command { std: "docker" "inspect" "2818f6e35432a642e6b59e390146998bbf25b80cdf5fc3090cdf004015ebd3ea", kill_on_drop: false }`
[INFO] running `Command { std: "docker" "rm" "-f" "2818f6e35432a642e6b59e390146998bbf25b80cdf5fc3090cdf004015ebd3ea", kill_on_drop: false }`
[INFO] [stdout] 2818f6e35432a642e6b59e390146998bbf25b80cdf5fc3090cdf004015ebd3ea
[INFO] running `Command { std: "docker" "create" "-v" "/var/lib/crater-agent-workspace/builds/worker-7-tc2/target:/opt/rustwide/target:rw,Z" "-v" "/var/lib/crater-agent-workspace/builds/worker-7-tc2/source:/opt/rustwide/workdir:ro,Z" "-v" "/var/lib/crater-agent-workspace/cargo-home:/opt/rustwide/cargo-home:ro,Z" "-v" "/var/lib/crater-agent-workspace/rustup-home:/opt/rustwide/rustup-home:ro,Z" "-e" "SOURCE_DIR=/opt/rustwide/workdir" "-e" "CARGO_TARGET_DIR=/opt/rustwide/target" "-e" "CARGO_INCREMENTAL=0" "-e" "RUST_BACKTRACE=full" "-e" "RUSTFLAGS=--cap-lints=warn" "-e" "RUSTDOCFLAGS=--cap-lints=warn" "-e" "CARGO_HOME=/opt/rustwide/cargo-home" "-e" "RUSTUP_HOME=/opt/rustwide/rustup-home" "-w" "/opt/rustwide/workdir" "-m" "1610612736" "--user" "0:0" "--network" "none" "ghcr.io/rust-lang/crates-build-env/linux@sha256:f3a9d4ad9d972b27faf3965f35b62e55ba32bbce8f20bc8fe909558a86702fde" "/opt/rustwide/cargo-home/bin/cargo" "+beta-2024-12-08" "test" "--frozen", kill_on_drop: false }`
[INFO] [stdout] 43da0b5048b151b39a6463aea55d991c7ea0c5075b7d83b3c0db1ca229f56788
[INFO] running `Command { std: "docker" "start" "-a" "43da0b5048b151b39a6463aea55d991c7ea0c5075b7d83b3c0db1ca229f56788", kill_on_drop: false }`
[INFO] [stderr] warning: field `rng` is never read
[INFO] [stderr]   --> src/game_session.rs:10:5
[INFO] [stderr]    |
[INFO] [stderr] 9  | pub struct GameSession<'a> {
[INFO] [stderr]    |            ----------- field in this struct
[INFO] [stderr] 10 |     rng: RefCell<ThreadRng>,
[INFO] [stderr]    |     ^^^
[INFO] [stderr]    |
[INFO] [stderr]    = note: `#[warn(dead_code)]` on by default
[INFO] [stderr] 
[INFO] [stderr] warning: method `random_valid_message` is never used
[INFO] [stderr]    --> src/game_session.rs:117:8
[INFO] [stderr]     |
[INFO] [stderr] 21  | impl<'a> GameSession<'a> {
[INFO] [stderr]     | ------------------------ method in this implementation
[INFO] [stderr] ...
[INFO] [stderr] 117 |     fn random_valid_message(&self) -> Message {
[INFO] [stderr]     |        ^^^^^^^^^^^^^^^^^^^^
[INFO] [stderr] 
[INFO] [stderr] warning: associated function `from` is never used
[INFO] [stderr]   --> src/game_stage.rs:11:12
[INFO] [stderr]    |
[INFO] [stderr] 10 | impl GameStage {
[INFO] [stderr]    | -------------- associated function in this implementation
[INFO] [stderr] 11 |     pub fn from(seconds: u64) -> Self {
[INFO] [stderr]    |            ^^^^
[INFO] [stderr] 
[INFO] [stderr] warning: struct `LeagueAPI` is never constructed
[INFO] [stderr]  --> src/league_api.rs:3:8
[INFO] [stderr]   |
[INFO] [stderr] 3 | struct LeagueAPI {
[INFO] [stderr]   |        ^^^^^^^^^
[INFO] [stderr] 
[INFO] [stderr] warning: constant `USER_AGENT` is never used
[INFO] [stderr]  --> src/league_rest_api.rs:1:7
[INFO] [stderr]   |
[INFO] [stderr] 1 | const USER_AGENT: &str = "LeagueOfLegendsClient/14.5.563.9790 (CEF 91)";
[INFO] [stderr]   |       ^^^^^^^^^^
[INFO] [stderr] 
[INFO] [stderr] warning: struct `RiotClientAPICredentials` is never constructed
[INFO] [stderr]  --> src/league_rest_api.rs:3:8
[INFO] [stderr]   |
[INFO] [stderr] 3 | struct RiotClientAPICredentials {}
[INFO] [stderr]   |        ^^^^^^^^^^^^^^^^^^^^^^^^
[INFO] [stderr] 
[INFO] [stderr] warning: struct `LeagueClientAPICredentials` is never constructed
[INFO] [stderr]  --> src/league_rest_api.rs:5:8
[INFO] [stderr]   |
[INFO] [stderr] 5 | struct LeagueClientAPICredentials {}
[INFO] [stderr]   |        ^^^^^^^^^^^^^^^^^^^^^^^^^^
[INFO] [stderr] 
[INFO] [stderr] warning: struct `LeagueAPI` is never constructed
[INFO] [stderr]  --> src/league_rest_api.rs:7:8
[INFO] [stderr]   |
[INFO] [stderr] 7 | struct LeagueAPI {
[INFO] [stderr]   |        ^^^^^^^^^
[INFO] [stderr] 
[INFO] [stderr] warning: associated function `new` is never used
[INFO] [stderr]   --> src/league_rest_api.rs:13:8
[INFO] [stderr]    |
[INFO] [stderr] 12 | impl LeagueAPI {
[INFO] [stderr]    | -------------- associated function in this implementation
[INFO] [stderr] 13 |     fn new(
[INFO] [stderr]    |        ^^^
[INFO] [stderr] 
[INFO] [stderr] warning: struct `LeagueRestAPI` is never constructed
[INFO] [stderr]   --> src/league_rest_api.rs:26:12
[INFO] [stderr]    |
[INFO] [stderr] 26 | pub struct LeagueRestAPI {}
[INFO] [stderr]    |            ^^^^^^^^^^^^^
[INFO] [stderr] 
[INFO] [stderr] warning: `versa-league-helper` (bin "versa-league-helper" test) generated 10 warnings
[INFO] [stderr]     Finished `test` profile [unoptimized + debuginfo] target(s) in 0.10s
[INFO] [stderr]      Running unittests src/main.rs (/opt/rustwide/target/debug/deps/versa_league_helper-0c7def2095c4b42c)
[INFO] [stdout] 
[INFO] [stdout] running 2 tests
[INFO] [stdout] test message::tests::test_messages ... ok
[INFO] [stdout] test game_session::tests::test_game_session ... FAILED
[INFO] [stdout] 
[INFO] [stdout] failures:
[INFO] [stdout] 
[INFO] [stdout] ---- game_session::tests::test_game_session stdout ----
[INFO] [stdout] thread 'game_session::tests::test_game_session' panicked at src/tts.rs:54:47:
[INFO] [stdout] called `Result::unwrap()` on an `Err` value: SpeechDispatcher(InitializationError)
[INFO] [stdout] stack backtrace:
[INFO] [stdout]    0:     0x5631a19743ca - std::backtrace_rs::backtrace::libunwind::trace::h8810477743020387
[INFO] [stdout]                                at /rustc/202008a1b8de96d2e5b6bc02d379db03a877d34d/library/std/src/../../backtrace/src/backtrace/libunwind.rs:116:5
[INFO] [stdout]    1:     0x5631a19743ca - std::backtrace_rs::backtrace::trace_unsynchronized::h3aa55355dd6c54a6
[INFO] [stdout]                                at /rustc/202008a1b8de96d2e5b6bc02d379db03a877d34d/library/std/src/../../backtrace/src/backtrace/mod.rs:66:5
[INFO] [stdout]    2:     0x5631a19743ca - std::sys::backtrace::_print_fmt::h8588b0f62410823f
[INFO] [stdout]                                at /rustc/202008a1b8de96d2e5b6bc02d379db03a877d34d/library/std/src/sys/backtrace.rs:66:9
[INFO] [stdout]    3:     0x5631a19743ca - <std::sys::backtrace::BacktraceLock::print::DisplayBacktrace as core::fmt::Display>::fmt::h98c26ac25ffe89bb
[INFO] [stdout]                                at /rustc/202008a1b8de96d2e5b6bc02d379db03a877d34d/library/std/src/sys/backtrace.rs:39:26
[INFO] [stdout]    4:     0x5631a199a333 - core::fmt::rt::Argument::fmt::hf95377f4aebd453b
[INFO] [stdout]                                at /rustc/202008a1b8de96d2e5b6bc02d379db03a877d34d/library/core/src/fmt/rt.rs:177:76
[INFO] [stdout]    5:     0x5631a199a333 - core::fmt::write::h0dd5f6e2238c7982
[INFO] [stdout]                                at /rustc/202008a1b8de96d2e5b6bc02d379db03a877d34d/library/core/src/fmt/mod.rs:1189:21
[INFO] [stdout]    6:     0x5631a19711d3 - std::io::Write::write_fmt::h03bb0ca26e6faf8c
[INFO] [stdout]                                at /rustc/202008a1b8de96d2e5b6bc02d379db03a877d34d/library/std/src/io/mod.rs:1884:15
[INFO] [stdout]    7:     0x5631a1974212 - std::sys::backtrace::BacktraceLock::print::h5c19c1c038ee186d
[INFO] [stdout]                                at /rustc/202008a1b8de96d2e5b6bc02d379db03a877d34d/library/std/src/sys/backtrace.rs:42:9
[INFO] [stdout]    8:     0x5631a197584d - std::panicking::default_hook::{{closure}}::h77172f079a1fcb13
[INFO] [stdout]                                at /rustc/202008a1b8de96d2e5b6bc02d379db03a877d34d/library/std/src/panicking.rs:268:22
[INFO] [stdout]    9:     0x5631a1975657 - std::panicking::default_hook::he5f8e3b203ccddba
[INFO] [stdout]                                at /rustc/202008a1b8de96d2e5b6bc02d379db03a877d34d/library/std/src/panicking.rs:292:9
[INFO] [stdout]   10:     0x5631a18d0737 - <alloc::boxed::Box<F,A> as core::ops::function::Fn<Args>>::call::h7a3c7b4a1ae77f2f
[INFO] [stdout]                                at /rustc/202008a1b8de96d2e5b6bc02d379db03a877d34d/library/alloc/src/boxed.rs:1986:9
[INFO] [stdout]   11:     0x5631a18d0737 - test::test_main::{{closure}}::hf0d3b69ae9b353d1
[INFO] [stdout]                                at /rustc/202008a1b8de96d2e5b6bc02d379db03a877d34d/library/test/src/lib.rs:134:21
[INFO] [stdout]   12:     0x5631a1975ef8 - <alloc::boxed::Box<F,A> as core::ops::function::Fn<Args>>::call::h6332e82e7b189abd
[INFO] [stdout]                                at /rustc/202008a1b8de96d2e5b6bc02d379db03a877d34d/library/alloc/src/boxed.rs:1986:9
[INFO] [stdout]   13:     0x5631a1975ef8 - std::panicking::rust_panic_with_hook::h53863d4e9018df39
[INFO] [stdout]                                at /rustc/202008a1b8de96d2e5b6bc02d379db03a877d34d/library/std/src/panicking.rs:809:13
[INFO] [stdout]   14:     0x5631a1975cba - std::panicking::begin_panic_handler::{{closure}}::h67280e6fa0757873
[INFO] [stdout]                                at /rustc/202008a1b8de96d2e5b6bc02d379db03a877d34d/library/std/src/panicking.rs:674:13
[INFO] [stdout]   15:     0x5631a19748a9 - std::sys::backtrace::__rust_end_short_backtrace::h1dac3f54d6fbbeb2
[INFO] [stdout]                                at /rustc/202008a1b8de96d2e5b6bc02d379db03a877d34d/library/std/src/sys/backtrace.rs:170:18
[INFO] [stdout]   16:     0x5631a197594c - rust_begin_unwind
[INFO] [stdout]                                at /rustc/202008a1b8de96d2e5b6bc02d379db03a877d34d/library/std/src/panicking.rs:665:5
[INFO] [stdout]   17:     0x5631a188d0f0 - core::panicking::panic_fmt::h6792bd1b2bf01041
[INFO] [stdout]                                at /rustc/202008a1b8de96d2e5b6bc02d379db03a877d34d/library/core/src/panicking.rs:76:14
[INFO] [stdout]   18:     0x5631a188d536 - core::result::unwrap_failed::h05e0602ed34287c5
[INFO] [stdout]                                at /rustc/202008a1b8de96d2e5b6bc02d379db03a877d34d/library/core/src/result.rs:1699:5
[INFO] [stdout]   19:     0x5631a1896963 - core::result::Result<T,E>::unwrap::h74847f2fc5c7d81e
[INFO] [stdout]                                at /rustc/202008a1b8de96d2e5b6bc02d379db03a877d34d/library/core/src/result.rs:1104:23
[INFO] [stdout]   20:     0x5631a1896963 - <versa_league_helper::tts::TTS as core::default::Default>::default::h91553cbe57f4b15f
[INFO] [stdout]                                at /opt/rustwide/workdir/src/tts.rs:54:32
[INFO] [stdout]   21:     0x5631a18914ec - versa_league_helper::game_session::tests::test_game_session::h752eea8dd5188615
[INFO] [stdout]                                at /opt/rustwide/workdir/src/game_session.rs:139:23
[INFO] [stdout]   22:     0x5631a1891487 - versa_league_helper::game_session::tests::test_game_session::{{closure}}::h387a1961494d9fea
[INFO] [stdout]                                at /opt/rustwide/workdir/src/game_session.rs:138:31
[INFO] [stdout]   23:     0x5631a188ef26 - core::ops::function::FnOnce::call_once::h96d1b32b4354c5bb
[INFO] [stdout]                                at /rustc/202008a1b8de96d2e5b6bc02d379db03a877d34d/library/core/src/ops/function.rs:250:5
[INFO] [stdout]   24:     0x5631a18d525b - core::ops::function::FnOnce::call_once::h871bf86719ec9aa4
[INFO] [stdout]                                at /rustc/202008a1b8de96d2e5b6bc02d379db03a877d34d/library/core/src/ops/function.rs:250:5
[INFO] [stdout]   25:     0x5631a18d525b - test::__rust_begin_short_backtrace::h2167df1e2b7d76fd
[INFO] [stdout]                                at /rustc/202008a1b8de96d2e5b6bc02d379db03a877d34d/library/test/src/lib.rs:632:18
[INFO] [stdout]   26:     0x5631a18d4c48 - test::run_test_in_process::{{closure}}::h15d92f75a3adfb79
[INFO] [stdout]                                at /rustc/202008a1b8de96d2e5b6bc02d379db03a877d34d/library/test/src/lib.rs:655:60
[INFO] [stdout]   27:     0x5631a18d4c48 - <core::panic::unwind_safe::AssertUnwindSafe<F> as core::ops::function::FnOnce<()>>::call_once::hb6c8955835a8dbbb
[INFO] [stdout]                                at /rustc/202008a1b8de96d2e5b6bc02d379db03a877d34d/library/core/src/panic/unwind_safe.rs:272:9
[INFO] [stdout]   28:     0x5631a18d4c48 - std::panicking::try::do_call::hc79d0fc888a0bd30
[INFO] [stdout]                                at /rustc/202008a1b8de96d2e5b6bc02d379db03a877d34d/library/std/src/panicking.rs:557:40
[INFO] [stdout]   29:     0x5631a18d4c48 - std::panicking::try::hb8a7878e3a8589d6
[INFO] [stdout]                                at /rustc/202008a1b8de96d2e5b6bc02d379db03a877d34d/library/std/src/panicking.rs:520:19
[INFO] [stdout]   30:     0x5631a18d4c48 - std::panic::catch_unwind::hb8e4600ff0ff5cfa
[INFO] [stdout]                                at /rustc/202008a1b8de96d2e5b6bc02d379db03a877d34d/library/std/src/panic.rs:358:14
[INFO] [stdout]   31:     0x5631a18d4c48 - test::run_test_in_process::hc2900b0b18688dd6
[INFO] [stdout]                                at /rustc/202008a1b8de96d2e5b6bc02d379db03a877d34d/library/test/src/lib.rs:655:27
[INFO] [stdout]   32:     0x5631a18d4c48 - test::run_test::{{closure}}::hac2a9cb07be3d48d
[INFO] [stdout]                                at /rustc/202008a1b8de96d2e5b6bc02d379db03a877d34d/library/test/src/lib.rs:576:43
[INFO] [stdout]   33:     0x5631a18986ea - test::run_test::{{closure}}::h4a5b729e66a38cd8
[INFO] [stderr] error: test failed, to rerun pass `--bin versa-league-helper`
[INFO] [stdout]                                at /rustc/202008a1b8de96d2e5b6bc02d379db03a877d34d/library/test/src/lib.rs:606:41
[INFO] [stdout]   34:     0x5631a18986ea - std::sys::backtrace::__rust_begin_short_backtrace::h0496fb742492f573
[INFO] [stdout]                                at /rustc/202008a1b8de96d2e5b6bc02d379db03a877d34d/library/std/src/sys/backtrace.rs:154:18
[INFO] [stdout]   35:     0x5631a189c064 - std::thread::Builder::spawn_unchecked_::{{closure}}::{{closure}}::hbb6d257c550a54bd
[INFO] [stdout]                                at /rustc/202008a1b8de96d2e5b6bc02d379db03a877d34d/library/std/src/thread/mod.rs:561:17
[INFO] [stdout]   36:     0x5631a189c064 - <core::panic::unwind_safe::AssertUnwindSafe<F> as core::ops::function::FnOnce<()>>::call_once::h46696fe4a6832328
[INFO] [stdout]                                at /rustc/202008a1b8de96d2e5b6bc02d379db03a877d34d/library/core/src/panic/unwind_safe.rs:272:9
[INFO] [stdout]   37:     0x5631a189c064 - std::panicking::try::do_call::h2625a51b667bfb64
[INFO] [stdout]                                at /rustc/202008a1b8de96d2e5b6bc02d379db03a877d34d/library/std/src/panicking.rs:557:40
[INFO] [stdout]   38:     0x5631a189c064 - std::panicking::try::hb956a59a1973aa4c
[INFO] [stdout]                                at /rustc/202008a1b8de96d2e5b6bc02d379db03a877d34d/library/std/src/panicking.rs:520:19
[INFO] [stdout]   39:     0x5631a189c064 - std::panic::catch_unwind::h64f3b9d1067ef6a0
[INFO] [stdout]                                at /rustc/202008a1b8de96d2e5b6bc02d379db03a877d34d/library/std/src/panic.rs:358:14
[INFO] [stdout]   40:     0x5631a189c064 - std::thread::Builder::spawn_unchecked_::{{closure}}::h42b2841295b6c0b2
[INFO] [stdout]                                at /rustc/202008a1b8de96d2e5b6bc02d379db03a877d34d/library/std/src/thread/mod.rs:559:30
[INFO] [stdout]   41:     0x5631a189c064 - core::ops::function::FnOnce::call_once{{vtable.shim}}::h6127de71b8124639
[INFO] [stdout]                                at /rustc/202008a1b8de96d2e5b6bc02d379db03a877d34d/library/core/src/ops/function.rs:250:5
[INFO] [stdout]   42:     0x5631a197a11b - <alloc::boxed::Box<F,A> as core::ops::function::FnOnce<Args>>::call_once::h42f0ba71002a1b2c
[INFO] [stdout]                                at /rustc/202008a1b8de96d2e5b6bc02d379db03a877d34d/library/alloc/src/boxed.rs:1972:9
[INFO] [stdout]   43:     0x5631a197a11b - <alloc::boxed::Box<F,A> as core::ops::function::FnOnce<Args>>::call_once::had9e47d7a3dcecb8
[INFO] [stdout]                                at /rustc/202008a1b8de96d2e5b6bc02d379db03a877d34d/library/alloc/src/boxed.rs:1972:9
[INFO] [stdout]   44:     0x5631a197a11b - std::sys::pal::unix::thread::Thread::new::thread_start::h48cf765408f6f5f2
[INFO] [stdout]                                at /rustc/202008a1b8de96d2e5b6bc02d379db03a877d34d/library/std/src/sys/pal/unix/thread.rs:105:17
[INFO] [stdout]   45:     0x73b844205ac3 - <unknown>
[INFO] [stdout]   46:     0x73b844296a04 - clone
[INFO] [stdout]   47:                0x0 - <unknown>
[INFO] [stdout] 
[INFO] [stdout] 
[INFO] [stdout] failures:
[INFO] [stdout]     game_session::tests::test_game_session
[INFO] [stdout] 
[INFO] [stdout] test result: FAILED. 1 passed; 1 failed; 0 ignored; 0 measured; 0 filtered out; finished in 0.03s
[INFO] [stdout] 
[INFO] running `Command { std: "docker" "inspect" "43da0b5048b151b39a6463aea55d991c7ea0c5075b7d83b3c0db1ca229f56788", kill_on_drop: false }`
[INFO] running `Command { std: "docker" "rm" "-f" "43da0b5048b151b39a6463aea55d991c7ea0c5075b7d83b3c0db1ca229f56788", kill_on_drop: false }`
[INFO] [stdout] 43da0b5048b151b39a6463aea55d991c7ea0c5075b7d83b3c0db1ca229f56788
