[INFO] cloning repository https://github.com/RigCLang/RigCLang
[INFO] running `Command { std: "git" "-c" "credential.helper=" "-c" "credential.helper=/workspace/cargo-home/bin/git-credential-null" "clone" "--bare" "https://github.com/RigCLang/RigCLang" "/workspace/cache/git-repos/https%3A%2F%2Fgithub.com%2FRigCLang%2FRigCLang", kill_on_drop: false }`
[INFO] [stderr] Cloning into bare repository '/workspace/cache/git-repos/https%3A%2F%2Fgithub.com%2FRigCLang%2FRigCLang'...
[INFO] running `Command { std: "git" "rev-parse" "HEAD", kill_on_drop: false }`
[INFO] [stdout] 2e0b172310faf287799e1cfe6e1ed5434ecf0448
[INFO] testing RigCLang/RigCLang against beta-2024-12-08 for beta-1.84.0-4-retry
[INFO] running `Command { std: "git" "clone" "/workspace/cache/git-repos/https%3A%2F%2Fgithub.com%2FRigCLang%2FRigCLang" "/workspace/builds/worker-4-tc2/source", kill_on_drop: false }`
[INFO] [stderr] Cloning into '/workspace/builds/worker-4-tc2/source'...
[INFO] [stderr] done.
[INFO] validating manifest of git repo https://github.com/RigCLang/RigCLang on toolchain beta-2024-12-08
[INFO] running `Command { std: CARGO_HOME="/workspace/cargo-home" RUSTUP_HOME="/workspace/rustup-home" "/workspace/cargo-home/bin/cargo" "+beta-2024-12-08" "metadata" "--manifest-path" "Cargo.toml" "--no-deps", kill_on_drop: false }`
[INFO] started tweaking git repo https://github.com/RigCLang/RigCLang
[INFO] finished tweaking git repo https://github.com/RigCLang/RigCLang
[INFO] tweaked toml for git repo https://github.com/RigCLang/RigCLang written to /workspace/builds/worker-4-tc2/source/Cargo.toml
[INFO] crate git repo https://github.com/RigCLang/RigCLang already has a lockfile, it will not be regenerated
[INFO] running `Command { std: CARGO_HOME="/workspace/cargo-home" RUSTUP_HOME="/workspace/rustup-home" "/workspace/cargo-home/bin/cargo" "+beta-2024-12-08" "fetch" "--manifest-path" "Cargo.toml", kill_on_drop: false }`
[INFO] [stderr] warning: virtual workspace defaulting to `resolver = "1"` despite one or more workspace members being on edition 2021 which implies `resolver = "2"`
[INFO] [stderr] note: to keep the current resolver, specify `workspace.resolver = "1"` in the workspace root's manifest
[INFO] [stderr] note: to use the edition 2021 resolver, specify `workspace.resolver = "2"` in the workspace root's manifest
[INFO] [stderr] note: for more details see https://doc.rust-lang.org/cargo/reference/resolver.html#resolver-versions
[INFO] [stderr]     Blocking waiting for file lock on package cache
[INFO] running `Command { std: "docker" "create" "-v" "/var/lib/crater-agent-workspace/builds/worker-4-tc2/target:/opt/rustwide/target:rw,Z" "-v" "/var/lib/crater-agent-workspace/builds/worker-4-tc2/source:/opt/rustwide/workdir:ro,Z" "-v" "/var/lib/crater-agent-workspace/cargo-home:/opt/rustwide/cargo-home:ro,Z" "-v" "/var/lib/crater-agent-workspace/rustup-home:/opt/rustwide/rustup-home:ro,Z" "-e" "SOURCE_DIR=/opt/rustwide/workdir" "-e" "CARGO_TARGET_DIR=/opt/rustwide/target" "-e" "CARGO_HOME=/opt/rustwide/cargo-home" "-e" "RUSTUP_HOME=/opt/rustwide/rustup-home" "-w" "/opt/rustwide/workdir" "-m" "1610612736" "--user" "0:0" "--network" "none" "ghcr.io/rust-lang/crates-build-env/linux@sha256:f3a9d4ad9d972b27faf3965f35b62e55ba32bbce8f20bc8fe909558a86702fde" "/opt/rustwide/cargo-home/bin/cargo" "+beta-2024-12-08" "metadata" "--no-deps" "--format-version=1", kill_on_drop: false }`
[INFO] [stdout] 290f0496142f99b775e674deb298c5a5b5217411681f92395e96608d09c60a13
[INFO] running `Command { std: "docker" "start" "-a" "290f0496142f99b775e674deb298c5a5b5217411681f92395e96608d09c60a13", kill_on_drop: false }`
[INFO] running `Command { std: "docker" "inspect" "290f0496142f99b775e674deb298c5a5b5217411681f92395e96608d09c60a13", kill_on_drop: false }`
[INFO] running `Command { std: "docker" "rm" "-f" "290f0496142f99b775e674deb298c5a5b5217411681f92395e96608d09c60a13", kill_on_drop: false }`
[INFO] [stdout] 290f0496142f99b775e674deb298c5a5b5217411681f92395e96608d09c60a13
[INFO] running `Command { std: "docker" "create" "-v" "/var/lib/crater-agent-workspace/builds/worker-4-tc2/target:/opt/rustwide/target:rw,Z" "-v" "/var/lib/crater-agent-workspace/builds/worker-4-tc2/source:/opt/rustwide/workdir:ro,Z" "-v" "/var/lib/crater-agent-workspace/cargo-home:/opt/rustwide/cargo-home:ro,Z" "-v" "/var/lib/crater-agent-workspace/rustup-home:/opt/rustwide/rustup-home:ro,Z" "-e" "SOURCE_DIR=/opt/rustwide/workdir" "-e" "CARGO_TARGET_DIR=/opt/rustwide/target" "-e" "CARGO_INCREMENTAL=0" "-e" "RUST_BACKTRACE=full" "-e" "RUSTFLAGS=--cap-lints=warn" "-e" "RUSTDOCFLAGS=--cap-lints=warn" "-e" "CARGO_HOME=/opt/rustwide/cargo-home" "-e" "RUSTUP_HOME=/opt/rustwide/rustup-home" "-w" "/opt/rustwide/workdir" "-m" "1610612736" "--user" "0:0" "--network" "none" "ghcr.io/rust-lang/crates-build-env/linux@sha256:f3a9d4ad9d972b27faf3965f35b62e55ba32bbce8f20bc8fe909558a86702fde" "/opt/rustwide/cargo-home/bin/cargo" "+beta-2024-12-08" "build" "--frozen" "--message-format=json", kill_on_drop: false }`
[INFO] [stdout] b50997c32c7f2ff4775b1cbe1afee85b1ac6d42c8d1ea414279e547bd3e2fcf6
[INFO] running `Command { std: "docker" "start" "-a" "b50997c32c7f2ff4775b1cbe1afee85b1ac6d42c8d1ea414279e547bd3e2fcf6", kill_on_drop: false }`
[INFO] [stderr] warning: virtual workspace defaulting to `resolver = "1"` despite one or more workspace members being on edition 2021 which implies `resolver = "2"`
[INFO] [stderr] note: to keep the current resolver, specify `workspace.resolver = "1"` in the workspace root's manifest
[INFO] [stderr] note: to use the edition 2021 resolver, specify `workspace.resolver = "2"` in the workspace root's manifest
[INFO] [stderr] note: for more details see https://doc.rust-lang.org/cargo/reference/resolver.html#resolver-versions
[INFO] [stderr]    Compiling proc-macro2 v1.0.50
[INFO] [stderr]    Compiling unicode-ident v1.0.6
[INFO] [stderr]    Compiling quote v1.0.23
[INFO] [stderr]    Compiling syn v1.0.107
[INFO] [stderr]    Compiling thiserror v1.0.38
[INFO] [stderr]    Compiling ucd-trie v0.1.5
[INFO] [stderr]    Compiling once_cell v1.17.0
[INFO] [stderr]    Compiling lazy_static v1.4.0
[INFO] [stderr]    Compiling thiserror-impl v1.0.38
[INFO] [stderr]    Compiling pest v2.5.3
[INFO] [stderr]    Compiling pest_meta v2.5.3
[INFO] [stderr]    Compiling pest_generator v2.5.3
[INFO] [stderr]    Compiling pest_derive v2.5.3
[INFO] [stderr]    Compiling rigc_parser v0.1.0 (/opt/rustwide/workdir/rigc_parser)
[INFO] [stderr]    Compiling rigc_core v0.1.0 (/opt/rustwide/workdir/rigc_core)
[INFO] [stderr]    Compiling rigc_vm_lib v0.1.0 (/opt/rustwide/workdir/rigc_vm_lib)
[INFO] [stderr]    Compiling rigc_compiler v0.1.0 (/opt/rustwide/workdir/rigc_compiler)
[INFO] [stderr]    Compiling rigc_vm v0.1.0 (/opt/rustwide/workdir/rigc_vm)
[INFO] [stdout] warning: methods `len` and `is_empty` are never used
[INFO] [stdout]   --> rigc_compiler/src/analysis/text_span.rs:15:9
[INFO] [stdout]    |
[INFO] [stdout] 6  | impl TextSpan {
[INFO] [stdout]    | ------------- methods in this implementation
[INFO] [stdout] ...
[INFO] [stdout] 15 |     pub fn len(&self) -> usize {
[INFO] [stdout]    |            ^^^
[INFO] [stdout] ...
[INFO] [stdout] 19 |     pub fn is_empty(&self) -> bool {
[INFO] [stdout]    |            ^^^^^^^^
[INFO] [stdout]    |
[INFO] [stdout]    = note: `#[warn(dead_code)]` on by default
[INFO] [stdout] 
[INFO] [stdout] 
[INFO] [stderr]     Finished `dev` profile [unoptimized + debuginfo] target(s) in 12.60s
[INFO] running `Command { std: "docker" "inspect" "b50997c32c7f2ff4775b1cbe1afee85b1ac6d42c8d1ea414279e547bd3e2fcf6", kill_on_drop: false }`
[INFO] running `Command { std: "docker" "rm" "-f" "b50997c32c7f2ff4775b1cbe1afee85b1ac6d42c8d1ea414279e547bd3e2fcf6", kill_on_drop: false }`
[INFO] [stdout] b50997c32c7f2ff4775b1cbe1afee85b1ac6d42c8d1ea414279e547bd3e2fcf6
[INFO] running `Command { std: "docker" "create" "-v" "/var/lib/crater-agent-workspace/builds/worker-4-tc2/target:/opt/rustwide/target:rw,Z" "-v" "/var/lib/crater-agent-workspace/builds/worker-4-tc2/source:/opt/rustwide/workdir:ro,Z" "-v" "/var/lib/crater-agent-workspace/cargo-home:/opt/rustwide/cargo-home:ro,Z" "-v" "/var/lib/crater-agent-workspace/rustup-home:/opt/rustwide/rustup-home:ro,Z" "-e" "SOURCE_DIR=/opt/rustwide/workdir" "-e" "CARGO_TARGET_DIR=/opt/rustwide/target" "-e" "CARGO_INCREMENTAL=0" "-e" "RUST_BACKTRACE=full" "-e" "RUSTFLAGS=--cap-lints=warn" "-e" "RUSTDOCFLAGS=--cap-lints=warn" "-e" "CARGO_HOME=/opt/rustwide/cargo-home" "-e" "RUSTUP_HOME=/opt/rustwide/rustup-home" "-w" "/opt/rustwide/workdir" "-m" "1610612736" "--user" "0:0" "--network" "none" "ghcr.io/rust-lang/crates-build-env/linux@sha256:f3a9d4ad9d972b27faf3965f35b62e55ba32bbce8f20bc8fe909558a86702fde" "/opt/rustwide/cargo-home/bin/cargo" "+beta-2024-12-08" "test" "--frozen" "--no-run" "--message-format=json", kill_on_drop: false }`
[INFO] [stdout] de4f3b5b2262d7ee2eac2b5a19590b51fa7fafd4c888c95adf5e10e076259f3c
[INFO] running `Command { std: "docker" "start" "-a" "de4f3b5b2262d7ee2eac2b5a19590b51fa7fafd4c888c95adf5e10e076259f3c", kill_on_drop: false }`
[INFO] [stderr] warning: virtual workspace defaulting to `resolver = "1"` despite one or more workspace members being on edition 2021 which implies `resolver = "2"`
[INFO] [stderr] note: to keep the current resolver, specify `workspace.resolver = "1"` in the workspace root's manifest
[INFO] [stderr] note: to use the edition 2021 resolver, specify `workspace.resolver = "2"` in the workspace root's manifest
[INFO] [stderr] note: for more details see https://doc.rust-lang.org/cargo/reference/resolver.html#resolver-versions
[INFO] [stderr]    Compiling rigc_parser v0.1.0 (/opt/rustwide/workdir/rigc_parser)
[INFO] [stderr]    Compiling rigc_core v0.1.0 (/opt/rustwide/workdir/rigc_core)
[INFO] [stderr]    Compiling rigc_compiler v0.1.0 (/opt/rustwide/workdir/rigc_compiler)
[INFO] [stderr]    Compiling rigc_vm_lib v0.1.0 (/opt/rustwide/workdir/rigc_vm_lib)
[INFO] [stderr]    Compiling rigc_vm v0.1.0 (/opt/rustwide/workdir/rigc_vm)
[INFO] [stdout] warning: methods `len` and `is_empty` are never used
[INFO] [stdout]   --> rigc_compiler/src/analysis/text_span.rs:15:9
[INFO] [stdout]    |
[INFO] [stdout] 6  | impl TextSpan {
[INFO] [stdout]    | ------------- methods in this implementation
[INFO] [stdout] ...
[INFO] [stdout] 15 |     pub fn len(&self) -> usize {
[INFO] [stdout]    |            ^^^
[INFO] [stdout] ...
[INFO] [stdout] 19 |     pub fn is_empty(&self) -> bool {
[INFO] [stdout]    |            ^^^^^^^^
[INFO] [stdout]    |
[INFO] [stdout]    = note: `#[warn(dead_code)]` on by default
[INFO] [stdout] 
[INFO] [stdout] 
[INFO] [stderr]     Finished `test` profile [unoptimized + debuginfo] target(s) in 1.57s
[INFO] running `Command { std: "docker" "inspect" "de4f3b5b2262d7ee2eac2b5a19590b51fa7fafd4c888c95adf5e10e076259f3c", kill_on_drop: false }`
[INFO] running `Command { std: "docker" "rm" "-f" "de4f3b5b2262d7ee2eac2b5a19590b51fa7fafd4c888c95adf5e10e076259f3c", kill_on_drop: false }`
[INFO] [stdout] de4f3b5b2262d7ee2eac2b5a19590b51fa7fafd4c888c95adf5e10e076259f3c
[INFO] running `Command { std: "docker" "create" "-v" "/var/lib/crater-agent-workspace/builds/worker-4-tc2/target:/opt/rustwide/target:rw,Z" "-v" "/var/lib/crater-agent-workspace/builds/worker-4-tc2/source:/opt/rustwide/workdir:ro,Z" "-v" "/var/lib/crater-agent-workspace/cargo-home:/opt/rustwide/cargo-home:ro,Z" "-v" "/var/lib/crater-agent-workspace/rustup-home:/opt/rustwide/rustup-home:ro,Z" "-e" "SOURCE_DIR=/opt/rustwide/workdir" "-e" "CARGO_TARGET_DIR=/opt/rustwide/target" "-e" "CARGO_INCREMENTAL=0" "-e" "RUST_BACKTRACE=full" "-e" "RUSTFLAGS=--cap-lints=warn" "-e" "RUSTDOCFLAGS=--cap-lints=warn" "-e" "CARGO_HOME=/opt/rustwide/cargo-home" "-e" "RUSTUP_HOME=/opt/rustwide/rustup-home" "-w" "/opt/rustwide/workdir" "-m" "1610612736" "--user" "0:0" "--network" "none" "ghcr.io/rust-lang/crates-build-env/linux@sha256:f3a9d4ad9d972b27faf3965f35b62e55ba32bbce8f20bc8fe909558a86702fde" "/opt/rustwide/cargo-home/bin/cargo" "+beta-2024-12-08" "test" "--frozen", kill_on_drop: false }`
[INFO] [stdout] ebb5ac009e35048ad103267778fc190e8403c879778f93fe43fda2a7938ec1ca
[INFO] running `Command { std: "docker" "start" "-a" "ebb5ac009e35048ad103267778fc190e8403c879778f93fe43fda2a7938ec1ca", kill_on_drop: false }`
[INFO] [stderr] warning: virtual workspace defaulting to `resolver = "1"` despite one or more workspace members being on edition 2021 which implies `resolver = "2"`
[INFO] [stderr] note: to keep the current resolver, specify `workspace.resolver = "1"` in the workspace root's manifest
[INFO] [stderr] note: to use the edition 2021 resolver, specify `workspace.resolver = "2"` in the workspace root's manifest
[INFO] [stderr] note: for more details see https://doc.rust-lang.org/cargo/reference/resolver.html#resolver-versions
[INFO] [stderr] warning: methods `len` and `is_empty` are never used
[INFO] [stderr]   --> rigc_compiler/src/analysis/text_span.rs:15:9
[INFO] [stderr]    |
[INFO] [stderr] 6  | impl TextSpan {
[INFO] [stderr]    | ------------- methods in this implementation
[INFO] [stderr] ...
[INFO] [stderr] 15 |     pub fn len(&self) -> usize {
[INFO] [stderr]    |            ^^^
[INFO] [stderr] ...
[INFO] [stderr] 19 |     pub fn is_empty(&self) -> bool {
[INFO] [stderr]    |            ^^^^^^^^
[INFO] [stderr]    |
[INFO] [stderr]    = note: `#[warn(dead_code)]` on by default
[INFO] [stderr] 
[INFO] [stderr] warning: `rigc_compiler` (bin "rigcc" test) generated 1 warning
[INFO] [stderr]     Finished `test` profile [unoptimized + debuginfo] target(s) in 0.04s
[INFO] [stderr]      Running unittests src/main.rs (/opt/rustwide/target/debug/deps/rigcc-8a152b919fd0c4f7)
[INFO] [stdout] 
[INFO] [stdout] running 0 tests
[INFO] [stdout] 
[INFO] [stdout] test result: ok. 0 passed; 0 failed; 0 ignored; 0 measured; 0 filtered out; finished in 0.00s
[INFO] [stderr]      Running unittests src/lib.rs (/opt/rustwide/target/debug/deps/rigc_core-f6750663736becfb)
[INFO] [stdout] 
[INFO] [stdout] 
[INFO] [stdout] running 1 test
[INFO] [stdout] test tests::it_works ... ok
[INFO] [stdout] 
[INFO] [stdout] test result: ok. 1 passed; 0 failed; 0 ignored; 0 measured; 0 filtered out; finished in 0.00s
[INFO] [stdout] 
[INFO] [stderr]      Running unittests src/lib.rs (/opt/rustwide/target/debug/deps/rigc_parser-ea9115645876a2d0)
[INFO] [stdout] 
[INFO] [stdout] running 0 tests
[INFO] [stdout] 
[INFO] [stdout] test result: ok. 0 passed; 0 failed; 0 ignored; 0 measured; 0 filtered out; finished in 0.00s
[INFO] [stdout] 
[INFO] [stderr]      Running unittests src/main.rs (/opt/rustwide/target/debug/deps/rigc_vm-73de772af2fcead3)
[INFO] [stdout] 
[INFO] [stdout] running 0 tests
[INFO] [stdout] 
[INFO] [stdout] test result: ok. 0 passed; 0 failed; 0 ignored; 0 measured; 0 filtered out; finished in 0.00s
[INFO] [stdout] 
[INFO] [stderr]      Running unittests src/lib.rs (/opt/rustwide/target/debug/deps/rigc_vm_lib-a4a6c6d167994222)
[INFO] [stdout] 
[INFO] [stdout] running 1 test
[INFO] [stdout] test tests::it_works ... ok
[INFO] [stdout] 
[INFO] [stdout] test result: ok. 1 passed; 0 failed; 0 ignored; 0 measured; 0 filtered out; finished in 0.00s
[INFO] [stdout] 
[INFO] [stderr]    Doc-tests rigc_core
[INFO] [stdout] 
[INFO] [stdout] running 1 test
[INFO] [stdout] test rigc_core/src/module.rs - module::Module::content_as_static (line 31) ... FAILED
[INFO] [stdout] 
[INFO] [stdout] failures:
[INFO] [stdout] 
[INFO] [stdout] ---- rigc_core/src/module.rs - module::Module::content_as_static (line 31) stdout ----
[INFO] [stdout] error: expected `;`, found `}`
[INFO] [stdout]  --> rigc_core/src/module.rs:32:76
[INFO] [stdout]   |
[INFO] [stdout] 3 | let parse_result = rigc_parser::parse(&module.as_ref().content_as_static())
[INFO] [stdout]   |                                                                            ^ help: add `;` here
[INFO] [stdout] 4 | } _doctest_main_rigc_core_src_module_rs_31_0() }
[INFO] [stdout]   | - unexpected token
[INFO] [stdout] 
[INFO] [stdout] error[E0425]: cannot find value `module` in this scope
[INFO] [stdout]  --> rigc_core/src/module.rs:32:40
[INFO] [stdout]   |
[INFO] [stdout] 3 | let parse_result = rigc_parser::parse(&module.as_ref().content_as_static())
[INFO] [stdout]   |                                        ^^^^^^ not found in this scope
[INFO] [stdout]   |
[INFO] [stdout] help: consider importing one of these unit variants
[INFO] [stdout]   |
[INFO] [stdout] 2 + use rigc_core::imports::Rule::module;
[INFO] [stdout]   |
[INFO] [stdout] 2 + use rigc_parser::Rule::module;
[INFO] [stdout]   |
[INFO] [stdout] 
[INFO] [stdout] error: aborting due to 2 previous errors
[INFO] [stdout] 
[INFO] [stdout] For more information about this error, try `rustc --explain E0425`.
[INFO] [stdout] Couldn't compile the test.
[INFO] [stdout] 
[INFO] [stdout] failures:
[INFO] [stdout]     rigc_core/src/module.rs - module::Module::content_as_static (line 31)
[INFO] [stdout] 
[INFO] [stdout] test result: FAILED. 0 passed; 1 failed; 0 ignored; 0 measured; 0 filtered out; finished in 0.08s
[INFO] [stdout] 
[INFO] [stderr] error: doctest failed, to rerun pass `-p rigc_core --doc`
[INFO] running `Command { std: "docker" "inspect" "ebb5ac009e35048ad103267778fc190e8403c879778f93fe43fda2a7938ec1ca", kill_on_drop: false }`
[INFO] running `Command { std: "docker" "rm" "-f" "ebb5ac009e35048ad103267778fc190e8403c879778f93fe43fda2a7938ec1ca", kill_on_drop: false }`
[INFO] [stdout] ebb5ac009e35048ad103267778fc190e8403c879778f93fe43fda2a7938ec1ca
