[INFO] cloning repository https://github.com/Rhelvetican/nodb
[INFO] running `Command { std: "git" "-c" "credential.helper=" "-c" "credential.helper=/workspace/cargo-home/bin/git-credential-null" "clone" "--bare" "https://github.com/Rhelvetican/nodb" "/workspace/cache/git-repos/https%3A%2F%2Fgithub.com%2FRhelvetican%2Fnodb", kill_on_drop: false }`
[INFO] [stderr] Cloning into bare repository '/workspace/cache/git-repos/https%3A%2F%2Fgithub.com%2FRhelvetican%2Fnodb'...
[INFO] running `Command { std: "git" "rev-parse" "HEAD", kill_on_drop: false }`
[INFO] [stdout] cd9b3da6e52137923e74f83c1139b9c3730ca7ce
[INFO] testing Rhelvetican/nodb against 1.83.0 for beta-1.84.0-4-retry
[INFO] running `Command { std: "git" "clone" "/workspace/cache/git-repos/https%3A%2F%2Fgithub.com%2FRhelvetican%2Fnodb" "/workspace/builds/worker-0-tc1/source", kill_on_drop: false }`
[INFO] [stderr] Cloning into '/workspace/builds/worker-0-tc1/source'...
[INFO] [stderr] done.
[INFO] validating manifest of git repo https://github.com/Rhelvetican/nodb on toolchain 1.83.0
[INFO] running `Command { std: CARGO_HOME="/workspace/cargo-home" RUSTUP_HOME="/workspace/rustup-home" "/workspace/cargo-home/bin/cargo" "+1.83.0" "metadata" "--manifest-path" "Cargo.toml" "--no-deps", kill_on_drop: false }`
[INFO] started tweaking git repo https://github.com/Rhelvetican/nodb
[INFO] removed 0 missing examples
[INFO] finished tweaking git repo https://github.com/Rhelvetican/nodb
[INFO] tweaked toml for git repo https://github.com/Rhelvetican/nodb written to /workspace/builds/worker-0-tc1/source/Cargo.toml
[INFO] crate git repo https://github.com/Rhelvetican/nodb already has a lockfile, it will not be regenerated
[INFO] running `Command { std: CARGO_HOME="/workspace/cargo-home" RUSTUP_HOME="/workspace/rustup-home" "/workspace/cargo-home/bin/cargo" "+1.83.0" "fetch" "--manifest-path" "Cargo.toml", kill_on_drop: false }`
[INFO] [stderr]     Updating crates.io index
[INFO] [stderr]  Downloading crates ...
[INFO] [stderr]   Downloaded bitcode_derive v0.6.0
[INFO] [stderr]   Downloaded bitcode v0.6.0
[INFO] [stderr]   Downloaded pot v3.0.0
[INFO] [stderr]   Downloaded winnow v0.6.11
[INFO] running `Command { std: "docker" "create" "-v" "/var/lib/crater-agent-workspace/builds/worker-0-tc1/target:/opt/rustwide/target:rw,Z" "-v" "/var/lib/crater-agent-workspace/builds/worker-0-tc1/source:/opt/rustwide/workdir:ro,Z" "-v" "/var/lib/crater-agent-workspace/cargo-home:/opt/rustwide/cargo-home:ro,Z" "-v" "/var/lib/crater-agent-workspace/rustup-home:/opt/rustwide/rustup-home:ro,Z" "-e" "SOURCE_DIR=/opt/rustwide/workdir" "-e" "CARGO_TARGET_DIR=/opt/rustwide/target" "-e" "CARGO_HOME=/opt/rustwide/cargo-home" "-e" "RUSTUP_HOME=/opt/rustwide/rustup-home" "-w" "/opt/rustwide/workdir" "-m" "1610612736" "--user" "0:0" "--network" "none" "ghcr.io/rust-lang/crates-build-env/linux@sha256:f3a9d4ad9d972b27faf3965f35b62e55ba32bbce8f20bc8fe909558a86702fde" "/opt/rustwide/cargo-home/bin/cargo" "+1.83.0" "metadata" "--no-deps" "--format-version=1", kill_on_drop: false }`
[INFO] [stdout] 77fef3f58c402db96fa75a58b20c2b855cf7c8e90bbaf2bdc26f63402e2d4ab0
[INFO] running `Command { std: "docker" "start" "-a" "77fef3f58c402db96fa75a58b20c2b855cf7c8e90bbaf2bdc26f63402e2d4ab0", kill_on_drop: false }`
[INFO] running `Command { std: "docker" "inspect" "77fef3f58c402db96fa75a58b20c2b855cf7c8e90bbaf2bdc26f63402e2d4ab0", kill_on_drop: false }`
[INFO] running `Command { std: "docker" "rm" "-f" "77fef3f58c402db96fa75a58b20c2b855cf7c8e90bbaf2bdc26f63402e2d4ab0", kill_on_drop: false }`
[INFO] [stdout] 77fef3f58c402db96fa75a58b20c2b855cf7c8e90bbaf2bdc26f63402e2d4ab0
[INFO] running `Command { std: "docker" "create" "-v" "/var/lib/crater-agent-workspace/builds/worker-0-tc1/target:/opt/rustwide/target:rw,Z" "-v" "/var/lib/crater-agent-workspace/builds/worker-0-tc1/source:/opt/rustwide/workdir:ro,Z" "-v" "/var/lib/crater-agent-workspace/cargo-home:/opt/rustwide/cargo-home:ro,Z" "-v" "/var/lib/crater-agent-workspace/rustup-home:/opt/rustwide/rustup-home:ro,Z" "-e" "SOURCE_DIR=/opt/rustwide/workdir" "-e" "CARGO_TARGET_DIR=/opt/rustwide/target" "-e" "CARGO_INCREMENTAL=0" "-e" "RUST_BACKTRACE=full" "-e" "RUSTFLAGS=--cap-lints=warn" "-e" "RUSTDOCFLAGS=--cap-lints=warn" "-e" "CARGO_HOME=/opt/rustwide/cargo-home" "-e" "RUSTUP_HOME=/opt/rustwide/rustup-home" "-w" "/opt/rustwide/workdir" "-m" "1610612736" "--user" "0:0" "--network" "none" "ghcr.io/rust-lang/crates-build-env/linux@sha256:f3a9d4ad9d972b27faf3965f35b62e55ba32bbce8f20bc8fe909558a86702fde" "/opt/rustwide/cargo-home/bin/cargo" "+1.83.0" "build" "--frozen" "--message-format=json", kill_on_drop: false }`
[INFO] [stdout] 1bf9f86e10a2e23186a9723de8fd5234456aa2f17d7295eb465397b55e3fd81d
[INFO] running `Command { std: "docker" "start" "-a" "1bf9f86e10a2e23186a9723de8fd5234456aa2f17d7295eb465397b55e3fd81d", kill_on_drop: false }`
[INFO] [stderr]    Compiling proc-macro2 v1.0.85
[INFO] [stderr]    Compiling unicode-ident v1.0.12
[INFO] [stderr]    Compiling serde v1.0.203
[INFO] [stderr]    Compiling libc v0.2.155
[INFO] [stderr]    Compiling hashbrown v0.14.5
[INFO] [stderr]    Compiling radium v0.7.0
[INFO] [stderr]    Compiling powerfmt v0.2.0
[INFO] [stderr]    Compiling ahash v0.8.11
[INFO] [stderr]    Compiling time-core v0.1.2
[INFO] [stderr]    Compiling ppv-lite86 v0.2.17
[INFO] [stderr]    Compiling serde_json v1.0.117
[INFO] [stderr]    Compiling tap v1.0.1
[INFO] [stderr]    Compiling num-conv v0.1.0
[INFO] [stderr]    Compiling itoa v1.0.11
[INFO] [stderr]    Compiling wyz v0.5.1
[INFO] [stderr]    Compiling time-macros v0.2.18
[INFO] [stderr]    Compiling deranged v0.3.11
[INFO] [stderr]    Compiling anyhow v1.0.86
[INFO] [stderr]    Compiling funty v2.0.0
[INFO] [stderr]    Compiling indexmap v2.2.6
[INFO] [stderr]    Compiling winnow v0.6.11
[INFO] [stderr]    Compiling zerocopy v0.7.34
[INFO] [stderr]    Compiling quote v1.0.36
[INFO] [stderr]    Compiling ryu v1.0.18
[INFO] [stderr]    Compiling getrandom v0.2.15
[INFO] [stderr]    Compiling rand_core v0.6.4
[INFO] [stderr]    Compiling syn v2.0.66
[INFO] [stderr]    Compiling bitvec v1.0.1
[INFO] [stderr]    Compiling rand_chacha v0.3.1
[INFO] [stderr]    Compiling half v2.4.1
[INFO] [stderr]    Compiling bytemuck v1.16.0
[INFO] [stderr]    Compiling half v1.8.3
[INFO] [stderr]    Compiling rand v0.8.5
[INFO] [stderr]    Compiling base64 v0.13.1
[INFO] [stderr]    Compiling hex v0.4.3
[INFO] [stderr]    Compiling base64 v0.21.7
[INFO] [stderr]    Compiling byteorder v1.5.0
[INFO] [stderr]    Compiling time v0.3.36
[INFO] [stderr]    Compiling serde_derive v1.0.203
[INFO] [stderr]    Compiling bitcode_derive v0.6.0
[INFO] [stderr]    Compiling serde_spanned v0.6.6
[INFO] [stderr]    Compiling toml_datetime v0.6.6
[INFO] [stderr]    Compiling serde_bytes v0.11.14
[INFO] [stderr]    Compiling bitflags v2.5.0
[INFO] [stderr]    Compiling uuid v1.8.0
[INFO] [stderr]    Compiling serde_cbor v0.11.2
[INFO] [stderr]    Compiling bincode v1.3.3
[INFO] [stderr]    Compiling toml_edit v0.22.14
[INFO] [stderr]    Compiling ron v0.8.1
[INFO] [stderr]    Compiling pot v3.0.0
[INFO] [stderr]    Compiling bitcode v0.6.0
[INFO] [stderr]    Compiling bson v2.10.0
[INFO] [stderr]    Compiling toml v0.8.14
[INFO] [stderr]    Compiling nodb v0.2.2 (/opt/rustwide/workdir)
[INFO] [stderr]     Finished `dev` profile [unoptimized + debuginfo] target(s) in 54.10s
[INFO] running `Command { std: "docker" "inspect" "1bf9f86e10a2e23186a9723de8fd5234456aa2f17d7295eb465397b55e3fd81d", kill_on_drop: false }`
[INFO] running `Command { std: "docker" "rm" "-f" "1bf9f86e10a2e23186a9723de8fd5234456aa2f17d7295eb465397b55e3fd81d", kill_on_drop: false }`
[INFO] [stdout] 1bf9f86e10a2e23186a9723de8fd5234456aa2f17d7295eb465397b55e3fd81d
[INFO] running `Command { std: "docker" "create" "-v" "/var/lib/crater-agent-workspace/builds/worker-0-tc1/target:/opt/rustwide/target:rw,Z" "-v" "/var/lib/crater-agent-workspace/builds/worker-0-tc1/source:/opt/rustwide/workdir:ro,Z" "-v" "/var/lib/crater-agent-workspace/cargo-home:/opt/rustwide/cargo-home:ro,Z" "-v" "/var/lib/crater-agent-workspace/rustup-home:/opt/rustwide/rustup-home:ro,Z" "-e" "SOURCE_DIR=/opt/rustwide/workdir" "-e" "CARGO_TARGET_DIR=/opt/rustwide/target" "-e" "CARGO_INCREMENTAL=0" "-e" "RUST_BACKTRACE=full" "-e" "RUSTFLAGS=--cap-lints=warn" "-e" "RUSTDOCFLAGS=--cap-lints=warn" "-e" "CARGO_HOME=/opt/rustwide/cargo-home" "-e" "RUSTUP_HOME=/opt/rustwide/rustup-home" "-w" "/opt/rustwide/workdir" "-m" "1610612736" "--user" "0:0" "--network" "none" "ghcr.io/rust-lang/crates-build-env/linux@sha256:f3a9d4ad9d972b27faf3965f35b62e55ba32bbce8f20bc8fe909558a86702fde" "/opt/rustwide/cargo-home/bin/cargo" "+1.83.0" "test" "--frozen" "--no-run" "--message-format=json", kill_on_drop: false }`
[INFO] [stdout] f43c56d396c093940c35a755fe7c4d40c40fc2767c32ade412d2c39abe1d2e54
[INFO] running `Command { std: "docker" "start" "-a" "f43c56d396c093940c35a755fe7c4d40c40fc2767c32ade412d2c39abe1d2e54", kill_on_drop: false }`
[INFO] [stderr]    Compiling nodb v0.2.2 (/opt/rustwide/workdir)
[INFO] [stderr]     Finished `test` profile [unoptimized + debuginfo] target(s) in 6.24s
[INFO] running `Command { std: "docker" "inspect" "f43c56d396c093940c35a755fe7c4d40c40fc2767c32ade412d2c39abe1d2e54", kill_on_drop: false }`
[INFO] running `Command { std: "docker" "rm" "-f" "f43c56d396c093940c35a755fe7c4d40c40fc2767c32ade412d2c39abe1d2e54", kill_on_drop: false }`
[INFO] [stdout] f43c56d396c093940c35a755fe7c4d40c40fc2767c32ade412d2c39abe1d2e54
[INFO] running `Command { std: "docker" "create" "-v" "/var/lib/crater-agent-workspace/builds/worker-0-tc1/target:/opt/rustwide/target:rw,Z" "-v" "/var/lib/crater-agent-workspace/builds/worker-0-tc1/source:/opt/rustwide/workdir:ro,Z" "-v" "/var/lib/crater-agent-workspace/cargo-home:/opt/rustwide/cargo-home:ro,Z" "-v" "/var/lib/crater-agent-workspace/rustup-home:/opt/rustwide/rustup-home:ro,Z" "-e" "SOURCE_DIR=/opt/rustwide/workdir" "-e" "CARGO_TARGET_DIR=/opt/rustwide/target" "-e" "CARGO_INCREMENTAL=0" "-e" "RUST_BACKTRACE=full" "-e" "RUSTFLAGS=--cap-lints=warn" "-e" "RUSTDOCFLAGS=--cap-lints=warn" "-e" "CARGO_HOME=/opt/rustwide/cargo-home" "-e" "RUSTUP_HOME=/opt/rustwide/rustup-home" "-w" "/opt/rustwide/workdir" "-m" "1610612736" "--user" "0:0" "--network" "none" "ghcr.io/rust-lang/crates-build-env/linux@sha256:f3a9d4ad9d972b27faf3965f35b62e55ba32bbce8f20bc8fe909558a86702fde" "/opt/rustwide/cargo-home/bin/cargo" "+1.83.0" "test" "--frozen", kill_on_drop: false }`
[INFO] [stdout] 73b6a7b20d90b9b78c58028c40d943235e3aaaa4cd3681457298e7e9a852137e
[INFO] running `Command { std: "docker" "start" "-a" "73b6a7b20d90b9b78c58028c40d943235e3aaaa4cd3681457298e7e9a852137e", kill_on_drop: false }`
[INFO] [stderr]     Finished `test` profile [unoptimized + debuginfo] target(s) in 0.09s
[INFO] [stderr]      Running unittests src/lib.rs (/opt/rustwide/target/debug/deps/nodb-df025c5e45f0fc3d)
[INFO] [stdout] 
[INFO] [stdout] running 0 tests
[INFO] [stdout] 
[INFO] [stdout] test result: ok. 0 passed; 0 failed; 0 ignored; 0 measured; 0 filtered out; finished in 0.00s
[INFO] [stdout] 
[INFO] [stderr]    Doc-tests nodb
[INFO] [stdout] 
[INFO] [stdout] running 2 tests
[INFO] [stdout] test src/nodb.rs - nodb::NoDb::load (line 87) - compile ... ok
[INFO] [stdout] test src/nodb.rs - nodb::NoDb::new (line 52) - compile ... FAILED
[INFO] [stdout] 
[INFO] [stdout] failures:
[INFO] [stdout] 
[INFO] [stdout] ---- src/nodb.rs - nodb::NoDb::new (line 52) stdout ----
[INFO] [stdout] error[E0599]: no variant or associated item named `AutoDump` found for enum `DumpPolicy` in the current scope
[INFO] [stdout]  --> src/nodb.rs:56:50
[INFO] [stdout]   |
[INFO] [stdout] 7 | let mut db = NoDb::new("example.db", DumpPolicy::AutoDump, SerializationMethod::Json);
[INFO] [stdout]   |                                                  ^^^^^^^^ variant or associated item not found in `DumpPolicy`
[INFO] [stdout] 
[INFO] [stdout] error: aborting due to 1 previous error
[INFO] [stdout] 
[INFO] [stdout] For more information about this error, try `rustc --explain E0599`.
[INFO] [stdout] Couldn't compile the test.
[INFO] [stdout] 
[INFO] [stdout] failures:
[INFO] [stdout]     src/nodb.rs - nodb::NoDb::new (line 52)
[INFO] [stdout] 
[INFO] [stdout] test result: FAILED. 1 passed; 1 failed; 0 ignored; 0 measured; 0 filtered out; finished in 0.23s
[INFO] [stdout] 
[INFO] [stderr] error: doctest failed, to rerun pass `--doc`
[INFO] running `Command { std: "docker" "inspect" "73b6a7b20d90b9b78c58028c40d943235e3aaaa4cd3681457298e7e9a852137e", kill_on_drop: false }`
[INFO] running `Command { std: "docker" "rm" "-f" "73b6a7b20d90b9b78c58028c40d943235e3aaaa4cd3681457298e7e9a852137e", kill_on_drop: false }`
[INFO] [stdout] 73b6a7b20d90b9b78c58028c40d943235e3aaaa4cd3681457298e7e9a852137e
