[INFO] cloning repository https://github.com/Rhaqim/node_tester_cli
[INFO] running `Command { std: "git" "-c" "credential.helper=" "-c" "credential.helper=/workspace/cargo-home/bin/git-credential-null" "clone" "--bare" "https://github.com/Rhaqim/node_tester_cli" "/workspace/cache/git-repos/https%3A%2F%2Fgithub.com%2FRhaqim%2Fnode_tester_cli", kill_on_drop: false }`
[INFO] [stderr] Cloning into bare repository '/workspace/cache/git-repos/https%3A%2F%2Fgithub.com%2FRhaqim%2Fnode_tester_cli'...
[INFO] running `Command { std: "git" "rev-parse" "HEAD", kill_on_drop: false }`
[INFO] [stdout] 10748fc2688ff7e64176aea2ea54894f4cf662e7
[INFO] testing Rhaqim/node_tester_cli against 1.83.0 for beta-1.84.0-4-retry
[INFO] running `Command { std: "git" "clone" "/workspace/cache/git-repos/https%3A%2F%2Fgithub.com%2FRhaqim%2Fnode_tester_cli" "/workspace/builds/worker-3-tc1/source", kill_on_drop: false }`
[INFO] [stderr] Cloning into '/workspace/builds/worker-3-tc1/source'...
[INFO] [stderr] done.
[INFO] validating manifest of git repo https://github.com/Rhaqim/node_tester_cli on toolchain 1.83.0
[INFO] running `Command { std: CARGO_HOME="/workspace/cargo-home" RUSTUP_HOME="/workspace/rustup-home" "/workspace/cargo-home/bin/cargo" "+1.83.0" "metadata" "--manifest-path" "Cargo.toml" "--no-deps", kill_on_drop: false }`
[INFO] started tweaking git repo https://github.com/Rhaqim/node_tester_cli
[INFO] finished tweaking git repo https://github.com/Rhaqim/node_tester_cli
[INFO] tweaked toml for git repo https://github.com/Rhaqim/node_tester_cli written to /workspace/builds/worker-3-tc1/source/Cargo.toml
[INFO] crate git repo https://github.com/Rhaqim/node_tester_cli already has a lockfile, it will not be regenerated
[INFO] running `Command { std: CARGO_HOME="/workspace/cargo-home" RUSTUP_HOME="/workspace/rustup-home" "/workspace/cargo-home/bin/cargo" "+1.83.0" "fetch" "--manifest-path" "Cargo.toml", kill_on_drop: false }`
[INFO] [stderr]     Updating crates.io index
[INFO] [stderr]  Downloading crates ...
[INFO] [stderr]   Downloaded parity-scale-codec v3.6.4
[INFO] [stderr]   Downloaded job_scheduler v1.2.1
[INFO] [stderr]   Downloaded cron v0.6.1
[INFO] [stderr]   Downloaded clap v4.3.19
[INFO] [stderr]   Downloaded encode_unicode v1.0.0
[INFO] [stderr]   Downloaded diesel_derives v2.1.0
[INFO] [stderr]   Downloaded tokio-postgres v0.7.8
[INFO] [stderr]   Downloaded secp256k1 v0.27.0
[INFO] [stderr]   Downloaded web3 v0.19.0
[INFO] [stderr]   Downloaded serde v1.0.182
[INFO] [stderr]   Downloaded clap_builder v4.3.19
[INFO] [stderr]   Downloaded cc v1.0.81
[INFO] [stderr]   Downloaded async-trait v0.1.72
[INFO] [stderr]   Downloaded postgres-protocol v0.6.5
[INFO] [stderr]   Downloaded postgres v0.19.5
[INFO] [stderr]   Downloaded prettytable-rs v0.10.0
[INFO] [stderr]   Downloaded tempfile v3.7.0
[INFO] [stderr]   Downloaded diesel v2.1.0
[INFO] [stderr]   Downloaded postgres-types v0.2.5
[INFO] [stderr]   Downloaded parity-scale-codec-derive v3.6.4
[INFO] [stderr]   Downloaded serde_derive v1.0.182
[INFO] [stderr]   Downloaded secp256k1-sys v0.8.1
[INFO] running `Command { std: "docker" "create" "-v" "/var/lib/crater-agent-workspace/builds/worker-3-tc1/target:/opt/rustwide/target:rw,Z" "-v" "/var/lib/crater-agent-workspace/builds/worker-3-tc1/source:/opt/rustwide/workdir:ro,Z" "-v" "/var/lib/crater-agent-workspace/cargo-home:/opt/rustwide/cargo-home:ro,Z" "-v" "/var/lib/crater-agent-workspace/rustup-home:/opt/rustwide/rustup-home:ro,Z" "-e" "SOURCE_DIR=/opt/rustwide/workdir" "-e" "CARGO_TARGET_DIR=/opt/rustwide/target" "-e" "CARGO_HOME=/opt/rustwide/cargo-home" "-e" "RUSTUP_HOME=/opt/rustwide/rustup-home" "-w" "/opt/rustwide/workdir" "-m" "1610612736" "--user" "0:0" "--network" "none" "ghcr.io/rust-lang/crates-build-env/linux@sha256:f3a9d4ad9d972b27faf3965f35b62e55ba32bbce8f20bc8fe909558a86702fde" "/opt/rustwide/cargo-home/bin/cargo" "+1.83.0" "metadata" "--no-deps" "--format-version=1", kill_on_drop: false }`
[INFO] [stdout] 2497ad8f169243544b7faccbfa827f9a30086110ceb9970f996e6e37cad66ff9
[INFO] running `Command { std: "docker" "start" "-a" "2497ad8f169243544b7faccbfa827f9a30086110ceb9970f996e6e37cad66ff9", kill_on_drop: false }`
[INFO] running `Command { std: "docker" "inspect" "2497ad8f169243544b7faccbfa827f9a30086110ceb9970f996e6e37cad66ff9", kill_on_drop: false }`
[INFO] running `Command { std: "docker" "rm" "-f" "2497ad8f169243544b7faccbfa827f9a30086110ceb9970f996e6e37cad66ff9", kill_on_drop: false }`
[INFO] [stdout] 2497ad8f169243544b7faccbfa827f9a30086110ceb9970f996e6e37cad66ff9
[INFO] running `Command { std: "docker" "create" "-v" "/var/lib/crater-agent-workspace/builds/worker-3-tc1/target:/opt/rustwide/target:rw,Z" "-v" "/var/lib/crater-agent-workspace/builds/worker-3-tc1/source:/opt/rustwide/workdir:ro,Z" "-v" "/var/lib/crater-agent-workspace/cargo-home:/opt/rustwide/cargo-home:ro,Z" "-v" "/var/lib/crater-agent-workspace/rustup-home:/opt/rustwide/rustup-home:ro,Z" "-e" "SOURCE_DIR=/opt/rustwide/workdir" "-e" "CARGO_TARGET_DIR=/opt/rustwide/target" "-e" "CARGO_INCREMENTAL=0" "-e" "RUST_BACKTRACE=full" "-e" "RUSTFLAGS=--cap-lints=warn" "-e" "RUSTDOCFLAGS=--cap-lints=warn" "-e" "CARGO_HOME=/opt/rustwide/cargo-home" "-e" "RUSTUP_HOME=/opt/rustwide/rustup-home" "-w" "/opt/rustwide/workdir" "-m" "1610612736" "--user" "0:0" "--network" "none" "ghcr.io/rust-lang/crates-build-env/linux@sha256:f3a9d4ad9d972b27faf3965f35b62e55ba32bbce8f20bc8fe909558a86702fde" "/opt/rustwide/cargo-home/bin/cargo" "+1.83.0" "build" "--frozen" "--message-format=json", kill_on_drop: false }`
[INFO] [stdout] 1405ad225f93d4accb27c7c186039dbd1ecc39b2743d4ded230071e43e9513e3
[INFO] running `Command { std: "docker" "start" "-a" "1405ad225f93d4accb27c7c186039dbd1ecc39b2743d4ded230071e43e9513e3", kill_on_drop: false }`
[INFO] [stderr]    Compiling libc v0.2.147
[INFO] [stderr]    Compiling proc-macro2 v1.0.66
[INFO] [stderr]    Compiling unicode-ident v1.0.11
[INFO] [stderr]    Compiling memchr v2.5.0
[INFO] [stderr]    Compiling bytes v1.4.0
[INFO] [stderr]    Compiling version_check v0.9.4
[INFO] [stderr]    Compiling typenum v1.16.0
[INFO] [stderr]    Compiling serde v1.0.182
[INFO] [stderr]    Compiling pin-project-lite v0.2.11
[INFO] [stderr]    Compiling lock_api v0.4.10
[INFO] [stderr]    Compiling serde_derive v1.0.182
[INFO] [stderr]    Compiling generic-array v0.14.7
[INFO] [stderr]    Compiling parking_lot_core v0.9.8
[INFO] [stderr]    Compiling once_cell v1.18.0
[INFO] [stderr]    Compiling smallvec v1.11.0
[INFO] [stderr]    Compiling futures-core v0.3.28
[INFO] [stderr]    Compiling quote v1.0.32
[INFO] [stderr]    Compiling itoa v1.0.9
[INFO] [stderr]    Compiling syn v2.0.28
[INFO] [stderr]    Compiling cc v1.0.81
[INFO] [stderr]    Compiling getrandom v0.2.10
[INFO] [stderr]    Compiling slab v0.4.8
[INFO] [stderr]    Compiling futures-task v0.3.28
[INFO] [stderr]    Compiling parking_lot v0.12.1
[INFO] [stderr]    Compiling futures-channel v0.3.28
[INFO] [stderr]    Compiling futures-sink v0.3.28
[INFO] [stderr]    Compiling rand_core v0.6.4
[INFO] [stderr]    Compiling socket2 v0.4.9
[INFO] [stderr]    Compiling tokio v1.29.1
[INFO] [stderr]    Compiling pkg-config v0.3.27
[INFO] [stderr]    Compiling log v0.4.19
[INFO] [stderr]    Compiling futures-util v0.3.28
[INFO] [stderr]    Compiling subtle v2.5.0
[INFO] [stderr]    Compiling ppv-lite86 v0.2.17
[INFO] [stderr]    Compiling futures-io v0.3.28
[INFO] [stderr]    Compiling openssl-sys v0.9.91
[INFO] [stderr]    Compiling num_cpus v1.16.0
[INFO] [stderr]    Compiling block-buffer v0.10.4
[INFO] [stderr]    Compiling crypto-common v0.1.6
[INFO] [stderr]    Compiling rand_chacha v0.3.1
[INFO] [stderr]    Compiling mio v0.8.8
[INFO] [stderr]    Compiling signal-hook-registry v1.4.1
[INFO] [stderr]    Compiling digest v0.10.7
[INFO] [stderr]    Compiling byteorder v1.4.3
[INFO] [stderr]    Compiling rand v0.8.5
[INFO] [stderr]    Compiling unicode-normalization v0.1.22
[INFO] [stderr]    Compiling unicode-bidi v0.3.13
[INFO] [stderr]    Compiling ryu v1.0.15
[INFO] [stderr]    Compiling cpufeatures v0.2.9
[INFO] [stderr]    Compiling tracing-core v0.1.31
[INFO] [stderr]    Compiling openssl v0.10.56
[INFO] [stderr]    Compiling crunchy v0.2.2
[INFO] [stderr]    Compiling bitflags v1.3.2
[INFO] [stderr]    Compiling percent-encoding v2.3.0
[INFO] [stderr]    Compiling http v0.2.9
[INFO] [stderr]    Compiling tracing v0.1.37
[INFO] [stderr]    Compiling rustc-hex v2.1.0
[INFO] [stderr]    Compiling native-tls v0.2.11
[INFO] [stderr]    Compiling indexmap v1.9.3
[INFO] [stderr]    Compiling bitflags v2.3.3
[INFO] [stderr]    Compiling serde_json v1.0.104
[INFO] [stderr]    Compiling static_assertions v1.1.0
[INFO] [stderr]    Compiling rustix v0.38.7
[INFO] [stderr]    Compiling rlp v0.5.2
[INFO] [stderr]    Compiling form_urlencoded v1.2.0
[INFO] [stderr]    Compiling num-traits v0.2.16
[INFO] [stderr]    Compiling linux-raw-sys v0.4.5
[INFO] [stderr]    Compiling hashbrown v0.12.3
[INFO] [stderr]    Compiling tiny-keccak v2.0.2
[INFO] [stderr]    Compiling base64 v0.21.2
[INFO] [stderr]    Compiling impl-serde v0.4.0
[INFO] [stderr]    Compiling impl-rlp v0.3.0
[INFO] [stderr]    Compiling fixed-hash v0.8.0
[INFO] [stderr]    Compiling idna v0.4.0
[INFO] [stderr]    Compiling backtrace v0.3.68
[INFO] [stderr]    Compiling adler v1.0.2
[INFO] [stderr]    Compiling thiserror v1.0.44
[INFO] [stderr]    Compiling hex v0.4.3
[INFO] [stderr]    Compiling try-lock v0.2.4
[INFO] [stderr]    Compiling httpdate v1.0.2
[INFO] [stderr]    Compiling gimli v0.27.3
[INFO] [stderr]    Compiling url v2.4.0
[INFO] [stderr]    Compiling is-terminal v0.4.9
[INFO] [stderr]    Compiling uint v0.9.5
[INFO] [stderr]    Compiling want v0.3.1
[INFO] [stderr]    Compiling miniz_oxide v0.7.1
[INFO] [stderr]    Compiling tokio-macros v2.1.0
[INFO] [stderr]    Compiling futures-macro v0.3.28
[INFO] [stderr]    Compiling openssl-macros v0.1.1
[INFO] [stderr]    Compiling thiserror-impl v1.0.44
[INFO] [stderr]    Compiling http-body v0.4.5
[INFO] [stderr]    Compiling stringprep v0.1.3
[INFO] [stderr]    Compiling sha2 v0.10.7
[INFO] [stderr]    Compiling md-5 v0.10.5
[INFO] [stderr]    Compiling hmac v0.12.1
[INFO] [stderr]    Compiling secp256k1-sys v0.8.1
[INFO] [stderr]    Compiling time v0.1.45
[INFO] [stderr]    Compiling object v0.31.1
[INFO] [stderr]    Compiling aho-corasick v1.0.2
[INFO] [stderr]    Compiling siphasher v0.3.10
[INFO] [stderr]    Compiling rustc-demangle v0.1.23
[INFO] [stderr]    Compiling syn v1.0.109
[INFO] [stderr]    Compiling async-trait v0.1.72
[INFO] [stderr]    Compiling fallible-iterator v0.2.0
[INFO] [stderr]    Compiling regex-syntax v0.7.4
[INFO] [stderr]    Compiling addr2line v0.20.0
[INFO] [stderr]    Compiling iana-time-zone v0.1.57
[INFO] [stderr]    Compiling chrono v0.4.26
[INFO] [stderr]    Compiling postgres-protocol v0.6.5
[INFO] [stderr]    Compiling anstyle-parse v0.2.1
[INFO] [stderr]    Compiling phf_shared v0.11.2
[INFO] [stderr]    Compiling futures-executor v0.3.28
[INFO] [stderr]    Compiling futures v0.3.28
[INFO] [stderr]    Compiling ethbloom v0.13.0
[INFO] [stderr]    Compiling primitive-types v0.12.1
[INFO] [stderr]    Compiling digest v0.9.0
[INFO] [stderr]    Compiling regex-automata v0.3.6
[INFO] [stderr]    Compiling block-buffer v0.9.0
[INFO] [stderr]    Compiling dirs-sys-next v0.1.2
[INFO] [stderr]    Compiling pq-sys v0.4.8
[INFO] [stderr]    Compiling hashbrown v0.14.0
[INFO] [stderr]    Compiling anstyle v1.0.1
[INFO] [stderr]    Compiling tokio-util v0.7.8
[INFO] [stderr]    Compiling tokio-native-tls v0.3.1
[INFO] [stderr]    Compiling anstyle-query v1.0.0
[INFO] [stderr]    Compiling keccak v0.1.4
[INFO] [stderr]    Compiling h2 v0.3.20
[INFO] [stderr]    Compiling base64 v0.13.1
[INFO] [stderr]    Compiling opaque-debug v0.3.0
[INFO] [stderr]    Compiling sha-1 v0.9.8
[INFO] [stderr]    Compiling anstream v0.3.2
[INFO] [stderr]    Compiling sha3 v0.10.8
[INFO] [stderr]    Compiling indexmap v2.0.0
[INFO] [stderr]    Compiling ethereum-types v0.14.1
[INFO] [stderr]    Compiling dirs-next v2.0.0
[INFO] [stderr]    Compiling regex v1.9.3
[INFO] [stderr]    Compiling error-chain v0.10.0
[INFO] [stderr]    Compiling phf v0.11.2
[INFO] [stderr]    Compiling postgres-types v0.2.5
[INFO] [stderr]    Compiling pin-project-internal v1.1.3
[INFO] [stderr]    Compiling headers-core v0.2.0
[INFO] [stderr]    Compiling serde_spanned v0.6.5
[INFO] [stderr]    Compiling serde_urlencoded v0.7.1
[INFO] [stderr]    Compiling toml_datetime v0.6.5
[INFO] [stderr]    Compiling diesel_table_macro_syntax v0.1.0
[INFO] [stderr]    Compiling sha1 v0.10.5
[INFO] [stderr]    Compiling scheduled-thread-pool v0.2.7
[INFO] [stderr]    Compiling socket2 v0.5.3
[INFO] [stderr]    Compiling csv-core v0.1.11
[INFO] [stderr]    Compiling nom v4.1.1
[INFO] [stderr]    Compiling encoding_rs v0.8.32
[INFO] [stderr]    Compiling hyper v0.14.27
[INFO] [stderr]    Compiling winnow v0.5.4
[INFO] [stderr]    Compiling convert_case v0.4.0
[INFO] [stderr]    Compiling clap_lex v0.5.0
[INFO] [stderr]    Compiling ipnet v2.8.0
[INFO] [stderr]    Compiling clap_builder v4.3.19
[INFO] [stderr]    Compiling cron v0.6.1
[INFO] [stderr]    Compiling clap_derive v4.3.12
[INFO] [stderr]    Compiling pin-project v1.1.3
[INFO] [stderr]    Compiling tokio-postgres v0.7.8
[INFO] [stderr]    Compiling csv v1.3.0
[INFO] [stderr]    Compiling derive_more v0.99.17
[INFO] [stderr]    Compiling toml_edit v0.21.0
[INFO] [stderr]    Compiling r2d2 v0.8.10
[INFO] [stderr]    Compiling headers v0.3.8
[INFO] [stderr]    Compiling hyper-tls v0.5.0
[INFO] [stderr]    Compiling reqwest v0.11.18
[INFO] [stderr]    Compiling diesel_derives v2.1.0
[INFO] [stderr]    Compiling ethabi v18.0.0
[INFO] [stderr]    Compiling secp256k1 v0.27.0
[INFO] [stderr]    Compiling term v0.7.0
[INFO] [stderr]    Compiling soketto v0.7.1
[INFO] [stderr]    Compiling web3-async-native-tls v0.4.0
[INFO] [stderr]    Compiling tokio-stream v0.1.14
[INFO] [stderr]    Compiling jsonrpc-core v18.0.0
[INFO] [stderr]    Compiling uuid v1.4.1
[INFO] [stderr]    Compiling uuid v0.8.2
[INFO] [stderr]    Compiling combine v4.6.6
[INFO] [stderr]    Compiling futures-timer v3.0.2
[INFO] [stderr]    Compiling sha1_smol v1.0.0
[INFO] [stderr]    Compiling encode_unicode v1.0.0
[INFO] [stderr]    Compiling arrayvec v0.7.4
[INFO] [stderr]    Compiling unicode-width v0.1.11
[INFO] [stderr]    Compiling job_scheduler v1.2.1
[INFO] [stderr]    Compiling prettytable-rs v0.10.0
[INFO] [stderr]    Compiling web3 v0.19.0
[INFO] [stderr]    Compiling clap v4.3.19
[INFO] [stderr]    Compiling toml v0.8.8
[INFO] [stderr]    Compiling postgres v0.19.5
[INFO] [stderr]    Compiling dotenv v0.15.0
[INFO] [stderr]    Compiling diesel v2.1.0
[INFO] [stderr]    Compiling redis v0.24.0
[INFO] [stderr]    Compiling cascade v0.1.0 (/opt/rustwide/workdir)
[INFO] [stdout] warning: methods `info`, `error`, `warning`, `debug`, and `trace` are never used
[INFO] [stdout]   --> src/log/mod.rs:38:8
[INFO] [stdout]    |
[INFO] [stdout] 37 | pub trait CliLog {
[INFO] [stdout]    |           ------ methods in this trait
[INFO] [stdout] 38 |     fn info(&self, message: &str);
[INFO] [stdout]    |        ^^^^
[INFO] [stdout] 39 |     fn error(&self, message: &str);
[INFO] [stdout]    |        ^^^^^
[INFO] [stdout] 40 |     fn warning(&self, message: &str);
[INFO] [stdout]    |        ^^^^^^^
[INFO] [stdout] 41 |     fn debug(&self, message: &str);
[INFO] [stdout]    |        ^^^^^
[INFO] [stdout] 42 |     fn trace(&self, message: &str);
[INFO] [stdout]    |        ^^^^^
[INFO] [stdout]    |
[INFO] [stdout]    = note: `#[warn(dead_code)]` on by default
[INFO] [stdout] 
[INFO] [stdout] 
[INFO] [stderr]     Finished `dev` profile [unoptimized + debuginfo] target(s) in 3m 21s
[INFO] [stderr] warning: the following packages contain code that will be rejected by a future version of Rust: nom v4.1.1
[INFO] [stderr] note: to see what the problems were, use the option `--future-incompat-report`, or run `cargo report future-incompatibilities --id 1`
[INFO] running `Command { std: "docker" "inspect" "1405ad225f93d4accb27c7c186039dbd1ecc39b2743d4ded230071e43e9513e3", kill_on_drop: false }`
[INFO] running `Command { std: "docker" "rm" "-f" "1405ad225f93d4accb27c7c186039dbd1ecc39b2743d4ded230071e43e9513e3", kill_on_drop: false }`
[INFO] [stdout] 1405ad225f93d4accb27c7c186039dbd1ecc39b2743d4ded230071e43e9513e3
[INFO] running `Command { std: "docker" "create" "-v" "/var/lib/crater-agent-workspace/builds/worker-3-tc1/target:/opt/rustwide/target:rw,Z" "-v" "/var/lib/crater-agent-workspace/builds/worker-3-tc1/source:/opt/rustwide/workdir:ro,Z" "-v" "/var/lib/crater-agent-workspace/cargo-home:/opt/rustwide/cargo-home:ro,Z" "-v" "/var/lib/crater-agent-workspace/rustup-home:/opt/rustwide/rustup-home:ro,Z" "-e" "SOURCE_DIR=/opt/rustwide/workdir" "-e" "CARGO_TARGET_DIR=/opt/rustwide/target" "-e" "CARGO_INCREMENTAL=0" "-e" "RUST_BACKTRACE=full" "-e" "RUSTFLAGS=--cap-lints=warn" "-e" "RUSTDOCFLAGS=--cap-lints=warn" "-e" "CARGO_HOME=/opt/rustwide/cargo-home" "-e" "RUSTUP_HOME=/opt/rustwide/rustup-home" "-w" "/opt/rustwide/workdir" "-m" "1610612736" "--user" "0:0" "--network" "none" "ghcr.io/rust-lang/crates-build-env/linux@sha256:f3a9d4ad9d972b27faf3965f35b62e55ba32bbce8f20bc8fe909558a86702fde" "/opt/rustwide/cargo-home/bin/cargo" "+1.83.0" "test" "--frozen" "--no-run" "--message-format=json", kill_on_drop: false }`
[INFO] [stdout] 9a77c78ea6453ddaacb13280536e6f394cc195f01809f7e4d091b4826f457eec
[INFO] running `Command { std: "docker" "start" "-a" "9a77c78ea6453ddaacb13280536e6f394cc195f01809f7e4d091b4826f457eec", kill_on_drop: false }`
[INFO] [stderr]    Compiling cascade v0.1.0 (/opt/rustwide/workdir)
[INFO] [stdout] warning: methods `info`, `error`, `warning`, `debug`, and `trace` are never used
[INFO] [stdout]   --> src/log/mod.rs:38:8
[INFO] [stdout]    |
[INFO] [stdout] 37 | pub trait CliLog {
[INFO] [stdout]    |           ------ methods in this trait
[INFO] [stdout] 38 |     fn info(&self, message: &str);
[INFO] [stdout]    |        ^^^^
[INFO] [stdout] 39 |     fn error(&self, message: &str);
[INFO] [stdout]    |        ^^^^^
[INFO] [stdout] 40 |     fn warning(&self, message: &str);
[INFO] [stdout]    |        ^^^^^^^
[INFO] [stdout] 41 |     fn debug(&self, message: &str);
[INFO] [stdout]    |        ^^^^^
[INFO] [stdout] 42 |     fn trace(&self, message: &str);
[INFO] [stdout]    |        ^^^^^
[INFO] [stdout]    |
[INFO] [stdout]    = note: `#[warn(dead_code)]` on by default
[INFO] [stdout] 
[INFO] [stdout] 
[INFO] [stderr]     Finished `test` profile [unoptimized + debuginfo] target(s) in 6.01s
[INFO] [stderr] warning: the following packages contain code that will be rejected by a future version of Rust: nom v4.1.1
[INFO] [stderr] note: to see what the problems were, use the option `--future-incompat-report`, or run `cargo report future-incompatibilities --id 1`
[INFO] running `Command { std: "docker" "inspect" "9a77c78ea6453ddaacb13280536e6f394cc195f01809f7e4d091b4826f457eec", kill_on_drop: false }`
[INFO] running `Command { std: "docker" "rm" "-f" "9a77c78ea6453ddaacb13280536e6f394cc195f01809f7e4d091b4826f457eec", kill_on_drop: false }`
[INFO] [stdout] 9a77c78ea6453ddaacb13280536e6f394cc195f01809f7e4d091b4826f457eec
[INFO] running `Command { std: "docker" "create" "-v" "/var/lib/crater-agent-workspace/builds/worker-3-tc1/target:/opt/rustwide/target:rw,Z" "-v" "/var/lib/crater-agent-workspace/builds/worker-3-tc1/source:/opt/rustwide/workdir:ro,Z" "-v" "/var/lib/crater-agent-workspace/cargo-home:/opt/rustwide/cargo-home:ro,Z" "-v" "/var/lib/crater-agent-workspace/rustup-home:/opt/rustwide/rustup-home:ro,Z" "-e" "SOURCE_DIR=/opt/rustwide/workdir" "-e" "CARGO_TARGET_DIR=/opt/rustwide/target" "-e" "CARGO_INCREMENTAL=0" "-e" "RUST_BACKTRACE=full" "-e" "RUSTFLAGS=--cap-lints=warn" "-e" "RUSTDOCFLAGS=--cap-lints=warn" "-e" "CARGO_HOME=/opt/rustwide/cargo-home" "-e" "RUSTUP_HOME=/opt/rustwide/rustup-home" "-w" "/opt/rustwide/workdir" "-m" "1610612736" "--user" "0:0" "--network" "none" "ghcr.io/rust-lang/crates-build-env/linux@sha256:f3a9d4ad9d972b27faf3965f35b62e55ba32bbce8f20bc8fe909558a86702fde" "/opt/rustwide/cargo-home/bin/cargo" "+1.83.0" "test" "--frozen", kill_on_drop: false }`
[INFO] [stdout] d7733f5991c7440a3a3cf397f41d72e2e3da75669dce2cfbc050fb1966d56366
[INFO] running `Command { std: "docker" "start" "-a" "d7733f5991c7440a3a3cf397f41d72e2e3da75669dce2cfbc050fb1966d56366", kill_on_drop: false }`
[INFO] [stderr] warning: methods `info`, `error`, `warning`, `debug`, and `trace` are never used
[INFO] [stderr]   --> src/log/mod.rs:38:8
[INFO] [stderr]    |
[INFO] [stderr] 37 | pub trait CliLog {
[INFO] [stderr]    |           ------ methods in this trait
[INFO] [stderr] 38 |     fn info(&self, message: &str);
[INFO] [stderr]    |        ^^^^
[INFO] [stderr] 39 |     fn error(&self, message: &str);
[INFO] [stderr]    |        ^^^^^
[INFO] [stderr] 40 |     fn warning(&self, message: &str);
[INFO] [stderr]    |        ^^^^^^^
[INFO] [stderr] 41 |     fn debug(&self, message: &str);
[INFO] [stderr]    |        ^^^^^
[INFO] [stderr] 42 |     fn trace(&self, message: &str);
[INFO] [stderr]    |        ^^^^^
[INFO] [stderr]    |
[INFO] [stderr]    = note: `#[warn(dead_code)]` on by default
[INFO] [stderr] 
[INFO] [stderr] warning: `cascade` (bin "cascade" test) generated 1 warning
[INFO] [stderr]     Finished `test` profile [unoptimized + debuginfo] target(s) in 0.28s
[INFO] [stderr] warning: the following packages contain code that will be rejected by a future version of Rust: nom v4.1.1
[INFO] [stderr] note: to see what the problems were, use the option `--future-incompat-report`, or run `cargo report future-incompatibilities --id 1`
[INFO] [stderr]      Running unittests src/main.rs (/opt/rustwide/target/debug/deps/cascade-46ccf647d07877e2)
[INFO] [stdout] 
[INFO] [stdout] running 3 tests
[INFO] [stdout] test log::tests::test_logger ... ok
[INFO] [stdout] test log::tests::test_logger_macro ... ok
[INFO] [stdout] test service::rpc_request::tests::test_rpc_request ... FAILED
[INFO] [stdout] 
[INFO] [stdout] failures:
[INFO] [stdout] 
[INFO] [stdout] ---- service::rpc_request::tests::test_rpc_request stdout ----
[INFO] [stdout] thread 'service::rpc_request::tests::test_rpc_request' panicked at src/service/rpc_request.rs:149:71:
[INFO] [stdout] called `Result::unwrap()` on an `Err` value: Error { code: InternalError, message: "Internal error", data: None }
[INFO] [stdout] stack backtrace:
[INFO] [stdout]    0:     0x56c92b3103ca - std::backtrace_rs::backtrace::libunwind::trace::h5a5b8284f2d0c266
[INFO] [stdout]                                at /rustc/90b35a6239c3d8bdabc530a6a0816f7ff89a0aaf/library/std/src/../../backtrace/src/backtrace/libunwind.rs:116:5
[INFO] [stdout]    1:     0x56c92b3103ca - std::backtrace_rs::backtrace::trace_unsynchronized::h76d4f1c9b0b875e3
[INFO] [stdout]                                at /rustc/90b35a6239c3d8bdabc530a6a0816f7ff89a0aaf/library/std/src/../../backtrace/src/backtrace/mod.rs:66:5
[INFO] [stdout]    2:     0x56c92b3103ca - std::sys::backtrace::_print_fmt::hc4546b8364a537c6
[INFO] [stdout]                                at /rustc/90b35a6239c3d8bdabc530a6a0816f7ff89a0aaf/library/std/src/sys/backtrace.rs:66:9
[INFO] [stdout]    3:     0x56c92b3103ca - <std::sys::backtrace::BacktraceLock::print::DisplayBacktrace as core::fmt::Display>::fmt::h5b6bd5631a6d1f6b
[INFO] [stdout]                                at /rustc/90b35a6239c3d8bdabc530a6a0816f7ff89a0aaf/library/std/src/sys/backtrace.rs:39:26
[INFO] [stdout]    4:     0x56c92b339953 - core::fmt::rt::Argument::fmt::h270f6602a2b96f62
[INFO] [stdout]                                at /rustc/90b35a6239c3d8bdabc530a6a0816f7ff89a0aaf/library/core/src/fmt/rt.rs:177:76
[INFO] [stdout]    5:     0x56c92b339953 - core::fmt::write::h7550c97b06c86515
[INFO] [stdout]                                at /rustc/90b35a6239c3d8bdabc530a6a0816f7ff89a0aaf/library/core/src/fmt/mod.rs:1186:21
[INFO] [stdout]    6:     0x56c92b30ca63 - std::io::Write::write_fmt::h509ff860e5956e5e
[INFO] [stdout]                                at /rustc/90b35a6239c3d8bdabc530a6a0816f7ff89a0aaf/library/std/src/io/mod.rs:1839:15
[INFO] [stdout]    7:     0x56c92b310212 - std::sys::backtrace::BacktraceLock::print::h2395ccd2c84ba3aa
[INFO] [stdout]                                at /rustc/90b35a6239c3d8bdabc530a6a0816f7ff89a0aaf/library/std/src/sys/backtrace.rs:42:9
[INFO] [stdout]    8:     0x56c92b31182a - std::panicking::default_hook::{{closure}}::he19d4c7230e07961
[INFO] [stdout]                                at /rustc/90b35a6239c3d8bdabc530a6a0816f7ff89a0aaf/library/std/src/panicking.rs:268:22
[INFO] [stdout]    9:     0x56c92b311634 - std::panicking::default_hook::hf614597d3c67bbdb
[INFO] [stdout]                                at /rustc/90b35a6239c3d8bdabc530a6a0816f7ff89a0aaf/library/std/src/panicking.rs:292:9
[INFO] [stdout]   10:     0x56c92adfc949 - <alloc::boxed::Box<F,A> as core::ops::function::Fn<Args>>::call::h39b51ce4599c23d1
[INFO] [stdout]                                at /rustc/90b35a6239c3d8bdabc530a6a0816f7ff89a0aaf/library/alloc/src/boxed.rs:2468:9
[INFO] [stdout]   11:     0x56c92adfc949 - test::test_main::{{closure}}::he977ae839a582784
[INFO] [stdout]                                at /rustc/90b35a6239c3d8bdabc530a6a0816f7ff89a0aaf/library/test/src/lib.rs:133:21
[INFO] [stdout]   12:     0x56c92b311ec8 - <alloc::boxed::Box<F,A> as core::ops::function::Fn<Args>>::call::h9455091b6b06f9fb
[INFO] [stdout]                                at /rustc/90b35a6239c3d8bdabc530a6a0816f7ff89a0aaf/library/alloc/src/boxed.rs:2468:9
[INFO] [stdout]   13:     0x56c92b311ec8 - std::panicking::rust_panic_with_hook::h8942133a8b252070
[INFO] [stdout]                                at /rustc/90b35a6239c3d8bdabc530a6a0816f7ff89a0aaf/library/std/src/panicking.rs:809:13
[INFO] [stdout]   14:     0x56c92b311c8a - std::panicking::begin_panic_handler::{{closure}}::hb5f5963570096b29
[INFO] [stdout]                                at /rustc/90b35a6239c3d8bdabc530a6a0816f7ff89a0aaf/library/std/src/panicking.rs:674:13
[INFO] [stdout]   15:     0x56c92b3108a9 - std::sys::backtrace::__rust_end_short_backtrace::h6208cedc1922feda
[INFO] [stdout]                                at /rustc/90b35a6239c3d8bdabc530a6a0816f7ff89a0aaf/library/std/src/sys/backtrace.rs:170:18
[INFO] [stdout]   16:     0x56c92b31191c - rust_begin_unwind
[INFO] [stdout]                                at /rustc/90b35a6239c3d8bdabc530a6a0816f7ff89a0aaf/library/std/src/panicking.rs:665:5
[INFO] [stdout]   17:     0x56c92adaf300 - core::panicking::panic_fmt::h0c3082644d1bf418
[INFO] [stdout]                                at /rustc/90b35a6239c3d8bdabc530a6a0816f7ff89a0aaf/library/core/src/panicking.rs:74:14
[INFO] [stdout]   18:     0x56c92adaf7e6 - core::result::unwrap_failed::hd20b4aa073bda1e2
[INFO] [stdout]                                at /rustc/90b35a6239c3d8bdabc530a6a0816f7ff89a0aaf/library/core/src/result.rs:1700:5
[INFO] [stdout]   19:     0x56c92adc4455 - core::result::Result<T,E>::unwrap::h23652b8e1cb7ef28
[INFO] [stdout]                                at /rustc/90b35a6239c3d8bdabc530a6a0816f7ff89a0aaf/library/core/src/result.rs:1104:23
[INFO] [stdout]   20:     0x56c92adc4455 - cascade::service::rpc_request::tests::test_rpc_request::{{closure}}::h1e74cfde5abc68cb
[INFO] [stdout]                                at /opt/rustwide/workdir/src/service/rpc_request.rs:149:24
[INFO] [stdout]   21:     0x56c92adb4f52 - <core::pin::Pin<P> as core::future::future::Future>::poll::h5e975fe592b586bb
[INFO] [stdout]                                at /rustc/90b35a6239c3d8bdabc530a6a0816f7ff89a0aaf/library/core/src/future/future.rs:123:9
[INFO] [stdout]   22:     0x56c92adb4f8d - <core::pin::Pin<P> as core::future::future::Future>::poll::h777427fc552da1aa
[INFO] [stdout]                                at /rustc/90b35a6239c3d8bdabc530a6a0816f7ff89a0aaf/library/core/src/future/future.rs:123:9
[INFO] [stdout]   23:     0x56c92adb4def - tokio::runtime::scheduler::current_thread::CoreGuard::block_on::{{closure}}::{{closure}}::{{closure}}::h307a424fba779734
[INFO] [stdout]                                at /opt/rustwide/cargo-home/registry/src/index.crates.io-6f17d22bba15001f/tokio-1.29.1/src/runtime/scheduler/current_thread.rs:651:57
[INFO] [stdout]   24:     0x56c92adb4d25 - tokio::runtime::coop::with_budget::hac68ce268b1277cc
[INFO] [stdout]                                at /opt/rustwide/cargo-home/registry/src/index.crates.io-6f17d22bba15001f/tokio-1.29.1/src/runtime/coop.rs:107:5
[INFO] [stdout]   25:     0x56c92adb4d25 - tokio::runtime::coop::budget::h41010251131b141c
[INFO] [stdout]                                at /opt/rustwide/cargo-home/registry/src/index.crates.io-6f17d22bba15001f/tokio-1.29.1/src/runtime/coop.rs:73:5
[INFO] [stdout]   26:     0x56c92adb4d25 - tokio::runtime::scheduler::current_thread::CoreGuard::block_on::{{closure}}::{{closure}}::h805fc7de1d060155
[INFO] [stdout]                                at /opt/rustwide/cargo-home/registry/src/index.crates.io-6f17d22bba15001f/tokio-1.29.1/src/runtime/scheduler/current_thread.rs:651:25
[INFO] [stdout]   27:     0x56c92adb3ad0 - tokio::runtime::scheduler::current_thread::Context::enter::hceca033fc48ea8da
[INFO] [stdout]                                at /opt/rustwide/cargo-home/registry/src/index.crates.io-6f17d22bba15001f/tokio-1.29.1/src/runtime/scheduler/current_thread.rs:410:19
[INFO] [stdout]   28:     0x56c92adb458e - tokio::runtime::scheduler::current_thread::CoreGuard::block_on::{{closure}}::h6b48c41c4853ae78
[INFO] [stdout]                                at /opt/rustwide/cargo-home/registry/src/index.crates.io-6f17d22bba15001f/tokio-1.29.1/src/runtime/scheduler/current_thread.rs:650:36
[INFO] [stdout]   29:     0x56c92adb4304 - tokio::runtime::scheduler::current_thread::CoreGuard::enter::{{closure}}::ha4db4f05b5072ccd
[INFO] [stdout]                                at /opt/rustwide/cargo-home/registry/src/index.crates.io-6f17d22bba15001f/tokio-1.29.1/src/runtime/scheduler/current_thread.rs:729:68
[INFO] [stdout]   30:     0x56c92adb29eb - tokio::runtime::context::scoped::Scoped<T>::set::ha63de9a7b8d17655
[INFO] [stdout]                                at /opt/rustwide/cargo-home/registry/src/index.crates.io-6f17d22bba15001f/tokio-1.29.1/src/runtime/context/scoped.rs:40:9
[INFO] [stdout]   31:     0x56c92adbf879 - tokio::runtime::context::set_scheduler::{{closure}}::hd6a8117882456cb3
[INFO] [stdout]                                at /opt/rustwide/cargo-home/registry/src/index.crates.io-6f17d22bba15001f/tokio-1.29.1/src/runtime/context.rs:176:26
[INFO] [stdout]   32:     0x56c92adb078d - std::thread::local::LocalKey<T>::try_with::h83dd2c3704e4b35c
[INFO] [stdout]                                at /rustc/90b35a6239c3d8bdabc530a6a0816f7ff89a0aaf/library/std/src/thread/local.rs:283:12
[INFO] [stdout]   33:     0x56c92adb02ba - std::thread::local::LocalKey<T>::with::h10845c8b386ab8f1
[INFO] [stdout]                                at /rustc/90b35a6239c3d8bdabc530a6a0816f7ff89a0aaf/library/std/src/thread/local.rs:260:9
[INFO] [stdout]   34:     0x56c92adbf82d - tokio::runtime::context::set_scheduler::hc493b01a180e28c7
[INFO] [stdout]                                at /opt/rustwide/cargo-home/registry/src/index.crates.io-6f17d22bba15001f/tokio-1.29.1/src/runtime/context.rs:176:9
[INFO] [stdout]   35:     0x56c92adb40b0 - tokio::runtime::scheduler::current_thread::CoreGuard::enter::h113b9aeb35e6c1c5
[INFO] [stdout]                                at /opt/rustwide/cargo-home/registry/src/index.crates.io-6f17d22bba15001f/tokio-1.29.1/src/runtime/scheduler/current_thread.rs:729:27
[INFO] [stdout]   36:     0x56c92adb4323 - tokio::runtime::scheduler::current_thread::CoreGuard::block_on::hf2f84d1c6115457f
[INFO] [stdout]                                at /opt/rustwide/cargo-home/registry/src/index.crates.io-6f17d22bba15001f/tokio-1.29.1/src/runtime/scheduler/current_thread.rs:638:19
[INFO] [stdout]   37:     0x56c92adb331d - tokio::runtime::scheduler::current_thread::CurrentThread::block_on::{{closure}}::h5a804a44f8b2a833
[INFO] [stdout]                                at /opt/rustwide/cargo-home/registry/src/index.crates.io-6f17d22bba15001f/tokio-1.29.1/src/runtime/scheduler/current_thread.rs:175:28
[INFO] [stdout]   38:     0x56c92adb2d36 - tokio::runtime::context::runtime::enter_runtime::h3c66de2162082cf1
[INFO] [stdout]                                at /opt/rustwide/cargo-home/registry/src/index.crates.io-6f17d22bba15001f/tokio-1.29.1/src/runtime/context/runtime.rs:65:16
[INFO] [stdout]   39:     0x56c92adb3231 - tokio::runtime::scheduler::current_thread::CurrentThread::block_on::h6b2371a6d7642dc8
[INFO] [stdout]                                at /opt/rustwide/cargo-home/registry/src/index.crates.io-6f17d22bba15001f/tokio-1.29.1/src/runtime/scheduler/current_thread.rs:167:9
[INFO] [stdout]   40:     0x56c92adbfb2d - tokio::runtime::runtime::Runtime::block_on::h04cf95cbf6e293a0
[INFO] [stdout]                                at /opt/rustwide/cargo-home/registry/src/index.crates.io-6f17d22bba15001f/tokio-1.29.1/src/runtime/runtime.rs:311:47
[INFO] [stdout]   41:     0x56c92adc4093 - cascade::service::rpc_request::tests::test_rpc_request::h4c0712bb0c97760b
[INFO] [stdout]                                at /opt/rustwide/workdir/src/service/rpc_request.rs:151:9
[INFO] [stdout]   42:     0x56c92adc3f37 - cascade::service::rpc_request::tests::test_rpc_request::{{closure}}::h3a86c3b68934eedd
[INFO] [stdout]                                at /opt/rustwide/workdir/src/service/rpc_request.rs:143:32
[INFO] [stdout]   43:     0x56c92adbcb26 - core::ops::function::FnOnce::call_once::h013ad1e678e77107
[INFO] [stdout]                                at /rustc/90b35a6239c3d8bdabc530a6a0816f7ff89a0aaf/library/core/src/ops/function.rs:250:5
[INFO] [stdout]   44:     0x56c92ae0130b - core::ops::function::FnOnce::call_once::h109cf8051a59b34e
[INFO] [stdout]                                at /rustc/90b35a6239c3d8bdabc530a6a0816f7ff89a0aaf/library/core/src/ops/function.rs:250:5
[INFO] [stdout]   45:     0x56c92ae0130b - test::__rust_begin_short_backtrace::hf4fff89d377446ba
[INFO] [stdout]                                at /rustc/90b35a6239c3d8bdabc530a6a0816f7ff89a0aaf/library/test/src/lib.rs:621:18
[INFO] [stdout]   46:     0x56c92ae00b47 - test::run_test_in_process::{{closure}}::h0e39181dd7ee5a43
[INFO] [stdout]                                at /rustc/90b35a6239c3d8bdabc530a6a0816f7ff89a0aaf/library/test/src/lib.rs:644:60
[INFO] [stdout]   47:     0x56c92ae00b47 - <core::panic::unwind_safe::AssertUnwindSafe<F> as core::ops::function::FnOnce<()>>::call_once::hc5a66a30f0bdfd1f
[INFO] [stdout]                                at /rustc/90b35a6239c3d8bdabc530a6a0816f7ff89a0aaf/library/core/src/panic/unwind_safe.rs:272:9
[INFO] [stdout]   48:     0x56c92ae00b47 - std::panicking::try::do_call::h873b7cf639554a5e
[INFO] [stdout]                                at /rustc/90b35a6239c3d8bdabc530a6a0816f7ff89a0aaf/library/std/src/panicking.rs:557:40
[INFO] [stdout]   49:     0x56c92ae00b47 - std::panicking::try::hdb19862fad9c8bd1
[INFO] [stdout]                                at /rustc/90b35a6239c3d8bdabc530a6a0816f7ff89a0aaf/library/std/src/panicking.rs:520:19
[INFO] [stdout]   50:     0x56c92ae00b47 - std::panic::catch_unwind::h281fe732d236d260
[INFO] [stdout]                                at /rustc/90b35a6239c3d8bdabc530a6a0816f7ff89a0aaf/library/std/src/panic.rs:358:14
[INFO] [stdout]   51:     0x56c92ae00b47 - test::run_test_in_process::h949b6df8457ed338
[INFO] [stdout]                                at /rustc/90b35a6239c3d8bdabc530a6a0816f7ff89a0aaf/library/test/src/lib.rs:644:27
[INFO] [stdout]   52:     0x56c92ae00b47 - test::run_test::{{closure}}::h52c556a6d4740e10
[INFO] [stdout]                                at /rustc/90b35a6239c3d8bdabc530a6a0816f7ff89a0aaf/library/test/src/lib.rs:565:43
[INFO] [stdout]   53:     0x56c92adc5e24 - test::run_test::{{closure}}::h4237f6381c45ccb9
[INFO] [stdout]                                at /rustc/90b35a6239c3d8bdabc530a6a0816f7ff89a0aaf/library/test/src/lib.rs:595:41
[INFO] [stdout]   54:     0x56c92adc5e24 - std::sys::backtrace::__rust_begin_short_backtrace::h505c97a579eca628
[INFO] [stdout]                                at /rustc/90b35a6239c3d8bdabc530a6a0816f7ff89a0aaf/library/std/src/sys/backtrace.rs:154:18
[INFO] [stdout]   55:     0x56c92adc94ee - std::thread::Builder::spawn_unchecked_::{{closure}}::{{closure}}::h9e86b2e2bc107ea3
[INFO] [stdout]                                at /rustc/90b35a6239c3d8bdabc530a6a0816f7ff89a0aaf/library/std/src/thread/mod.rs:538:17
[INFO] [stdout]   56:     0x56c92adc94ee - <core::panic::unwind_safe::AssertUnwindSafe<F> as core::ops::function::FnOnce<()>>::call_once::h8b06ddb275ff4a25
[INFO] [stdout]                                at /rustc/90b35a6239c3d8bdabc530a6a0816f7ff89a0aaf/library/core/src/panic/unwind_safe.rs:272:9
[INFO] [stdout]   57:     0x56c92adc94ee - std::panicking::try::do_call::hb26ecd7cd9a9355d
[INFO] [stdout]                                at /rustc/90b35a6239c3d8bdabc530a6a0816f7ff89a0aaf/library/std/src/panicking.rs:557:40
[INFO] [stdout]   58:     0x56c92adc94ee - std::panicking::try::h8ddeca9d705f9069
[INFO] [stdout]                                at /rustc/90b35a6239c3d8bdabc530a6a0816f7ff89a0aaf/library/std/src/panicking.rs:520:19
[INFO] [stdout]   59:     0x56c92adc94ee - std::panic::catch_unwind::h49e1c33078844c46
[INFO] [stdout]                                at /rustc/90b35a6239c3d8bdabc530a6a0816f7ff89a0aaf/library/std/src/panic.rs:358:14
[INFO] [stdout]   60:     0x56c92adc94ee - std::thread::Builder::spawn_unchecked_::{{closure}}::h6073db6ff56ad35d
[INFO] [stdout]                                at /rustc/90b35a6239c3d8bdabc530a6a0816f7ff89a0aaf/library/std/src/thread/mod.rs:537:30
[INFO] [stdout]   61:     0x56c92adc94ee - core::ops::function::FnOnce::call_once{{vtable.shim}}::h2c5a5f3779c774f1
[INFO] [stdout]                                at /rustc/90b35a6239c3d8bdabc530a6a0816f7ff89a0aaf/library/core/src/ops/function.rs:250:5
[INFO] [stdout]   62:     0x56c92b31618b - <alloc::boxed::Box<F,A> as core::ops::function::FnOnce<Args>>::call_once::hf75717d9f28faebf
[INFO] [stdout]                                at /rustc/90b35a6239c3d8bdabc530a6a0816f7ff89a0aaf/library/alloc/src/boxed.rs:2454:9
[INFO] [stdout]   63:     0x56c92b31618b - <alloc::boxed::Box<F,A> as core::ops::function::FnOnce<Args>>::call_once::h7bd883a5f3c5f3c1
[INFO] [stdout]                                at /rustc/90b35a6239c3d8bdabc530a6a0816f7ff89a0aaf/library/alloc/src/boxed.rs:2454:9
[INFO] [stdout]   64:     0x56c92b31618b - std::sys::pal::unix::thread::Thread::new::thread_start::hcc78f3943333fa94
[INFO] [stdout]                                at /rustc/90b35a6239c3d8bdabc530a6a0816f7ff89a0aaf/library/std/src/sys/pal/unix/thread.rs:105:17
[INFO] [stdout]   65:     0x77efd09dbac3 - <unknown>
[INFO] [stdout]   66:     0x77efd0a6ca04 - clone
[INFO] [stdout]   67:                0x0 - <unknown>
[INFO] [stdout] 
[INFO] [stdout] 
[INFO] [stdout] failures:
[INFO] [stdout]     service::rpc_request::tests::test_rpc_request
[INFO] [stdout] 
[INFO] [stdout] test result: FAILED. 2 passed; 1 failed; 0 ignored; 0 measured; 0 filtered out; finished in 0.25s
[INFO] [stdout] 
[INFO] [stderr] error: test failed, to rerun pass `--bin cascade`
[INFO] running `Command { std: "docker" "inspect" "d7733f5991c7440a3a3cf397f41d72e2e3da75669dce2cfbc050fb1966d56366", kill_on_drop: false }`
[INFO] running `Command { std: "docker" "rm" "-f" "d7733f5991c7440a3a3cf397f41d72e2e3da75669dce2cfbc050fb1966d56366", kill_on_drop: false }`
[INFO] [stdout] d7733f5991c7440a3a3cf397f41d72e2e3da75669dce2cfbc050fb1966d56366
