[INFO] cloning repository https://github.com/Rexifyo/testing1
[INFO] running `Command { std: "git" "-c" "credential.helper=" "-c" "credential.helper=/workspace/cargo-home/bin/git-credential-null" "clone" "--bare" "https://github.com/Rexifyo/testing1" "/workspace/cache/git-repos/https%3A%2F%2Fgithub.com%2FRexifyo%2Ftesting1", kill_on_drop: false }`
[INFO] [stderr] Cloning into bare repository '/workspace/cache/git-repos/https%3A%2F%2Fgithub.com%2FRexifyo%2Ftesting1'...
[INFO] running `Command { std: "git" "rev-parse" "HEAD", kill_on_drop: false }`
[INFO] [stdout] 246e55d3e37d950021788ddfc0124b977d9c0be0
[INFO] testing Rexifyo/testing1/246e55d3e37d950021788ddfc0124b977d9c0be0 against 1.83.0 for beta-1.84.0-4-retry
[INFO] running `Command { std: "git" "clone" "/workspace/cache/git-repos/https%3A%2F%2Fgithub.com%2FRexifyo%2Ftesting1" "/workspace/builds/worker-3-tc1/source", kill_on_drop: false }`
[INFO] [stderr] Cloning into '/workspace/builds/worker-3-tc1/source'...
[INFO] [stderr] done.
[INFO] validating manifest of git repo https://github.com/Rexifyo/testing1 on toolchain 1.83.0
[INFO] running `Command { std: CARGO_HOME="/workspace/cargo-home" RUSTUP_HOME="/workspace/rustup-home" "/workspace/cargo-home/bin/cargo" "+1.83.0" "metadata" "--manifest-path" "Cargo.toml" "--no-deps", kill_on_drop: false }`
[INFO] removed /workspace/builds/worker-3-tc1/source/.cargo/config.toml
[INFO] removed /workspace/builds/worker-3-tc1/source/rust-toolchain.toml
[INFO] started tweaking git repo https://github.com/Rexifyo/testing1
[INFO] finished tweaking git repo https://github.com/Rexifyo/testing1
[INFO] tweaked toml for git repo https://github.com/Rexifyo/testing1 written to /workspace/builds/worker-3-tc1/source/Cargo.toml
[INFO] crate git repo https://github.com/Rexifyo/testing1 already has a lockfile, it will not be regenerated
[INFO] running `Command { std: CARGO_HOME="/workspace/cargo-home" RUSTUP_HOME="/workspace/rustup-home" "/workspace/cargo-home/bin/cargo" "+1.83.0" "fetch" "--manifest-path" "Cargo.toml", kill_on_drop: false }`
[INFO] [stderr]     Updating git repository `https://github.com/iron-fish/bellman`
[INFO] [stderr]     Updating git repository `https://github.com/iron-fish/bellperson.git`
[INFO] [stderr]     Updating git repository `https://github.com/iron-fish/jubjub.git`
[INFO] [stderr]     Updating git repository `https://github.com/iron-fish/librustzcash.git`
[INFO] [stderr]     Updating crates.io index
[INFO] [stderr]  Downloading crates ...
[INFO] [stderr]   Downloaded napi-sys v2.2.3
[INFO] [stderr]   Downloaded proc-macro-hack-impl v0.4.3
[INFO] [stderr]   Downloaded ec-gpu v0.2.0
[INFO] [stderr]   Downloaded yastl v0.1.2
[INFO] [stderr]   Downloaded napi-derive v2.13.0
[INFO] [stderr]   Downloaded crypto_box v0.8.2
[INFO] [stderr]   Downloaded ec-gpu-gen v0.5.2
[INFO] [stderr]   Downloaded blstrs v0.6.1
[INFO] [stderr]   Downloaded incrementalmerkletree v0.3.0
[INFO] [stderr]   Downloaded redjubjub v0.5.0
[INFO] [stderr]   Downloaded bip0039 v0.9.0
[INFO] [stderr]   Downloaded reddsa v0.3.0
[INFO] [stderr]   Downloaded napi v2.13.2
[INFO] [stderr]   Downloaded ctor v0.2.2
[INFO] [stderr]   Downloaded halo2_proofs v0.2.0
[INFO] [stderr]   Downloaded napi-derive-backend v1.0.52
[INFO] [stderr]   Downloaded proc-macro-hack v0.4.3
[INFO] [stderr]   Downloaded orchard v0.2.0
[INFO] [stderr]   Downloaded pbkdf2 v0.9.0
[INFO] [stderr]   Downloaded fpe v0.5.1
[INFO] [stderr]   Downloaded halo2_gadgets v0.2.0
[INFO] [stderr]   Downloaded zcash_note_encryption v0.1.0
[INFO] running `Command { std: "docker" "create" "-v" "/var/lib/crater-agent-workspace/builds/worker-3-tc1/target:/opt/rustwide/target:rw,Z" "-v" "/var/lib/crater-agent-workspace/builds/worker-3-tc1/source:/opt/rustwide/workdir:ro,Z" "-v" "/var/lib/crater-agent-workspace/cargo-home:/opt/rustwide/cargo-home:ro,Z" "-v" "/var/lib/crater-agent-workspace/rustup-home:/opt/rustwide/rustup-home:ro,Z" "-e" "SOURCE_DIR=/opt/rustwide/workdir" "-e" "CARGO_TARGET_DIR=/opt/rustwide/target" "-e" "CARGO_HOME=/opt/rustwide/cargo-home" "-e" "RUSTUP_HOME=/opt/rustwide/rustup-home" "-w" "/opt/rustwide/workdir" "-m" "1610612736" "--user" "0:0" "--network" "none" "ghcr.io/rust-lang/crates-build-env/linux@sha256:f3a9d4ad9d972b27faf3965f35b62e55ba32bbce8f20bc8fe909558a86702fde" "/opt/rustwide/cargo-home/bin/cargo" "+1.83.0" "metadata" "--no-deps" "--format-version=1", kill_on_drop: false }`
[INFO] [stdout] 31bb1505801775a9cad717081c3ac6e38433a2527a283c7c4472505ed6d9f8f3
[INFO] running `Command { std: "docker" "start" "-a" "31bb1505801775a9cad717081c3ac6e38433a2527a283c7c4472505ed6d9f8f3", kill_on_drop: false }`
[INFO] running `Command { std: "docker" "inspect" "31bb1505801775a9cad717081c3ac6e38433a2527a283c7c4472505ed6d9f8f3", kill_on_drop: false }`
[INFO] running `Command { std: "docker" "rm" "-f" "31bb1505801775a9cad717081c3ac6e38433a2527a283c7c4472505ed6d9f8f3", kill_on_drop: false }`
[INFO] [stdout] 31bb1505801775a9cad717081c3ac6e38433a2527a283c7c4472505ed6d9f8f3
[INFO] running `Command { std: "docker" "create" "-v" "/var/lib/crater-agent-workspace/builds/worker-3-tc1/target:/opt/rustwide/target:rw,Z" "-v" "/var/lib/crater-agent-workspace/builds/worker-3-tc1/source:/opt/rustwide/workdir:ro,Z" "-v" "/var/lib/crater-agent-workspace/cargo-home:/opt/rustwide/cargo-home:ro,Z" "-v" "/var/lib/crater-agent-workspace/rustup-home:/opt/rustwide/rustup-home:ro,Z" "-e" "SOURCE_DIR=/opt/rustwide/workdir" "-e" "CARGO_TARGET_DIR=/opt/rustwide/target" "-e" "CARGO_INCREMENTAL=0" "-e" "RUST_BACKTRACE=full" "-e" "RUSTFLAGS=--cap-lints=warn" "-e" "RUSTDOCFLAGS=--cap-lints=warn" "-e" "CARGO_HOME=/opt/rustwide/cargo-home" "-e" "RUSTUP_HOME=/opt/rustwide/rustup-home" "-w" "/opt/rustwide/workdir" "-m" "1610612736" "--user" "0:0" "--network" "none" "ghcr.io/rust-lang/crates-build-env/linux@sha256:f3a9d4ad9d972b27faf3965f35b62e55ba32bbce8f20bc8fe909558a86702fde" "/opt/rustwide/cargo-home/bin/cargo" "+1.83.0" "build" "--frozen" "--message-format=json", kill_on_drop: false }`
[INFO] [stdout] 0b23e9a57675a205cfed70f8e95551e8f368f1367d84fb85affa36a157d4d3de
[INFO] running `Command { std: "docker" "start" "-a" "0b23e9a57675a205cfed70f8e95551e8f368f1367d84fb85affa36a157d4d3de", kill_on_drop: false }`
[INFO] [stderr]    Compiling libc v0.2.139
[INFO] [stderr]    Compiling version_check v0.9.4
[INFO] [stderr]    Compiling typenum v1.16.0
[INFO] [stderr]    Compiling proc-macro2 v1.0.59
[INFO] [stderr]    Compiling unicode-ident v1.0.6
[INFO] [stderr]    Compiling quote v1.0.28
[INFO] [stderr]    Compiling subtle v2.4.1
[INFO] [stderr]    Compiling syn v1.0.107
[INFO] [stderr]    Compiling autocfg v1.1.0
[INFO] [stderr]    Compiling radium v0.7.0
[INFO] [stderr]    Compiling tap v1.0.1
[INFO] [stderr]    Compiling funty v2.0.0
[INFO] [stderr]    Compiling unicode-xid v0.2.4
[INFO] [stderr]    Compiling cpufeatures v0.2.5
[INFO] [stderr]    Compiling ppv-lite86 v0.2.17
[INFO] [stderr]    Compiling scopeguard v1.1.0
[INFO] [stderr]    Compiling wyz v0.5.1
[INFO] [stderr]    Compiling crossbeam-utils v0.8.14
[INFO] [stderr]    Compiling serde_derive v1.0.152
[INFO] [stderr]    Compiling rayon-core v1.10.1
[INFO] [stderr]    Compiling arrayref v0.3.6
[INFO] [stderr]    Compiling arrayvec v0.7.2
[INFO] [stderr]    Compiling byteorder v1.4.3
[INFO] [stderr]    Compiling constant_time_eq v0.1.5
[INFO] [stderr]    Compiling cc v1.0.78
[INFO] [stderr]    Compiling memoffset v0.7.1
[INFO] [stderr]    Compiling crossbeam-epoch v0.9.13
[INFO] [stderr]    Compiling generic-array v0.14.6
[INFO] [stderr]    Compiling either v1.8.0
[INFO] [stderr]    Compiling once_cell v1.17.0
[INFO] [stderr]    Compiling serde v1.0.152
[INFO] [stderr]    Compiling log v0.4.17
[INFO] [stderr]    Compiling thiserror v1.0.38
[INFO] [stderr]    Compiling hex v0.4.3
[INFO] [stderr]    Compiling blake2b_simd v1.0.0
[INFO] [stderr]    Compiling lock_api v0.4.10
[INFO] [stderr]    Compiling rand_core v0.6.4
[INFO] [stderr]    Compiling bitvec v1.0.1
[INFO] [stderr]    Compiling num-traits v0.2.15
[INFO] [stderr]    Compiling crossbeam-channel v0.5.8
[INFO] [stderr]    Compiling execute-command-tokens v0.1.6
[INFO] [stderr]    Compiling rand v0.8.5
[INFO] [stderr]    Compiling rand_xorshift v0.3.0
[INFO] [stderr]    Compiling blake2s_simd v1.0.0
[INFO] [stderr]    Compiling byte-slice-cast v1.2.2
[INFO] [stderr]    Compiling static_assertions v1.1.0
[INFO] [stderr]    Compiling num-integer v0.1.45
[INFO] [stderr]    Compiling ec-gpu-gen v0.5.2
[INFO] [stderr]    Compiling syn v2.0.18
[INFO] [stderr]    Compiling spin v0.9.8
[INFO] [stderr]    Compiling crunchy v0.2.2
[INFO] [stderr]    Compiling crossbeam-deque v0.8.2
[INFO] [stderr]    Compiling getrandom v0.2.8
[INFO] [stderr]    Compiling num_cpus v1.15.0
[INFO] [stderr]    Compiling blst v0.3.10
[INFO] [stderr]    Compiling getrandom v0.1.16
[INFO] [stderr]    Compiling flume v0.10.14
[INFO] [stderr]    Compiling rand_chacha v0.3.1
[INFO] [stderr]    Compiling threadpool v1.8.1
[INFO] [stderr]    Compiling yastl v0.1.2
[INFO] [stderr]    Compiling tracing-core v0.1.30
[INFO] [stderr]    Compiling num-bigint v0.4.3
[INFO] [stderr]    Compiling crypto-common v0.1.6
[INFO] [stderr]    Compiling block-buffer v0.10.3
[INFO] [stderr]    Compiling rayon v1.6.1
[INFO] [stderr]    Compiling digest v0.9.0
[INFO] [stderr]    Compiling digest v0.10.6
[INFO] [stderr]    Compiling cipher v0.3.0
[INFO] [stderr]    Compiling block-buffer v0.9.0
[INFO] [stderr]    Compiling universal-hash v0.4.1
[INFO] [stderr]    Compiling sha2 v0.9.9
[INFO] [stderr]    Compiling poly1305 v0.7.2
[INFO] [stderr]    Compiling aead v0.4.3
[INFO] [stderr]    Compiling ec-gpu v0.2.0
[INFO] [stderr]    Compiling sha2 v0.10.6
[INFO] [stderr]    Compiling libm v0.2.6
[INFO] [stderr]    Compiling nonempty v0.7.0
[INFO] [stderr]    Compiling tinyvec_macros v0.1.0
[INFO] [stderr]    Compiling pin-project-lite v0.2.9
[INFO] [stderr]    Compiling rustversion v1.0.12
[INFO] [stderr]    Compiling tinyvec v1.6.0
[INFO] [stderr]    Compiling crypto-mac v0.11.1
[INFO] [stderr]    Compiling block-padding v0.2.1
[INFO] [stderr]    Compiling base64ct v1.0.1
[INFO] [stderr]    Compiling uint v0.9.5
[INFO] [stderr]    Compiling block-modes v0.8.1
[INFO] [stderr]    Compiling rand_core v0.5.1
[INFO] [stderr]    Compiling password-hash v0.3.2
[INFO] [stderr]    Compiling inout v0.1.3
[INFO] [stderr]    Compiling hmac v0.11.0
[INFO] [stderr]    Compiling bs58 v0.4.0
[INFO] [stderr]    Compiling zcash_encoding v0.1.0 (https://github.com/iron-fish/librustzcash.git?branch=blstrs#d5518200)
[INFO] [stderr]    Compiling memuse v0.2.1
[INFO] [stderr]    Compiling aes v0.7.5
[INFO] [stderr]    Compiling f4jumble v0.1.0 (https://github.com/iron-fish/librustzcash.git?branch=blstrs#d5518200)
[INFO] [stderr]    Compiling bech32 v0.8.1
[INFO] [stderr]    Compiling universal-hash v0.5.1
[INFO] [stderr]    Compiling pbkdf2 v0.9.0
[INFO] [stderr]    Compiling equihash v0.2.0 (https://github.com/iron-fish/librustzcash.git?branch=blstrs#d5518200)
[INFO] [stderr]    Compiling dirs-sys v0.3.7
[INFO] [stderr]    Compiling memmap2 v0.5.10
[INFO] [stderr]    Compiling zcash_address v0.1.0 (https://github.com/iron-fish/librustzcash.git?branch=blstrs#d5518200)
[INFO] [stderr]    Compiling memchr v2.5.0
[INFO] [stderr]    Compiling directories v4.0.1
[INFO] [stderr]    Compiling poly1305 v0.8.0
[INFO] [stderr]    Compiling aead v0.5.2
[INFO] [stderr]    Compiling crypto-mac v0.8.0
[INFO] [stderr]    Compiling ff v0.13.0
[INFO] [stderr]    Compiling anyhow v1.0.68
[INFO] [stderr]    Compiling rand_chacha v0.2.2
[INFO] [stderr]    Compiling blake2 v0.10.6
[INFO] [stderr]    Compiling ff v0.12.1
[INFO] [stderr]    Compiling group v0.13.0
[INFO] [stderr]    Compiling group v0.12.1
[INFO] [stderr]    Compiling blake3 v1.3.3
[INFO] [stderr]    Compiling indexmap v1.9.3
[INFO] [stderr]    Compiling pairing v0.22.0
[INFO] [stderr]    Compiling pasta_curves v0.4.1
[INFO] [stderr]    Compiling bls12_381 v0.7.1
[INFO] [stderr]    Compiling unicode-normalization v0.1.22
[INFO] [stderr]    Compiling serde_json v1.0.96
[INFO] [stderr]    Compiling semver v1.0.17
[INFO] [stderr]    Compiling aho-corasick v0.7.20
[INFO] [stderr]    Compiling rand v0.7.3
[INFO] [stderr]    Compiling pairing v0.23.0
[INFO] [stderr]    Compiling pbkdf2 v0.4.0
[INFO] [stderr]    Compiling hmac v0.8.1
[INFO] [stderr]    Compiling ironfish v0.3.0 (/opt/rustwide/workdir/ironfish-rust)
[INFO] [stderr]    Compiling rand_seeder v0.2.3
[INFO] [stderr]    Compiling rustc-hash v1.1.0
[INFO] [stderr]    Compiling ryu v1.0.13
[INFO] [stderr]    Compiling plotters-backend v0.3.4
[INFO] [stderr]    Compiling os_str_bytes v6.5.0
[INFO] [stderr]    Compiling fpe v0.5.1
[INFO] [stderr]    Compiling regex-syntax v0.6.28
[INFO] [stderr]    Compiling constant_time_eq v0.2.4
[INFO] [stderr]    Compiling ciborium-io v0.2.0
[INFO] [stderr]    Compiling itoa v1.0.6
[INFO] [stderr]    Compiling hashbrown v0.12.3
[INFO] [stderr]    Compiling half v1.8.2
[INFO] [stderr]    Compiling unicode-segmentation v1.10.1
[INFO] [stderr]    Compiling jubjub v0.9.0
[INFO] [stderr]    Compiling bellman v0.13.1 (https://github.com/iron-fish/bellman?rev=1cc52ca33e6db14233f1cbc0c9c5b7c822b229ec#1cc52ca3)
[INFO] [stderr]    Compiling ciborium-ll v0.2.0
[INFO] [stderr]    Compiling convert_case v0.6.0
[INFO] [stderr]    Compiling clap_lex v0.2.4
[INFO] [stderr]    Compiling plotters-svg v0.3.3
[INFO] [stderr]    Compiling itertools v0.10.5
[INFO] [stderr]    Compiling cast v0.3.0
[INFO] [stderr]    Compiling napi-build v2.0.1
[INFO] [stderr]    Compiling same-file v1.0.6
[INFO] [stderr]    Compiling xxhash-rust v0.8.6
[INFO] [stderr]    Compiling textwrap v0.16.0
[INFO] [stderr]    Compiling walkdir v2.3.3
[INFO] [stderr]    Compiling ironfish-rust-nodejs v0.1.0 (/opt/rustwide/workdir/ironfish-rust-nodejs)
[INFO] [stderr]    Compiling plotters v0.3.4
[INFO] [stderr]    Compiling atty v0.2.14
[INFO] [stderr]    Compiling anes v0.1.6
[INFO] [stderr]    Compiling bitflags v2.3.3
[INFO] [stderr]    Compiling napi-sys v2.2.3
[INFO] [stderr]    Compiling oorandom v11.1.3
[INFO] [stderr]    Compiling base64 v0.13.1
[INFO] [stderr]    Compiling clap v3.2.25
[INFO] [stderr]    Compiling synstructure v0.12.6
[INFO] [stderr]    Compiling execute-command-macro-impl v0.1.9
[INFO] [stderr]    Compiling ctor v0.2.2
[INFO] [stderr]    Compiling regex v1.7.1
[INFO] [stderr]    Compiling ironfish-phase2 v0.2.2 (/opt/rustwide/workdir/ironfish-phase2)
[INFO] [stderr]    Compiling thiserror-impl v1.0.38
[INFO] [stderr]    Compiling zeroize_derive v1.3.3
[INFO] [stderr]    Compiling execute-command-macro v0.1.8
[INFO] [stderr]    Compiling tracing-attributes v0.1.23
[INFO] [stderr]    Compiling execute v0.2.12
[INFO] [stderr]    Compiling criterion-plot v0.5.0
[INFO] [stderr]    Compiling ironfish_mpc v0.2.0 (/opt/rustwide/workdir/ironfish-mpc)
[INFO] [stderr]    Compiling napi v2.13.2
[INFO] [stderr]    Compiling napi-derive-backend v1.0.52
[INFO] [stderr]    Compiling zeroize v1.6.0
[INFO] [stderr]    Compiling chacha20 v0.8.2
[INFO] [stderr]    Compiling cipher v0.4.4
[INFO] [stderr]    Compiling bip0039 v0.9.0
[INFO] [stderr]    Compiling curve25519-dalek v3.2.0
[INFO] [stderr]    Compiling chacha20poly1305 v0.9.1
[INFO] [stderr]    Compiling zcash_note_encryption v0.1.0
[INFO] [stderr]    Compiling zcash_note_encryption v0.1.0 (https://github.com/iron-fish/librustzcash.git?branch=blstrs#d5518200)
[INFO] [stderr]    Compiling salsa20 v0.10.2
[INFO] [stderr]    Compiling chacha20 v0.9.1
[INFO] [stderr]    Compiling xsalsa20poly1305 v0.9.1
[INFO] [stderr]    Compiling chacha20poly1305 v0.10.1
[INFO] [stderr]    Compiling tiny-bip39 v0.8.2
[INFO] [stderr]    Compiling tracing v0.1.37
[INFO] [stderr]    Compiling x25519-dalek v1.1.1
[INFO] [stderr]    Compiling crypto_box v0.8.2
[INFO] [stderr]    Compiling halo2_proofs v0.2.0
[INFO] [stderr]    Compiling napi-derive v2.13.0
[INFO] [stderr]    Compiling halo2_gadgets v0.2.0
[INFO] [stderr]    Compiling blstrs v0.6.1
[INFO] [stderr]    Compiling reddsa v0.3.0
[INFO] [stderr]    Compiling incrementalmerkletree v0.3.0
[INFO] [stderr]    Compiling bincode v1.3.3
[INFO] [stderr]    Compiling redjubjub v0.5.0
[INFO] [stderr]    Compiling ciborium v0.2.0
[INFO] [stderr]    Compiling bellperson v0.24.1 (https://github.com/iron-fish/bellperson.git?branch=blstrs#37b9976b)
[INFO] [stderr]    Compiling tinytemplate v1.2.1
[INFO] [stderr]    Compiling jubjub v0.9.0 (https://github.com/iron-fish/jubjub.git?branch=blstrs#a1a0c2ed)
[INFO] [stderr]    Compiling criterion v0.4.0
[INFO] [stderr]    Compiling orchard v0.2.0
[INFO] [stderr]    Compiling zcash_primitives v0.7.0 (https://github.com/iron-fish/librustzcash.git?branch=blstrs#d5518200)
[INFO] [stderr]    Compiling zcash_proofs v0.7.1 (https://github.com/iron-fish/librustzcash.git?branch=blstrs#d5518200)
[INFO] [stderr]    Compiling ironfish_zkp v0.2.0 (/opt/rustwide/workdir/ironfish-zkp)
[INFO] [stdout] warning: creating a mutable reference to mutable static is discouraged
[INFO] [stdout]   --> ironfish-rust/src/signal_catcher.rs:23:33
[INFO] [stdout]    |
[INFO] [stdout] 23 |     let depth = libc::backtrace(STACK_TRACE.as_mut_ptr(), MAX_FRAMES as i32);
[INFO] [stdout]    |                                 ^^^^^^^^^^^^^^^^^^^^^^^^ mutable reference to mutable static
[INFO] [stdout]    |
[INFO] [stdout]    = note: for more information, see <https://doc.rust-lang.org/nightly/edition-guide/rust-2024/static-mut-references.html>
[INFO] [stdout]    = note: mutable references to mutable statics are dangerous; it's undefined behavior if any other pointer to the static is used or if any other reference is created for the static while the mutable reference lives
[INFO] [stdout]    = note: `#[warn(static_mut_refs)]` on by default
[INFO] [stdout] 
[INFO] [stdout] 
[INFO] [stdout] warning: creating a shared reference to mutable static is discouraged
[INFO] [stdout]   --> ironfish-rust/src/signal_catcher.rs:24:26
[INFO] [stdout]    |
[INFO] [stdout] 24 |     backtrace_symbols_fd(STACK_TRACE.as_ptr(), depth, 2);
[INFO] [stdout]    |                          ^^^^^^^^^^^^^^^^^^^^ shared reference to mutable static
[INFO] [stdout]    |
[INFO] [stdout]    = note: for more information, see <https://doc.rust-lang.org/nightly/edition-guide/rust-2024/static-mut-references.html>
[INFO] [stdout]    = note: shared references to mutable statics are dangerous; it's undefined behavior if the static is mutated or if a mutable reference is created for it while the shared reference lives
[INFO] [stdout] 
[INFO] [stdout] 
[INFO] [stderr]    Compiling benchmarks v0.1.0 (/opt/rustwide/workdir/benchmarks)
[INFO] [stderr]     Finished `dev` profile [unoptimized + debuginfo] target(s) in 1m 41s
[INFO] running `Command { std: "docker" "inspect" "0b23e9a57675a205cfed70f8e95551e8f368f1367d84fb85affa36a157d4d3de", kill_on_drop: false }`
[INFO] running `Command { std: "docker" "rm" "-f" "0b23e9a57675a205cfed70f8e95551e8f368f1367d84fb85affa36a157d4d3de", kill_on_drop: false }`
[INFO] [stdout] 0b23e9a57675a205cfed70f8e95551e8f368f1367d84fb85affa36a157d4d3de
[INFO] running `Command { std: "docker" "create" "-v" "/var/lib/crater-agent-workspace/builds/worker-3-tc1/target:/opt/rustwide/target:rw,Z" "-v" "/var/lib/crater-agent-workspace/builds/worker-3-tc1/source:/opt/rustwide/workdir:ro,Z" "-v" "/var/lib/crater-agent-workspace/cargo-home:/opt/rustwide/cargo-home:ro,Z" "-v" "/var/lib/crater-agent-workspace/rustup-home:/opt/rustwide/rustup-home:ro,Z" "-e" "SOURCE_DIR=/opt/rustwide/workdir" "-e" "CARGO_TARGET_DIR=/opt/rustwide/target" "-e" "CARGO_INCREMENTAL=0" "-e" "RUST_BACKTRACE=full" "-e" "RUSTFLAGS=--cap-lints=warn" "-e" "RUSTDOCFLAGS=--cap-lints=warn" "-e" "CARGO_HOME=/opt/rustwide/cargo-home" "-e" "RUSTUP_HOME=/opt/rustwide/rustup-home" "-w" "/opt/rustwide/workdir" "-m" "1610612736" "--user" "0:0" "--network" "none" "ghcr.io/rust-lang/crates-build-env/linux@sha256:f3a9d4ad9d972b27faf3965f35b62e55ba32bbce8f20bc8fe909558a86702fde" "/opt/rustwide/cargo-home/bin/cargo" "+1.83.0" "test" "--frozen" "--no-run" "--message-format=json", kill_on_drop: false }`
[INFO] [stdout] 0d977ba779b7957014b5c3f4ddd3191b6e902ae51a2a917e3292cc49104a3dc5
[INFO] running `Command { std: "docker" "start" "-a" "0d977ba779b7957014b5c3f4ddd3191b6e902ae51a2a917e3292cc49104a3dc5", kill_on_drop: false }`
[INFO] [stdout] warning: creating a mutable reference to mutable static is discouraged
[INFO] [stdout]   --> ironfish-rust/src/signal_catcher.rs:23:33
[INFO] [stdout]    |
[INFO] [stdout] 23 |     let depth = libc::backtrace(STACK_TRACE.as_mut_ptr(), MAX_FRAMES as i32);
[INFO] [stdout]    |                                 ^^^^^^^^^^^^^^^^^^^^^^^^ mutable reference to mutable static
[INFO] [stdout]    |
[INFO] [stdout]    = note: for more information, see <https://doc.rust-lang.org/nightly/edition-guide/rust-2024/static-mut-references.html>
[INFO] [stdout]    = note: mutable references to mutable statics are dangerous; it's undefined behavior if any other pointer to the static is used or if any other reference is created for the static while the mutable reference lives
[INFO] [stdout]    = note: `#[warn(static_mut_refs)]` on by default
[INFO] [stdout] 
[INFO] [stdout] 
[INFO] [stdout] warning: creating a shared reference to mutable static is discouraged
[INFO] [stdout]   --> ironfish-rust/src/signal_catcher.rs:24:26
[INFO] [stdout]    |
[INFO] [stdout] 24 |     backtrace_symbols_fd(STACK_TRACE.as_ptr(), depth, 2);
[INFO] [stdout]    |                          ^^^^^^^^^^^^^^^^^^^^ shared reference to mutable static
[INFO] [stdout]    |
[INFO] [stdout]    = note: for more information, see <https://doc.rust-lang.org/nightly/edition-guide/rust-2024/static-mut-references.html>
[INFO] [stdout]    = note: shared references to mutable statics are dangerous; it's undefined behavior if the static is mutated or if a mutable reference is created for it while the shared reference lives
[INFO] [stdout] 
[INFO] [stdout] 
[INFO] [stderr]    Compiling hex-literal v0.4.1
[INFO] [stderr]    Compiling ironfish_mpc v0.2.0 (/opt/rustwide/workdir/ironfish-mpc)
[INFO] [stderr]    Compiling ironfish_zkp v0.2.0 (/opt/rustwide/workdir/ironfish-zkp)
[INFO] [stderr]    Compiling ironfish-phase2 v0.2.2 (/opt/rustwide/workdir/ironfish-phase2)
[INFO] [stderr]    Compiling benchmarks v0.1.0 (/opt/rustwide/workdir/benchmarks)
[INFO] [stderr]    Compiling ironfish-rust-nodejs v0.1.0 (/opt/rustwide/workdir/ironfish-rust-nodejs)
[INFO] [stderr]    Compiling ironfish v0.3.0 (/opt/rustwide/workdir/ironfish-rust)
[INFO] [stdout] warning: creating a mutable reference to mutable static is discouraged
[INFO] [stdout]   --> ironfish-rust/src/signal_catcher.rs:23:33
[INFO] [stdout]    |
[INFO] [stdout] 23 |     let depth = libc::backtrace(STACK_TRACE.as_mut_ptr(), MAX_FRAMES as i32);
[INFO] [stdout]    |                                 ^^^^^^^^^^^^^^^^^^^^^^^^ mutable reference to mutable static
[INFO] [stdout]    |
[INFO] [stdout]    = note: for more information, see <https://doc.rust-lang.org/nightly/edition-guide/rust-2024/static-mut-references.html>
[INFO] [stdout]    = note: mutable references to mutable statics are dangerous; it's undefined behavior if any other pointer to the static is used or if any other reference is created for the static while the mutable reference lives
[INFO] [stdout]    = note: `#[warn(static_mut_refs)]` on by default
[INFO] [stdout] 
[INFO] [stdout] 
[INFO] [stdout] warning: creating a shared reference to mutable static is discouraged
[INFO] [stdout]   --> ironfish-rust/src/signal_catcher.rs:24:26
[INFO] [stdout]    |
[INFO] [stdout] 24 |     backtrace_symbols_fd(STACK_TRACE.as_ptr(), depth, 2);
[INFO] [stdout]    |                          ^^^^^^^^^^^^^^^^^^^^ shared reference to mutable static
[INFO] [stdout]    |
[INFO] [stdout]    = note: for more information, see <https://doc.rust-lang.org/nightly/edition-guide/rust-2024/static-mut-references.html>
[INFO] [stdout]    = note: shared references to mutable statics are dangerous; it's undefined behavior if the static is mutated or if a mutable reference is created for it while the shared reference lives
[INFO] [stdout] 
[INFO] [stdout] 
[INFO] [stderr]     Finished `test` profile [unoptimized + debuginfo] target(s) in 9.60s
[INFO] running `Command { std: "docker" "inspect" "0d977ba779b7957014b5c3f4ddd3191b6e902ae51a2a917e3292cc49104a3dc5", kill_on_drop: false }`
[INFO] running `Command { std: "docker" "rm" "-f" "0d977ba779b7957014b5c3f4ddd3191b6e902ae51a2a917e3292cc49104a3dc5", kill_on_drop: false }`
[INFO] [stdout] 0d977ba779b7957014b5c3f4ddd3191b6e902ae51a2a917e3292cc49104a3dc5
[INFO] running `Command { std: "docker" "create" "-v" "/var/lib/crater-agent-workspace/builds/worker-3-tc1/target:/opt/rustwide/target:rw,Z" "-v" "/var/lib/crater-agent-workspace/builds/worker-3-tc1/source:/opt/rustwide/workdir:ro,Z" "-v" "/var/lib/crater-agent-workspace/cargo-home:/opt/rustwide/cargo-home:ro,Z" "-v" "/var/lib/crater-agent-workspace/rustup-home:/opt/rustwide/rustup-home:ro,Z" "-e" "SOURCE_DIR=/opt/rustwide/workdir" "-e" "CARGO_TARGET_DIR=/opt/rustwide/target" "-e" "CARGO_INCREMENTAL=0" "-e" "RUST_BACKTRACE=full" "-e" "RUSTFLAGS=--cap-lints=warn" "-e" "RUSTDOCFLAGS=--cap-lints=warn" "-e" "CARGO_HOME=/opt/rustwide/cargo-home" "-e" "RUSTUP_HOME=/opt/rustwide/rustup-home" "-w" "/opt/rustwide/workdir" "-m" "1610612736" "--user" "0:0" "--network" "none" "ghcr.io/rust-lang/crates-build-env/linux@sha256:f3a9d4ad9d972b27faf3965f35b62e55ba32bbce8f20bc8fe909558a86702fde" "/opt/rustwide/cargo-home/bin/cargo" "+1.83.0" "test" "--frozen", kill_on_drop: false }`
[INFO] [stdout] d29ec45b37d39629c67c76904de79ba76f283783041230c4625da6b349544798
[INFO] running `Command { std: "docker" "start" "-a" "d29ec45b37d39629c67c76904de79ba76f283783041230c4625da6b349544798", kill_on_drop: false }`
[INFO] [stderr] warning: creating a mutable reference to mutable static is discouraged
[INFO] [stderr]   --> ironfish-rust/src/signal_catcher.rs:23:33
[INFO] [stderr]    |
[INFO] [stderr] 23 |     let depth = libc::backtrace(STACK_TRACE.as_mut_ptr(), MAX_FRAMES as i32);
[INFO] [stderr]    |                                 ^^^^^^^^^^^^^^^^^^^^^^^^ mutable reference to mutable static
[INFO] [stderr]    |
[INFO] [stderr]    = note: for more information, see <https://doc.rust-lang.org/nightly/edition-guide/rust-2024/static-mut-references.html>
[INFO] [stderr]    = note: mutable references to mutable statics are dangerous; it's undefined behavior if any other pointer to the static is used or if any other reference is created for the static while the mutable reference lives
[INFO] [stderr]    = note: `#[warn(static_mut_refs)]` on by default
[INFO] [stderr] 
[INFO] [stderr] warning: creating a shared reference to mutable static is discouraged
[INFO] [stderr]   --> ironfish-rust/src/signal_catcher.rs:24:26
[INFO] [stderr]    |
[INFO] [stderr] 24 |     backtrace_symbols_fd(STACK_TRACE.as_ptr(), depth, 2);
[INFO] [stderr]    |                          ^^^^^^^^^^^^^^^^^^^^ shared reference to mutable static
[INFO] [stderr]    |
[INFO] [stderr]    = note: for more information, see <https://doc.rust-lang.org/nightly/edition-guide/rust-2024/static-mut-references.html>
[INFO] [stderr]    = note: shared references to mutable statics are dangerous; it's undefined behavior if the static is mutated or if a mutable reference is created for it while the shared reference lives
[INFO] [stderr] 
[INFO] [stderr] warning: `ironfish` (lib) generated 2 warnings
[INFO] [stderr] warning: `ironfish` (lib test) generated 2 warnings (2 duplicates)
[INFO] [stderr]     Finished `test` profile [unoptimized + debuginfo] target(s) in 0.28s
[INFO] [stderr]      Running unittests src/lib.rs (/opt/rustwide/target/debug/deps/benchmarks-f4b9510f231feb36)
[INFO] [stdout] 
[INFO] [stderr]      Running unittests src/lib.rs (/opt/rustwide/target/debug/deps/ironfish-65232af4da463743)
[INFO] [stdout] running 0 tests
[INFO] [stdout] 
[INFO] [stdout] test result: ok. 0 passed; 0 failed; 0 ignored; 0 measured; 0 filtered out; finished in 0.00s
[INFO] [stdout] 
[INFO] [stdout] 
[INFO] [stdout] running 69 tests
[INFO] [stdout] test assets::asset::test::test_asset_name_must_be_set ... ok
[INFO] [stdout] test assets::asset::test::test_asset_new_with_nonce ... ok
[INFO] [stdout] test assets::asset::test::test_asset_new ... ok
[INFO] [stdout] test assets::asset_identifier::test::test_asset_native_identifier ... ok
[INFO] [stdout] test keys::view_keys::test::test_view_key ... ok
[INFO] [stdout] test keys::test::test_key_generation_and_construction ... ok
[INFO] [stdout] test keys::test::test_serialization ... ok
[INFO] [stdout] test mining::mine::test::test_mine_batch_match ... ok
[INFO] [stdout] test mining::mine::test::test_mine_batch_no_match ... ok
[INFO] [stdout] test mining::mine::test::test_mine_batch_step_size ... ok
[INFO] [stdout] test mining::mine::test::test_mine_bytes_lte ... ok
[INFO] [stdout] test nacl::test::test_random_bytes ... ok
[INFO] [stdout] test nacl::test::test_secret_key ... ok
[INFO] [stdout] test note::test::construct_memo_from_string ... ok
[INFO] [stdout] test nacl::test::test_box_unbox ... ok
[INFO] [stdout] test keys::test::test_from_and_to_words ... ok
[INFO] [stdout] test keys::test::test_diffie_hellman_shared_key ... ok
[INFO] [stdout] test note::test::test_note_encryption ... ok
[INFO] [stdout] test keys::test::test_hex_conversion ... ok
[INFO] [stdout] test serializing::aead::test::test_aead_facade ... ok
[INFO] [stdout] test transaction::burns::test::test_burn_builder ... ok
[INFO] [stdout] test note::test::test_plaintext_serialization ... ok
[INFO] [stdout] test serializing::test::hex_serde ... ok
[INFO] [stdout] test assets::asset::test::test_serialization ... ok
[INFO] [stdout] test assets::asset::test::test_asset_new_with_nonce_invalid_nonce ... ok
[INFO] [stdout] test keys::ephemeral::test::test_ephemeral_key_pair ... ok
[INFO] [stdout] test transaction::burns::test::test_burn_description_serialization ... ok
[INFO] [stdout] test keys::public_address::test::public_address_generation ... ok
[INFO] [stdout] test keys::public_address::test::public_address_validation ... ok
[INFO] [stdout] test keys::test::test_diffie_hellman_shared_key_with_other_key ... ok
[INFO] [stdout] test merkle_note::test::test_new_miners_fee_key ... ok
[INFO] [stdout] test merkle_note::test::test_new_not_miners_fee_key ... ok
[INFO] [stdout] test merkle_note::test::test_view_key_encryption_with_other_key ... ok
[INFO] [stdout] test rolling_filter::test::test_rolling_filter ... ok
[INFO] [stdout] test merkle_note::test::test_output_invalid_commitment ... ok
[INFO] [stdout] test merkle_note::test::test_view_key_encryption ... ok
[INFO] [stdout] test transaction::mints::test::test_mint_builder has been running for over 60 seconds
[INFO] [stdout] test transaction::mints::test::test_mint_description_serialization_v1 has been running for over 60 seconds
[INFO] [stdout] test transaction::mints::test::test_mint_description_serialization_v2_with_creator_owner has been running for over 60 seconds
[INFO] [stdout] test transaction::mints::test::test_mint_description_serialization_v2_with_different_owner has been running for over 60 seconds
[INFO] [stdout] test transaction::mints::test::test_mint_description_serialization_v2_with_transfer has been running for over 60 seconds
[INFO] [stdout] test transaction::mints::test::test_mint_description_serialization_v2_without_transfer has been running for over 60 seconds
[INFO] [stdout] test transaction::mints::test::test_mint_description_v1_invalid_owner has been running for over 60 seconds
[INFO] [stdout] test transaction::mints::test::test_mint_invalid_id has been running for over 60 seconds
[INFO] [stdout] test transaction::outputs::test::test_output_builder has been running for over 60 seconds
[INFO] [stdout] test transaction::outputs::test::test_output_miners_fee has been running for over 60 seconds
[INFO] [stdout] test transaction::outputs::test::test_output_not_miners_fee has been running for over 60 seconds
[INFO] [stdout] test transaction::outputs::test::test_output_round_trip has been running for over 60 seconds
[INFO] [stdout] test transaction::spends::test::test_spend_builder has been running for over 60 seconds
[INFO] [stdout] test transaction::spends::test::test_spend_round_trip has been running for over 60 seconds
[INFO] [stdout] test transaction::tests::test_batch_verify has been running for over 60 seconds
[INFO] [stdout] test transaction::tests::test_batch_verify_wrong_params has been running for over 60 seconds
[INFO] [stdout] test transaction::mints::test::test_mint_builder ... ok
[INFO] [stdout] test transaction::mints::test::test_mint_description_serialization_v2_with_transfer ... ok
[INFO] [stdout] test transaction::outputs::test::test_output_miners_fee ... ok
[INFO] [stdout] test transaction::mints::test::test_mint_invalid_id ... ok
[INFO] [stdout] test transaction::mints::test::test_mint_description_serialization_v1 ... ok
[INFO] [stdout] test transaction::mints::test::test_mint_description_serialization_v2_with_creator_owner ... ok
[INFO] [stdout] test transaction::tests::test_transaction_value_overflows ... ok
[INFO] [stdout] test transaction::tests::test_transaction_version_is_checked ... ok
[INFO] [stdout] test transaction::mints::test::test_mint_description_serialization_v2_with_different_owner ... ok
[INFO] [stdout] test transaction::value_balances::test::test_value_balances_checks_overflows_sub ... ok
[INFO] [stdout] test transaction::mints::test::test_mint_description_serialization_v2_without_transfer ... ok
[INFO] [stdout] test transaction::value_balances::test::test_value_balances_checks_overflows_add ... ok
[INFO] [stdout] test transaction::value_balances::test::test_value_balances_has_native_asset ... ok
[INFO] [stdout] test transaction::value_balances::test::test_value_balances_fee ... ok
[INFO] [stdout] test transaction::version::tests::test_as_u8 ... ok
[INFO] [stdout] test transaction::version::tests::test_ordering ... ok
[INFO] [stdout] test transaction::value_balances::test::test_value_balances_multiple_assets ... ok
[INFO] [stdout] test transaction::version::tests::test_from_u8 ... ok
[INFO] [stdout] test util::test::test_str_to_array_string_fits ... ok
[INFO] [stdout] test util::test::test_str_to_array_string_too_long ... ok
[INFO] [stdout] test transaction::tests::test_miners_fee has been running for over 60 seconds
[INFO] [stdout] test transaction::tests::test_transaction has been running for over 60 seconds
[INFO] [stdout] test transaction::tests::test_transaction_created_with_version_1 has been running for over 60 seconds
[INFO] [stdout] test transaction::tests::test_transaction_signature has been running for over 60 seconds
[INFO] [stdout] test transaction::tests::test_transaction_simple has been running for over 60 seconds
[INFO] [stdout] test transaction::mints::test::test_mint_description_v1_invalid_owner ... ok
[INFO] [stdout] test transaction::outputs::test::test_output_not_miners_fee ... ok
[INFO] [stdout] test transaction::outputs::test::test_output_round_trip ... ok
[INFO] [stdout] test transaction::spends::test::test_spend_round_trip ... ok
[INFO] [stdout] test transaction::tests::test_miners_fee ... ok
[INFO] [stdout] test transaction::tests::test_transaction_signature ... ok
[INFO] [stdout] test transaction::tests::test_transaction_simple ... ok
[INFO] [stdout] test transaction::outputs::test::test_output_builder ... ok
[INFO] [stdout] test transaction::tests::test_transaction_created_with_version_1 ... ok
[INFO] [stdout] test transaction::spends::test::test_spend_builder ... ok
[INFO] [stdout] test transaction::tests::test_transaction ... ok
[INFO] [stdout] test transaction::tests::test_batch_verify ... ok
[INFO] [stdout] test transaction::tests::test_batch_verify_wrong_params ... ok
[INFO] [stdout] 
[INFO] [stdout] test result: ok. 69 passed; 0 failed; 0 ignored; 0 measured; 0 filtered out; finished in 625.99s
[INFO] [stdout] 
[INFO] [stderr]      Running unittests src/lib.rs (/opt/rustwide/target/debug/deps/ironfish_phase2-84f3b76aa957cd29)
[INFO] [stdout] 
[INFO] [stderr]      Running unittests src/lib.rs (/opt/rustwide/target/debug/deps/ironfish_rust_nodejs-2b9e37d37052632b)
[INFO] [stdout] running 0 tests
[INFO] [stdout] 
[INFO] [stdout] test result: ok. 0 passed; 0 failed; 0 ignored; 0 measured; 0 filtered out; finished in 0.00s
[INFO] [stdout] 
[INFO] [stdout] 
[INFO] [stderr]      Running unittests src/lib.rs (/opt/rustwide/target/debug/deps/ironfish_mpc-d120ed48e43379c4)
[INFO] [stdout] running 0 tests
[INFO] [stdout] 
[INFO] [stdout] test result: ok. 0 passed; 0 failed; 0 ignored; 0 measured; 0 filtered out; finished in 0.00s
[INFO] [stdout] 
[INFO] [stdout] 
[INFO] [stdout] running 0 tests
[INFO] [stdout] 
[INFO] [stdout] test result: ok. 0 passed; 0 failed; 0 ignored; 0 measured; 0 filtered out; finished in 0.00s
[INFO] [stdout] 
[INFO] [stderr]      Running unittests src/bin/compute.rs (/opt/rustwide/target/debug/deps/compute-fdfcb7b3d3560880)
[INFO] [stdout] 
[INFO] [stdout] running 0 tests
[INFO] [stdout] 
[INFO] [stdout] test result: ok. 0 passed; 0 failed; 0 ignored; 0 measured; 0 filtered out; finished in 0.00s
[INFO] [stdout] 
[INFO] [stderr]      Running unittests src/bin/split_params.rs (/opt/rustwide/target/debug/deps/split_params-8665da16eae522b5)
[INFO] [stdout] 
[INFO] [stdout] running 0 tests
[INFO] [stdout] 
[INFO] [stdout] test result: ok. 0 passed; 0 failed; 0 ignored; 0 measured; 0 filtered out; finished in 0.00s
[INFO] [stdout] 
[INFO] [stderr]      Running unittests src/lib.rs (/opt/rustwide/target/debug/deps/ironfish_zkp-f32569ddf783d9fc)
[INFO] [stdout] 
[INFO] [stdout] running 9 tests
[INFO] [stdout] test primitives::value_commitment::test::test_value_commitment_new ... ok
[INFO] [stdout] test primitives::value_commitment::test::test_value_commitments_different_value ... ok
[INFO] [stdout] test primitives::value_commitment::test::test_value_commitments_different_assets ... ok
[INFO] [stdout] test primitives::value_commitment::test::test_value_commitment ... ok
[INFO] [stdout] test primitives::value_commitment::test::test_value_commitments_different_randomness ... ok
[INFO] [stdout] test circuits::mint_asset::test::test_mint_asset_circuit ... ok
[INFO] [stdout] test circuits::output::test::test_output_circuit_with_blstrs ... ok
[INFO] [stdout] test circuits::spend::test::test_spend_circuit_with_blstrs has been running for over 60 seconds
[INFO] [stdout] test circuits::spend::test::test_spend_circuit_with_blstrs_external_test_vectors has been running for over 60 seconds
[INFO] [stdout] test circuits::spend::test::test_spend_circuit_with_blstrs ... ok
[INFO] [stdout] test circuits::spend::test::test_spend_circuit_with_blstrs_external_test_vectors ... ok
[INFO] [stdout] 
[INFO] [stdout] test result: ok. 9 passed; 0 failed; 0 ignored; 0 measured; 0 filtered out; finished in 63.39s
[INFO] [stdout] 
[INFO] [stderr]      Running unittests src/bin/generate_params.rs (/opt/rustwide/target/debug/deps/generate_params-111ed11a7f442293)
[INFO] [stdout] 
[INFO] [stdout] running 0 tests
[INFO] [stdout] 
[INFO] [stdout] test result: ok. 0 passed; 0 failed; 0 ignored; 0 measured; 0 filtered out; finished in 0.00s
[INFO] [stdout] 
[INFO] [stderr]    Doc-tests benchmarks
[INFO] [stdout] 
[INFO] [stdout] running 0 tests
[INFO] [stdout] 
[INFO] [stdout] test result: ok. 0 passed; 0 failed; 0 ignored; 0 measured; 0 filtered out; finished in 0.00s
[INFO] [stdout] 
[INFO] [stderr]    Doc-tests ironfish
[INFO] [stdout] 
[INFO] [stdout] running 0 tests
[INFO] [stdout] 
[INFO] [stdout] test result: ok. 0 passed; 0 failed; 0 ignored; 0 measured; 0 filtered out; finished in 0.00s
[INFO] [stdout] 
[INFO] [stderr]    Doc-tests ironfish_phase2
[INFO] [stdout] 
[INFO] [stdout] running 5 tests
[INFO] [stdout] test ironfish-phase2/src/lib.rs - (line 152) ... ignored
[INFO] [stdout] test ironfish-phase2/src/lib.rs - (line 168) ... ignored
[INFO] [stdout] test ironfish-phase2/src/lib.rs - (line 184) ... ignored
[INFO] [stdout] test ironfish-phase2/src/lib.rs - (line 85) ... ignored
[INFO] [stdout] test ironfish-phase2/src/lib.rs - (line 13) ... FAILED
[INFO] [stdout] 
[INFO] [stdout] failures:
[INFO] [stdout] 
[INFO] [stdout] ---- ironfish-phase2/src/lib.rs - (line 13) stdout ----
[INFO] [stdout] error[E0432]: unresolved import `pairing::Field`
[INFO] [stdout]  --> ironfish-phase2/src/lib.rs:17:23
[INFO] [stdout]   |
[INFO] [stdout] 6 | use pairing::{Engine, Field};
[INFO] [stdout]   |                       ^^^^^ no `Field` in the root
[INFO] [stdout]   |
[INFO] [stdout]   = help: consider importing this trait instead:
[INFO] [stdout]           ff::Field
[INFO] [stdout] 
[INFO] [stdout] error[E0277]: the trait bound `E: PrimeField` is not satisfied
[INFO] [stdout]    --> ironfish-phase2/src/lib.rs:28:17
[INFO] [stdout]     |
[INFO] [stdout] 17  | impl<E: Engine> Circuit<E> for CubeRoot<E> {
[INFO] [stdout]     |                 ^^^^^^^^^^ the trait `PrimeField` is not implemented for `E`
[INFO] [stdout]     |
[INFO] [stdout] note: required by a bound in `Circuit`
[INFO] [stdout]    --> /opt/rustwide/cargo-home/git/checkouts/bellman-da7690e577055432/1cc52ca/src/lib.rs:159:27
[INFO] [stdout]     |
[INFO] [stdout] 159 | pub trait Circuit<Scalar: PrimeField> {
[INFO] [stdout]     |                           ^^^^^^^^^^ required by this bound in `Circuit`
[INFO] [stdout] help: consider further restricting this bound
[INFO] [stdout]     |
[INFO] [stdout] 17  | impl<E: Engine + pairing::group::ff::PrimeField> Circuit<E> for CubeRoot<E> {
[INFO] [stdout]     |                ++++++++++++++++++++++++++++++++
[INFO] [stdout] 
[INFO] [stdout] error[E0277]: the trait bound `E: PrimeField` is not satisfied
[INFO] [stdout]    --> ironfish-phase2/src/lib.rs:29:23
[INFO] [stdout]     |
[INFO] [stdout] 18  |     fn synthesize<CS: ConstraintSystem<E>>(
[INFO] [stdout]     |                       ^^^^^^^^^^^^^^^^^^^ the trait `PrimeField` is not implemented for `E`
[INFO] [stdout]     |
[INFO] [stdout] note: required by a bound in `ConstraintSystem`
[INFO] [stdout]    --> /opt/rustwide/cargo-home/git/checkouts/bellman-da7690e577055432/1cc52ca/src/lib.rs:377:36
[INFO] [stdout]     |
[INFO] [stdout] 377 | pub trait ConstraintSystem<Scalar: PrimeField>: Sized {
[INFO] [stdout]     |                                    ^^^^^^^^^^ required by this bound in `ConstraintSystem`
[INFO] [stdout] help: consider further restricting this bound
[INFO] [stdout]     |
[INFO] [stdout] 17  | impl<E: Engine + pairing::group::ff::PrimeField> Circuit<E> for CubeRoot<E> {
[INFO] [stdout]     |                ++++++++++++++++++++++++++++++++
[INFO] [stdout] 
[INFO] [stdout] error[E0277]: the trait bound `E: PrimeField` is not satisfied
[INFO] [stdout]    --> ironfish-phase2/src/lib.rs:35:23
[INFO] [stdout]     |
[INFO] [stdout] 24  |         let root = cs.alloc(|| "root", || {
[INFO] [stdout]     |                       ^^^^^ the trait `PrimeField` is not implemented for `E`
[INFO] [stdout]     |
[INFO] [stdout] note: required by a bound in `bellman::ConstraintSystem::alloc`
[INFO] [stdout]    --> /opt/rustwide/cargo-home/git/checkouts/bellman-da7690e577055432/1cc52ca/src/lib.rs:377:36
[INFO] [stdout]     |
[INFO] [stdout] 377 | pub trait ConstraintSystem<Scalar: PrimeField>: Sized {
[INFO] [stdout]     |                                    ^^^^^^^^^^ required by this bound in `ConstraintSystem::alloc`
[INFO] [stdout] ...
[INFO] [stdout] 391 |     fn alloc<F, A, AR>(&mut self, annotation: A, f: F) -> Result<Variable, SynthesisError>
[INFO] [stdout]     |        ----- required by a bound in this associated function
[INFO] [stdout] help: consider further restricting this bound
[INFO] [stdout]     |
[INFO] [stdout] 17  | impl<E: Engine + pairing::group::ff::PrimeField> Circuit<E> for CubeRoot<E> {
[INFO] [stdout]     |                ++++++++++++++++++++++++++++++++
[INFO] [stdout] 
[INFO] [stdout] error[E0308]: mismatched types
[INFO] [stdout]   --> ironfish-phase2/src/lib.rs:36:13
[INFO] [stdout]    |
[INFO] [stdout] 17 | impl<E: Engine> Circuit<E> for CubeRoot<E> {
[INFO] [stdout]    |      - expected this type parameter
[INFO] [stdout] ...
[INFO] [stdout] 25 |             self.cube_root.ok_or(SynthesisError::AssignmentMissing)
[INFO] [stdout]    |             ^^^^^^^^^^^^^^^^^^^^^^^^^^^^^^^^^^^^^^^^^^^^^^^^^^^^^^^ expected `Result<E, SynthesisError>`, found `Result<<E as Engine>::Fr, ...>`
[INFO] [stdout]    |
[INFO] [stdout]    = note: expected enum `Result<E, _>`
[INFO] [stdout]               found enum `Result<<E as Engine>::Fr, _>`
[INFO] [stdout] help: consider further restricting this bound
[INFO] [stdout]    |
[INFO] [stdout] 17 | impl<E: Engine<Fr = E>> Circuit<E> for CubeRoot<E> {
[INFO] [stdout]    |               ++++++++
[INFO] [stdout] 
[INFO] [stdout] error[E0277]: the trait bound `E: PrimeField` is not satisfied
[INFO] [stdout]    --> ironfish-phase2/src/lib.rs:40:25
[INFO] [stdout]     |
[INFO] [stdout] 29  |         let square = cs.alloc(|| "square", || {
[INFO] [stdout]     |                         ^^^^^ the trait `PrimeField` is not implemented for `E`
[INFO] [stdout]     |
[INFO] [stdout] note: required by a bound in `bellman::ConstraintSystem::alloc`
[INFO] [stdout]    --> /opt/rustwide/cargo-home/git/checkouts/bellman-da7690e577055432/1cc52ca/src/lib.rs:377:36
[INFO] [stdout]     |
[INFO] [stdout] 377 | pub trait ConstraintSystem<Scalar: PrimeField>: Sized {
[INFO] [stdout]     |                                    ^^^^^^^^^^ required by this bound in `ConstraintSystem::alloc`
[INFO] [stdout] ...
[INFO] [stdout] 391 |     fn alloc<F, A, AR>(&mut self, annotation: A, f: F) -> Result<Variable, SynthesisError>
[INFO] [stdout]     |        ----- required by a bound in this associated function
[INFO] [stdout] help: consider further restricting this bound
[INFO] [stdout]     |
[INFO] [stdout] 17  | impl<E: Engine + pairing::group::ff::PrimeField> Circuit<E> for CubeRoot<E> {
[INFO] [stdout]     |                ++++++++++++++++++++++++++++++++
[INFO] [stdout] 
[INFO] [stdout] error[E0599]: no method named `square` found for associated type `<E as Engine>::Fr` in the current scope
[INFO] [stdout]   --> ironfish-phase2/src/lib.rs:43:39
[INFO] [stdout]    |
[INFO] [stdout] 32 |                 .map(|mut root| {root.square(); root })
[INFO] [stdout]    |                                       ^^^^^^
[INFO] [stdout]    |
[INFO] [stdout]   ::: /opt/rustwide/cargo-home/registry/src/index.crates.io-6f17d22bba15001f/ff-0.12.1/src/lib.rs:88:8
[INFO] [stdout]    |
[INFO] [stdout] 88 |     fn square(&self) -> Self;
[INFO] [stdout]    |        ------ the method is available for `<E as Engine>::Fr` here
[INFO] [stdout]    |
[INFO] [stdout]    = help: items from traits can only be used if the trait is in scope
[INFO] [stdout] help: trait `Field` which provides `square` is implemented but not in scope; perhaps you want to import it
[INFO] [stdout]    |
[INFO] [stdout] 2  + use crate::pairing::group::ff::Field;
[INFO] [stdout]    |
[INFO] [stdout] help: there is a method `sqrt` with a similar name
[INFO] [stdout]    |
[INFO] [stdout] 32 |                 .map(|mut root| {root.sqrt(); root })
[INFO] [stdout]    |                                       ~~~~
[INFO] [stdout] 
[INFO] [stdout] error[E0308]: mismatched types
[INFO] [stdout]   --> ironfish-phase2/src/lib.rs:41:13
[INFO] [stdout]    |
[INFO] [stdout] 17 |   impl<E: Engine> Circuit<E> for CubeRoot<E> {
[INFO] [stdout]    |        - expected this type parameter
[INFO] [stdout] ...
[INFO] [stdout] 30 | /             self.cube_root
[INFO] [stdout] 31 | |                 .ok_or(SynthesisError::AssignmentMissing)
[INFO] [stdout] 32 | |                 .map(|mut root| {root.square(); root })
[INFO] [stdout]    | |_______________________________________________________^ expected `Result<E, SynthesisError>`, found `Result<<E as Engine>::Fr, ...>`
[INFO] [stdout]    |
[INFO] [stdout]    = note: expected enum `Result<E, _>`
[INFO] [stdout]               found enum `Result<<E as Engine>::Fr, _>`
[INFO] [stdout] help: consider further restricting this bound
[INFO] [stdout]    |
[INFO] [stdout] 17 | impl<E: Engine<Fr = E>> Circuit<E> for CubeRoot<E> {
[INFO] [stdout]    |               ++++++++
[INFO] [stdout] 
[INFO] [stdout] error[E0277]: the trait bound `E: PrimeField` is not satisfied
[INFO] [stdout]    --> ironfish-phase2/src/lib.rs:47:12
[INFO] [stdout]     |
[INFO] [stdout] 36  |         cs.enforce(
[INFO] [stdout]     |            ^^^^^^^ the trait `PrimeField` is not implemented for `E`
[INFO] [stdout]     |
[INFO] [stdout] note: required by a bound in `enforce`
[INFO] [stdout]    --> /opt/rustwide/cargo-home/git/checkouts/bellman-da7690e577055432/1cc52ca/src/lib.rs:377:36
[INFO] [stdout]     |
[INFO] [stdout] 377 | pub trait ConstraintSystem<Scalar: PrimeField>: Sized {
[INFO] [stdout]     |                                    ^^^^^^^^^^ required by this bound in `ConstraintSystem::enforce`
[INFO] [stdout] ...
[INFO] [stdout] 407 |     fn enforce<A, AR, LA, LB, LC>(&mut self, annotation: A, a: LA, b: LB, c: LC)
[INFO] [stdout]     |        ------- required by a bound in this associated function
[INFO] [stdout] help: consider further restricting this bound
[INFO] [stdout]     |
[INFO] [stdout] 17  | impl<E: Engine + pairing::group::ff::PrimeField> Circuit<E> for CubeRoot<E> {
[INFO] [stdout]     |                ++++++++++++++++++++++++++++++++
[INFO] [stdout] 
[INFO] [stdout] error[E0277]: the trait bound `E: PrimeField` is not satisfied
[INFO] [stdout]    --> ironfish-phase2/src/lib.rs:49:14
[INFO] [stdout]     |
[INFO] [stdout] 38  |             |lc| lc + root,
[INFO] [stdout]     |              ^^ the trait `PrimeField` is not implemented for `E`
[INFO] [stdout]     |
[INFO] [stdout] note: required by a bound in `LinearCombination`
[INFO] [stdout]    --> /opt/rustwide/cargo-home/git/checkouts/bellman-da7690e577055432/1cc52ca/src/lib.rs:193:38
[INFO] [stdout]     |
[INFO] [stdout] 193 | pub struct LinearCombination<Scalar: PrimeField>(Vec<(Variable, Scalar)>);
[INFO] [stdout]     |                                      ^^^^^^^^^^ required by this bound in `LinearCombination`
[INFO] [stdout] help: consider further restricting this bound
[INFO] [stdout]     |
[INFO] [stdout] 17  | impl<E: Engine + pairing::group::ff::PrimeField> Circuit<E> for CubeRoot<E> {
[INFO] [stdout]     |                ++++++++++++++++++++++++++++++++
[INFO] [stdout] 
[INFO] [stdout] error[E0369]: cannot add `Variable` to `LinearCombination<E>`
[INFO] [stdout]   --> ironfish-phase2/src/lib.rs:49:21
[INFO] [stdout]    |
[INFO] [stdout] 38 |             |lc| lc + root,
[INFO] [stdout]    |                  -- ^ ---- Variable
[INFO] [stdout]    |                  |
[INFO] [stdout]    |                  LinearCombination<E>
[INFO] [stdout]    |
[INFO] [stdout] help: consider further restricting this bound
[INFO] [stdout]    |
[INFO] [stdout] 17 | impl<E: Engine + pairing::group::ff::PrimeField> Circuit<E> for CubeRoot<E> {
[INFO] [stdout]    |                ++++++++++++++++++++++++++++++++
[INFO] [stdout] 
[INFO] [stdout] error[E0277]: the trait bound `E: PrimeField` is not satisfied
[INFO] [stdout]    --> ironfish-phase2/src/lib.rs:50:14
[INFO] [stdout]     |
[INFO] [stdout] 39  |             |lc| lc + root,
[INFO] [stdout]     |              ^^ the trait `PrimeField` is not implemented for `E`
[INFO] [stdout]     |
[INFO] [stdout] note: required by a bound in `LinearCombination`
[INFO] [stdout]    --> /opt/rustwide/cargo-home/git/checkouts/bellman-da7690e577055432/1cc52ca/src/lib.rs:193:38
[INFO] [stdout]     |
[INFO] [stdout] 193 | pub struct LinearCombination<Scalar: PrimeField>(Vec<(Variable, Scalar)>);
[INFO] [stdout]     |                                      ^^^^^^^^^^ required by this bound in `LinearCombination`
[INFO] [stdout] help: consider further restricting this bound
[INFO] [stdout]     |
[INFO] [stdout] 17  | impl<E: Engine + pairing::group::ff::PrimeField> Circuit<E> for CubeRoot<E> {
[INFO] [stdout]     |                ++++++++++++++++++++++++++++++++
[INFO] [stdout] 
[INFO] [stdout] error[E0369]: cannot add `Variable` to `LinearCombination<E>`
[INFO] [stdout]   --> ironfish-phase2/src/lib.rs:50:21
[INFO] [stdout]    |
[INFO] [stdout] 39 |             |lc| lc + root,
[INFO] [stdout]    |                  -- ^ ---- Variable
[INFO] [stdout]    |                  |
[INFO] [stdout]    |                  LinearCombination<E>
[INFO] [stdout]    |
[INFO] [stdout] help: consider further restricting this bound
[INFO] [stdout]    |
[INFO] [stdout] 17 | impl<E: Engine + pairing::group::ff::PrimeField> Circuit<E> for CubeRoot<E> {
[INFO] [stdout]    |                ++++++++++++++++++++++++++++++++
[INFO] [stdout] 
[INFO] [stdout] error[E0277]: the trait bound `E: PrimeField` is not satisfied
[INFO] [stdout]    --> ironfish-phase2/src/lib.rs:51:14
[INFO] [stdout]     |
[INFO] [stdout] 40  |             |lc| lc + square
[INFO] [stdout]     |              ^^ the trait `PrimeField` is not implemented for `E`
[INFO] [stdout]     |
[INFO] [stdout] note: required by a bound in `LinearCombination`
[INFO] [stdout]    --> /opt/rustwide/cargo-home/git/checkouts/bellman-da7690e577055432/1cc52ca/src/lib.rs:193:38
[INFO] [stdout]     |
[INFO] [stdout] 193 | pub struct LinearCombination<Scalar: PrimeField>(Vec<(Variable, Scalar)>);
[INFO] [stdout]     |                                      ^^^^^^^^^^ required by this bound in `LinearCombination`
[INFO] [stdout] help: consider further restricting this bound
[INFO] [stdout]     |
[INFO] [stdout] 17  | impl<E: Engine + pairing::group::ff::PrimeField> Circuit<E> for CubeRoot<E> {
[INFO] [stdout]     |                ++++++++++++++++++++++++++++++++
[INFO] [stdout] 
[INFO] [stdout] error[E0369]: cannot add `Variable` to `LinearCombination<E>`
[INFO] [stdout]   --> ironfish-phase2/src/lib.rs:51:21
[INFO] [stdout]    |
[INFO] [stdout] 40 |             |lc| lc + square
[INFO] [stdout]    |                  -- ^ ------ Variable
[INFO] [stdout]    |                  |
[INFO] [stdout]    |                  LinearCombination<E>
[INFO] [stdout]    |
[INFO] [stdout] help: consider further restricting this bound
[INFO] [stdout]    |
[INFO] [stdout] 17 | impl<E: Engine + pairing::group::ff::PrimeField> Circuit<E> for CubeRoot<E> {
[INFO] [stdout]    |                ++++++++++++++++++++++++++++++++
[INFO] [stdout] 
[INFO] [stdout] error[E0277]: the trait bound `E: PrimeField` is not satisfied
[INFO] [stdout]    --> ironfish-phase2/src/lib.rs:55:23
[INFO] [stdout]     |
[INFO] [stdout] 44  |         let cube = cs.alloc_input(|| "cube", || {
[INFO] [stdout]     |                       ^^^^^^^^^^^ the trait `PrimeField` is not implemented for `E`
[INFO] [stdout]     |
[INFO] [stdout] note: required by a bound in `alloc_input`
[INFO] [stdout]    --> /opt/rustwide/cargo-home/git/checkouts/bellman-da7690e577055432/1cc52ca/src/lib.rs:377:36
[INFO] [stdout]     |
[INFO] [stdout] 377 | pub trait ConstraintSystem<Scalar: PrimeField>: Sized {
[INFO] [stdout]     |                                    ^^^^^^^^^^ required by this bound in `ConstraintSystem::alloc_input`
[INFO] [stdout] ...
[INFO] [stdout] 399 |     fn alloc_input<F, A, AR>(&mut self, annotation: A, f: F) -> Result<Variable, SynthesisError>
[INFO] [stdout]     |        ----------- required by a bound in this associated function
[INFO] [stdout] help: consider further restricting this bound
[INFO] [stdout]     |
[INFO] [stdout] 17  | impl<E: Engine + pairing::group::ff::PrimeField> Circuit<E> for CubeRoot<E> {
[INFO] [stdout]     |                ++++++++++++++++++++++++++++++++
[INFO] [stdout] 
[INFO] [stdout] error[E0599]: no method named `square` found for associated type `<E as Engine>::Fr` in the current scope
[INFO] [stdout]   --> ironfish-phase2/src/lib.rs:60:25
[INFO] [stdout]    |
[INFO] [stdout] 49 |                     tmp.square();
[INFO] [stdout]    |                         ^^^^^^
[INFO] [stdout]    |
[INFO] [stdout]   ::: /opt/rustwide/cargo-home/registry/src/index.crates.io-6f17d22bba15001f/ff-0.12.1/src/lib.rs:88:8
[INFO] [stdout]    |
[INFO] [stdout] 88 |     fn square(&self) -> Self;
[INFO] [stdout]    |        ------ the method is available for `<E as Engine>::Fr` here
[INFO] [stdout]    |
[INFO] [stdout]    = help: items from traits can only be used if the trait is in scope
[INFO] [stdout] help: trait `Field` which provides `square` is implemented but not in scope; perhaps you want to import it
[INFO] [stdout]    |
[INFO] [stdout] 2  + use crate::pairing::group::ff::Field;
[INFO] [stdout]    |
[INFO] [stdout] help: there is a method `sqrt` with a similar name
[INFO] [stdout]    |
[INFO] [stdout] 49 |                     tmp.sqrt();
[INFO] [stdout]    |                         ~~~~
[INFO] [stdout] 
[INFO] [stdout] error[E0599]: no method named `mul_assign` found for associated type `<E as Engine>::Fr` in the current scope
[INFO] [stdout]   --> ironfish-phase2/src/lib.rs:61:25
[INFO] [stdout]    |
[INFO] [stdout] 50 |                     tmp.mul_assign(&root);
[INFO] [stdout]    |                         ^^^^^^^^^^
[INFO] [stdout]   --> /rustc/90b35a6239c3d8bdabc530a6a0816f7ff89a0aaf/library/core/src/ops/arith.rs:874:8
[INFO] [stdout]    |
[INFO] [stdout]    = note: the method is available for `<E as Engine>::Fr` here
[INFO] [stdout]    |
[INFO] [stdout]    = help: items from traits can only be used if the trait is in scope
[INFO] [stdout] help: trait `MulAssign` which provides `mul_assign` is implemented but not in scope; perhaps you want to import it
[INFO] [stdout]    |
[INFO] [stdout] 2  + use std::ops::MulAssign;
[INFO] [stdout]    |
[INFO] [stdout] help: there is a method `sub_assign` with a similar name
[INFO] [stdout]    |
[INFO] [stdout] 50 |                     tmp.sub_assign(&root);
[INFO] [stdout]    |                         ~~~~~~~~~~
[INFO] [stdout] 
[INFO] [stdout] error[E0308]: mismatched types
[INFO] [stdout]   --> ironfish-phase2/src/lib.rs:56:13
[INFO] [stdout]    |
[INFO] [stdout] 17 |   impl<E: Engine> Circuit<E> for CubeRoot<E> {
[INFO] [stdout]    |        - expected this type parameter
[INFO] [stdout] ...
[INFO] [stdout] 45 | /             self.cube_root
[INFO] [stdout] 46 | |                 .ok_or(SynthesisError::AssignmentMissing)
[INFO] [stdout] 47 | |                 .map(|root| {
[INFO] [stdout] 48 | |                     let mut tmp = root;
[INFO] [stdout] ...  |
[INFO] [stdout] 51 | |                     tmp
[INFO] [stdout] 52 | |                 })
[INFO] [stdout]    | |__________________^ expected `Result<E, SynthesisError>`, found `Result<<E as Engine>::Fr, ...>`
[INFO] [stdout]    |
[INFO] [stdout]    = note: expected enum `Result<E, _>`
[INFO] [stdout]               found enum `Result<<E as Engine>::Fr, _>`
[INFO] [stdout] help: consider further restricting this bound
[INFO] [stdout]    |
[INFO] [stdout] 17 | impl<E: Engine<Fr = E>> Circuit<E> for CubeRoot<E> {
[INFO] [stdout]    |               ++++++++
[INFO] [stdout] 
[INFO] [stdout] error[E0277]: the trait bound `E: PrimeField` is not satisfied
[INFO] [stdout]    --> ironfish-phase2/src/lib.rs:68:12
[INFO] [stdout]     |
[INFO] [stdout] 57  |         cs.enforce(
[INFO] [stdout]     |            ^^^^^^^ the trait `PrimeField` is not implemented for `E`
[INFO] [stdout]     |
[INFO] [stdout] note: required by a bound in `enforce`
[INFO] [stdout]    --> /opt/rustwide/cargo-home/git/checkouts/bellman-da7690e577055432/1cc52ca/src/lib.rs:377:36
[INFO] [stdout]     |
[INFO] [stdout] 377 | pub trait ConstraintSystem<Scalar: PrimeField>: Sized {
[INFO] [stdout]     |                                    ^^^^^^^^^^ required by this bound in `ConstraintSystem::enforce`
[INFO] [stdout] ...
[INFO] [stdout] 407 |     fn enforce<A, AR, LA, LB, LC>(&mut self, annotation: A, a: LA, b: LB, c: LC)
[INFO] [stdout]     |        ------- required by a bound in this associated function
[INFO] [stdout] help: consider further restricting this bound
[INFO] [stdout]     |
[INFO] [stdout] 17  | impl<E: Engine + pairing::group::ff::PrimeField> Circuit<E> for CubeRoot<E> {
[INFO] [stdout]     |                ++++++++++++++++++++++++++++++++
[INFO] [stdout] 
[INFO] [stdout] error[E0277]: the trait bound `E: PrimeField` is not satisfied
[INFO] [stdout]    --> ironfish-phase2/src/lib.rs:70:14
[INFO] [stdout]     |
[INFO] [stdout] 59  |             |lc| lc + root,
[INFO] [stdout]     |              ^^ the trait `PrimeField` is not implemented for `E`
[INFO] [stdout]     |
[INFO] [stdout] note: required by a bound in `LinearCombination`
[INFO] [stdout]    --> /opt/rustwide/cargo-home/git/checkouts/bellman-da7690e577055432/1cc52ca/src/lib.rs:193:38
[INFO] [stdout]     |
[INFO] [stdout] 193 | pub struct LinearCombination<Scalar: PrimeField>(Vec<(Variable, Scalar)>);
[INFO] [stdout]     |                                      ^^^^^^^^^^ required by this bound in `LinearCombination`
[INFO] [stdout] help: consider further restricting this bound
[INFO] [stdout]     |
[INFO] [stdout] 17  | impl<E: Engine + pairing::group::ff::PrimeField> Circuit<E> for CubeRoot<E> {
[INFO] [stdout]     |                ++++++++++++++++++++++++++++++++
[INFO] [stdout] 
[INFO] [stdout] error[E0369]: cannot add `Variable` to `LinearCombination<E>`
[INFO] [stdout]   --> ironfish-phase2/src/lib.rs:70:21
[INFO] [stdout]    |
[INFO] [stdout] 59 |             |lc| lc + root,
[INFO] [stdout]    |                  -- ^ ---- Variable
[INFO] [stdout]    |                  |
[INFO] [stdout]    |                  LinearCombination<E>
[INFO] [stdout]    |
[INFO] [stdout] help: consider further restricting this bound
[INFO] [stdout]    |
[INFO] [stdout] 17 | impl<E: Engine + pairing::group::ff::PrimeField> Circuit<E> for CubeRoot<E> {
[INFO] [stdout]    |                ++++++++++++++++++++++++++++++++
[INFO] [stdout] 
[INFO] [stdout] error[E0277]: the trait bound `E: PrimeField` is not satisfied
[INFO] [stdout]    --> ironfish-phase2/src/lib.rs:71:14
[INFO] [stdout]     |
[INFO] [stdout] 60  |             |lc| lc + square,
[INFO] [stdout]     |              ^^ the trait `PrimeField` is not implemented for `E`
[INFO] [stdout]     |
[INFO] [stdout] note: required by a bound in `LinearCombination`
[INFO] [stdout]    --> /opt/rustwide/cargo-home/git/checkouts/bellman-da7690e577055432/1cc52ca/src/lib.rs:193:38
[INFO] [stdout]     |
[INFO] [stdout] 193 | pub struct LinearCombination<Scalar: PrimeField>(Vec<(Variable, Scalar)>);
[INFO] [stdout]     |                                      ^^^^^^^^^^ required by this bound in `LinearCombination`
[INFO] [stdout] help: consider further restricting this bound
[INFO] [stdout]     |
[INFO] [stdout] 17  | impl<E: Engine + pairing::group::ff::PrimeField> Circuit<E> for CubeRoot<E> {
[INFO] [stdout]     |                ++++++++++++++++++++++++++++++++
[INFO] [stdout] 
[INFO] [stdout] error[E0369]: cannot add `Variable` to `LinearCombination<E>`
[INFO] [stdout]   --> ironfish-phase2/src/lib.rs:71:21
[INFO] [stdout]    |
[INFO] [stdout] 60 |             |lc| lc + square,
[INFO] [stdout]    |                  -- ^ ------ Variable
[INFO] [stdout]    |                  |
[INFO] [stdout]    |                  LinearCombination<E>
[INFO] [stdout]    |
[INFO] [stdout] help: consider further restricting this bound
[INFO] [stdout]    |
[INFO] [stdout] 17 | impl<E: Engine + pairing::group::ff::PrimeField> Circuit<E> for CubeRoot<E> {
[INFO] [stdout]    |                ++++++++++++++++++++++++++++++++
[INFO] [stdout] 
[INFO] [stdout] error[E0277]: the trait bound `E: PrimeField` is not satisfied
[INFO] [stdout]    --> ironfish-phase2/src/lib.rs:72:14
[INFO] [stdout]     |
[INFO] [stdout] 61  |             |lc| lc + cube
[INFO] [stdout]     |              ^^ the trait `PrimeField` is not implemented for `E`
[INFO] [stdout]     |
[INFO] [stdout] note: required by a bound in `LinearCombination`
[INFO] [stdout]    --> /opt/rustwide/cargo-home/git/checkouts/bellman-da7690e577055432/1cc52ca/src/lib.rs:193:38
[INFO] [stdout]     |
[INFO] [stdout] 193 | pub struct LinearCombination<Scalar: PrimeField>(Vec<(Variable, Scalar)>);
[INFO] [stdout]     |                                      ^^^^^^^^^^ required by this bound in `LinearCombination`
[INFO] [stdout] help: consider further restricting this bound
[INFO] [stdout]     |
[INFO] [stdout] 17  | impl<E: Engine + pairing::group::ff::PrimeField> Circuit<E> for CubeRoot<E> {
[INFO] [stdout]     |                ++++++++++++++++++++++++++++++++
[INFO] [stdout] 
[INFO] [stdout] error[E0369]: cannot add `Variable` to `LinearCombination<E>`
[INFO] [stdout]   --> ironfish-phase2/src/lib.rs:72:21
[INFO] [stdout]    |
[INFO] [stdout] 61 |             |lc| lc + cube
[INFO] [stdout]    |                  -- ^ ---- Variable
[INFO] [stdout]    |                  |
[INFO] [stdout]    |                  LinearCombination<E>
[INFO] [stdout]    |
[INFO] [stdout] help: consider further restricting this bound
[INFO] [stdout]    |
[INFO] [stdout] 17 | impl<E: Engine + pairing::group::ff::PrimeField> Circuit<E> for CubeRoot<E> {
[INFO] [stdout]    |                ++++++++++++++++++++++++++++++++
[INFO] [stdout] 
[INFO] [stdout] error: aborting due to 26 previous errors
[INFO] [stdout] 
[INFO] [stdout] Some errors have detailed explanations: E0277, E0308, E0369, E0432, E0599.
[INFO] [stdout] For more information about an error, try `rustc --explain E0277`.
[INFO] [stdout] Couldn't compile the test.
[INFO] [stdout] 
[INFO] [stdout] failures:
[INFO] [stdout]     ironfish-phase2/src/lib.rs - (line 13)
[INFO] [stdout] 
[INFO] [stdout] test result: FAILED. 0 passed; 1 failed; 4 ignored; 0 measured; 0 filtered out; finished in 0.31s
[INFO] [stdout] 
[INFO] [stderr] error: doctest failed, to rerun pass `-p ironfish-phase2 --doc`
[INFO] running `Command { std: "docker" "inspect" "d29ec45b37d39629c67c76904de79ba76f283783041230c4625da6b349544798", kill_on_drop: false }`
[INFO] running `Command { std: "docker" "rm" "-f" "d29ec45b37d39629c67c76904de79ba76f283783041230c4625da6b349544798", kill_on_drop: false }`
[INFO] [stdout] d29ec45b37d39629c67c76904de79ba76f283783041230c4625da6b349544798
