[INFO] cloning repository https://github.com/Revanthshalon/x
[INFO] running `Command { std: "git" "-c" "credential.helper=" "-c" "credential.helper=/workspace/cargo-home/bin/git-credential-null" "clone" "--bare" "https://github.com/Revanthshalon/x" "/workspace/cache/git-repos/https%3A%2F%2Fgithub.com%2FRevanthshalon%2Fx", kill_on_drop: false }`
[INFO] [stderr] Cloning into bare repository '/workspace/cache/git-repos/https%3A%2F%2Fgithub.com%2FRevanthshalon%2Fx'...
[INFO] running `Command { std: "git" "rev-parse" "HEAD", kill_on_drop: false }`
[INFO] [stdout] 15e6c6d7ca97405d12b67fed48d94551a97de5f4
[INFO] testing Revanthshalon/x against beta-2024-12-08 for beta-1.84.0-4-retry
[INFO] running `Command { std: "git" "clone" "/workspace/cache/git-repos/https%3A%2F%2Fgithub.com%2FRevanthshalon%2Fx" "/workspace/builds/worker-2-tc2/source", kill_on_drop: false }`
[INFO] [stderr] Cloning into '/workspace/builds/worker-2-tc2/source'...
[INFO] [stderr] done.
[INFO] validating manifest of git repo https://github.com/Revanthshalon/x on toolchain beta-2024-12-08
[INFO] running `Command { std: CARGO_HOME="/workspace/cargo-home" RUSTUP_HOME="/workspace/rustup-home" "/workspace/cargo-home/bin/cargo" "+beta-2024-12-08" "metadata" "--manifest-path" "Cargo.toml" "--no-deps", kill_on_drop: false }`
[INFO] started tweaking git repo https://github.com/Revanthshalon/x
[INFO] finished tweaking git repo https://github.com/Revanthshalon/x
[INFO] tweaked toml for git repo https://github.com/Revanthshalon/x written to /workspace/builds/worker-2-tc2/source/Cargo.toml
[INFO] crate git repo https://github.com/Revanthshalon/x already has a lockfile, it will not be regenerated
[INFO] running `Command { std: CARGO_HOME="/workspace/cargo-home" RUSTUP_HOME="/workspace/rustup-home" "/workspace/cargo-home/bin/cargo" "+beta-2024-12-08" "fetch" "--manifest-path" "Cargo.toml", kill_on_drop: false }`
[INFO] running `Command { std: "docker" "create" "-v" "/var/lib/crater-agent-workspace/builds/worker-2-tc2/target:/opt/rustwide/target:rw,Z" "-v" "/var/lib/crater-agent-workspace/builds/worker-2-tc2/source:/opt/rustwide/workdir:ro,Z" "-v" "/var/lib/crater-agent-workspace/cargo-home:/opt/rustwide/cargo-home:ro,Z" "-v" "/var/lib/crater-agent-workspace/rustup-home:/opt/rustwide/rustup-home:ro,Z" "-e" "SOURCE_DIR=/opt/rustwide/workdir" "-e" "CARGO_TARGET_DIR=/opt/rustwide/target" "-e" "CARGO_HOME=/opt/rustwide/cargo-home" "-e" "RUSTUP_HOME=/opt/rustwide/rustup-home" "-w" "/opt/rustwide/workdir" "-m" "1610612736" "--user" "0:0" "--network" "none" "ghcr.io/rust-lang/crates-build-env/linux@sha256:f3a9d4ad9d972b27faf3965f35b62e55ba32bbce8f20bc8fe909558a86702fde" "/opt/rustwide/cargo-home/bin/cargo" "+beta-2024-12-08" "metadata" "--no-deps" "--format-version=1", kill_on_drop: false }`
[INFO] [stdout] 5bdd39fcbf3c3be5faa96b312cfecb373f9d23a8a7b3b5dfabb81cad30937b90
[INFO] running `Command { std: "docker" "start" "-a" "5bdd39fcbf3c3be5faa96b312cfecb373f9d23a8a7b3b5dfabb81cad30937b90", kill_on_drop: false }`
[INFO] running `Command { std: "docker" "inspect" "5bdd39fcbf3c3be5faa96b312cfecb373f9d23a8a7b3b5dfabb81cad30937b90", kill_on_drop: false }`
[INFO] running `Command { std: "docker" "rm" "-f" "5bdd39fcbf3c3be5faa96b312cfecb373f9d23a8a7b3b5dfabb81cad30937b90", kill_on_drop: false }`
[INFO] [stdout] 5bdd39fcbf3c3be5faa96b312cfecb373f9d23a8a7b3b5dfabb81cad30937b90
[INFO] running `Command { std: "docker" "create" "-v" "/var/lib/crater-agent-workspace/builds/worker-2-tc2/target:/opt/rustwide/target:rw,Z" "-v" "/var/lib/crater-agent-workspace/builds/worker-2-tc2/source:/opt/rustwide/workdir:ro,Z" "-v" "/var/lib/crater-agent-workspace/cargo-home:/opt/rustwide/cargo-home:ro,Z" "-v" "/var/lib/crater-agent-workspace/rustup-home:/opt/rustwide/rustup-home:ro,Z" "-e" "SOURCE_DIR=/opt/rustwide/workdir" "-e" "CARGO_TARGET_DIR=/opt/rustwide/target" "-e" "CARGO_INCREMENTAL=0" "-e" "RUST_BACKTRACE=full" "-e" "RUSTFLAGS=--cap-lints=warn" "-e" "RUSTDOCFLAGS=--cap-lints=warn" "-e" "CARGO_HOME=/opt/rustwide/cargo-home" "-e" "RUSTUP_HOME=/opt/rustwide/rustup-home" "-w" "/opt/rustwide/workdir" "-m" "1610612736" "--user" "0:0" "--network" "none" "ghcr.io/rust-lang/crates-build-env/linux@sha256:f3a9d4ad9d972b27faf3965f35b62e55ba32bbce8f20bc8fe909558a86702fde" "/opt/rustwide/cargo-home/bin/cargo" "+beta-2024-12-08" "build" "--frozen" "--message-format=json", kill_on_drop: false }`
[INFO] [stdout] 8c87d07f763142a2f0ee39087d442550e140c0f249b217d2847c928f01833583
[INFO] running `Command { std: "docker" "start" "-a" "8c87d07f763142a2f0ee39087d442550e140c0f249b217d2847c928f01833583", kill_on_drop: false }`
[INFO] [stderr]    Compiling proc-macro2 v1.0.92
[INFO] [stderr]    Compiling unicode-ident v1.0.14
[INFO] [stderr]    Compiling once_cell v1.20.2
[INFO] [stderr]    Compiling serde v1.0.215
[INFO] [stderr]    Compiling libc v0.2.164
[INFO] [stderr]    Compiling version_check v0.9.5
[INFO] [stderr]    Compiling crunchy v0.2.2
[INFO] [stderr]    Compiling thiserror v1.0.69
[INFO] [stderr]    Compiling memchr v2.7.4
[INFO] [stderr]    Compiling tiny-keccak v2.0.2
[INFO] [stderr]    Compiling zerocopy v0.7.35
[INFO] [stderr]    Compiling ucd-trie v0.1.7
[INFO] [stderr]    Compiling allocator-api2 v0.2.20
[INFO] [stderr]    Compiling itoa v1.0.13
[INFO] [stderr]    Compiling hashbrown v0.15.1
[INFO] [stderr]    Compiling equivalent v1.0.1
[INFO] [stderr]    Compiling fnv v1.0.7
[INFO] [stderr]    Compiling winnow v0.6.20
[INFO] [stderr]    Compiling serde_json v1.0.133
[INFO] [stderr]    Compiling pin-project-lite v0.2.15
[INFO] [stderr]    Compiling tracing-core v0.1.32
[INFO] [stderr]    Compiling bytes v1.8.0
[INFO] [stderr]    Compiling encoding_rs v0.8.35
[INFO] [stderr]    Compiling minimal-lexical v0.2.1
[INFO] [stderr]    Compiling lazy_static v1.5.0
[INFO] [stderr]    Compiling ahash v0.8.11
[INFO] [stderr]    Compiling ryu v1.0.18
[INFO] [stderr]    Compiling overload v0.1.1
[INFO] [stderr]    Compiling unicode-segmentation v1.12.0
[INFO] [stderr]    Compiling arraydeque v0.5.1
[INFO] [stderr]    Compiling base64 v0.21.7
[INFO] [stderr]    Compiling log v0.4.22
[INFO] [stderr]    Compiling nu-ansi-term v0.46.0
[INFO] [stderr]    Compiling sharded-slab v0.1.7
[INFO] [stderr]    Compiling tokio v1.41.1
[INFO] [stderr]    Compiling thread_local v1.1.8
[INFO] [stderr]    Compiling hashbrown v0.14.5
[INFO] [stderr]    Compiling http v1.1.0
[INFO] [stderr]    Compiling nom v7.1.3
[INFO] [stderr]    Compiling indexmap v2.6.0
[INFO] [stderr]    Compiling convert_case v0.6.0
[INFO] [stderr]    Compiling tracing-log v0.2.0
[INFO] [stderr]    Compiling quote v1.0.37
[INFO] [stderr]    Compiling smallvec v1.13.2
[INFO] [stderr]    Compiling syn v2.0.89
[INFO] [stderr]    Compiling getrandom v0.2.15
[INFO] [stderr]    Compiling pathdiff v0.2.2
[INFO] [stderr]    Compiling http-body v1.0.1
[INFO] [stderr]    Compiling const-random-macro v0.1.16
[INFO] [stderr]    Compiling tracing-subscriber v0.3.18
[INFO] [stderr]    Compiling hyper v1.5.1
[INFO] [stderr]    Compiling const-random v0.1.18
[INFO] [stderr]    Compiling hashlink v0.8.4
[INFO] [stderr]    Compiling dlv-list v0.5.2
[INFO] [stderr]    Compiling ordered-multimap v0.7.3
[INFO] [stderr]    Compiling rust-ini v0.20.0
[INFO] [stderr]    Compiling yaml-rust2 v0.8.1
[INFO] [stderr]    Compiling serde_derive v1.0.215
[INFO] [stderr]    Compiling thiserror-impl v1.0.69
[INFO] [stderr]    Compiling async-trait v0.1.83
[INFO] [stderr]    Compiling tracing-attributes v0.1.27
[INFO] [stderr]    Compiling tracing v0.1.40
[INFO] [stderr]    Compiling pest v2.7.14
[INFO] [stderr]    Compiling pest_meta v2.7.14
[INFO] [stderr]    Compiling pest_generator v2.7.14
[INFO] [stderr]    Compiling pest_derive v2.7.14
[INFO] [stderr]    Compiling serde_spanned v0.6.8
[INFO] [stderr]    Compiling toml_datetime v0.6.8
[INFO] [stderr]    Compiling bitflags v2.6.0
[INFO] [stderr]    Compiling json5 v0.4.1
[INFO] [stderr]    Compiling uuid v1.11.0
[INFO] [stderr]    Compiling ron v0.8.1
[INFO] [stderr]    Compiling toml_edit v0.22.22
[INFO] [stderr]    Compiling toml v0.8.19
[INFO] [stderr]    Compiling config v0.14.1
[INFO] [stderr]    Compiling x v0.1.0 (/opt/rustwide/workdir)
[INFO] [stderr]     Finished `dev` profile [unoptimized + debuginfo] target(s) in 30.25s
[INFO] running `Command { std: "docker" "inspect" "8c87d07f763142a2f0ee39087d442550e140c0f249b217d2847c928f01833583", kill_on_drop: false }`
[INFO] running `Command { std: "docker" "rm" "-f" "8c87d07f763142a2f0ee39087d442550e140c0f249b217d2847c928f01833583", kill_on_drop: false }`
[INFO] [stdout] 8c87d07f763142a2f0ee39087d442550e140c0f249b217d2847c928f01833583
[INFO] running `Command { std: "docker" "create" "-v" "/var/lib/crater-agent-workspace/builds/worker-2-tc2/target:/opt/rustwide/target:rw,Z" "-v" "/var/lib/crater-agent-workspace/builds/worker-2-tc2/source:/opt/rustwide/workdir:ro,Z" "-v" "/var/lib/crater-agent-workspace/cargo-home:/opt/rustwide/cargo-home:ro,Z" "-v" "/var/lib/crater-agent-workspace/rustup-home:/opt/rustwide/rustup-home:ro,Z" "-e" "SOURCE_DIR=/opt/rustwide/workdir" "-e" "CARGO_TARGET_DIR=/opt/rustwide/target" "-e" "CARGO_INCREMENTAL=0" "-e" "RUST_BACKTRACE=full" "-e" "RUSTFLAGS=--cap-lints=warn" "-e" "RUSTDOCFLAGS=--cap-lints=warn" "-e" "CARGO_HOME=/opt/rustwide/cargo-home" "-e" "RUSTUP_HOME=/opt/rustwide/rustup-home" "-w" "/opt/rustwide/workdir" "-m" "1610612736" "--user" "0:0" "--network" "none" "ghcr.io/rust-lang/crates-build-env/linux@sha256:f3a9d4ad9d972b27faf3965f35b62e55ba32bbce8f20bc8fe909558a86702fde" "/opt/rustwide/cargo-home/bin/cargo" "+beta-2024-12-08" "test" "--frozen" "--no-run" "--message-format=json", kill_on_drop: false }`
[INFO] [stdout] 2343e2b2beb3fe812fde6be2c7710349625091b87e608315fc5bfd7e3c555113
[INFO] running `Command { std: "docker" "start" "-a" "2343e2b2beb3fe812fde6be2c7710349625091b87e608315fc5bfd7e3c555113", kill_on_drop: false }`
[INFO] [stderr]    Compiling x v0.1.0 (/opt/rustwide/workdir)
[INFO] [stderr]     Finished `test` profile [unoptimized + debuginfo] target(s) in 0.50s
[INFO] running `Command { std: "docker" "inspect" "2343e2b2beb3fe812fde6be2c7710349625091b87e608315fc5bfd7e3c555113", kill_on_drop: false }`
[INFO] running `Command { std: "docker" "rm" "-f" "2343e2b2beb3fe812fde6be2c7710349625091b87e608315fc5bfd7e3c555113", kill_on_drop: false }`
[INFO] [stdout] 2343e2b2beb3fe812fde6be2c7710349625091b87e608315fc5bfd7e3c555113
[INFO] running `Command { std: "docker" "create" "-v" "/var/lib/crater-agent-workspace/builds/worker-2-tc2/target:/opt/rustwide/target:rw,Z" "-v" "/var/lib/crater-agent-workspace/builds/worker-2-tc2/source:/opt/rustwide/workdir:ro,Z" "-v" "/var/lib/crater-agent-workspace/cargo-home:/opt/rustwide/cargo-home:ro,Z" "-v" "/var/lib/crater-agent-workspace/rustup-home:/opt/rustwide/rustup-home:ro,Z" "-e" "SOURCE_DIR=/opt/rustwide/workdir" "-e" "CARGO_TARGET_DIR=/opt/rustwide/target" "-e" "CARGO_INCREMENTAL=0" "-e" "RUST_BACKTRACE=full" "-e" "RUSTFLAGS=--cap-lints=warn" "-e" "RUSTDOCFLAGS=--cap-lints=warn" "-e" "CARGO_HOME=/opt/rustwide/cargo-home" "-e" "RUSTUP_HOME=/opt/rustwide/rustup-home" "-w" "/opt/rustwide/workdir" "-m" "1610612736" "--user" "0:0" "--network" "none" "ghcr.io/rust-lang/crates-build-env/linux@sha256:f3a9d4ad9d972b27faf3965f35b62e55ba32bbce8f20bc8fe909558a86702fde" "/opt/rustwide/cargo-home/bin/cargo" "+beta-2024-12-08" "test" "--frozen", kill_on_drop: false }`
[INFO] [stdout] 2e07030a89c3defebb3eb8dc46b6baea9dbe24ae01dfd331c788383afe91071f
[INFO] running `Command { std: "docker" "start" "-a" "2e07030a89c3defebb3eb8dc46b6baea9dbe24ae01dfd331c788383afe91071f", kill_on_drop: false }`
[INFO] [stderr]     Finished `test` profile [unoptimized + debuginfo] target(s) in 0.08s
[INFO] [stderr]      Running unittests src/lib.rs (/opt/rustwide/target/debug/deps/x-73a40a2ffa54eaa9)
[INFO] [stdout] 
[INFO] [stdout] running 0 tests
[INFO] [stdout] 
[INFO] [stdout] test result: ok. 0 passed; 0 failed; 0 ignored; 0 measured; 0 filtered out; finished in 0.00s
[INFO] [stdout] 
[INFO] [stderr]    Doc-tests x
[INFO] [stdout] 
[INFO] [stdout] running 5 tests
[INFO] [stdout] test src/stringsx/case.rs - stringsx::case (line 8) ... FAILED
[INFO] [stdout] test src/uuidx/mod.rs - uuidx (line 9) ... FAILED
[INFO] [stdout] test src/stringsx/coalesce.rs - stringsx::coalesce (line 8) ... FAILED
[INFO] [stdout] test src/errorsx/mod.rs - errorsx (line 21) ... FAILED
[INFO] [stdout] test src/uuidx/mod.rs - uuidx::generate_new_v4 (line 27) ... FAILED
[INFO] [stderr] error: doctest failed, to rerun pass `--doc`
[INFO] [stdout] 
[INFO] [stdout] failures:
[INFO] [stdout] 
[INFO] [stdout] ---- src/stringsx/case.rs - stringsx::case (line 8) stdout ----
[INFO] [stdout] error[E0432]: unresolved import `crate::string_utils`
[INFO] [stdout]  --> src/stringsx/case.rs:9:12
[INFO] [stdout]   |
[INFO] [stdout] 3 | use crate::string_utils::{to_lower_initial, to_upper_inital};
[INFO] [stdout]   |            ^^^^^^^^^^^^ could not find `string_utils` in the crate root
[INFO] [stdout] 
[INFO] [stdout] error: aborting due to 1 previous error
[INFO] [stdout] 
[INFO] [stdout] For more information about this error, try `rustc --explain E0432`.
[INFO] [stdout] Couldn't compile the test.
[INFO] [stdout] ---- src/uuidx/mod.rs - uuidx (line 9) stdout ----
[INFO] [stdout] error[E0432]: unresolved import `my_crate`
[INFO] [stdout]  --> src/uuidx/mod.rs:10:5
[INFO] [stdout]   |
[INFO] [stdout] 3 | use my_crate::uuid_generator;
[INFO] [stdout]   |     ^^^^^^^^ use of undeclared crate or module `my_crate`
[INFO] [stdout] 
[INFO] [stdout] error: aborting due to 1 previous error
[INFO] [stdout] 
[INFO] [stdout] For more information about this error, try `rustc --explain E0432`.
[INFO] [stdout] Couldn't compile the test.
[INFO] [stdout] ---- src/stringsx/coalesce.rs - stringsx::coalesce (line 8) stdout ----
[INFO] [stdout] error[E0432]: unresolved import `string_utils`
[INFO] [stdout]  --> src/stringsx/coalesce.rs:9:5
[INFO] [stdout]   |
[INFO] [stdout] 3 | use string_utils::coalesce;
[INFO] [stdout]   |     ^^^^^^^^^^^^ use of undeclared crate or module `string_utils`
[INFO] [stdout] 
[INFO] [stdout] error: aborting due to 1 previous error
[INFO] [stdout] 
[INFO] [stdout] For more information about this error, try `rustc --explain E0432`.
[INFO] [stdout] Couldn't compile the test.
[INFO] [stdout] ---- src/errorsx/mod.rs - errorsx (line 21) stdout ----
[INFO] [stdout] error[E0433]: failed to resolve: use of undeclared type `Errorsx`
[INFO] [stdout]  --> src/errorsx/mod.rs:23:11
[INFO] [stdout]   |
[INFO] [stdout] 5 | let err = Errorsx::builder("Failed to process file")
[INFO] [stdout]   |           ^^^^^^^ use of undeclared type `Errorsx`
[INFO] [stdout]   |
[INFO] [stdout] help: consider importing this struct
[INFO] [stdout]   |
[INFO] [stdout] 2 + use x::errorsx::Errorsx;
[INFO] [stdout]   |
[INFO] [stdout] 
[INFO] [stdout] error[E0425]: cannot find value `io_error` in this scope
[INFO] [stdout]  --> src/errorsx/mod.rs:25:18
[INFO] [stdout]   |
[INFO] [stdout] 7 |     .with_source(io_error)
[INFO] [stdout]   |                  ^^^^^^^^ not found in this scope
[INFO] [stdout] 
[INFO] [stdout] error: aborting due to 2 previous errors
[INFO] [stdout] 
[INFO] [stdout] Some errors have detailed explanations: E0425, E0433.
[INFO] [stdout] For more information about an error, try `rustc --explain E0425`.
[INFO] [stdout] Couldn't compile the test.
[INFO] [stdout] ---- src/uuidx/mod.rs - uuidx::generate_new_v4 (line 27) stdout ----
[INFO] [stdout] error[E0425]: cannot find function `generate_new_v4` in this scope
[INFO] [stdout]  --> src/uuidx/mod.rs:28:10
[INFO] [stdout]   |
[INFO] [stdout] 3 | let id = generate_new_v4();
[INFO] [stdout]   |          ^^^^^^^^^^^^^^^ not found in this scope
[INFO] [stdout]   |
[INFO] [stdout] help: consider importing this function
[INFO] [stdout]   |
[INFO] [stdout] 2 + use x::uuidx::generate_new_v4;
[INFO] [stdout]   |
[INFO] [stdout] 
[INFO] [stdout] error: aborting due to 1 previous error
[INFO] [stdout] 
[INFO] [stdout] For more information about this error, try `rustc --explain E0425`.
[INFO] [stdout] Couldn't compile the test.
[INFO] [stdout] 
[INFO] [stdout] failures:
[INFO] [stdout]     src/errorsx/mod.rs - errorsx (line 21)
[INFO] [stdout]     src/stringsx/case.rs - stringsx::case (line 8)
[INFO] [stdout]     src/stringsx/coalesce.rs - stringsx::coalesce (line 8)
[INFO] [stdout]     src/uuidx/mod.rs - uuidx (line 9)
[INFO] [stdout]     src/uuidx/mod.rs - uuidx::generate_new_v4 (line 27)
[INFO] [stdout] 
[INFO] [stdout] test result: FAILED. 0 passed; 5 failed; 0 ignored; 0 measured; 0 filtered out; finished in 0.21s
[INFO] [stdout] 
[INFO] running `Command { std: "docker" "inspect" "2e07030a89c3defebb3eb8dc46b6baea9dbe24ae01dfd331c788383afe91071f", kill_on_drop: false }`
[INFO] running `Command { std: "docker" "rm" "-f" "2e07030a89c3defebb3eb8dc46b6baea9dbe24ae01dfd331c788383afe91071f", kill_on_drop: false }`
[INFO] [stdout] 2e07030a89c3defebb3eb8dc46b6baea9dbe24ae01dfd331c788383afe91071f
