[INFO] cloning repository https://github.com/RetrospectionSoftware/csvrow
[INFO] running `Command { std: "git" "-c" "credential.helper=" "-c" "credential.helper=/workspace/cargo-home/bin/git-credential-null" "clone" "--bare" "https://github.com/RetrospectionSoftware/csvrow" "/workspace/cache/git-repos/https%3A%2F%2Fgithub.com%2FRetrospectionSoftware%2Fcsvrow", kill_on_drop: false }`
[INFO] [stderr] Cloning into bare repository '/workspace/cache/git-repos/https%3A%2F%2Fgithub.com%2FRetrospectionSoftware%2Fcsvrow'...
[INFO] running `Command { std: "git" "rev-parse" "HEAD", kill_on_drop: false }`
[INFO] [stdout] a88989878892d628b24df2a30ef87688b6069013
[INFO] testing RetrospectionSoftware/csvrow against beta-2024-12-08 for beta-1.84.0-4-retry
[INFO] running `Command { std: "git" "clone" "/workspace/cache/git-repos/https%3A%2F%2Fgithub.com%2FRetrospectionSoftware%2Fcsvrow" "/workspace/builds/worker-1-tc2/source", kill_on_drop: false }`
[INFO] [stderr] Cloning into '/workspace/builds/worker-1-tc2/source'...
[INFO] [stderr] done.
[INFO] validating manifest of git repo https://github.com/RetrospectionSoftware/csvrow on toolchain beta-2024-12-08
[INFO] running `Command { std: CARGO_HOME="/workspace/cargo-home" RUSTUP_HOME="/workspace/rustup-home" "/workspace/cargo-home/bin/cargo" "+beta-2024-12-08" "metadata" "--manifest-path" "Cargo.toml" "--no-deps", kill_on_drop: false }`
[INFO] started tweaking git repo https://github.com/RetrospectionSoftware/csvrow
[INFO] finished tweaking git repo https://github.com/RetrospectionSoftware/csvrow
[INFO] tweaked toml for git repo https://github.com/RetrospectionSoftware/csvrow written to /workspace/builds/worker-1-tc2/source/Cargo.toml
[INFO] crate git repo https://github.com/RetrospectionSoftware/csvrow already has a lockfile, it will not be regenerated
[INFO] running `Command { std: CARGO_HOME="/workspace/cargo-home" RUSTUP_HOME="/workspace/rustup-home" "/workspace/cargo-home/bin/cargo" "+beta-2024-12-08" "fetch" "--manifest-path" "Cargo.toml", kill_on_drop: false }`
[INFO] [stderr] warning: unused manifest key: package.author
[INFO] running `Command { std: "docker" "create" "-v" "/var/lib/crater-agent-workspace/builds/worker-1-tc2/target:/opt/rustwide/target:rw,Z" "-v" "/var/lib/crater-agent-workspace/builds/worker-1-tc2/source:/opt/rustwide/workdir:ro,Z" "-v" "/var/lib/crater-agent-workspace/cargo-home:/opt/rustwide/cargo-home:ro,Z" "-v" "/var/lib/crater-agent-workspace/rustup-home:/opt/rustwide/rustup-home:ro,Z" "-e" "SOURCE_DIR=/opt/rustwide/workdir" "-e" "CARGO_TARGET_DIR=/opt/rustwide/target" "-e" "CARGO_HOME=/opt/rustwide/cargo-home" "-e" "RUSTUP_HOME=/opt/rustwide/rustup-home" "-w" "/opt/rustwide/workdir" "-m" "1610612736" "--user" "0:0" "--network" "none" "ghcr.io/rust-lang/crates-build-env/linux@sha256:f3a9d4ad9d972b27faf3965f35b62e55ba32bbce8f20bc8fe909558a86702fde" "/opt/rustwide/cargo-home/bin/cargo" "+beta-2024-12-08" "metadata" "--no-deps" "--format-version=1", kill_on_drop: false }`
[INFO] [stdout] 4d0b46d70007562dfec7b878bcdaa6399a8bfe94e4734f12e251a30e3faa8063
[INFO] running `Command { std: "docker" "start" "-a" "4d0b46d70007562dfec7b878bcdaa6399a8bfe94e4734f12e251a30e3faa8063", kill_on_drop: false }`
[INFO] running `Command { std: "docker" "inspect" "4d0b46d70007562dfec7b878bcdaa6399a8bfe94e4734f12e251a30e3faa8063", kill_on_drop: false }`
[INFO] running `Command { std: "docker" "rm" "-f" "4d0b46d70007562dfec7b878bcdaa6399a8bfe94e4734f12e251a30e3faa8063", kill_on_drop: false }`
[INFO] [stdout] 4d0b46d70007562dfec7b878bcdaa6399a8bfe94e4734f12e251a30e3faa8063
[INFO] running `Command { std: "docker" "create" "-v" "/var/lib/crater-agent-workspace/builds/worker-1-tc2/target:/opt/rustwide/target:rw,Z" "-v" "/var/lib/crater-agent-workspace/builds/worker-1-tc2/source:/opt/rustwide/workdir:ro,Z" "-v" "/var/lib/crater-agent-workspace/cargo-home:/opt/rustwide/cargo-home:ro,Z" "-v" "/var/lib/crater-agent-workspace/rustup-home:/opt/rustwide/rustup-home:ro,Z" "-e" "SOURCE_DIR=/opt/rustwide/workdir" "-e" "CARGO_TARGET_DIR=/opt/rustwide/target" "-e" "CARGO_INCREMENTAL=0" "-e" "RUST_BACKTRACE=full" "-e" "RUSTFLAGS=--cap-lints=warn" "-e" "RUSTDOCFLAGS=--cap-lints=warn" "-e" "CARGO_HOME=/opt/rustwide/cargo-home" "-e" "RUSTUP_HOME=/opt/rustwide/rustup-home" "-w" "/opt/rustwide/workdir" "-m" "1610612736" "--user" "0:0" "--network" "none" "ghcr.io/rust-lang/crates-build-env/linux@sha256:f3a9d4ad9d972b27faf3965f35b62e55ba32bbce8f20bc8fe909558a86702fde" "/opt/rustwide/cargo-home/bin/cargo" "+beta-2024-12-08" "build" "--frozen" "--message-format=json", kill_on_drop: false }`
[INFO] [stdout] bb62d02c92defb8a6d1903835e99e79a2e501f577d8f7bca3a6c6274b1a95200
[INFO] running `Command { std: "docker" "start" "-a" "bb62d02c92defb8a6d1903835e99e79a2e501f577d8f7bca3a6c6274b1a95200", kill_on_drop: false }`
[INFO] [stderr] warning: unused manifest key: package.author
[INFO] [stderr]    Compiling csvrow v0.2.1 (/opt/rustwide/workdir)
[INFO] [stderr]     Finished `dev` profile [unoptimized + debuginfo] target(s) in 0.34s
[INFO] running `Command { std: "docker" "inspect" "bb62d02c92defb8a6d1903835e99e79a2e501f577d8f7bca3a6c6274b1a95200", kill_on_drop: false }`
[INFO] running `Command { std: "docker" "rm" "-f" "bb62d02c92defb8a6d1903835e99e79a2e501f577d8f7bca3a6c6274b1a95200", kill_on_drop: false }`
[INFO] [stdout] bb62d02c92defb8a6d1903835e99e79a2e501f577d8f7bca3a6c6274b1a95200
[INFO] running `Command { std: "docker" "create" "-v" "/var/lib/crater-agent-workspace/builds/worker-1-tc2/target:/opt/rustwide/target:rw,Z" "-v" "/var/lib/crater-agent-workspace/builds/worker-1-tc2/source:/opt/rustwide/workdir:ro,Z" "-v" "/var/lib/crater-agent-workspace/cargo-home:/opt/rustwide/cargo-home:ro,Z" "-v" "/var/lib/crater-agent-workspace/rustup-home:/opt/rustwide/rustup-home:ro,Z" "-e" "SOURCE_DIR=/opt/rustwide/workdir" "-e" "CARGO_TARGET_DIR=/opt/rustwide/target" "-e" "CARGO_INCREMENTAL=0" "-e" "RUST_BACKTRACE=full" "-e" "RUSTFLAGS=--cap-lints=warn" "-e" "RUSTDOCFLAGS=--cap-lints=warn" "-e" "CARGO_HOME=/opt/rustwide/cargo-home" "-e" "RUSTUP_HOME=/opt/rustwide/rustup-home" "-w" "/opt/rustwide/workdir" "-m" "1610612736" "--user" "0:0" "--network" "none" "ghcr.io/rust-lang/crates-build-env/linux@sha256:f3a9d4ad9d972b27faf3965f35b62e55ba32bbce8f20bc8fe909558a86702fde" "/opt/rustwide/cargo-home/bin/cargo" "+beta-2024-12-08" "test" "--frozen" "--no-run" "--message-format=json", kill_on_drop: false }`
[INFO] [stdout] a86367ca769b966e8eb753d307d1f5674d5afbfe9401da1eb2de2aa27052e35a
[INFO] running `Command { std: "docker" "start" "-a" "a86367ca769b966e8eb753d307d1f5674d5afbfe9401da1eb2de2aa27052e35a", kill_on_drop: false }`
[INFO] [stderr] warning: unused manifest key: package.author
[INFO] [stderr]    Compiling csvrow v0.2.1 (/opt/rustwide/workdir)
[INFO] [stderr]     Finished `test` profile [unoptimized + debuginfo] target(s) in 0.86s
[INFO] running `Command { std: "docker" "inspect" "a86367ca769b966e8eb753d307d1f5674d5afbfe9401da1eb2de2aa27052e35a", kill_on_drop: false }`
[INFO] running `Command { std: "docker" "rm" "-f" "a86367ca769b966e8eb753d307d1f5674d5afbfe9401da1eb2de2aa27052e35a", kill_on_drop: false }`
[INFO] [stdout] a86367ca769b966e8eb753d307d1f5674d5afbfe9401da1eb2de2aa27052e35a
[INFO] running `Command { std: "docker" "create" "-v" "/var/lib/crater-agent-workspace/builds/worker-1-tc2/target:/opt/rustwide/target:rw,Z" "-v" "/var/lib/crater-agent-workspace/builds/worker-1-tc2/source:/opt/rustwide/workdir:ro,Z" "-v" "/var/lib/crater-agent-workspace/cargo-home:/opt/rustwide/cargo-home:ro,Z" "-v" "/var/lib/crater-agent-workspace/rustup-home:/opt/rustwide/rustup-home:ro,Z" "-e" "SOURCE_DIR=/opt/rustwide/workdir" "-e" "CARGO_TARGET_DIR=/opt/rustwide/target" "-e" "CARGO_INCREMENTAL=0" "-e" "RUST_BACKTRACE=full" "-e" "RUSTFLAGS=--cap-lints=warn" "-e" "RUSTDOCFLAGS=--cap-lints=warn" "-e" "CARGO_HOME=/opt/rustwide/cargo-home" "-e" "RUSTUP_HOME=/opt/rustwide/rustup-home" "-w" "/opt/rustwide/workdir" "-m" "1610612736" "--user" "0:0" "--network" "none" "ghcr.io/rust-lang/crates-build-env/linux@sha256:f3a9d4ad9d972b27faf3965f35b62e55ba32bbce8f20bc8fe909558a86702fde" "/opt/rustwide/cargo-home/bin/cargo" "+beta-2024-12-08" "test" "--frozen", kill_on_drop: false }`
[INFO] [stdout] 0e4389eb03e735c42f58682179ea7a33732a5b6ab13b007acefff3c55404dccf
[INFO] running `Command { std: "docker" "start" "-a" "0e4389eb03e735c42f58682179ea7a33732a5b6ab13b007acefff3c55404dccf", kill_on_drop: false }`
[INFO] [stderr] warning: unused manifest key: package.author
[INFO] [stderr]     Finished `test` profile [unoptimized + debuginfo] target(s) in 0.02s
[INFO] [stderr]      Running unittests src/lib.rs (/opt/rustwide/target/debug/deps/csvrow-14ffffaf715330f6)
[INFO] [stdout] 
[INFO] [stdout] running 16 tests
[INFO] [stdout] test tests::blank_field_mid_string ... ok
[INFO] [stdout] test tests::can_parse_csv_with_empty_quoted_field ... ok
[INFO] [stdout] test tests::can_parse_simple_csv ... ok
[INFO] [stdout] test tests::can_parse_csv_with_quoted_field_containing_delim ... ok
[INFO] [stdout] test tests::can_parse_empty_row ... ok
[INFO] [stdout] test tests::can_parse_csv_with_quoted_field_containing_quote ... ok
[INFO] [stdout] test tests::can_parse_simple_csv_with_quoted_field ... ok
[INFO] [stdout] test tests::can_parse_one_field_csv ... ok
[INFO] [stdout] test tests::can_parse_simple_csv_with_spaces ... ok
[INFO] [stdout] test tests::can_parse_tiny_csv_with_non_ascii ... ok
[INFO] [stdout] test tests::can_parse_tiny_csv ... ok
[INFO] [stdout] test tests::escapes_complex_string ... ok
[INFO] [stdout] test tests::does_not_escape_simple_string ... ok
[INFO] [stdout] test tests::trailing_comma_yields_empty_string ... ok
[INFO] [stdout] test tests::can_parse_csv_with_orphaned_quote ... ok
[INFO] [stderr]    Doc-tests csvrow
[INFO] [stdout] test tests::can_parse_csv_with_premature_close_quote ... ok
[INFO] [stdout] 
[INFO] [stdout] test result: ok. 16 passed; 0 failed; 0 ignored; 0 measured; 0 filtered out; finished in 0.01s
[INFO] [stdout] 
[INFO] [stdout] 
[INFO] [stdout] running 2 tests
[INFO] [stdout] test src/lib.rs - CsvRow<'a>::new (line 23) ... FAILED
[INFO] [stdout] test src/lib.rs - escape (line 114) ... ok
[INFO] [stdout] 
[INFO] [stdout] failures:
[INFO] [stdout] 
[INFO] [stdout] ---- src/lib.rs - CsvRow<'a>::new (line 23) stdout ----
[INFO] [stdout] error[E0432]: unresolved import `CsvRow`
[INFO] [stdout]  --> src/lib.rs:24:5
[INFO] [stdout]   |
[INFO] [stdout] 3 | use CsvRow::*;
[INFO] [stdout]   |     ^^^^^^ use of undeclared type `CsvRow`
[INFO] [stdout] 
[INFO] [stdout] error: aborting due to 1 previous error
[INFO] [stdout] 
[INFO] [stdout] For more information about this error, try `rustc --explain E0432`.
[INFO] [stdout] Couldn't compile the test.
[INFO] [stdout] 
[INFO] [stdout] failures:
[INFO] [stdout]     src/lib.rs - CsvRow<'a>::new (line 23)
[INFO] [stdout] 
[INFO] [stdout] test result: FAILED. 1 passed; 1 failed; 0 ignored; 0 measured; 0 filtered out; finished in 0.45s
[INFO] [stdout] 
[INFO] [stderr] error: doctest failed, to rerun pass `--doc`
[INFO] running `Command { std: "docker" "inspect" "0e4389eb03e735c42f58682179ea7a33732a5b6ab13b007acefff3c55404dccf", kill_on_drop: false }`
[INFO] running `Command { std: "docker" "rm" "-f" "0e4389eb03e735c42f58682179ea7a33732a5b6ab13b007acefff3c55404dccf", kill_on_drop: false }`
[INFO] [stdout] 0e4389eb03e735c42f58682179ea7a33732a5b6ab13b007acefff3c55404dccf
