[INFO] cloning repository https://github.com/RemiKalbe/gtfs-schedule
[INFO] running `Command { std: "git" "-c" "credential.helper=" "-c" "credential.helper=/workspace/cargo-home/bin/git-credential-null" "clone" "--bare" "https://github.com/RemiKalbe/gtfs-schedule" "/workspace/cache/git-repos/https%3A%2F%2Fgithub.com%2FRemiKalbe%2Fgtfs-schedule", kill_on_drop: false }`
[INFO] [stderr] Cloning into bare repository '/workspace/cache/git-repos/https%3A%2F%2Fgithub.com%2FRemiKalbe%2Fgtfs-schedule'...
[INFO] running `Command { std: "git" "rev-parse" "HEAD", kill_on_drop: false }`
[INFO] [stdout] a439b8fd5f25159aecd4dd969514cd4a10d63904
[INFO] testing RemiKalbe/gtfs-schedule against 1.83.0 for beta-1.84.0-4-retry
[INFO] running `Command { std: "git" "clone" "/workspace/cache/git-repos/https%3A%2F%2Fgithub.com%2FRemiKalbe%2Fgtfs-schedule" "/workspace/builds/worker-6-tc1/source", kill_on_drop: false }`
[INFO] [stderr] Cloning into '/workspace/builds/worker-6-tc1/source'...
[INFO] [stderr] done.
[INFO] validating manifest of git repo https://github.com/RemiKalbe/gtfs-schedule on toolchain 1.83.0
[INFO] running `Command { std: CARGO_HOME="/workspace/cargo-home" RUSTUP_HOME="/workspace/rustup-home" "/workspace/cargo-home/bin/cargo" "+1.83.0" "metadata" "--manifest-path" "Cargo.toml" "--no-deps", kill_on_drop: false }`
[INFO] started tweaking git repo https://github.com/RemiKalbe/gtfs-schedule
[INFO] finished tweaking git repo https://github.com/RemiKalbe/gtfs-schedule
[INFO] tweaked toml for git repo https://github.com/RemiKalbe/gtfs-schedule written to /workspace/builds/worker-6-tc1/source/Cargo.toml
[INFO] crate git repo https://github.com/RemiKalbe/gtfs-schedule already has a lockfile, it will not be regenerated
[INFO] running `Command { std: CARGO_HOME="/workspace/cargo-home" RUSTUP_HOME="/workspace/rustup-home" "/workspace/cargo-home/bin/cargo" "+1.83.0" "fetch" "--manifest-path" "Cargo.toml", kill_on_drop: false }`
[INFO] [stderr]     Updating crates.io index
[INFO] [stderr]  Downloading crates ...
[INFO] [stderr]   Downloaded oxilangtag v0.1.5
[INFO] [stderr]   Downloaded oncemutex v0.1.1
[INFO] [stderr]   Downloaded iso_country v0.1.4
[INFO] [stderr]   Downloaded regex-cache v0.2.1
[INFO] [stderr]   Downloaded iso_currency v0.4.4
[INFO] [stderr]   Downloaded email_address v0.2.5
[INFO] [stderr]   Downloaded temp-env v0.3.6
[INFO] [stderr]   Downloaded rstar v0.12.0
[INFO] [stderr]   Downloaded geo v0.28.0
[INFO] [stderr]   Downloaded phonenumber v0.3.6+8.13.36
[INFO] running `Command { std: "docker" "create" "-v" "/var/lib/crater-agent-workspace/builds/worker-6-tc1/target:/opt/rustwide/target:rw,Z" "-v" "/var/lib/crater-agent-workspace/builds/worker-6-tc1/source:/opt/rustwide/workdir:ro,Z" "-v" "/var/lib/crater-agent-workspace/cargo-home:/opt/rustwide/cargo-home:ro,Z" "-v" "/var/lib/crater-agent-workspace/rustup-home:/opt/rustwide/rustup-home:ro,Z" "-e" "SOURCE_DIR=/opt/rustwide/workdir" "-e" "CARGO_TARGET_DIR=/opt/rustwide/target" "-e" "CARGO_HOME=/opt/rustwide/cargo-home" "-e" "RUSTUP_HOME=/opt/rustwide/rustup-home" "-w" "/opt/rustwide/workdir" "-m" "1610612736" "--user" "0:0" "--network" "none" "ghcr.io/rust-lang/crates-build-env/linux@sha256:f3a9d4ad9d972b27faf3965f35b62e55ba32bbce8f20bc8fe909558a86702fde" "/opt/rustwide/cargo-home/bin/cargo" "+1.83.0" "metadata" "--no-deps" "--format-version=1", kill_on_drop: false }`
[INFO] [stdout] 814e65d8abbd7accfe5602a707ad2e22e72a53bf33a004e449e9e631e99e4d1a
[INFO] running `Command { std: "docker" "start" "-a" "814e65d8abbd7accfe5602a707ad2e22e72a53bf33a004e449e9e631e99e4d1a", kill_on_drop: false }`
[INFO] running `Command { std: "docker" "inspect" "814e65d8abbd7accfe5602a707ad2e22e72a53bf33a004e449e9e631e99e4d1a", kill_on_drop: false }`
[INFO] running `Command { std: "docker" "rm" "-f" "814e65d8abbd7accfe5602a707ad2e22e72a53bf33a004e449e9e631e99e4d1a", kill_on_drop: false }`
[INFO] [stdout] 814e65d8abbd7accfe5602a707ad2e22e72a53bf33a004e449e9e631e99e4d1a
[INFO] running `Command { std: "docker" "create" "-v" "/var/lib/crater-agent-workspace/builds/worker-6-tc1/target:/opt/rustwide/target:rw,Z" "-v" "/var/lib/crater-agent-workspace/builds/worker-6-tc1/source:/opt/rustwide/workdir:ro,Z" "-v" "/var/lib/crater-agent-workspace/cargo-home:/opt/rustwide/cargo-home:ro,Z" "-v" "/var/lib/crater-agent-workspace/rustup-home:/opt/rustwide/rustup-home:ro,Z" "-e" "SOURCE_DIR=/opt/rustwide/workdir" "-e" "CARGO_TARGET_DIR=/opt/rustwide/target" "-e" "CARGO_INCREMENTAL=0" "-e" "RUST_BACKTRACE=full" "-e" "RUSTFLAGS=--cap-lints=warn" "-e" "RUSTDOCFLAGS=--cap-lints=warn" "-e" "CARGO_HOME=/opt/rustwide/cargo-home" "-e" "RUSTUP_HOME=/opt/rustwide/rustup-home" "-w" "/opt/rustwide/workdir" "-m" "1610612736" "--user" "0:0" "--network" "none" "ghcr.io/rust-lang/crates-build-env/linux@sha256:f3a9d4ad9d972b27faf3965f35b62e55ba32bbce8f20bc8fe909558a86702fde" "/opt/rustwide/cargo-home/bin/cargo" "+1.83.0" "build" "--frozen" "--message-format=json", kill_on_drop: false }`
[INFO] [stdout] 8fbc4f205e6441dd9865a4b54e1e41259c76adc4de4b6c40a33da480b42f1785
[INFO] running `Command { std: "docker" "start" "-a" "8fbc4f205e6441dd9865a4b54e1e41259c76adc4de4b6c40a33da480b42f1785", kill_on_drop: false }`
[INFO] [stderr]    Compiling proc-macro2 v1.0.86
[INFO] [stderr]    Compiling autocfg v1.3.0
[INFO] [stderr]    Compiling memchr v2.7.4
[INFO] [stderr]    Compiling serde v1.0.204
[INFO] [stderr]    Compiling libm v0.2.8
[INFO] [stderr]    Compiling regex-syntax v0.8.4
[INFO] [stderr]    Compiling siphasher v0.3.11
[INFO] [stderr]    Compiling smallvec v1.13.2
[INFO] [stderr]    Compiling rand_core v0.6.4
[INFO] [stderr]    Compiling libc v0.2.155
[INFO] [stderr]    Compiling thiserror v1.0.63
[INFO] [stderr]    Compiling zerocopy v0.7.35
[INFO] [stderr]    Compiling ahash v0.8.11
[INFO] [stderr]    Compiling byteorder v1.5.0
[INFO] [stderr]    Compiling rustversion v1.0.17
[INFO] [stderr]    Compiling rand v0.8.5
[INFO] [stderr]    Compiling parking_lot_core v0.9.10
[INFO] [stderr]    Compiling phf_shared v0.11.2
[INFO] [stderr]    Compiling ident_case v1.0.1
[INFO] [stderr]    Compiling heapless v0.8.0
[INFO] [stderr]    Compiling once_cell v1.19.0
[INFO] [stderr]    Compiling either v1.13.0
[INFO] [stderr]    Compiling strsim v0.11.1
[INFO] [stderr]    Compiling hash32 v0.3.1
[INFO] [stderr]    Compiling num-traits v0.2.19
[INFO] [stderr]    Compiling lock_api v0.4.12
[INFO] [stderr]    Compiling phf v0.11.2
[INFO] [stderr]    Compiling aho-corasick v1.1.3
[INFO] [stderr]    Compiling allocator-api2 v0.2.18
[INFO] [stderr]    Compiling stable_deref_trait v1.2.0
[INFO] [stderr]    Compiling tinyvec v1.8.0
[INFO] [stderr]    Compiling quick-xml v0.31.0
[INFO] [stderr]    Compiling syn v1.0.109
[INFO] [stderr]    Compiling crossbeam-utils v0.8.20
[INFO] [stderr]    Compiling phf_generator v0.11.2
[INFO] [stderr]    Compiling lazy_static v1.5.0
[INFO] [stderr]    Compiling heck v0.5.0
[INFO] [stderr]    Compiling quote v1.0.36
[INFO] [stderr]    Compiling phf_codegen v0.11.2
[INFO] [stderr]    Compiling linked-hash-map v0.5.6
[INFO] [stderr]    Compiling itertools v0.11.0
[INFO] [stderr]    Compiling hashbrown v0.14.5
[INFO] [stderr]    Compiling lru-cache v0.1.2
[INFO] [stderr]    Compiling syn v2.0.71
[INFO] [stderr]    Compiling minimal-lexical v0.2.1
[INFO] [stderr]    Compiling robust v1.1.0
[INFO] [stderr]    Compiling serde_json v1.0.120
[INFO] [stderr]    Compiling unicode-bidi v0.3.15
[INFO] [stderr]    Compiling itoa v1.0.11
[INFO] [stderr]    Compiling iana-time-zone v0.1.60
[INFO] [stderr]    Compiling unicode-normalization v0.1.23
[INFO] [stderr]    Compiling regex-automata v0.4.7
[INFO] [stderr]    Compiling oncemutex v0.1.1
[INFO] [stderr]    Compiling ryu v1.0.18
[INFO] [stderr]    Compiling regex-syntax v0.6.29
[INFO] [stderr]    Compiling iso_currency v0.4.4
[INFO] [stderr]    Compiling nom v7.1.3
[INFO] [stderr]    Compiling parking_lot v0.12.3
[INFO] [stderr]    Compiling approx v0.5.1
[INFO] [stderr]    Compiling rstar v0.12.0
[INFO] [stderr]    Compiling idna v0.5.0
[INFO] [stderr]    Compiling spade v2.9.0
[INFO] [stderr]    Compiling iso_country v0.1.4
[INFO] [stderr]    Compiling geographiclib-rs v0.2.4
[INFO] [stderr]    Compiling itertools v0.12.1
[INFO] [stderr]    Compiling csv-core v0.1.11
[INFO] [stderr]    Compiling log v0.4.22
[INFO] [stderr]    Compiling unicode-width v0.1.13
[INFO] [stderr]    Compiling float_next_after v1.0.0
[INFO] [stderr]    Compiling earcutr v0.4.3
[INFO] [stderr]    Compiling dashmap v6.0.1
[INFO] [stderr]    Compiling temp-env v0.3.6
[INFO] [stderr]    Compiling bincode v1.3.3
[INFO] [stderr]    Compiling regex v1.10.5
[INFO] [stderr]    Compiling parse-zoneinfo v0.3.1
[INFO] [stderr]    Compiling regex-cache v0.2.1
[INFO] [stderr]    Compiling gtfs-schedule-macros v0.1.0 (/opt/rustwide/workdir/gtfs-schedule-macros)
[INFO] [stderr]    Compiling chrono-tz-build v0.3.0
[INFO] [stderr]    Compiling darling_core v0.20.10
[INFO] [stderr]    Compiling chrono-tz v0.9.0
[INFO] [stderr]    Compiling serde_derive v1.0.204
[INFO] [stderr]    Compiling thiserror-impl v1.0.63
[INFO] [stderr]    Compiling strum_macros v0.26.4
[INFO] [stderr]    Compiling miette-derive v7.2.0
[INFO] [stderr]    Compiling serde_repr v0.1.19
[INFO] [stderr]    Compiling darling_macro v0.20.10
[INFO] [stderr]    Compiling miette v7.2.0
[INFO] [stderr]    Compiling darling v0.20.10
[INFO] [stderr]    Compiling strum v0.26.3
[INFO] [stderr]    Compiling serde_with_macros v3.9.0
[INFO] [stderr]    Compiling phonenumber v0.3.6+8.13.36
[INFO] [stderr]    Compiling geo-types v0.7.13
[INFO] [stderr]    Compiling chrono v0.4.38
[INFO] [stderr]    Compiling email_address v0.2.5
[INFO] [stderr]    Compiling oxilangtag v0.1.5
[INFO] [stderr]    Compiling serde_with v3.9.0
[INFO] [stderr]    Compiling csv v1.3.0
[INFO] [stderr]    Compiling url v2.5.2
[INFO] [stderr]    Compiling geo v0.28.0
[INFO] [stderr]    Compiling gtfs-schedule v0.1.0 (/opt/rustwide/workdir/gtfs-schedule)
[INFO] [stderr]     Finished `dev` profile [unoptimized + debuginfo] target(s) in 52.98s
[INFO] running `Command { std: "docker" "inspect" "8fbc4f205e6441dd9865a4b54e1e41259c76adc4de4b6c40a33da480b42f1785", kill_on_drop: false }`
[INFO] running `Command { std: "docker" "rm" "-f" "8fbc4f205e6441dd9865a4b54e1e41259c76adc4de4b6c40a33da480b42f1785", kill_on_drop: false }`
[INFO] [stdout] 8fbc4f205e6441dd9865a4b54e1e41259c76adc4de4b6c40a33da480b42f1785
[INFO] running `Command { std: "docker" "create" "-v" "/var/lib/crater-agent-workspace/builds/worker-6-tc1/target:/opt/rustwide/target:rw,Z" "-v" "/var/lib/crater-agent-workspace/builds/worker-6-tc1/source:/opt/rustwide/workdir:ro,Z" "-v" "/var/lib/crater-agent-workspace/cargo-home:/opt/rustwide/cargo-home:ro,Z" "-v" "/var/lib/crater-agent-workspace/rustup-home:/opt/rustwide/rustup-home:ro,Z" "-e" "SOURCE_DIR=/opt/rustwide/workdir" "-e" "CARGO_TARGET_DIR=/opt/rustwide/target" "-e" "CARGO_INCREMENTAL=0" "-e" "RUST_BACKTRACE=full" "-e" "RUSTFLAGS=--cap-lints=warn" "-e" "RUSTDOCFLAGS=--cap-lints=warn" "-e" "CARGO_HOME=/opt/rustwide/cargo-home" "-e" "RUSTUP_HOME=/opt/rustwide/rustup-home" "-w" "/opt/rustwide/workdir" "-m" "1610612736" "--user" "0:0" "--network" "none" "ghcr.io/rust-lang/crates-build-env/linux@sha256:f3a9d4ad9d972b27faf3965f35b62e55ba32bbce8f20bc8fe909558a86702fde" "/opt/rustwide/cargo-home/bin/cargo" "+1.83.0" "test" "--frozen" "--no-run" "--message-format=json", kill_on_drop: false }`
[INFO] [stdout] c48814f432f75a42073b2c4fdf8e28ea5c6231b352661bc1fefcbac613943a61
[INFO] running `Command { std: "docker" "start" "-a" "c48814f432f75a42073b2c4fdf8e28ea5c6231b352661bc1fefcbac613943a61", kill_on_drop: false }`
[INFO] [stderr]    Compiling cc v1.1.5
[INFO] [stderr]    Compiling rustix v0.38.34
[INFO] [stderr]    Compiling gimli v0.29.0
[INFO] [stderr]    Compiling miniz_oxide v0.7.4
[INFO] [stderr]    Compiling object v0.36.1
[INFO] [stderr]    Compiling linux-raw-sys v0.4.14
[INFO] [stderr]    Compiling bitflags v2.6.0
[INFO] [stderr]    Compiling rustc-demangle v0.1.24
[INFO] [stderr]    Compiling smawk v0.3.2
[INFO] [stderr]    Compiling unicode-linebreak v0.1.5
[INFO] [stderr]    Compiling is_ci v1.2.0
[INFO] [stderr]    Compiling gtfs-schedule-macros v0.1.0 (/opt/rustwide/workdir/gtfs-schedule-macros)
[INFO] [stderr]    Compiling supports-unicode v3.0.0
[INFO] [stderr]    Compiling supports-hyperlinks v3.0.0
[INFO] [stderr]    Compiling owo-colors v4.0.0
[INFO] [stderr]    Compiling supports-color v3.0.0
[INFO] [stderr]    Compiling textwrap v0.16.1
[INFO] [stderr]    Compiling terminal_size v0.3.0
[INFO] [stderr]    Compiling backtrace v0.3.73
[INFO] [stderr]    Compiling addr2line v0.22.0
[INFO] [stderr]    Compiling backtrace-ext v0.2.1
[INFO] [stderr]    Compiling miette v7.2.0
[INFO] [stderr]    Compiling gtfs-schedule v0.1.0 (/opt/rustwide/workdir/gtfs-schedule)
[INFO] [stderr]     Finished `test` profile [unoptimized + debuginfo] target(s) in 22.94s
[INFO] running `Command { std: "docker" "inspect" "c48814f432f75a42073b2c4fdf8e28ea5c6231b352661bc1fefcbac613943a61", kill_on_drop: false }`
[INFO] running `Command { std: "docker" "rm" "-f" "c48814f432f75a42073b2c4fdf8e28ea5c6231b352661bc1fefcbac613943a61", kill_on_drop: false }`
[INFO] [stdout] c48814f432f75a42073b2c4fdf8e28ea5c6231b352661bc1fefcbac613943a61
[INFO] running `Command { std: "docker" "create" "-v" "/var/lib/crater-agent-workspace/builds/worker-6-tc1/target:/opt/rustwide/target:rw,Z" "-v" "/var/lib/crater-agent-workspace/builds/worker-6-tc1/source:/opt/rustwide/workdir:ro,Z" "-v" "/var/lib/crater-agent-workspace/cargo-home:/opt/rustwide/cargo-home:ro,Z" "-v" "/var/lib/crater-agent-workspace/rustup-home:/opt/rustwide/rustup-home:ro,Z" "-e" "SOURCE_DIR=/opt/rustwide/workdir" "-e" "CARGO_TARGET_DIR=/opt/rustwide/target" "-e" "CARGO_INCREMENTAL=0" "-e" "RUST_BACKTRACE=full" "-e" "RUSTFLAGS=--cap-lints=warn" "-e" "RUSTDOCFLAGS=--cap-lints=warn" "-e" "CARGO_HOME=/opt/rustwide/cargo-home" "-e" "RUSTUP_HOME=/opt/rustwide/rustup-home" "-w" "/opt/rustwide/workdir" "-m" "1610612736" "--user" "0:0" "--network" "none" "ghcr.io/rust-lang/crates-build-env/linux@sha256:f3a9d4ad9d972b27faf3965f35b62e55ba32bbce8f20bc8fe909558a86702fde" "/opt/rustwide/cargo-home/bin/cargo" "+1.83.0" "test" "--frozen", kill_on_drop: false }`
[INFO] [stdout] 1c801a59f51277d39236a56452ccd8fa1775c53ef49e10bf15ea243d9be0b542
[INFO] running `Command { std: "docker" "start" "-a" "1c801a59f51277d39236a56452ccd8fa1775c53ef49e10bf15ea243d9be0b542", kill_on_drop: false }`
[INFO] [stderr]     Finished `test` profile [unoptimized + debuginfo] target(s) in 0.32s
[INFO] [stderr]      Running unittests src/lib.rs (/opt/rustwide/target/debug/deps/gtfs_schedule-cb8aa650675ca6d5)
[INFO] [stderr]      Running tests/datasets.rs (/opt/rustwide/target/debug/deps/datasets-916fe6de7e5e322e)
[INFO] [stdout] 
[INFO] [stdout] running 0 tests
[INFO] [stdout] 
[INFO] [stdout] test result: ok. 0 passed; 0 failed; 0 ignored; 0 measured; 0 filtered out; finished in 0.00s
[INFO] [stdout] 
[INFO] [stdout] 
[INFO] [stdout] running 6 tests
[INFO] [stdout] test test_good_feed_au_sydney_entrances ... ok
[INFO] [stdout] test test_good_feed_default ... ok
[INFO] [stdout] test test_good_flatten_feed ... ok
[INFO] [stdout] test test_good_google_transit ... ok
[INFO] [stdout] test test_good_utf8_bom ... ok
[INFO] [stdout] test test_bad_date_format ... FAILED
[INFO] [stdout] 
[INFO] [stdout] failures:
[INFO] [stdout] 
[INFO] [stdout] ---- test_bad_date_format stdout ----
[INFO] [stdout] thread 'test_bad_date_format' panicked at gtfs-schedule/tests/datasets.rs:17:13:
[INFO] [stdout] assertion `left == right` failed: Error message doesn't match. Expected: ParseError(ParseError { kind: Csv(Error(Deserialize { pos: Some(Position { byte: 31, line: 1, record: 1 }), err: DeserializeError { field: None, kind: Message("Invalid date format: input contains invalid characters") } })), context: [] }), Got: ParseError(ParseError { kind: Csv(Error(Deserialize { pos: Some(Position { byte: 88, line: 1, record: 1 }), err: DeserializeError { field: None, kind: Message("Invalid date format: input contains invalid characters") } })), context: [ErrorContext("Failed to deserialize calendar.txt at position: Position { byte: 88, line: 1, record: 1 }; Cell: \"1\"")] })
[INFO] [stdout]   left: "Parse error: CSV error: CSV deserialize error: record 1 (line: 1, byte: 88): Invalid date format: input contains invalid characters"
[INFO] [stdout]  right: "Parse error: CSV error: CSV deserialize error: record 1 (line: 1, byte: 31): Invalid date format: input contains invalid characters"
[INFO] [stdout] stack backtrace:
[INFO] [stdout]    0:     0x6119758dc77a - std::backtrace_rs::backtrace::libunwind::trace::h5a5b8284f2d0c266
[INFO] [stdout]                                at /rustc/90b35a6239c3d8bdabc530a6a0816f7ff89a0aaf/library/std/src/../../backtrace/src/backtrace/libunwind.rs:116:5
[INFO] [stdout]    1:     0x6119758dc77a - std::backtrace_rs::backtrace::trace_unsynchronized::h76d4f1c9b0b875e3
[INFO] [stdout]                                at /rustc/90b35a6239c3d8bdabc530a6a0816f7ff89a0aaf/library/std/src/../../backtrace/src/backtrace/mod.rs:66:5
[INFO] [stdout]    2:     0x6119758dc77a - std::sys::backtrace::_print_fmt::hc4546b8364a537c6
[INFO] [stdout]                                at /rustc/90b35a6239c3d8bdabc530a6a0816f7ff89a0aaf/library/std/src/sys/backtrace.rs:66:9
[INFO] [stdout]    3:     0x6119758dc77a - <std::sys::backtrace::BacktraceLock::print::DisplayBacktrace as core::fmt::Display>::fmt::h5b6bd5631a6d1f6b
[INFO] [stdout]                                at /rustc/90b35a6239c3d8bdabc530a6a0816f7ff89a0aaf/library/std/src/sys/backtrace.rs:39:26
[INFO] [stdout]    4:     0x611975905a13 - core::fmt::rt::Argument::fmt::h270f6602a2b96f62
[INFO] [stdout]                                at /rustc/90b35a6239c3d8bdabc530a6a0816f7ff89a0aaf/library/core/src/fmt/rt.rs:177:76
[INFO] [stdout]    5:     0x611975905a13 - core::fmt::write::h7550c97b06c86515
[INFO] [stdout]                                at /rustc/90b35a6239c3d8bdabc530a6a0816f7ff89a0aaf/library/core/src/fmt/mod.rs:1186:21
[INFO] [stdout]    6:     0x6119758d9743 - std::io::Write::write_fmt::h509ff860e5956e5e
[INFO] [stdout]                                at /rustc/90b35a6239c3d8bdabc530a6a0816f7ff89a0aaf/library/std/src/io/mod.rs:1839:15
[INFO] [stdout]    7:     0x6119758dc5c2 - std::sys::backtrace::BacktraceLock::print::h2395ccd2c84ba3aa
[INFO] [stdout]                                at /rustc/90b35a6239c3d8bdabc530a6a0816f7ff89a0aaf/library/std/src/sys/backtrace.rs:42:9
[INFO] [stdout]    8:     0x6119758ddbda - std::panicking::default_hook::{{closure}}::he19d4c7230e07961
[INFO] [stdout]                                at /rustc/90b35a6239c3d8bdabc530a6a0816f7ff89a0aaf/library/std/src/panicking.rs:268:22
[INFO] [stdout]    9:     0x6119758dd9e4 - std::panicking::default_hook::hf614597d3c67bbdb
[INFO] [stdout]                                at /rustc/90b35a6239c3d8bdabc530a6a0816f7ff89a0aaf/library/std/src/panicking.rs:292:9
[INFO] [stdout]   10:     0x6119756269e9 - <alloc::boxed::Box<F,A> as core::ops::function::Fn<Args>>::call::h39b51ce4599c23d1
[INFO] [stdout]                                at /rustc/90b35a6239c3d8bdabc530a6a0816f7ff89a0aaf/library/alloc/src/boxed.rs:2468:9
[INFO] [stdout]   11:     0x6119756269e9 - test::test_main::{{closure}}::he977ae839a582784
[INFO] [stdout]                                at /rustc/90b35a6239c3d8bdabc530a6a0816f7ff89a0aaf/library/test/src/lib.rs:133:21
[INFO] [stdout]   12:     0x6119758de278 - <alloc::boxed::Box<F,A> as core::ops::function::Fn<Args>>::call::h9455091b6b06f9fb
[INFO] [stdout]                                at /rustc/90b35a6239c3d8bdabc530a6a0816f7ff89a0aaf/library/alloc/src/boxed.rs:2468:9
[INFO] [stdout]   13:     0x6119758de278 - std::panicking::rust_panic_with_hook::h8942133a8b252070
[INFO] [stdout]                                at /rustc/90b35a6239c3d8bdabc530a6a0816f7ff89a0aaf/library/std/src/panicking.rs:809:13
[INFO] [stdout]   14:     0x6119758de03a - std::panicking::begin_panic_handler::{{closure}}::hb5f5963570096b29
[INFO] [stdout]                                at /rustc/90b35a6239c3d8bdabc530a6a0816f7ff89a0aaf/library/std/src/panicking.rs:674:13
[INFO] [stdout]   15:     0x6119758dcc59 - std::sys::backtrace::__rust_end_short_backtrace::h6208cedc1922feda
[INFO] [stdout]                                at /rustc/90b35a6239c3d8bdabc530a6a0816f7ff89a0aaf/library/std/src/sys/backtrace.rs:170:18
[INFO] [stdout]   16:     0x6119758ddccc - rust_begin_unwind
[INFO] [stdout]                                at /rustc/90b35a6239c3d8bdabc530a6a0816f7ff89a0aaf/library/std/src/panicking.rs:665:5
[INFO] [stdout]   17:     0x6119755e0c40 - core::panicking::panic_fmt::h0c3082644d1bf418
[INFO] [stdout]                                at /rustc/90b35a6239c3d8bdabc530a6a0816f7ff89a0aaf/library/core/src/panicking.rs:74:14
[INFO] [stdout]   18:     0x6119755e1044 - core::panicking::assert_failed_inner::h2ddf1fcc067fa858
[INFO] [stdout]   19:     0x6119755e38af - core::panicking::assert_failed::hcde165f09413e3b0
[INFO] [stdout]                                at /rustc/90b35a6239c3d8bdabc530a6a0816f7ff89a0aaf/library/core/src/panicking.rs:367:5
[INFO] [stdout]   20:     0x6119755e633d - datasets::test_dataset::h657777dc6490f0c8
[INFO] [stdout]                                at /opt/rustwide/workdir/gtfs-schedule/tests/datasets.rs:17:13
[INFO] [stdout]   21:     0x6119755e691b - datasets::test_bad_date_format::h7c26b4a42e4b4cdc
[INFO] [stdout]                                at /opt/rustwide/workdir/gtfs-schedule/tests/datasets.rs:135:5
[INFO] [stdout]   22:     0x6119755e6757 - datasets::test_bad_date_format::{{closure}}::h244e9410d14a864c
[INFO] [stdout]                                at /opt/rustwide/workdir/gtfs-schedule/tests/datasets.rs:117:26
[INFO] [stdout]   23:     0x6119755e2886 - core::ops::function::FnOnce::call_once::h4a03363a0f7ebbaa
[INFO] [stdout]                                at /rustc/90b35a6239c3d8bdabc530a6a0816f7ff89a0aaf/library/core/src/ops/function.rs:250:5
[INFO] [stdout]   24:     0x61197562b3ab - core::ops::function::FnOnce::call_once::h109cf8051a59b34e
[INFO] [stdout]                                at /rustc/90b35a6239c3d8bdabc530a6a0816f7ff89a0aaf/library/core/src/ops/function.rs:250:5
[INFO] [stdout]   25:     0x61197562b3ab - test::__rust_begin_short_backtrace::hf4fff89d377446ba
[INFO] [stdout]                                at /rustc/90b35a6239c3d8bdabc530a6a0816f7ff89a0aaf/library/test/src/lib.rs:621:18
[INFO] [stdout]   26:     0x61197562abe7 - test::run_test_in_process::{{closure}}::h0e39181dd7ee5a43
[INFO] [stdout]                                at /rustc/90b35a6239c3d8bdabc530a6a0816f7ff89a0aaf/library/test/src/lib.rs:644:60
[INFO] [stdout]   27:     0x61197562abe7 - <core::panic::unwind_safe::AssertUnwindSafe<F> as core::ops::function::FnOnce<()>>::call_once::hc5a66a30f0bdfd1f
[INFO] [stdout]                                at /rustc/90b35a6239c3d8bdabc530a6a0816f7ff89a0aaf/library/core/src/panic/unwind_safe.rs:272:9
[INFO] [stdout]   28:     0x61197562abe7 - std::panicking::try::do_call::h873b7cf639554a5e
[INFO] [stdout]                                at /rustc/90b35a6239c3d8bdabc530a6a0816f7ff89a0aaf/library/std/src/panicking.rs:557:40
[INFO] [stdout]   29:     0x61197562abe7 - std::panicking::try::hdb19862fad9c8bd1
[INFO] [stdout]                                at /rustc/90b35a6239c3d8bdabc530a6a0816f7ff89a0aaf/library/std/src/panicking.rs:520:19
[INFO] [stdout]   30:     0x61197562abe7 - std::panic::catch_unwind::h281fe732d236d260
[INFO] [stdout]                                at /rustc/90b35a6239c3d8bdabc530a6a0816f7ff89a0aaf/library/std/src/panic.rs:358:14
[INFO] [stdout]   31:     0x61197562abe7 - test::run_test_in_process::h949b6df8457ed338
[INFO] [stdout]                                at /rustc/90b35a6239c3d8bdabc530a6a0816f7ff89a0aaf/library/test/src/lib.rs:644:27
[INFO] [stdout]   32:     0x61197562abe7 - test::run_test::{{closure}}::h52c556a6d4740e10
[INFO] [stdout]                                at /rustc/90b35a6239c3d8bdabc530a6a0816f7ff89a0aaf/library/test/src/lib.rs:565:43
[INFO] [stdout]   33:     0x6119755efec4 - test::run_test::{{closure}}::h4237f6381c45ccb9
[INFO] [stdout]                                at /rustc/90b35a6239c3d8bdabc530a6a0816f7ff89a0aaf/library/test/src/lib.rs:595:41
[INFO] [stdout]   34:     0x6119755efec4 - std::sys::backtrace::__rust_begin_short_backtrace::h505c97a579eca628
[INFO] [stdout]                                at /rustc/90b35a6239c3d8bdabc530a6a0816f7ff89a0aaf/library/std/src/sys/backtrace.rs:154:18
[INFO] [stderr] error: test failed, to rerun pass `-p gtfs-schedule --test datasets`
[INFO] [stdout]   35:     0x6119755f358e - std::thread::Builder::spawn_unchecked_::{{closure}}::{{closure}}::h9e86b2e2bc107ea3
[INFO] [stdout]                                at /rustc/90b35a6239c3d8bdabc530a6a0816f7ff89a0aaf/library/std/src/thread/mod.rs:538:17
[INFO] [stdout]   36:     0x6119755f358e - <core::panic::unwind_safe::AssertUnwindSafe<F> as core::ops::function::FnOnce<()>>::call_once::h8b06ddb275ff4a25
[INFO] [stdout]                                at /rustc/90b35a6239c3d8bdabc530a6a0816f7ff89a0aaf/library/core/src/panic/unwind_safe.rs:272:9
[INFO] [stdout]   37:     0x6119755f358e - std::panicking::try::do_call::hb26ecd7cd9a9355d
[INFO] [stdout]                                at /rustc/90b35a6239c3d8bdabc530a6a0816f7ff89a0aaf/library/std/src/panicking.rs:557:40
[INFO] [stdout]   38:     0x6119755f358e - std::panicking::try::h8ddeca9d705f9069
[INFO] [stdout]                                at /rustc/90b35a6239c3d8bdabc530a6a0816f7ff89a0aaf/library/std/src/panicking.rs:520:19
[INFO] [stdout]   39:     0x6119755f358e - std::panic::catch_unwind::h49e1c33078844c46
[INFO] [stdout]                                at /rustc/90b35a6239c3d8bdabc530a6a0816f7ff89a0aaf/library/std/src/panic.rs:358:14
[INFO] [stdout]   40:     0x6119755f358e - std::thread::Builder::spawn_unchecked_::{{closure}}::h6073db6ff56ad35d
[INFO] [stdout]                                at /rustc/90b35a6239c3d8bdabc530a6a0816f7ff89a0aaf/library/std/src/thread/mod.rs:537:30
[INFO] [stdout]   41:     0x6119755f358e - core::ops::function::FnOnce::call_once{{vtable.shim}}::h2c5a5f3779c774f1
[INFO] [stdout]                                at /rustc/90b35a6239c3d8bdabc530a6a0816f7ff89a0aaf/library/core/src/ops/function.rs:250:5
[INFO] [stdout]   42:     0x6119758e28bb - <alloc::boxed::Box<F,A> as core::ops::function::FnOnce<Args>>::call_once::hf75717d9f28faebf
[INFO] [stdout]                                at /rustc/90b35a6239c3d8bdabc530a6a0816f7ff89a0aaf/library/alloc/src/boxed.rs:2454:9
[INFO] [stdout]   43:     0x6119758e28bb - <alloc::boxed::Box<F,A> as core::ops::function::FnOnce<Args>>::call_once::h7bd883a5f3c5f3c1
[INFO] [stdout]                                at /rustc/90b35a6239c3d8bdabc530a6a0816f7ff89a0aaf/library/alloc/src/boxed.rs:2454:9
[INFO] [stdout]   44:     0x6119758e28bb - std::sys::pal::unix::thread::Thread::new::thread_start::hcc78f3943333fa94
[INFO] [stdout]                                at /rustc/90b35a6239c3d8bdabc530a6a0816f7ff89a0aaf/library/std/src/sys/pal/unix/thread.rs:105:17
[INFO] [stdout]   45:     0x740fe0b6cac3 - <unknown>
[INFO] [stdout]   46:     0x740fe0bfda04 - clone
[INFO] [stdout]   47:                0x0 - <unknown>
[INFO] [stdout] 
[INFO] [stdout] 
[INFO] [stdout] failures:
[INFO] [stdout]     test_bad_date_format
[INFO] [stdout] 
[INFO] [stdout] test result: FAILED. 5 passed; 1 failed; 0 ignored; 0 measured; 0 filtered out; finished in 0.11s
[INFO] [stdout] 
[INFO] running `Command { std: "docker" "inspect" "1c801a59f51277d39236a56452ccd8fa1775c53ef49e10bf15ea243d9be0b542", kill_on_drop: false }`
[INFO] running `Command { std: "docker" "rm" "-f" "1c801a59f51277d39236a56452ccd8fa1775c53ef49e10bf15ea243d9be0b542", kill_on_drop: false }`
[INFO] [stdout] 1c801a59f51277d39236a56452ccd8fa1775c53ef49e10bf15ea243d9be0b542
