[INFO] cloning repository https://github.com/Razer2015/BFLogger
[INFO] running `Command { std: "git" "-c" "credential.helper=" "-c" "credential.helper=/workspace/cargo-home/bin/git-credential-null" "clone" "--bare" "https://github.com/Razer2015/BFLogger" "/workspace/cache/git-repos/https%3A%2F%2Fgithub.com%2FRazer2015%2FBFLogger", kill_on_drop: false }`
[INFO] [stderr] Cloning into bare repository '/workspace/cache/git-repos/https%3A%2F%2Fgithub.com%2FRazer2015%2FBFLogger'...
[INFO] running `Command { std: "git" "rev-parse" "HEAD", kill_on_drop: false }`
[INFO] [stdout] 704d4d6828044441b861461a6e4798be5cacf8b7
[INFO] testing Razer2015/BFLogger against 1.83.0 for beta-1.84.0-4-retry
[INFO] running `Command { std: "git" "clone" "/workspace/cache/git-repos/https%3A%2F%2Fgithub.com%2FRazer2015%2FBFLogger" "/workspace/builds/worker-3-tc1/source", kill_on_drop: false }`
[INFO] [stderr] Cloning into '/workspace/builds/worker-3-tc1/source'...
[INFO] [stderr] done.
[INFO] validating manifest of git repo https://github.com/Razer2015/BFLogger on toolchain 1.83.0
[INFO] running `Command { std: CARGO_HOME="/workspace/cargo-home" RUSTUP_HOME="/workspace/rustup-home" "/workspace/cargo-home/bin/cargo" "+1.83.0" "metadata" "--manifest-path" "Cargo.toml" "--no-deps", kill_on_drop: false }`
[INFO] started tweaking git repo https://github.com/Razer2015/BFLogger
[INFO] finished tweaking git repo https://github.com/Razer2015/BFLogger
[INFO] tweaked toml for git repo https://github.com/Razer2015/BFLogger written to /workspace/builds/worker-3-tc1/source/Cargo.toml
[INFO] crate git repo https://github.com/Razer2015/BFLogger already has a lockfile, it will not be regenerated
[INFO] running `Command { std: CARGO_HOME="/workspace/cargo-home" RUSTUP_HOME="/workspace/rustup-home" "/workspace/cargo-home/bin/cargo" "+1.83.0" "fetch" "--manifest-path" "Cargo.toml", kill_on_drop: false }`
[INFO] [stderr]     Updating crates.io index
[INFO] [stderr]  Downloading crates ...
[INFO] [stderr]   Downloaded tokio-macros v1.5.1
[INFO] [stderr]   Downloaded influxdb_derive v0.5.0
[INFO] [stderr]   Downloaded influxdb v0.5.0
[INFO] [stderr]   Downloaded serde-aux v2.3.0
[INFO] [stderr]   Downloaded hyper v0.14.14
[INFO] [stderr]   Downloaded tokio v1.13.0
[INFO] [stderr]   Downloaded libc v0.2.106
[INFO] running `Command { std: "docker" "create" "-v" "/var/lib/crater-agent-workspace/builds/worker-3-tc1/target:/opt/rustwide/target:rw,Z" "-v" "/var/lib/crater-agent-workspace/builds/worker-3-tc1/source:/opt/rustwide/workdir:ro,Z" "-v" "/var/lib/crater-agent-workspace/cargo-home:/opt/rustwide/cargo-home:ro,Z" "-v" "/var/lib/crater-agent-workspace/rustup-home:/opt/rustwide/rustup-home:ro,Z" "-e" "SOURCE_DIR=/opt/rustwide/workdir" "-e" "CARGO_TARGET_DIR=/opt/rustwide/target" "-e" "CARGO_HOME=/opt/rustwide/cargo-home" "-e" "RUSTUP_HOME=/opt/rustwide/rustup-home" "-w" "/opt/rustwide/workdir" "-m" "1610612736" "--user" "0:0" "--network" "none" "ghcr.io/rust-lang/crates-build-env/linux@sha256:f3a9d4ad9d972b27faf3965f35b62e55ba32bbce8f20bc8fe909558a86702fde" "/opt/rustwide/cargo-home/bin/cargo" "+1.83.0" "metadata" "--no-deps" "--format-version=1", kill_on_drop: false }`
[INFO] [stdout] 2512a172121e2c1503ce135ac19f58c88cb14f9891c700660cba851ac579f24a
[INFO] running `Command { std: "docker" "start" "-a" "2512a172121e2c1503ce135ac19f58c88cb14f9891c700660cba851ac579f24a", kill_on_drop: false }`
[INFO] running `Command { std: "docker" "inspect" "2512a172121e2c1503ce135ac19f58c88cb14f9891c700660cba851ac579f24a", kill_on_drop: false }`
[INFO] running `Command { std: "docker" "rm" "-f" "2512a172121e2c1503ce135ac19f58c88cb14f9891c700660cba851ac579f24a", kill_on_drop: false }`
[INFO] [stdout] 2512a172121e2c1503ce135ac19f58c88cb14f9891c700660cba851ac579f24a
[INFO] running `Command { std: "docker" "create" "-v" "/var/lib/crater-agent-workspace/builds/worker-3-tc1/target:/opt/rustwide/target:rw,Z" "-v" "/var/lib/crater-agent-workspace/builds/worker-3-tc1/source:/opt/rustwide/workdir:ro,Z" "-v" "/var/lib/crater-agent-workspace/cargo-home:/opt/rustwide/cargo-home:ro,Z" "-v" "/var/lib/crater-agent-workspace/rustup-home:/opt/rustwide/rustup-home:ro,Z" "-e" "SOURCE_DIR=/opt/rustwide/workdir" "-e" "CARGO_TARGET_DIR=/opt/rustwide/target" "-e" "CARGO_INCREMENTAL=0" "-e" "RUST_BACKTRACE=full" "-e" "RUSTFLAGS=--cap-lints=warn" "-e" "RUSTDOCFLAGS=--cap-lints=warn" "-e" "CARGO_HOME=/opt/rustwide/cargo-home" "-e" "RUSTUP_HOME=/opt/rustwide/rustup-home" "-w" "/opt/rustwide/workdir" "-m" "1610612736" "--user" "0:0" "--network" "none" "ghcr.io/rust-lang/crates-build-env/linux@sha256:f3a9d4ad9d972b27faf3965f35b62e55ba32bbce8f20bc8fe909558a86702fde" "/opt/rustwide/cargo-home/bin/cargo" "+1.83.0" "build" "--frozen" "--message-format=json", kill_on_drop: false }`
[INFO] [stdout] b50d359ade1cf60970c8d135e6174225271277b5878cb98578a1391866f6ec04
[INFO] running `Command { std: "docker" "start" "-a" "b50d359ade1cf60970c8d135e6174225271277b5878cb98578a1391866f6ec04", kill_on_drop: false }`
[INFO] [stderr]    Compiling autocfg v1.0.1
[INFO] [stderr]    Compiling proc-macro2 v1.0.32
[INFO] [stderr]    Compiling unicode-xid v0.2.2
[INFO] [stderr]    Compiling syn v1.0.81
[INFO] [stderr]    Compiling libc v0.2.106
[INFO] [stderr]    Compiling cfg-if v1.0.0
[INFO] [stderr]    Compiling log v0.4.14
[INFO] [stderr]    Compiling memchr v2.4.1
[INFO] [stderr]    Compiling pin-project-lite v0.2.7
[INFO] [stderr]    Compiling cc v1.0.71
[INFO] [stderr]    Compiling itoa v0.4.8
[INFO] [stderr]    Compiling bytes v1.1.0
[INFO] [stderr]    Compiling futures-core v0.3.17
[INFO] [stderr]    Compiling tokio v1.13.0
[INFO] [stderr]    Compiling spin v0.5.2
[INFO] [stderr]    Compiling proc-macro-hack v0.5.19
[INFO] [stderr]    Compiling serde_derive v1.0.130
[INFO] [stderr]    Compiling once_cell v1.8.0
[INFO] [stderr]    Compiling untrusted v0.7.1
[INFO] [stderr]    Compiling num_cpus v1.13.0
[INFO] [stderr]    Compiling mio v0.7.14
[INFO] [stderr]    Compiling futures-macro v0.3.17
[INFO] [stderr]    Compiling futures-task v0.3.17
[INFO] [stderr]    Compiling proc-macro-nested v0.1.7
[INFO] [stderr]    Compiling ring v0.16.20
[INFO] [stderr]    Compiling serde v1.0.130
[INFO] [stderr]    Compiling futures-util v0.3.17
[INFO] [stderr]    Compiling indexmap v1.7.0
[INFO] [stderr]    Compiling quote v1.0.10
[INFO] [stderr]    Compiling ryu v1.0.5
[INFO] [stderr]    Compiling lazy_static v1.4.0
[INFO] [stderr]    Compiling fnv v1.0.7
[INFO] [stderr]    Compiling tracing-core v0.1.21
[INFO] [stderr]    Compiling http v0.2.5
[INFO] [stderr]    Compiling num-traits v0.2.14
[INFO] [stderr]    Compiling futures-channel v0.3.17
[INFO] [stderr]    Compiling tinyvec_macros v0.1.0
[INFO] [stderr]    Compiling matches v0.1.9
[INFO] [stderr]    Compiling httparse v1.5.1
[INFO] [stderr]    Compiling hashbrown v0.11.2
[INFO] [stderr]    Compiling futures-io v0.3.17
[INFO] [stderr]    Compiling slab v0.4.5
[INFO] [stderr]    Compiling pin-utils v0.1.0
[INFO] [stderr]    Compiling futures-sink v0.3.17
[INFO] [stderr]    Compiling tracing v0.1.29
[INFO] [stderr]    Compiling tinyvec v1.5.0
[INFO] [stderr]    Compiling num-integer v0.1.44
[INFO] [stderr]    Compiling serde_json v1.0.68
[INFO] [stderr]    Compiling try-lock v0.2.3
[INFO] [stderr]    Compiling percent-encoding v2.1.0
[INFO] [stderr]    Compiling base64 v0.13.0
[INFO] [stderr]    Compiling want v0.3.0
[INFO] [stderr]    Compiling form_urlencoded v1.0.1
[INFO] [stderr]    Compiling unicode-normalization v0.1.19
[INFO] [stderr]    Compiling socket2 v0.4.2
[INFO] [stderr]    Compiling tower-service v0.3.1
[INFO] [stderr]    Compiling httpdate v1.0.1
[INFO] [stderr]    Compiling encoding_rs v0.8.29
[INFO] [stderr]    Compiling http-body v0.4.4
[INFO] [stderr]    Compiling unicode-bidi v0.3.7
[INFO] [stderr]    Compiling time v0.1.44
[INFO] [stderr]    Compiling idna v0.2.3
[INFO] [stderr]    Compiling anyhow v1.0.45
[INFO] [stderr]    Compiling ipnet v2.3.1
[INFO] [stderr]    Compiling mime v0.3.16
[INFO] [stderr]    Compiling aho-corasick v0.7.18
[INFO] [stderr]    Compiling url v2.2.2
[INFO] [stderr]    Compiling webpki v0.21.4
[INFO] [stderr]    Compiling sct v0.6.1
[INFO] [stderr]    Compiling rustls v0.19.1
[INFO] [stderr]    Compiling webpki-roots v0.21.1
[INFO] [stderr]    Compiling regex-syntax v0.6.25
[INFO] [stderr]    Compiling dotenv v0.15.0
[INFO] [stderr]    Compiling tokio-macros v1.5.1
[INFO] [stderr]    Compiling thiserror-impl v1.0.30
[INFO] [stderr]    Compiling influxdb_derive v0.5.0
[INFO] [stderr]    Compiling regex v1.5.4
[INFO] [stderr]    Compiling thiserror v1.0.30
[INFO] [stderr]    Compiling tokio-util v0.6.9
[INFO] [stderr]    Compiling tokio-rustls v0.22.0
[INFO] [stderr]    Compiling h2 v0.3.7
[INFO] [stderr]    Compiling chrono v0.4.19
[INFO] [stderr]    Compiling serde_urlencoded v0.7.0
[INFO] [stderr]    Compiling hyper v0.14.14
[INFO] [stderr]    Compiling serde-aux v2.3.0
[INFO] [stderr]    Compiling hyper-rustls v0.22.1
[INFO] [stderr]    Compiling reqwest v0.11.6
[INFO] [stderr]    Compiling influxdb v0.5.0
[INFO] [stderr]    Compiling battlelog v0.1.0 (/opt/rustwide/workdir/battlelog)
[INFO] [stderr]    Compiling companionapi v0.0.1 (/opt/rustwide/workdir/companionapi)
[INFO] [stdout] warning: unused doc comment
[INFO] [stdout]   --> companionapi/src/companion_api.rs:47:9
[INFO] [stdout]    |
[INFO] [stdout] 47 | /         /// Login flow
[INFO] [stdout] 48 | |         /// 1. GET | https://accounts.ea.com/connect/auth?locale=en_US&state=bf4&redirect_uri=https%3A%2F%2Fbattlelog.battlefield.com%2Fsso%2F%3Ftokentype%3Dcode&response_type=code&client_id=battlelog&display=web%2Flogin
[INFO] [stdout] 49 | |         /// 2. GET | Go to the location of the step 1
[INFO] [stdout] 50 | |         /// 3. GET | Go to the location of the step 2 (save response cookies for the next queries)
[INFO] [stdout] ...  |
[INFO] [stdout] 77 | |         /// Finish login
[INFO] [stdout] 78 | |         /// 1. GET | https://accounts.ea.com/connect/auth?initref_replay=false&display=web%2Flogin&response_type=code&redirect_uri=https%3A%2F%2Fbattlelog.battlefield.com%2Fsso%2F%3Ftokentype%3Dcode&locale=en_US&client_id=battlelog&fid=<fid from step 1 Location>
[INFO] [stdout]    | |______________________________________________________________________________________________________________________________________________________________________________________________________________________________________________________________________^
[INFO] [stdout] 79 | /         let login_page = self.client
[INFO] [stdout] 80 | |             .get("https://accounts.ea.com/connect/auth?locale=en_US&state=bf4&redirect_uri=https%3A%2F%2Fbattlelog.battlefield.com%2Fsso%2F%3Ftokentype%3Dcode&response_type=code&client_id=battlelog&display=web%2Flogin")
[INFO] [stdout] 81 | |             .send()
[INFO] [stdout] 82 | |             .await?;
[INFO] [stdout]    | |____________________- rustdoc does not generate documentation for statements
[INFO] [stdout]    |
[INFO] [stdout]    = help: use `//` for a plain comment
[INFO] [stdout]    = note: `#[warn(unused_doc_comments)]` on by default
[INFO] [stdout] 
[INFO] [stdout] 
[INFO] [stdout] warning: unused variable: `location`
[INFO] [stdout]   --> companionapi/src/companion_api.rs:84:13
[INFO] [stdout]    |
[INFO] [stdout] 84 |         let location = login_page.headers().get("Location").unwrap();
[INFO] [stdout]    |             ^^^^^^^^ help: if this is intentional, prefix it with an underscore: `_location`
[INFO] [stdout]    |
[INFO] [stdout]    = note: `#[warn(unused_variables)]` on by default
[INFO] [stdout] 
[INFO] [stdout] 
[INFO] [stdout] warning: fields `email` and `password` are never read
[INFO] [stdout]  --> companionapi/src/companion_api.rs:4:5
[INFO] [stdout]   |
[INFO] [stdout] 3 | pub struct CompanionAPI {
[INFO] [stdout]   |            ------------ fields in this struct
[INFO] [stdout] 4 |     email: String,
[INFO] [stdout]   |     ^^^^^
[INFO] [stdout] 5 |     password: String,
[INFO] [stdout]   |     ^^^^^^^^
[INFO] [stdout]   |
[INFO] [stdout]   = note: `#[warn(dead_code)]` on by default
[INFO] [stdout] 
[INFO] [stdout] 
[INFO] [stderr]    Compiling bflogger v0.1.0 (/opt/rustwide/workdir/bflogger)
[INFO] [stderr]     Finished `dev` profile [unoptimized + debuginfo] target(s) in 1m 32s
[INFO] running `Command { std: "docker" "inspect" "b50d359ade1cf60970c8d135e6174225271277b5878cb98578a1391866f6ec04", kill_on_drop: false }`
[INFO] running `Command { std: "docker" "rm" "-f" "b50d359ade1cf60970c8d135e6174225271277b5878cb98578a1391866f6ec04", kill_on_drop: false }`
[INFO] [stdout] b50d359ade1cf60970c8d135e6174225271277b5878cb98578a1391866f6ec04
[INFO] running `Command { std: "docker" "create" "-v" "/var/lib/crater-agent-workspace/builds/worker-3-tc1/target:/opt/rustwide/target:rw,Z" "-v" "/var/lib/crater-agent-workspace/builds/worker-3-tc1/source:/opt/rustwide/workdir:ro,Z" "-v" "/var/lib/crater-agent-workspace/cargo-home:/opt/rustwide/cargo-home:ro,Z" "-v" "/var/lib/crater-agent-workspace/rustup-home:/opt/rustwide/rustup-home:ro,Z" "-e" "SOURCE_DIR=/opt/rustwide/workdir" "-e" "CARGO_TARGET_DIR=/opt/rustwide/target" "-e" "CARGO_INCREMENTAL=0" "-e" "RUST_BACKTRACE=full" "-e" "RUSTFLAGS=--cap-lints=warn" "-e" "RUSTDOCFLAGS=--cap-lints=warn" "-e" "CARGO_HOME=/opt/rustwide/cargo-home" "-e" "RUSTUP_HOME=/opt/rustwide/rustup-home" "-w" "/opt/rustwide/workdir" "-m" "1610612736" "--user" "0:0" "--network" "none" "ghcr.io/rust-lang/crates-build-env/linux@sha256:f3a9d4ad9d972b27faf3965f35b62e55ba32bbce8f20bc8fe909558a86702fde" "/opt/rustwide/cargo-home/bin/cargo" "+1.83.0" "test" "--frozen" "--no-run" "--message-format=json", kill_on_drop: false }`
[INFO] [stdout] 4accec5a1f965203fbee6ccc115528958905b7919fd9e855d42302fba514cf2b
[INFO] running `Command { std: "docker" "start" "-a" "4accec5a1f965203fbee6ccc115528958905b7919fd9e855d42302fba514cf2b", kill_on_drop: false }`
[INFO] [stdout] warning: unused doc comment
[INFO] [stdout]   --> companionapi/src/companion_api.rs:47:9
[INFO] [stdout]    |
[INFO] [stdout] 47 | /         /// Login flow
[INFO] [stdout] 48 | |         /// 1. GET | https://accounts.ea.com/connect/auth?locale=en_US&state=bf4&redirect_uri=https%3A%2F%2Fbattlelog.battlefield.com%2Fsso%2F%3Ftokentype%3Dcode&response_type=code&client_id=battlelog&display=web%2Flogin
[INFO] [stdout] 49 | |         /// 2. GET | Go to the location of the step 1
[INFO] [stdout] 50 | |         /// 3. GET | Go to the location of the step 2 (save response cookies for the next queries)
[INFO] [stdout] ...  |
[INFO] [stdout] 77 | |         /// Finish login
[INFO] [stdout] 78 | |         /// 1. GET | https://accounts.ea.com/connect/auth?initref_replay=false&display=web%2Flogin&response_type=code&redirect_uri=https%3A%2F%2Fbattlelog.battlefield.com%2Fsso%2F%3Ftokentype%3Dcode&locale=en_US&client_id=battlelog&fid=<fid from step 1 Location>
[INFO] [stdout]    | |______________________________________________________________________________________________________________________________________________________________________________________________________________________________________________________________________^
[INFO] [stdout] 79 | /         let login_page = self.client
[INFO] [stdout] 80 | |             .get("https://accounts.ea.com/connect/auth?locale=en_US&state=bf4&redirect_uri=https%3A%2F%2Fbattlelog.battlefield.com%2Fsso%2F%3Ftokentype%3Dcode&response_type=code&client_id=battlelog&display=web%2Flogin")
[INFO] [stdout] 81 | |             .send()
[INFO] [stdout] 82 | |             .await?;
[INFO] [stdout]    | |____________________- rustdoc does not generate documentation for statements
[INFO] [stdout]    |
[INFO] [stdout]    = help: use `//` for a plain comment
[INFO] [stdout]    = note: `#[warn(unused_doc_comments)]` on by default
[INFO] [stdout] 
[INFO] [stdout] 
[INFO] [stdout] warning: unused variable: `location`
[INFO] [stdout]   --> companionapi/src/companion_api.rs:84:13
[INFO] [stdout]    |
[INFO] [stdout] 84 |         let location = login_page.headers().get("Location").unwrap();
[INFO] [stdout]    |             ^^^^^^^^ help: if this is intentional, prefix it with an underscore: `_location`
[INFO] [stdout]    |
[INFO] [stdout]    = note: `#[warn(unused_variables)]` on by default
[INFO] [stdout] 
[INFO] [stdout] 
[INFO] [stdout] warning: fields `email` and `password` are never read
[INFO] [stdout]  --> companionapi/src/companion_api.rs:4:5
[INFO] [stdout]   |
[INFO] [stdout] 3 | pub struct CompanionAPI {
[INFO] [stdout]   |            ------------ fields in this struct
[INFO] [stdout] 4 |     email: String,
[INFO] [stdout]   |     ^^^^^
[INFO] [stdout] 5 |     password: String,
[INFO] [stdout]   |     ^^^^^^^^
[INFO] [stdout]   |
[INFO] [stdout]   = note: `#[warn(dead_code)]` on by default
[INFO] [stdout] 
[INFO] [stdout] 
[INFO] [stderr]    Compiling companionapi v0.0.1 (/opt/rustwide/workdir/companionapi)
[INFO] [stderr]    Compiling battlelog v0.1.0 (/opt/rustwide/workdir/battlelog)
[INFO] [stderr]    Compiling bflogger v0.1.0 (/opt/rustwide/workdir/bflogger)
[INFO] [stdout] warning: unused doc comment
[INFO] [stdout]   --> companionapi/src/companion_api.rs:47:9
[INFO] [stdout]    |
[INFO] [stdout] 47 | /         /// Login flow
[INFO] [stdout] 48 | |         /// 1. GET | https://accounts.ea.com/connect/auth?locale=en_US&state=bf4&redirect_uri=https%3A%2F%2Fbattlelog.battlefield.com%2Fsso%2F%3Ftokentype%3Dcode&response_type=code&client_id=battlelog&display=web%2Flogin
[INFO] [stdout] 49 | |         /// 2. GET | Go to the location of the step 1
[INFO] [stdout] 50 | |         /// 3. GET | Go to the location of the step 2 (save response cookies for the next queries)
[INFO] [stdout] ...  |
[INFO] [stdout] 77 | |         /// Finish login
[INFO] [stdout] 78 | |         /// 1. GET | https://accounts.ea.com/connect/auth?initref_replay=false&display=web%2Flogin&response_type=code&redirect_uri=https%3A%2F%2Fbattlelog.battlefield.com%2Fsso%2F%3Ftokentype%3Dcode&locale=en_US&client_id=battlelog&fid=<fid from step 1 Location>
[INFO] [stdout]    | |______________________________________________________________________________________________________________________________________________________________________________________________________________________________________________________________________^
[INFO] [stdout] 79 | /         let login_page = self.client
[INFO] [stdout] 80 | |             .get("https://accounts.ea.com/connect/auth?locale=en_US&state=bf4&redirect_uri=https%3A%2F%2Fbattlelog.battlefield.com%2Fsso%2F%3Ftokentype%3Dcode&response_type=code&client_id=battlelog&display=web%2Flogin")
[INFO] [stdout] 81 | |             .send()
[INFO] [stdout] 82 | |             .await?;
[INFO] [stdout]    | |____________________- rustdoc does not generate documentation for statements
[INFO] [stdout]    |
[INFO] [stdout]    = help: use `//` for a plain comment
[INFO] [stdout]    = note: `#[warn(unused_doc_comments)]` on by default
[INFO] [stdout] 
[INFO] [stdout] 
[INFO] [stdout] warning: unused variable: `location`
[INFO] [stdout]   --> companionapi/src/companion_api.rs:84:13
[INFO] [stdout]    |
[INFO] [stdout] 84 |         let location = login_page.headers().get("Location").unwrap();
[INFO] [stdout]    |             ^^^^^^^^ help: if this is intentional, prefix it with an underscore: `_location`
[INFO] [stdout]    |
[INFO] [stdout]    = note: `#[warn(unused_variables)]` on by default
[INFO] [stdout] 
[INFO] [stdout] 
[INFO] [stdout] warning: fields `email` and `password` are never read
[INFO] [stdout]  --> companionapi/src/companion_api.rs:4:5
[INFO] [stdout]   |
[INFO] [stdout] 3 | pub struct CompanionAPI {
[INFO] [stdout]   |            ------------ fields in this struct
[INFO] [stdout] 4 |     email: String,
[INFO] [stdout]   |     ^^^^^
[INFO] [stdout] 5 |     password: String,
[INFO] [stdout]   |     ^^^^^^^^
[INFO] [stdout]   |
[INFO] [stdout]   = note: `#[warn(dead_code)]` on by default
[INFO] [stdout] 
[INFO] [stdout] 
[INFO] [stdout] warning: unused `std::result::Result` that must be used
[INFO] [stdout]   --> companionapi/src/lib.rs:10:9
[INFO] [stdout]    |
[INFO] [stdout] 10 |         companion_api.login().await;
[INFO] [stdout]    |         ^^^^^^^^^^^^^^^^^^^^^^^^^^^
[INFO] [stdout]    |
[INFO] [stdout]    = note: this `Result` may be an `Err` variant, which should be handled
[INFO] [stdout]    = note: `#[warn(unused_must_use)]` on by default
[INFO] [stdout] help: use `let _ = ...` to ignore the resulting value
[INFO] [stdout]    |
[INFO] [stdout] 10 |         let _ = companion_api.login().await;
[INFO] [stdout]    |         +++++++
[INFO] [stdout] 
[INFO] [stdout] 
[INFO] [stderr]     Finished `test` profile [unoptimized + debuginfo] target(s) in 6.45s
[INFO] running `Command { std: "docker" "inspect" "4accec5a1f965203fbee6ccc115528958905b7919fd9e855d42302fba514cf2b", kill_on_drop: false }`
[INFO] running `Command { std: "docker" "rm" "-f" "4accec5a1f965203fbee6ccc115528958905b7919fd9e855d42302fba514cf2b", kill_on_drop: false }`
[INFO] [stdout] 4accec5a1f965203fbee6ccc115528958905b7919fd9e855d42302fba514cf2b
[INFO] running `Command { std: "docker" "create" "-v" "/var/lib/crater-agent-workspace/builds/worker-3-tc1/target:/opt/rustwide/target:rw,Z" "-v" "/var/lib/crater-agent-workspace/builds/worker-3-tc1/source:/opt/rustwide/workdir:ro,Z" "-v" "/var/lib/crater-agent-workspace/cargo-home:/opt/rustwide/cargo-home:ro,Z" "-v" "/var/lib/crater-agent-workspace/rustup-home:/opt/rustwide/rustup-home:ro,Z" "-e" "SOURCE_DIR=/opt/rustwide/workdir" "-e" "CARGO_TARGET_DIR=/opt/rustwide/target" "-e" "CARGO_INCREMENTAL=0" "-e" "RUST_BACKTRACE=full" "-e" "RUSTFLAGS=--cap-lints=warn" "-e" "RUSTDOCFLAGS=--cap-lints=warn" "-e" "CARGO_HOME=/opt/rustwide/cargo-home" "-e" "RUSTUP_HOME=/opt/rustwide/rustup-home" "-w" "/opt/rustwide/workdir" "-m" "1610612736" "--user" "0:0" "--network" "none" "ghcr.io/rust-lang/crates-build-env/linux@sha256:f3a9d4ad9d972b27faf3965f35b62e55ba32bbce8f20bc8fe909558a86702fde" "/opt/rustwide/cargo-home/bin/cargo" "+1.83.0" "test" "--frozen", kill_on_drop: false }`
[INFO] [stdout] a9213d648f39948c65d3ff8ad410ee035a414b25d21b5f38510b609f4aebb8bc
[INFO] running `Command { std: "docker" "start" "-a" "a9213d648f39948c65d3ff8ad410ee035a414b25d21b5f38510b609f4aebb8bc", kill_on_drop: false }`
[INFO] [stderr] warning: unused doc comment
[INFO] [stderr]   --> companionapi/src/companion_api.rs:47:9
[INFO] [stderr]    |
[INFO] [stderr] 47 | /         /// Login flow
[INFO] [stderr] 48 | |         /// 1. GET | https://accounts.ea.com/connect/auth?locale=en_US&state=bf4&redirect_uri=https%3A%2F%2Fbattlelog.battlefield.com%2Fsso%2F%3Ftokentype%3Dcode&response_type=code&client_id=battlelog&display=web%2Flogin
[INFO] [stderr] 49 | |         /// 2. GET | Go to the location of the step 1
[INFO] [stderr] 50 | |         /// 3. GET | Go to the location of the step 2 (save response cookies for the next queries)
[INFO] [stderr] ...  |
[INFO] [stderr] 77 | |         /// Finish login
[INFO] [stderr] 78 | |         /// 1. GET | https://accounts.ea.com/connect/auth?initref_replay=false&display=web%2Flogin&response_type=code&redirect_uri=https%3A%2F%2Fbattlelog.battlefield.com%2Fsso%2F%3Ftokentype%3Dcode&locale=en_US&client_id=battlelog&fid=<fid from step 1 Location>
[INFO] [stderr]    | |______________________________________________________________________________________________________________________________________________________________________________________________________________________________________________________________________^
[INFO] [stderr] 79 | /         let login_page = self.client
[INFO] [stderr] 80 | |             .get("https://accounts.ea.com/connect/auth?locale=en_US&state=bf4&redirect_uri=https%3A%2F%2Fbattlelog.battlefield.com%2Fsso%2F%3Ftokentype%3Dcode&response_type=code&client_id=battlelog&display=web%2Flogin")
[INFO] [stderr] 81 | |             .send()
[INFO] [stderr] 82 | |             .await?;
[INFO] [stderr]    | |____________________- rustdoc does not generate documentation for statements
[INFO] [stderr]    |
[INFO] [stderr]    = help: use `//` for a plain comment
[INFO] [stderr]    = note: `#[warn(unused_doc_comments)]` on by default
[INFO] [stderr] 
[INFO] [stderr] warning: unused variable: `location`
[INFO] [stderr]   --> companionapi/src/companion_api.rs:84:13
[INFO] [stderr]    |
[INFO] [stderr] 84 |         let location = login_page.headers().get("Location").unwrap();
[INFO] [stderr]    |             ^^^^^^^^ help: if this is intentional, prefix it with an underscore: `_location`
[INFO] [stderr]    |
[INFO] [stderr]    = note: `#[warn(unused_variables)]` on by default
[INFO] [stderr] 
[INFO] [stderr] warning: fields `email` and `password` are never read
[INFO] [stderr]  --> companionapi/src/companion_api.rs:4:5
[INFO] [stderr]   |
[INFO] [stderr] 3 | pub struct CompanionAPI {
[INFO] [stderr]   |            ------------ fields in this struct
[INFO] [stderr] 4 |     email: String,
[INFO] [stderr]   |     ^^^^^
[INFO] [stderr] 5 |     password: String,
[INFO] [stderr]   |     ^^^^^^^^
[INFO] [stderr]   |
[INFO] [stderr]   = note: `#[warn(dead_code)]` on by default
[INFO] [stderr] 
[INFO] [stderr] warning: unused `std::result::Result` that must be used
[INFO] [stderr]   --> companionapi/src/lib.rs:10:9
[INFO] [stderr]    |
[INFO] [stderr] 10 |         companion_api.login().await;
[INFO] [stderr]    |         ^^^^^^^^^^^^^^^^^^^^^^^^^^^
[INFO] [stderr]    |
[INFO] [stderr]    = note: this `Result` may be an `Err` variant, which should be handled
[INFO] [stderr]    = note: `#[warn(unused_must_use)]` on by default
[INFO] [stderr] help: use `let _ = ...` to ignore the resulting value
[INFO] [stderr]    |
[INFO] [stderr] 10 |         let _ = companion_api.login().await;
[INFO] [stderr]    |         +++++++
[INFO] [stderr] 
[INFO] [stderr] warning: `companionapi` (lib) generated 3 warnings
[INFO] [stderr] warning: `companionapi` (lib test) generated 4 warnings (3 duplicates)
[INFO] [stderr]     Finished `test` profile [unoptimized + debuginfo] target(s) in 0.18s
[INFO] [stderr]      Running unittests src/lib.rs (/opt/rustwide/target/debug/deps/battlelog-375e11f8b638937d)
[INFO] [stdout] 
[INFO] [stdout] running 3 tests
[INFO] [stdout] test tests::get_ingame_metadata ... FAILED
[INFO] [stdout] test tests::get_snapshot ... FAILED
[INFO] [stdout] test tests::search_user_test ... FAILED
[INFO] [stdout] 
[INFO] [stdout] failures:
[INFO] [stdout] 
[INFO] [stdout] ---- tests::get_ingame_metadata stdout ----
[INFO] [stdout] thread 'tests::get_ingame_metadata' panicked at battlelog/src/lib.rs:156:53:
[INFO] [stdout] called `Result::unwrap()` on an `Err` value: error sending request for url (https://battlelog.battlefield.com/api/bf4/pc/persona/1/806262072/ingame_metadata): error trying to connect: dns error: failed to lookup address information: Temporary failure in name resolution
[INFO] [stdout] 
[INFO] [stdout] Caused by:
[INFO] [stdout]     0: error trying to connect: dns error: failed to lookup address information: Temporary failure in name resolution
[INFO] [stdout]     1: dns error: failed to lookup address information: Temporary failure in name resolution
[INFO] [stdout]     2: failed to lookup address information: Temporary failure in name resolution
[INFO] [stdout] stack backtrace:
[INFO] [stdout]    0:     0x61ebd203154a - std::backtrace_rs::backtrace::libunwind::trace::h5a5b8284f2d0c266
[INFO] [stdout]                                at /rustc/90b35a6239c3d8bdabc530a6a0816f7ff89a0aaf/library/std/src/../../backtrace/src/backtrace/libunwind.rs:116:5
[INFO] [stdout]    1:     0x61ebd203154a - std::backtrace_rs::backtrace::trace_unsynchronized::h76d4f1c9b0b875e3
[INFO] [stdout]                                at /rustc/90b35a6239c3d8bdabc530a6a0816f7ff89a0aaf/library/std/src/../../backtrace/src/backtrace/mod.rs:66:5
[INFO] [stdout]    2:     0x61ebd203154a - std::sys::backtrace::_print_fmt::hc4546b8364a537c6
[INFO] [stdout]                                at /rustc/90b35a6239c3d8bdabc530a6a0816f7ff89a0aaf/library/std/src/sys/backtrace.rs:66:9
[INFO] [stdout]    3:     0x61ebd203154a - <std::sys::backtrace::BacktraceLock::print::DisplayBacktrace as core::fmt::Display>::fmt::h5b6bd5631a6d1f6b
[INFO] [stdout]                                at /rustc/90b35a6239c3d8bdabc530a6a0816f7ff89a0aaf/library/std/src/sys/backtrace.rs:39:26
[INFO] [stdout]    4:     0x61ebd20595d3 - core::fmt::rt::Argument::fmt::h270f6602a2b96f62
[INFO] [stdout]                                at /rustc/90b35a6239c3d8bdabc530a6a0816f7ff89a0aaf/library/core/src/fmt/rt.rs:177:76
[INFO] [stdout]    5:     0x61ebd20595d3 - core::fmt::write::h7550c97b06c86515
[INFO] [stdout]                                at /rustc/90b35a6239c3d8bdabc530a6a0816f7ff89a0aaf/library/core/src/fmt/mod.rs:1186:21
[INFO] [stdout]    6:     0x61ebd202dcc3 - std::io::Write::write_fmt::h509ff860e5956e5e
[INFO] [stdout]                                at /rustc/90b35a6239c3d8bdabc530a6a0816f7ff89a0aaf/library/std/src/io/mod.rs:1839:15
[INFO] [stdout]    7:     0x61ebd2031392 - std::sys::backtrace::BacktraceLock::print::h2395ccd2c84ba3aa
[INFO] [stdout]                                at /rustc/90b35a6239c3d8bdabc530a6a0816f7ff89a0aaf/library/std/src/sys/backtrace.rs:42:9
[INFO] [stdout]    8:     0x61ebd20329aa - std::panicking::default_hook::{{closure}}::he19d4c7230e07961
[INFO] [stdout]                                at /rustc/90b35a6239c3d8bdabc530a6a0816f7ff89a0aaf/library/std/src/panicking.rs:268:22
[INFO] [stdout]    9:     0x61ebd20327b4 - std::panicking::default_hook::hf614597d3c67bbdb
[INFO] [stdout]                                at /rustc/90b35a6239c3d8bdabc530a6a0816f7ff89a0aaf/library/std/src/panicking.rs:292:9
[INFO] [stdout]   10:     0x61ebd1ed2689 - <alloc::boxed::Box<F,A> as core::ops::function::Fn<Args>>::call::h39b51ce4599c23d1
[INFO] [stdout]                                at /rustc/90b35a6239c3d8bdabc530a6a0816f7ff89a0aaf/library/alloc/src/boxed.rs:2468:9
[INFO] [stdout]   11:     0x61ebd1ed2689 - test::test_main::{{closure}}::he977ae839a582784
[INFO] [stdout]                                at /rustc/90b35a6239c3d8bdabc530a6a0816f7ff89a0aaf/library/test/src/lib.rs:133:21
[INFO] [stdout]   12:     0x61ebd2033048 - <alloc::boxed::Box<F,A> as core::ops::function::Fn<Args>>::call::h9455091b6b06f9fb
[INFO] [stdout]                                at /rustc/90b35a6239c3d8bdabc530a6a0816f7ff89a0aaf/library/alloc/src/boxed.rs:2468:9
[INFO] [stdout]   13:     0x61ebd2033048 - std::panicking::rust_panic_with_hook::h8942133a8b252070
[INFO] [stdout]                                at /rustc/90b35a6239c3d8bdabc530a6a0816f7ff89a0aaf/library/std/src/panicking.rs:809:13
[INFO] [stdout]   14:     0x61ebd2032e0a - std::panicking::begin_panic_handler::{{closure}}::hb5f5963570096b29
[INFO] [stdout]                                at /rustc/90b35a6239c3d8bdabc530a6a0816f7ff89a0aaf/library/std/src/panicking.rs:674:13
[INFO] [stdout]   15:     0x61ebd2031a29 - std::sys::backtrace::__rust_end_short_backtrace::h6208cedc1922feda
[INFO] [stdout]                                at /rustc/90b35a6239c3d8bdabc530a6a0816f7ff89a0aaf/library/std/src/sys/backtrace.rs:170:18
[INFO] [stdout]   16:     0x61ebd2032a9c - rust_begin_unwind
[INFO] [stdout]                                at /rustc/90b35a6239c3d8bdabc530a6a0816f7ff89a0aaf/library/std/src/panicking.rs:665:5
[INFO] [stdout]   17:     0x61ebd1a08240 - core::panicking::panic_fmt::h0c3082644d1bf418
[INFO] [stdout]                                at /rustc/90b35a6239c3d8bdabc530a6a0816f7ff89a0aaf/library/core/src/panicking.rs:74:14
[INFO] [stdout]   18:     0x61ebd1a086c6 - core::result::unwrap_failed::hd20b4aa073bda1e2
[INFO] [stdout]                                at /rustc/90b35a6239c3d8bdabc530a6a0816f7ff89a0aaf/library/core/src/result.rs:1700:5
[INFO] [stdout]   19:     0x61ebd1a6305d - core::result::Result<T,E>::unwrap::hc0142597949732b0
[INFO] [stdout]                                at /rustc/90b35a6239c3d8bdabc530a6a0816f7ff89a0aaf/library/core/src/result.rs:1104:23
[INFO] [stdout]   20:     0x61ebd1a6305d - battlelog::tests::get_ingame_metadata::{{closure}}::h633208259a6d748a
[INFO] [stdout]                                at /opt/rustwide/workdir/battlelog/src/lib.rs:156:20
[INFO] [stdout]   21:     0x61ebd1a6c58d - <core::pin::Pin<P> as core::future::future::Future>::poll::hca84b411632c5e65
[INFO] [stdout]                                at /rustc/90b35a6239c3d8bdabc530a6a0816f7ff89a0aaf/library/core/src/future/future.rs:123:9
[INFO] [stdout]   22:     0x61ebd1a71c3f - tokio::runtime::basic_scheduler::Inner<P>::block_on::{{closure}}::{{closure}}::h78209a2319d55b81
[INFO] [stdout]                                at /opt/rustwide/cargo-home/registry/src/index.crates.io-6f17d22bba15001f/tokio-1.13.0/src/runtime/basic_scheduler.rs:228:62
[INFO] [stdout]   23:     0x61ebd1a5e733 - tokio::coop::with_budget::{{closure}}::h1a4a0f9d51792f08
[INFO] [stdout]                                at /opt/rustwide/cargo-home/registry/src/index.crates.io-6f17d22bba15001f/tokio-1.13.0/src/coop.rs:106:9
[INFO] [stdout]   24:     0x61ebd1a64caa - std::thread::local::LocalKey<T>::try_with::h96cd2beda4f62a19
[INFO] [stdout]                                at /rustc/90b35a6239c3d8bdabc530a6a0816f7ff89a0aaf/library/std/src/thread/local.rs:283:12
[INFO] [stdout]   25:     0x61ebd1a642ca - std::thread::local::LocalKey<T>::with::hcafafea90e0655fc
[INFO] [stdout]                                at /rustc/90b35a6239c3d8bdabc530a6a0816f7ff89a0aaf/library/std/src/thread/local.rs:260:9
[INFO] [stdout]   26:     0x61ebd1a71393 - tokio::coop::with_budget::h2ced5e53a7091f58
[INFO] [stdout]                                at /opt/rustwide/cargo-home/registry/src/index.crates.io-6f17d22bba15001f/tokio-1.13.0/src/coop.rs:99:5
[INFO] [stdout]   27:     0x61ebd1a71393 - tokio::coop::budget::h5d47d407644fe67a
[INFO] [stdout]                                at /opt/rustwide/cargo-home/registry/src/index.crates.io-6f17d22bba15001f/tokio-1.13.0/src/coop.rs:76:5
[INFO] [stdout]   28:     0x61ebd1a71393 - tokio::runtime::basic_scheduler::Inner<P>::block_on::{{closure}}::ha9ca5b0c4f1ab450
[INFO] [stdout]                                at /opt/rustwide/cargo-home/registry/src/index.crates.io-6f17d22bba15001f/tokio-1.13.0/src/runtime/basic_scheduler.rs:228:39
[INFO] [stdout]   29:     0x61ebd1a7384a - tokio::runtime::basic_scheduler::enter::{{closure}}::hdb9c21fb87e21ac7
[INFO] [stdout]                                at /opt/rustwide/cargo-home/registry/src/index.crates.io-6f17d22bba15001f/tokio-1.13.0/src/runtime/basic_scheduler.rs:337:29
[INFO] [stdout]   30:     0x61ebd1a6f6e5 - tokio::macros::scoped_tls::ScopedKey<T>::set::h61418ce4ccfedac9
[INFO] [stdout]                                at /opt/rustwide/cargo-home/registry/src/index.crates.io-6f17d22bba15001f/tokio-1.13.0/src/macros/scoped_tls.rs:61:9
[INFO] [stdout]   31:     0x61ebd1a730fc - tokio::runtime::basic_scheduler::enter::h1a72a20342862519
[INFO] [stdout]                                at /opt/rustwide/cargo-home/registry/src/index.crates.io-6f17d22bba15001f/tokio-1.13.0/src/runtime/basic_scheduler.rs:337:5
[INFO] [stdout]   32:     0x61ebd1a6fa63 - tokio::runtime::basic_scheduler::Inner<P>::block_on::hb0391406c459cfb9
[INFO] [stdout]                                at /opt/rustwide/cargo-home/registry/src/index.crates.io-6f17d22bba15001f/tokio-1.13.0/src/runtime/basic_scheduler.rs:218:9
[INFO] [stdout]   33:     0x61ebd1a720a9 - tokio::runtime::basic_scheduler::InnerGuard<P>::block_on::h52b4ec0ef351654e
[INFO] [stdout]                                at /opt/rustwide/cargo-home/registry/src/index.crates.io-6f17d22bba15001f/tokio-1.13.0/src/runtime/basic_scheduler.rs:489:9
[INFO] [stdout]   34:     0x61ebd1a72914 - tokio::runtime::basic_scheduler::BasicScheduler<P>::block_on::hdc2ca08d6c4edabb
[INFO] [stdout]                                at /opt/rustwide/cargo-home/registry/src/index.crates.io-6f17d22bba15001f/tokio-1.13.0/src/runtime/basic_scheduler.rs:178:24
[INFO] [stdout]   35:     0x61ebd1a6bfa3 - tokio::runtime::Runtime::block_on::h8c86ee1376101816
[INFO] [stdout]                                at /opt/rustwide/cargo-home/registry/src/index.crates.io-6f17d22bba15001f/tokio-1.13.0/src/runtime/mod.rs:461:46
[INFO] [stdout]   36:     0x61ebd1a62d3d - battlelog::tests::get_ingame_metadata::h494103e1f474623a
[INFO] [stdout]                                at /opt/rustwide/workdir/battlelog/src/lib.rs:157:9
[INFO] [stdout]   37:     0x61ebd1a62bf7 - battlelog::tests::get_ingame_metadata::{{closure}}::h11d3cc555efa94ea
[INFO] [stdout]                                at /opt/rustwide/workdir/battlelog/src/lib.rs:155:35
[INFO] [stdout]   38:     0x61ebd1a68ca6 - core::ops::function::FnOnce::call_once::hb857b1f0a06424b7
[INFO] [stdout]                                at /rustc/90b35a6239c3d8bdabc530a6a0816f7ff89a0aaf/library/core/src/ops/function.rs:250:5
[INFO] [stdout]   39:     0x61ebd1ed704b - core::ops::function::FnOnce::call_once::h109cf8051a59b34e
[INFO] [stdout]                                at /rustc/90b35a6239c3d8bdabc530a6a0816f7ff89a0aaf/library/core/src/ops/function.rs:250:5
[INFO] [stdout]   40:     0x61ebd1ed704b - test::__rust_begin_short_backtrace::hf4fff89d377446ba
[INFO] [stdout]                                at /rustc/90b35a6239c3d8bdabc530a6a0816f7ff89a0aaf/library/test/src/lib.rs:621:18
[INFO] [stdout]   41:     0x61ebd1ed6887 - test::run_test_in_process::{{closure}}::h0e39181dd7ee5a43
[INFO] [stdout]                                at /rustc/90b35a6239c3d8bdabc530a6a0816f7ff89a0aaf/library/test/src/lib.rs:644:60
[INFO] [stdout]   42:     0x61ebd1ed6887 - <core::panic::unwind_safe::AssertUnwindSafe<F> as core::ops::function::FnOnce<()>>::call_once::hc5a66a30f0bdfd1f
[INFO] [stdout]                                at /rustc/90b35a6239c3d8bdabc530a6a0816f7ff89a0aaf/library/core/src/panic/unwind_safe.rs:272:9
[INFO] [stdout]   43:     0x61ebd1ed6887 - std::panicking::try::do_call::h873b7cf639554a5e
[INFO] [stdout]                                at /rustc/90b35a6239c3d8bdabc530a6a0816f7ff89a0aaf/library/std/src/panicking.rs:557:40
[INFO] [stdout]   44:     0x61ebd1ed6887 - std::panicking::try::hdb19862fad9c8bd1
[INFO] [stdout]                                at /rustc/90b35a6239c3d8bdabc530a6a0816f7ff89a0aaf/library/std/src/panicking.rs:520:19
[INFO] [stdout]   45:     0x61ebd1ed6887 - std::panic::catch_unwind::h281fe732d236d260
[INFO] [stdout]                                at /rustc/90b35a6239c3d8bdabc530a6a0816f7ff89a0aaf/library/std/src/panic.rs:358:14
[INFO] [stdout]   46:     0x61ebd1ed6887 - test::run_test_in_process::h949b6df8457ed338
[INFO] [stdout]                                at /rustc/90b35a6239c3d8bdabc530a6a0816f7ff89a0aaf/library/test/src/lib.rs:644:27
[INFO] [stdout]   47:     0x61ebd1ed6887 - test::run_test::{{closure}}::h52c556a6d4740e10
[INFO] [stdout]                                at /rustc/90b35a6239c3d8bdabc530a6a0816f7ff89a0aaf/library/test/src/lib.rs:565:43
[INFO] [stdout]   48:     0x61ebd1e9bb64 - test::run_test::{{closure}}::h4237f6381c45ccb9
[INFO] [stdout]                                at /rustc/90b35a6239c3d8bdabc530a6a0816f7ff89a0aaf/library/test/src/lib.rs:595:41
[INFO] [stdout]   49:     0x61ebd1e9bb64 - std::sys::backtrace::__rust_begin_short_backtrace::h505c97a579eca628
[INFO] [stdout]                                at /rustc/90b35a6239c3d8bdabc530a6a0816f7ff89a0aaf/library/std/src/sys/backtrace.rs:154:18
[INFO] [stdout]   50:     0x61ebd1e9f22e - std::thread::Builder::spawn_unchecked_::{{closure}}::{{closure}}::h9e86b2e2bc107ea3
[INFO] [stdout]                                at /rustc/90b35a6239c3d8bdabc530a6a0816f7ff89a0aaf/library/std/src/thread/mod.rs:538:17
[INFO] [stdout]   51:     0x61ebd1e9f22e - <core::panic::unwind_safe::AssertUnwindSafe<F> as core::ops::function::FnOnce<()>>::call_once::h8b06ddb275ff4a25
[INFO] [stdout]                                at /rustc/90b35a6239c3d8bdabc530a6a0816f7ff89a0aaf/library/core/src/panic/unwind_safe.rs:272:9
[INFO] [stdout]   52:     0x61ebd1e9f22e - std::panicking::try::do_call::hb26ecd7cd9a9355d
[INFO] [stdout]                                at /rustc/90b35a6239c3d8bdabc530a6a0816f7ff89a0aaf/library/std/src/panicking.rs:557:40
[INFO] [stdout]   53:     0x61ebd1e9f22e - std::panicking::try::h8ddeca9d705f9069
[INFO] [stdout]                                at /rustc/90b35a6239c3d8bdabc530a6a0816f7ff89a0aaf/library/std/src/panicking.rs:520:19
[INFO] [stdout]   54:     0x61ebd1e9f22e - std::panic::catch_unwind::h49e1c33078844c46
[INFO] [stdout]                                at /rustc/90b35a6239c3d8bdabc530a6a0816f7ff89a0aaf/library/std/src/panic.rs:358:14
[INFO] [stdout]   55:     0x61ebd1e9f22e - std::thread::Builder::spawn_unchecked_::{{closure}}::h6073db6ff56ad35d
[INFO] [stdout]                                at /rustc/90b35a6239c3d8bdabc530a6a0816f7ff89a0aaf/library/std/src/thread/mod.rs:537:30
[INFO] [stdout]   56:     0x61ebd1e9f22e - core::ops::function::FnOnce::call_once{{vtable.shim}}::h2c5a5f3779c774f1
[INFO] [stdout]                                at /rustc/90b35a6239c3d8bdabc530a6a0816f7ff89a0aaf/library/core/src/ops/function.rs:250:5
[INFO] [stdout]   57:     0x61ebd2036efb - <alloc::boxed::Box<F,A> as core::ops::function::FnOnce<Args>>::call_once::hf75717d9f28faebf
[INFO] [stdout]                                at /rustc/90b35a6239c3d8bdabc530a6a0816f7ff89a0aaf/library/alloc/src/boxed.rs:2454:9
[INFO] [stdout]   58:     0x61ebd2036efb - <alloc::boxed::Box<F,A> as core::ops::function::FnOnce<Args>>::call_once::h7bd883a5f3c5f3c1
[INFO] [stdout]                                at /rustc/90b35a6239c3d8bdabc530a6a0816f7ff89a0aaf/library/alloc/src/boxed.rs:2454:9
[INFO] [stdout]   59:     0x61ebd2036efb - std::sys::pal::unix::thread::Thread::new::thread_start::hcc78f3943333fa94
[INFO] [stdout]                                at /rustc/90b35a6239c3d8bdabc530a6a0816f7ff89a0aaf/library/std/src/sys/pal/unix/thread.rs:105:17
[INFO] [stdout]   60:     0x79f3826bcac3 - <unknown>
[INFO] [stdout]   61:     0x79f38274da04 - clone
[INFO] [stdout]   62:                0x0 - <unknown>
[INFO] [stdout] 
[INFO] [stdout] ---- tests::get_snapshot stdout ----
[INFO] [stdout] thread 'tests::get_snapshot' panicked at battlelog/src/lib.rs:137:95:
[INFO] [stdout] called `Result::unwrap()` on an `Err` value: error sending request for url (https://keeper.battlelog.com/snapshot/4d0151b3-81ff-4268-b4e8-5e60d5bc8765): error trying to connect: dns error: failed to lookup address information: Temporary failure in name resolution
[INFO] [stdout] 
[INFO] [stdout] Caused by:
[INFO] [stdout]     0: error trying to connect: dns error: failed to lookup address information: Temporary failure in name resolution
[INFO] [stdout]     1: dns error: failed to lookup address information: Temporary failure in name resolution
[INFO] [stdout]     2: failed to lookup address information: Temporary failure in name resolution
[INFO] [stdout] stack backtrace:
[INFO] [stdout]    0:     0x61ebd203154a - std::backtrace_rs::backtrace::libunwind::trace::h5a5b8284f2d0c266
[INFO] [stdout]                                at /rustc/90b35a6239c3d8bdabc530a6a0816f7ff89a0aaf/library/std/src/../../backtrace/src/backtrace/libunwind.rs:116:5
[INFO] [stdout]    1:     0x61ebd203154a - std::backtrace_rs::backtrace::trace_unsynchronized::h76d4f1c9b0b875e3
[INFO] [stdout]                                at /rustc/90b35a6239c3d8bdabc530a6a0816f7ff89a0aaf/library/std/src/../../backtrace/src/backtrace/mod.rs:66:5
[INFO] [stdout]    2:     0x61ebd203154a - std::sys::backtrace::_print_fmt::hc4546b8364a537c6
[INFO] [stdout]                                at /rustc/90b35a6239c3d8bdabc530a6a0816f7ff89a0aaf/library/std/src/sys/backtrace.rs:66:9
[INFO] [stdout]    3:     0x61ebd203154a - <std::sys::backtrace::BacktraceLock::print::DisplayBacktrace as core::fmt::Display>::fmt::h5b6bd5631a6d1f6b
[INFO] [stdout]                                at /rustc/90b35a6239c3d8bdabc530a6a0816f7ff89a0aaf/library/std/src/sys/backtrace.rs:39:26
[INFO] [stdout]    4:     0x61ebd20595d3 - core::fmt::rt::Argument::fmt::h270f6602a2b96f62
[INFO] [stdout]                                at /rustc/90b35a6239c3d8bdabc530a6a0816f7ff89a0aaf/library/core/src/fmt/rt.rs:177:76
[INFO] [stdout]    5:     0x61ebd20595d3 - core::fmt::write::h7550c97b06c86515
[INFO] [stdout]                                at /rustc/90b35a6239c3d8bdabc530a6a0816f7ff89a0aaf/library/core/src/fmt/mod.rs:1186:21
[INFO] [stdout]    6:     0x61ebd202dcc3 - std::io::Write::write_fmt::h509ff860e5956e5e
[INFO] [stdout]                                at /rustc/90b35a6239c3d8bdabc530a6a0816f7ff89a0aaf/library/std/src/io/mod.rs:1839:15
[INFO] [stdout]    7:     0x61ebd2031392 - std::sys::backtrace::BacktraceLock::print::h2395ccd2c84ba3aa
[INFO] [stdout]                                at /rustc/90b35a6239c3d8bdabc530a6a0816f7ff89a0aaf/library/std/src/sys/backtrace.rs:42:9
[INFO] [stdout]    8:     0x61ebd20329aa - std::panicking::default_hook::{{closure}}::he19d4c7230e07961
[INFO] [stdout]                                at /rustc/90b35a6239c3d8bdabc530a6a0816f7ff89a0aaf/library/std/src/panicking.rs:268:22
[INFO] [stdout]    9:     0x61ebd20327b4 - std::panicking::default_hook::hf614597d3c67bbdb
[INFO] [stdout]                                at /rustc/90b35a6239c3d8bdabc530a6a0816f7ff89a0aaf/library/std/src/panicking.rs:292:9
[INFO] [stdout]   10:     0x61ebd1ed2689 - <alloc::boxed::Box<F,A> as core::ops::function::Fn<Args>>::call::h39b51ce4599c23d1
[INFO] [stdout]                                at /rustc/90b35a6239c3d8bdabc530a6a0816f7ff89a0aaf/library/alloc/src/boxed.rs:2468:9
[INFO] [stdout]   11:     0x61ebd1ed2689 - test::test_main::{{closure}}::he977ae839a582784
[INFO] [stdout]                                at /rustc/90b35a6239c3d8bdabc530a6a0816f7ff89a0aaf/library/test/src/lib.rs:133:21
[INFO] [stdout]   12:     0x61ebd2033048 - <alloc::boxed::Box<F,A> as core::ops::function::Fn<Args>>::call::h9455091b6b06f9fb
[INFO] [stdout]                                at /rustc/90b35a6239c3d8bdabc530a6a0816f7ff89a0aaf/library/alloc/src/boxed.rs:2468:9
[INFO] [stdout]   13:     0x61ebd2033048 - std::panicking::rust_panic_with_hook::h8942133a8b252070
[INFO] [stdout]                                at /rustc/90b35a6239c3d8bdabc530a6a0816f7ff89a0aaf/library/std/src/panicking.rs:809:13
[INFO] [stdout]   14:     0x61ebd2032e0a - std::panicking::begin_panic_handler::{{closure}}::hb5f5963570096b29
[INFO] [stdout]                                at /rustc/90b35a6239c3d8bdabc530a6a0816f7ff89a0aaf/library/std/src/panicking.rs:674:13
[INFO] [stdout]   15:     0x61ebd2031a29 - std::sys::backtrace::__rust_end_short_backtrace::h6208cedc1922feda
[INFO] [stdout]                                at /rustc/90b35a6239c3d8bdabc530a6a0816f7ff89a0aaf/library/std/src/sys/backtrace.rs:170:18
[INFO] [stdout]   16:     0x61ebd2032a9c - rust_begin_unwind
[INFO] [stdout]                                at /rustc/90b35a6239c3d8bdabc530a6a0816f7ff89a0aaf/library/std/src/panicking.rs:665:5
[INFO] [stdout]   17:     0x61ebd1a08240 - core::panicking::panic_fmt::h0c3082644d1bf418
[INFO] [stdout]                                at /rustc/90b35a6239c3d8bdabc530a6a0816f7ff89a0aaf/library/core/src/panicking.rs:74:14
[INFO] [stdout]   18:     0x61ebd1a086c6 - core::result::unwrap_failed::hd20b4aa073bda1e2
[INFO] [stdout]                                at /rustc/90b35a6239c3d8bdabc530a6a0816f7ff89a0aaf/library/core/src/result.rs:1700:5
[INFO] [stdout]   19:     0x61ebd1a6245d - core::result::Result<T,E>::unwrap::h6697c78412464449
[INFO] [stdout]                                at /rustc/90b35a6239c3d8bdabc530a6a0816f7ff89a0aaf/library/core/src/result.rs:1104:23
[INFO] [stdout]   20:     0x61ebd1a6245d - battlelog::tests::get_snapshot::{{closure}}::h98e8d5f8499f2200
[INFO] [stdout]                                at /opt/rustwide/workdir/battlelog/src/lib.rs:137:20
[INFO] [stdout]   21:     0x61ebd1a6c50d - <core::pin::Pin<P> as core::future::future::Future>::poll::h59c8e878f39cdd69
[INFO] [stdout]                                at /rustc/90b35a6239c3d8bdabc530a6a0816f7ff89a0aaf/library/core/src/future/future.rs:123:9
[INFO] [stdout]   22:     0x61ebd1a71cbf - tokio::runtime::basic_scheduler::Inner<P>::block_on::{{closure}}::{{closure}}::ha387e16fe42e3f3e
[INFO] [stdout]                                at /opt/rustwide/cargo-home/registry/src/index.crates.io-6f17d22bba15001f/tokio-1.13.0/src/runtime/basic_scheduler.rs:228:62
[INFO] [stdout]   23:     0x61ebd1a5ed23 - tokio::coop::with_budget::{{closure}}::h975c249c3b8a5376
[INFO] [stdout]                                at /opt/rustwide/cargo-home/registry/src/index.crates.io-6f17d22bba15001f/tokio-1.13.0/src/coop.rs:106:9
[INFO] [stdout]   24:     0x61ebd1a6486a - std::thread::local::LocalKey<T>::try_with::h7a31e30325c02784
[INFO] [stdout]                                at /rustc/90b35a6239c3d8bdabc530a6a0816f7ff89a0aaf/library/std/src/thread/local.rs:283:12
[INFO] [stdout]   25:     0x61ebd1a6432a - std::thread::local::LocalKey<T>::with::hf3a889ce59b6de2e
[INFO] [stdout]                                at /rustc/90b35a6239c3d8bdabc530a6a0816f7ff89a0aaf/library/std/src/thread/local.rs:260:9
[INFO] [stdout]   26:     0x61ebd1a6fd53 - tokio::coop::with_budget::h2ce0880bfc13dbe5
[INFO] [stdout]                                at /opt/rustwide/cargo-home/registry/src/index.crates.io-6f17d22bba15001f/tokio-1.13.0/src/coop.rs:99:5
[INFO] [stdout]   27:     0x61ebd1a6fd53 - tokio::coop::budget::h6f884a571465b456
[INFO] [stdout]                                at /opt/rustwide/cargo-home/registry/src/index.crates.io-6f17d22bba15001f/tokio-1.13.0/src/coop.rs:76:5
[INFO] [stdout]   28:     0x61ebd1a6fd53 - tokio::runtime::basic_scheduler::Inner<P>::block_on::{{closure}}::h1555da37963233c3
[INFO] [stdout]                                at /opt/rustwide/cargo-home/registry/src/index.crates.io-6f17d22bba15001f/tokio-1.13.0/src/runtime/basic_scheduler.rs:228:39
[INFO] [stdout]   29:     0x61ebd1a7382a - tokio::runtime::basic_scheduler::enter::{{closure}}::ha9bfd829327460d5
[INFO] [stdout]                                at /opt/rustwide/cargo-home/registry/src/index.crates.io-6f17d22bba15001f/tokio-1.13.0/src/runtime/basic_scheduler.rs:337:29
[INFO] [stdout]   30:     0x61ebd1a6f8c5 - tokio::macros::scoped_tls::ScopedKey<T>::set::hd792581c028a1236
[INFO] [stdout]                                at /opt/rustwide/cargo-home/registry/src/index.crates.io-6f17d22bba15001f/tokio-1.13.0/src/macros/scoped_tls.rs:61:9
[INFO] [stdout]   31:     0x61ebd1a7379c - tokio::runtime::basic_scheduler::enter::hbe11aabdce8a8c76
[INFO] [stdout]                                at /opt/rustwide/cargo-home/registry/src/index.crates.io-6f17d22bba15001f/tokio-1.13.0/src/runtime/basic_scheduler.rs:337:5
[INFO] [stdout]   32:     0x61ebd1a6fa43 - tokio::runtime::basic_scheduler::Inner<P>::block_on::h5465b7100f683747
[INFO] [stdout]                                at /opt/rustwide/cargo-home/registry/src/index.crates.io-6f17d22bba15001f/tokio-1.13.0/src/runtime/basic_scheduler.rs:218:9
[INFO] [stdout]   33:     0x61ebd1a72159 - tokio::runtime::basic_scheduler::InnerGuard<P>::block_on::hb2e2765407a0937b
[INFO] [stdout]                                at /opt/rustwide/cargo-home/registry/src/index.crates.io-6f17d22bba15001f/tokio-1.13.0/src/runtime/basic_scheduler.rs:489:9
[INFO] [stdout]   34:     0x61ebd1a72234 - tokio::runtime::basic_scheduler::BasicScheduler<P>::block_on::h8b60304323e7f639
[INFO] [stdout]                                at /opt/rustwide/cargo-home/registry/src/index.crates.io-6f17d22bba15001f/tokio-1.13.0/src/runtime/basic_scheduler.rs:178:24
[INFO] [stdout]   35:     0x61ebd1a6c2c3 - tokio::runtime::Runtime::block_on::hd6e46bbd7ded0f45
[INFO] [stdout]                                at /opt/rustwide/cargo-home/registry/src/index.crates.io-6f17d22bba15001f/tokio-1.13.0/src/runtime/mod.rs:461:46
[INFO] [stdout]   36:     0x61ebd1a62150 - battlelog::tests::get_snapshot::hff5171e34ee18382
[INFO] [stdout]                                at /opt/rustwide/workdir/battlelog/src/lib.rs:151:9
[INFO] [stdout]   37:     0x61ebd1a62007 - battlelog::tests::get_snapshot::{{closure}}::h82c04f0e40ab64d0
[INFO] [stdout]                                at /opt/rustwide/workdir/battlelog/src/lib.rs:136:28
[INFO] [stdout]   38:     0x61ebd1a688e6 - core::ops::function::FnOnce::call_once::h451c34798066b4d9
[INFO] [stdout]                                at /rustc/90b35a6239c3d8bdabc530a6a0816f7ff89a0aaf/library/core/src/ops/function.rs:250:5
[INFO] [stdout]   39:     0x61ebd1ed704b - core::ops::function::FnOnce::call_once::h109cf8051a59b34e
[INFO] [stdout]                                at /rustc/90b35a6239c3d8bdabc530a6a0816f7ff89a0aaf/library/core/src/ops/function.rs:250:5
[INFO] [stdout]   40:     0x61ebd1ed704b - test::__rust_begin_short_backtrace::hf4fff89d377446ba
[INFO] [stdout]                                at /rustc/90b35a6239c3d8bdabc530a6a0816f7ff89a0aaf/library/test/src/lib.rs:621:18
[INFO] [stdout]   41:     0x61ebd1ed6887 - test::run_test_in_process::{{closure}}::h0e39181dd7ee5a43
[INFO] [stdout]                                at /rustc/90b35a6239c3d8bdabc530a6a0816f7ff89a0aaf/library/test/src/lib.rs:644:60
[INFO] [stdout]   42:     0x61ebd1ed6887 - <core::panic::unwind_safe::AssertUnwindSafe<F> as core::ops::function::FnOnce<()>>::call_once::hc5a66a30f0bdfd1f
[INFO] [stdout]                                at /rustc/90b35a6239c3d8bdabc530a6a0816f7ff89a0aaf/library/core/src/panic/unwind_safe.rs:272:9
[INFO] [stdout]   43:     0x61ebd1ed6887 - std::panicking::try::do_call::h873b7cf639554a5e
[INFO] [stdout]                                at /rustc/90b35a6239c3d8bdabc530a6a0816f7ff89a0aaf/library/std/src/panicking.rs:557:40
[INFO] [stdout]   44:     0x61ebd1ed6887 - std::panicking::try::hdb19862fad9c8bd1
[INFO] [stdout]                                at /rustc/90b35a6239c3d8bdabc530a6a0816f7ff89a0aaf/library/std/src/panicking.rs:520:19
[INFO] [stdout]   45:     0x61ebd1ed6887 - std::panic::catch_unwind::h281fe732d236d260
[INFO] [stdout]                                at /rustc/90b35a6239c3d8bdabc530a6a0816f7ff89a0aaf/library/std/src/panic.rs:358:14
[INFO] [stdout]   46:     0x61ebd1ed6887 - test::run_test_in_process::h949b6df8457ed338
[INFO] [stdout]                                at /rustc/90b35a6239c3d8bdabc530a6a0816f7ff89a0aaf/library/test/src/lib.rs:644:27
[INFO] [stdout]   47:     0x61ebd1ed6887 - test::run_test::{{closure}}::h52c556a6d4740e10
[INFO] [stdout]                                at /rustc/90b35a6239c3d8bdabc530a6a0816f7ff89a0aaf/library/test/src/lib.rs:565:43
[INFO] [stdout]   48:     0x61ebd1e9bb64 - test::run_test::{{closure}}::h4237f6381c45ccb9
[INFO] [stdout]                                at /rustc/90b35a6239c3d8bdabc530a6a0816f7ff89a0aaf/library/test/src/lib.rs:595:41
[INFO] [stdout]   49:     0x61ebd1e9bb64 - std::sys::backtrace::__rust_begin_short_backtrace::h505c97a579eca628
[INFO] [stdout]                                at /rustc/90b35a6239c3d8bdabc530a6a0816f7ff89a0aaf/library/std/src/sys/backtrace.rs:154:18
[INFO] [stdout]   50:     0x61ebd1e9f22e - std::thread::Builder::spawn_unchecked_::{{closure}}::{{closure}}::h9e86b2e2bc107ea3
[INFO] [stdout]                                at /rustc/90b35a6239c3d8bdabc530a6a0816f7ff89a0aaf/library/std/src/thread/mod.rs:538:17
[INFO] [stdout]   51:     0x61ebd1e9f22e - <core::panic::unwind_safe::AssertUnwindSafe<F> as core::ops::function::FnOnce<()>>::call_once::h8b06ddb275ff4a25
[INFO] [stdout]                                at /rustc/90b35a6239c3d8bdabc530a6a0816f7ff89a0aaf/library/core/src/panic/unwind_safe.rs:272:9
[INFO] [stdout]   52:     0x61ebd1e9f22e - std::panicking::try::do_call::hb26ecd7cd9a9355d
[INFO] [stdout]                                at /rustc/90b35a6239c3d8bdabc530a6a0816f7ff89a0aaf/library/std/src/panicking.rs:557:40
[INFO] [stdout]   53:     0x61ebd1e9f22e - std::panicking::try::h8ddeca9d705f9069
[INFO] [stdout]                                at /rustc/90b35a6239c3d8bdabc530a6a0816f7ff89a0aaf/library/std/src/panicking.rs:520:19
[INFO] [stdout]   54:     0x61ebd1e9f22e - std::panic::catch_unwind::h49e1c33078844c46
[INFO] [stdout]                                at /rustc/90b35a6239c3d8bdabc530a6a0816f7ff89a0aaf/library/std/src/panic.rs:358:14
[INFO] [stdout]   55:     0x61ebd1e9f22e - std::thread::Builder::spawn_unchecked_::{{closure}}::h6073db6ff56ad35d
[INFO] [stdout]                                at /rustc/90b35a6239c3d8bdabc530a6a0816f7ff89a0aaf/library/std/src/thread/mod.rs:537:30
[INFO] [stdout]   56:     0x61ebd1e9f22e - core::ops::function::FnOnce::call_once{{vtable.shim}}::h2c5a5f3779c774f1
[INFO] [stdout]                                at /rustc/90b35a6239c3d8bdabc530a6a0816f7ff89a0aaf/library/core/src/ops/function.rs:250:5
[INFO] [stdout]   57:     0x61ebd2036efb - <alloc::boxed::Box<F,A> as core::ops::function::FnOnce<Args>>::call_once::hf75717d9f28faebf
[INFO] [stdout]                                at /rustc/90b35a6239c3d8bdabc530a6a0816f7ff89a0aaf/library/alloc/src/boxed.rs:2454:9
[INFO] [stdout]   58:     0x61ebd2036efb - <alloc::boxed::Box<F,A> as core::ops::function::FnOnce<Args>>::call_once::h7bd883a5f3c5f3c1
[INFO] [stdout]                                at /rustc/90b35a6239c3d8bdabc530a6a0816f7ff89a0aaf/library/alloc/src/boxed.rs:2454:9
[INFO] [stdout]   59:     0x61ebd2036efb - std::sys::pal::unix::thread::Thread::new::thread_start::hcc78f3943333fa94
[INFO] [stdout]                                at /rustc/90b35a6239c3d8bdabc530a6a0816f7ff89a0aaf/library/std/src/sys/pal/unix/thread.rs:105:17
[INFO] [stdout]   60:     0x79f3826bcac3 - <unknown>
[INFO] [stdout]   61:     0x79f38274da04 - clone
[INFO] [stdout]   62:                0x0 - <unknown>
[INFO] [stdout] 
[INFO] [stdout] ---- tests::search_user_test stdout ----
[INFO] [stdout] thread 'tests::search_user_test' panicked at battlelog/src/lib.rs:162:44:
[INFO] [stdout] called `Result::unwrap()` on an `Err` value: error sending request for url (https://battlelog.battlefield.com/bf4/search/query/): error trying to connect: dns error: failed to lookup address information: Temporary failure in name resolution
[INFO] [stdout] 
[INFO] [stdout] Caused by:
[INFO] [stdout]     0: error trying to connect: dns error: failed to lookup address information: Temporary failure in name resolution
[INFO] [stdout]     1: dns error: failed to lookup address information: Temporary failure in name resolution
[INFO] [stdout]     2: failed to lookup address information: Temporary failure in name resolution
[INFO] [stdout] stack backtrace:
[INFO] [stdout]    0:     0x61ebd203154a - std::backtrace_rs::backtrace::libunwind::trace::h5a5b8284f2d0c266
[INFO] [stdout]                                at /rustc/90b35a6239c3d8bdabc530a6a0816f7ff89a0aaf/library/std/src/../../backtrace/src/backtrace/libunwind.rs:116:5
[INFO] [stdout]    1:     0x61ebd203154a - std::backtrace_rs::backtrace::trace_unsynchronized::h76d4f1c9b0b875e3
[INFO] [stdout]                                at /rustc/90b35a6239c3d8bdabc530a6a0816f7ff89a0aaf/library/std/src/../../backtrace/src/backtrace/mod.rs:66:5
[INFO] [stdout]    2:     0x61ebd203154a - std::sys::backtrace::_print_fmt::hc4546b8364a537c6
[INFO] [stdout]                                at /rustc/90b35a6239c3d8bdabc530a6a0816f7ff89a0aaf/library/std/src/sys/backtrace.rs:66:9
[INFO] [stdout]    3:     0x61ebd203154a - <std::sys::backtrace::BacktraceLock::print::DisplayBacktrace as core::fmt::Display>::fmt::h5b6bd5631a6d1f6b
[INFO] [stdout]                                at /rustc/90b35a6239c3d8bdabc530a6a0816f7ff89a0aaf/library/std/src/sys/backtrace.rs:39:26
[INFO] [stdout]    4:     0x61ebd20595d3 - core::fmt::rt::Argument::fmt::h270f6602a2b96f62
[INFO] [stdout]                                at /rustc/90b35a6239c3d8bdabc530a6a0816f7ff89a0aaf/library/core/src/fmt/rt.rs:177:76
[INFO] [stdout]    5:     0x61ebd20595d3 - core::fmt::write::h7550c97b06c86515
[INFO] [stdout]                                at /rustc/90b35a6239c3d8bdabc530a6a0816f7ff89a0aaf/library/core/src/fmt/mod.rs:1186:21
[INFO] [stdout]    6:     0x61ebd202dcc3 - std::io::Write::write_fmt::h509ff860e5956e5e
[INFO] [stdout]                                at /rustc/90b35a6239c3d8bdabc530a6a0816f7ff89a0aaf/library/std/src/io/mod.rs:1839:15
[INFO] [stdout]    7:     0x61ebd2031392 - std::sys::backtrace::BacktraceLock::print::h2395ccd2c84ba3aa
[INFO] [stdout]                                at /rustc/90b35a6239c3d8bdabc530a6a0816f7ff89a0aaf/library/std/src/sys/backtrace.rs:42:9
[INFO] [stdout]    8:     0x61ebd20329aa - std::panicking::default_hook::{{closure}}::he19d4c7230e07961
[INFO] [stdout]                                at /rustc/90b35a6239c3d8bdabc530a6a0816f7ff89a0aaf/library/std/src/panicking.rs:268:22
[INFO] [stdout]    9:     0x61ebd20327b4 - std::panicking::default_hook::hf614597d3c67bbdb
[INFO] [stdout]                                at /rustc/90b35a6239c3d8bdabc530a6a0816f7ff89a0aaf/library/std/src/panicking.rs:292:9
[INFO] [stdout]   10:     0x61ebd1ed2689 - <alloc::boxed::Box<F,A> as core::ops::function::Fn<Args>>::call::h39b51ce4599c23d1
[INFO] [stdout]                                at /rustc/90b35a6239c3d8bdabc530a6a0816f7ff89a0aaf/library/alloc/src/boxed.rs:2468:9
[INFO] [stdout]   11:     0x61ebd1ed2689 - test::test_main::{{closure}}::he977ae839a582784
[INFO] [stdout]                                at /rustc/90b35a6239c3d8bdabc530a6a0816f7ff89a0aaf/library/test/src/lib.rs:133:21
[INFO] [stdout]   12:     0x61ebd2033048 - <alloc::boxed::Box<F,A> as core::ops::function::Fn<Args>>::call::h9455091b6b06f9fb
[INFO] [stdout]                                at /rustc/90b35a6239c3d8bdabc530a6a0816f7ff89a0aaf/library/alloc/src/boxed.rs:2468:9
[INFO] [stdout]   13:     0x61ebd2033048 - std::panicking::rust_panic_with_hook::h8942133a8b252070
[INFO] [stdout]                                at /rustc/90b35a6239c3d8bdabc530a6a0816f7ff89a0aaf/library/std/src/panicking.rs:809:13
[INFO] [stdout]   14:     0x61ebd2032e0a - std::panicking::begin_panic_handler::{{closure}}::hb5f5963570096b29
[INFO] [stdout]                                at /rustc/90b35a6239c3d8bdabc530a6a0816f7ff89a0aaf/library/std/src/panicking.rs:674:13
[INFO] [stdout]   15:     0x61ebd2031a29 - std::sys::backtrace::__rust_end_short_backtrace::h6208cedc1922feda
[INFO] [stdout]                                at /rustc/90b35a6239c3d8bdabc530a6a0816f7ff89a0aaf/library/std/src/sys/backtrace.rs:170:18
[INFO] [stdout]   16:     0x61ebd2032a9c - rust_begin_unwind
[INFO] [stdout]                                at /rustc/90b35a6239c3d8bdabc530a6a0816f7ff89a0aaf/library/std/src/panicking.rs:665:5
[INFO] [stdout]   17:     0x61ebd1a08240 - core::panicking::panic_fmt::h0c3082644d1bf418
[INFO] [stdout]                                at /rustc/90b35a6239c3d8bdabc530a6a0816f7ff89a0aaf/library/core/src/panicking.rs:74:14
[INFO] [stdout]   18:     0x61ebd1a086c6 - core::result::unwrap_failed::hd20b4aa073bda1e2
[INFO] [stdout]                                at /rustc/90b35a6239c3d8bdabc530a6a0816f7ff89a0aaf/library/core/src/result.rs:1700:5
[INFO] [stdout]   19:     0x61ebd1a63594 - core::result::Result<T,E>::unwrap::hf96e76c94324c94e
[INFO] [stdout]                                at /rustc/90b35a6239c3d8bdabc530a6a0816f7ff89a0aaf/library/core/src/result.rs:1104:23
[INFO] [stdout]   20:     0x61ebd1a63594 - battlelog::tests::search_user_test::{{closure}}::h27871136f0b36d12
[INFO] [stdout]                                at /opt/rustwide/workdir/battlelog/src/lib.rs:162:8
[INFO] [stdout]   21:     0x61ebd1a6c54d - <core::pin::Pin<P> as core::future::future::Future>::poll::haf2fdb77c67d6ed7
[INFO] [stdout]                                at /rustc/90b35a6239c3d8bdabc530a6a0816f7ff89a0aaf/library/core/src/future/future.rs:123:9
[INFO] [stdout]   22:     0x61ebd1a71c7f - tokio::runtime::basic_scheduler::Inner<P>::block_on::{{closure}}::{{closure}}::h921d2459bbfe013c
[INFO] [stdout]                                at /opt/rustwide/cargo-home/registry/src/index.crates.io-6f17d22bba15001f/tokio-1.13.0/src/runtime/basic_scheduler.rs:228:62
[INFO] [stdout]   23:     0x61ebd1a5ee53 - tokio::coop::with_budget::{{closure}}::hac09d9da9781cdab
[INFO] [stdout]                                at /opt/rustwide/cargo-home/registry/src/index.crates.io-6f17d22bba15001f/tokio-1.13.0/src/coop.rs:106:9
[INFO] [stdout]   24:     0x61ebd1a6475a - std::thread::local::LocalKey<T>::try_with::h656679cde8b009c8
[INFO] [stdout]                                at /rustc/90b35a6239c3d8bdabc530a6a0816f7ff89a0aaf/library/std/src/thread/local.rs:283:12
[INFO] [stdout]   25:     0x61ebd1a6416a - std::thread::local::LocalKey<T>::with::h5b58619da2b8b4ae
[INFO] [stdout]                                at /rustc/90b35a6239c3d8bdabc530a6a0816f7ff89a0aaf/library/std/src/thread/local.rs:260:9
[INFO] [stdout]   26:     0x61ebd1a70873 - tokio::coop::with_budget::h130305d6010c9777
[INFO] [stdout]                                at /opt/rustwide/cargo-home/registry/src/index.crates.io-6f17d22bba15001f/tokio-1.13.0/src/coop.rs:99:5
[INFO] [stdout]   27:     0x61ebd1a70873 - tokio::coop::budget::h7959fc2952742b5c
[INFO] [stdout]                                at /opt/rustwide/cargo-home/registry/src/index.crates.io-6f17d22bba15001f/tokio-1.13.0/src/coop.rs:76:5
[INFO] [stdout]   28:     0x61ebd1a70873 - tokio::runtime::basic_scheduler::Inner<P>::block_on::{{closure}}::h7a709fa32421612f
[INFO] [stdout]                                at /opt/rustwide/cargo-home/registry/src/index.crates.io-6f17d22bba15001f/tokio-1.13.0/src/runtime/basic_scheduler.rs:228:39
[INFO] [stdout]   29:     0x61ebd1a7380a - tokio::runtime::basic_scheduler::enter::{{closure}}::h1c0b008d0f07c91e
[INFO] [stdout]                                at /opt/rustwide/cargo-home/registry/src/index.crates.io-6f17d22bba15001f/tokio-1.13.0/src/runtime/basic_scheduler.rs:337:29
[INFO] [stdout]   30:     0x61ebd1a6f7d5 - tokio::macros::scoped_tls::ScopedKey<T>::set::h8e44a7af8d763850
[INFO] [stdout]                                at /opt/rustwide/cargo-home/registry/src/index.crates.io-6f17d22bba15001f/tokio-1.13.0/src/macros/scoped_tls.rs:61:9
[INFO] [stdout]   31:     0x61ebd1a7344c - tokio::runtime::basic_scheduler::enter::h295cb77ee7d57fd8
[INFO] [stdout]                                at /opt/rustwide/cargo-home/registry/src/index.crates.io-6f17d22bba15001f/tokio-1.13.0/src/runtime/basic_scheduler.rs:337:5
[INFO] [stdout]   32:     0x61ebd1a6fa23 - tokio::runtime::basic_scheduler::Inner<P>::block_on::h4c3414154ffa7bcb
[INFO] [stdout]                                at /opt/rustwide/cargo-home/registry/src/index.crates.io-6f17d22bba15001f/tokio-1.13.0/src/runtime/basic_scheduler.rs:218:9
[INFO] [stdout]   33:     0x61ebd1a71ff9 - tokio::runtime::basic_scheduler::InnerGuard<P>::block_on::h2c77d6e481408753
[INFO] [stdout]                                at /opt/rustwide/cargo-home/registry/src/index.crates.io-6f17d22bba15001f/tokio-1.13.0/src/runtime/basic_scheduler.rs:489:9
[INFO] [stdout]   34:     0x61ebd1a725a4 - tokio::runtime::basic_scheduler::BasicScheduler<P>::block_on::h9cf82546310a0f72
[INFO] [stdout]                                at /opt/rustwide/cargo-home/registry/src/index.crates.io-6f17d22bba15001f/tokio-1.13.0/src/runtime/basic_scheduler.rs:178:24
[INFO] [stdout]   35:     0x61ebd1a6c133 - tokio::runtime::Runtime::block_on::hb70efcc61088df70
[INFO] [stdout]                                at /opt/rustwide/cargo-home/registry/src/index.crates.io-6f17d22bba15001f/tokio-1.13.0/src/runtime/mod.rs:461:46
[INFO] [stdout]   36:     0x61ebd1a632d3 - battlelog::tests::search_user_test::h11d6b3827766ecdc
[INFO] [stdout]                                at /opt/rustwide/workdir/battlelog/src/lib.rs:163:3
[INFO] [stdout]   37:     0x61ebd1a631b7 - battlelog::tests::search_user_test::{{closure}}::hd28b6943d7d0d153
[INFO] [stdout]                                at /opt/rustwide/workdir/battlelog/src/lib.rs:161:29
[INFO] [stdout]   38:     0x61ebd1a687e6 - core::ops::function::FnOnce::call_once::h3d17f62ef99e1ea1
[INFO] [stdout]                                at /rustc/90b35a6239c3d8bdabc530a6a0816f7ff89a0aaf/library/core/src/ops/function.rs:250:5
[INFO] [stdout]   39:     0x61ebd1ed704b - core::ops::function::FnOnce::call_once::h109cf8051a59b34e
[INFO] [stdout]                                at /rustc/90b35a6239c3d8bdabc530a6a0816f7ff89a0aaf/library/core/src/ops/function.rs:250:5
[INFO] [stdout]   40:     0x61ebd1ed704b - test::__rust_begin_short_backtrace::hf4fff89d377446ba
[INFO] [stdout]                                at /rustc/90b35a6239c3d8bdabc530a6a0816f7ff89a0aaf/library/test/src/lib.rs:621:18
[INFO] [stdout]   41:     0x61ebd1ed6887 - test::run_test_in_process::{{closure}}::h0e39181dd7ee5a43
[INFO] [stdout]                                at /rustc/90b35a6239c3d8bdabc530a6a0816f7ff89a0aaf/library/test/src/lib.rs:644:60
[INFO] [stdout]   42:     0x61ebd1ed6887 - <core::panic::unwind_safe::AssertUnwindSafe<F> as core::ops::function::FnOnce<()>>::call_once::hc5a66a30f0bdfd1f
[INFO] [stdout]                                at /rustc/90b35a6239c3d8bdabc530a6a0816f7ff89a0aaf/library/core/src/panic/unwind_safe.rs:272:9
[INFO] [stdout]   43:     0x61ebd1ed6887 - std::panicking::try::do_call::h873b7cf639554a5e
[INFO] [stdout]                                at /rustc/90b35a6239c3d8bdabc530a6a0816f7ff89a0aaf/library/std/src/panicking.rs:557:40
[INFO] [stdout]   44:     0x61ebd1ed6887 - std::panicking::try::hdb19862fad9c8bd1
[INFO] [stdout]                                at /rustc/90b35a6239c3d8bdabc530a6a0816f7ff89a0aaf/library/std/src/panicking.rs:520:19
[INFO] [stdout]   45:     0x61ebd1ed6887 - std::panic::catch_unwind::h281fe732d236d260
[INFO] [stdout]                                at /rustc/90b35a6239c3d8bdabc530a6a0816f7ff89a0aaf/library/std/src/panic.rs:358:14
[INFO] [stdout]   46:     0x61ebd1ed6887 - test::run_test_in_process::h949b6df8457ed338
[INFO] [stdout]                                at /rustc/90b35a6239c3d8bdabc530a6a0816f7ff89a0aaf/library/test/src/lib.rs:644:27
[INFO] [stdout]   47:     0x61ebd1ed6887 - test::run_test::{{closure}}::h52c556a6d4740e10
[INFO] [stdout]                                at /rustc/90b35a6239c3d8bdabc530a6a0816f7ff89a0aaf/library/test/src/lib.rs:565:43
[INFO] [stdout]   48:     0x61ebd1e9bb64 - test::run_test::{{closure}}::h4237f6381c45ccb9
[INFO] [stdout]                                at /rustc/90b35a6239c3d8bdabc530a6a0816f7ff89a0aaf/library/test/src/lib.rs:595:41
[INFO] [stdout]   49:     0x61ebd1e9bb64 - std::sys::backtrace::__rust_begin_short_backtrace::h505c97a579eca628
[INFO] [stdout]                                at /rustc/90b35a6239c3d8bdabc530a6a0816f7ff89a0aaf/library/std/src/sys/backtrace.rs:154:18
[INFO] [stdout]   50:     0x61ebd1e9f22e - std::thread::Builder::spawn_unchecked_::{{closure}}::{{closure}}::h9e86b2e2bc107ea3
[INFO] [stdout]                                at /rustc/90b35a6239c3d8bdabc530a6a0816f7ff89a0aaf/library/std/src/thread/mod.rs:538:17
[INFO] [stdout]   51:     0x61ebd1e9f22e - <core::panic::unwind_safe::AssertUnwindSafe<F> as core::ops::function::FnOnce<()>>::call_once::h8b06ddb275ff4a25
[INFO] [stdout]                                at /rustc/90b35a6239c3d8bdabc530a6a0816f7ff89a0aaf/library/core/src/panic/unwind_safe.rs:272:9
[INFO] [stdout]   52:     0x61ebd1e9f22e - std::panicking::try::do_call::hb26ecd7cd9a9355d
[INFO] [stdout]                                at /rustc/90b35a6239c3d8bdabc530a6a0816f7ff89a0aaf/library/std/src/panicking.rs:557:40
[INFO] [stdout]   53:     0x61ebd1e9f22e - std::panicking::try::h8ddeca9d705f9069
[INFO] [stdout]                                at /rustc/90b35a6239c3d8bdabc530a6a0816f7ff89a0aaf/library/std/src/panicking.rs:520:19
[INFO] [stdout]   54:     0x61ebd1e9f22e - std::panic::catch_unwind::h49e1c33078844c46
[INFO] [stdout]                                at /rustc/90b35a6239c3d8bdabc530a6a0816f7ff89a0aaf/library/std/src/panic.rs:358:14
[INFO] [stdout]   55:     0x61ebd1e9f22e - std::thread::Builder::spawn_unchecked_::{{closure}}::h6073db6ff56ad35d
[INFO] [stdout]                                at /rustc/90b35a6239c3d8bdabc530a6a0816f7ff89a0aaf/library/std/src/thread/mod.rs:537:30
[INFO] [stdout]   56:     0x61ebd1e9f22e - core::ops::function::FnOnce::call_once{{vtable.shim}}::h2c5a5f3779c774f1
[INFO] [stdout]                                at /rustc/90b35a6239c3d8bdabc530a6a0816f7ff89a0aaf/library/core/src/ops/function.rs:250:5
[INFO] [stdout]   57:     0x61ebd2036efb - <alloc::boxed::Box<F,A> as core::ops::function::FnOnce<Args>>::call_once::hf75717d9f28faebf
[INFO] [stdout]                                at /rustc/90b35a6239c3d8bdabc530a6a0816f7ff89a0aaf/library/alloc/src/boxed.rs:2454:9
[INFO] [stdout]   58:     0x61ebd2036efb - <alloc::boxed::Box<F,A> as core::ops::function::FnOnce<Args>>::call_once::h7bd883a5f3c5f3c1
[INFO] [stdout]                                at /rustc/90b35a6239c3d8bdabc530a6a0816f7ff89a0aaf/library/alloc/src/boxed.rs:2454:9
[INFO] [stdout]   59:     0x61ebd2036efb - std::sys::pal::unix::thread::Thread::new::thread_start::hcc78f3943333fa94
[INFO] [stdout]                                at /rustc/90b35a6239c3d8bdabc530a6a0816f7ff89a0aaf/library/std/src/sys/pal/unix/thread.rs:105:17
[INFO] [stdout]   60:     0x79f3826bcac3 - <unknown>
[INFO] [stdout]   61:     0x79f38274da04 - clone
[INFO] [stdout]   62:                0x0 - <unknown>
[INFO] [stdout] 
[INFO] [stdout] 
[INFO] [stdout] failures:
[INFO] [stdout]     tests::get_ingame_metadata
[INFO] [stdout]     tests::get_snapshot
[INFO] [stdout]     tests::search_user_test
[INFO] [stdout] 
[INFO] [stdout] test result: FAILED. 0 passed; 3 failed; 0 ignored; 0 measured; 0 filtered out; finished in 0.10s
[INFO] [stdout] 
[INFO] [stderr] error: test failed, to rerun pass `-p battlelog --lib`
[INFO] running `Command { std: "docker" "inspect" "a9213d648f39948c65d3ff8ad410ee035a414b25d21b5f38510b609f4aebb8bc", kill_on_drop: false }`
[INFO] running `Command { std: "docker" "rm" "-f" "a9213d648f39948c65d3ff8ad410ee035a414b25d21b5f38510b609f4aebb8bc", kill_on_drop: false }`
[INFO] [stdout] a9213d648f39948c65d3ff8ad410ee035a414b25d21b5f38510b609f4aebb8bc
