[INFO] cloning repository https://github.com/Raytwo/catalog_bundle_tool
[INFO] running `Command { std: "git" "-c" "credential.helper=" "-c" "credential.helper=/workspace/cargo-home/bin/git-credential-null" "clone" "--bare" "https://github.com/Raytwo/catalog_bundle_tool" "/workspace/cache/git-repos/https%3A%2F%2Fgithub.com%2FRaytwo%2Fcatalog_bundle_tool", kill_on_drop: false }`
[INFO] [stderr] Cloning into bare repository '/workspace/cache/git-repos/https%3A%2F%2Fgithub.com%2FRaytwo%2Fcatalog_bundle_tool'...
[INFO] running `Command { std: "git" "rev-parse" "HEAD", kill_on_drop: false }`
[INFO] [stdout] 0dafdf76783f074a4589b610c6b0ca87ba5adf5b
[INFO] testing Raytwo/catalog_bundle_tool against 1.83.0 for beta-1.84.0-4-retry
[INFO] running `Command { std: "git" "clone" "/workspace/cache/git-repos/https%3A%2F%2Fgithub.com%2FRaytwo%2Fcatalog_bundle_tool" "/workspace/builds/worker-6-tc1/source", kill_on_drop: false }`
[INFO] [stderr] Cloning into '/workspace/builds/worker-6-tc1/source'...
[INFO] [stderr] done.
[INFO] validating manifest of git repo https://github.com/Raytwo/catalog_bundle_tool on toolchain 1.83.0
[INFO] running `Command { std: CARGO_HOME="/workspace/cargo-home" RUSTUP_HOME="/workspace/rustup-home" "/workspace/cargo-home/bin/cargo" "+1.83.0" "metadata" "--manifest-path" "Cargo.toml" "--no-deps", kill_on_drop: false }`
[INFO] started tweaking git repo https://github.com/Raytwo/catalog_bundle_tool
[INFO] finished tweaking git repo https://github.com/Raytwo/catalog_bundle_tool
[INFO] tweaked toml for git repo https://github.com/Raytwo/catalog_bundle_tool written to /workspace/builds/worker-6-tc1/source/Cargo.toml
[INFO] crate git repo https://github.com/Raytwo/catalog_bundle_tool already has a lockfile, it will not be regenerated
[INFO] running `Command { std: CARGO_HOME="/workspace/cargo-home" RUSTUP_HOME="/workspace/rustup-home" "/workspace/cargo-home/bin/cargo" "+1.83.0" "fetch" "--manifest-path" "Cargo.toml", kill_on_drop: false }`
[INFO] [stderr]     Updating git repository `https://github.com/thane98/astra-formats`
[INFO] [stderr]     Updating crates.io index
[INFO] [stderr]     Blocking waiting for file lock on package cache
[INFO] [stderr]  Downloading crates ...
[INFO] [stderr]   Downloaded binrw v0.10.0
[INFO] [stderr]   Downloaded binrw_derive v0.10.0
[INFO] [stderr]   Downloaded binrw v0.11.1
[INFO] [stderr]   Downloaded lz4_flex v0.9.5
[INFO] [stderr]   Downloaded tegra_swizzle v0.3.1
[INFO] [stderr]   Downloaded binrw_derive v0.11.1
[INFO] [stderr]   Downloaded rustix v0.37.8
[INFO] [stderr]   Downloaded astc-decode v0.3.1
[INFO] running `Command { std: "docker" "create" "-v" "/var/lib/crater-agent-workspace/builds/worker-6-tc1/target:/opt/rustwide/target:rw,Z" "-v" "/var/lib/crater-agent-workspace/builds/worker-6-tc1/source:/opt/rustwide/workdir:ro,Z" "-v" "/var/lib/crater-agent-workspace/cargo-home:/opt/rustwide/cargo-home:ro,Z" "-v" "/var/lib/crater-agent-workspace/rustup-home:/opt/rustwide/rustup-home:ro,Z" "-e" "SOURCE_DIR=/opt/rustwide/workdir" "-e" "CARGO_TARGET_DIR=/opt/rustwide/target" "-e" "CARGO_HOME=/opt/rustwide/cargo-home" "-e" "RUSTUP_HOME=/opt/rustwide/rustup-home" "-w" "/opt/rustwide/workdir" "-m" "1610612736" "--user" "0:0" "--network" "none" "ghcr.io/rust-lang/crates-build-env/linux@sha256:f3a9d4ad9d972b27faf3965f35b62e55ba32bbce8f20bc8fe909558a86702fde" "/opt/rustwide/cargo-home/bin/cargo" "+1.83.0" "metadata" "--no-deps" "--format-version=1", kill_on_drop: false }`
[INFO] [stdout] 762bfbb803435550038dea94bd52e75e409494ebcc4f1da19f98bb2689da85ba
[INFO] running `Command { std: "docker" "start" "-a" "762bfbb803435550038dea94bd52e75e409494ebcc4f1da19f98bb2689da85ba", kill_on_drop: false }`
[INFO] running `Command { std: "docker" "inspect" "762bfbb803435550038dea94bd52e75e409494ebcc4f1da19f98bb2689da85ba", kill_on_drop: false }`
[INFO] running `Command { std: "docker" "rm" "-f" "762bfbb803435550038dea94bd52e75e409494ebcc4f1da19f98bb2689da85ba", kill_on_drop: false }`
[INFO] [stdout] 762bfbb803435550038dea94bd52e75e409494ebcc4f1da19f98bb2689da85ba
[INFO] running `Command { std: "docker" "create" "-v" "/var/lib/crater-agent-workspace/builds/worker-6-tc1/target:/opt/rustwide/target:rw,Z" "-v" "/var/lib/crater-agent-workspace/builds/worker-6-tc1/source:/opt/rustwide/workdir:ro,Z" "-v" "/var/lib/crater-agent-workspace/cargo-home:/opt/rustwide/cargo-home:ro,Z" "-v" "/var/lib/crater-agent-workspace/rustup-home:/opt/rustwide/rustup-home:ro,Z" "-e" "SOURCE_DIR=/opt/rustwide/workdir" "-e" "CARGO_TARGET_DIR=/opt/rustwide/target" "-e" "CARGO_INCREMENTAL=0" "-e" "RUST_BACKTRACE=full" "-e" "RUSTFLAGS=--cap-lints=warn" "-e" "RUSTDOCFLAGS=--cap-lints=warn" "-e" "CARGO_HOME=/opt/rustwide/cargo-home" "-e" "RUSTUP_HOME=/opt/rustwide/rustup-home" "-w" "/opt/rustwide/workdir" "-m" "1610612736" "--user" "0:0" "--network" "none" "ghcr.io/rust-lang/crates-build-env/linux@sha256:f3a9d4ad9d972b27faf3965f35b62e55ba32bbce8f20bc8fe909558a86702fde" "/opt/rustwide/cargo-home/bin/cargo" "+1.83.0" "build" "--frozen" "--message-format=json", kill_on_drop: false }`
[INFO] [stdout] a36585272f331a8f9daa0949f11f6c34df9dfe5293461df989392563ef867e30
[INFO] running `Command { std: "docker" "start" "-a" "a36585272f331a8f9daa0949f11f6c34df9dfe5293461df989392563ef867e30", kill_on_drop: false }`
[INFO] [stderr]    Compiling proc-macro2 v1.0.56
[INFO] [stderr]    Compiling unicode-ident v1.0.8
[INFO] [stderr]    Compiling quote v1.0.26
[INFO] [stderr]    Compiling libc v0.2.141
[INFO] [stderr]    Compiling syn v1.0.109
[INFO] [stderr]    Compiling serde_derive v1.0.159
[INFO] [stderr]    Compiling crossbeam-utils v0.8.15
[INFO] [stderr]    Compiling memoffset v0.8.0
[INFO] [stderr]    Compiling serde v1.0.159
[INFO] [stderr]    Compiling crossbeam-epoch v0.9.14
[INFO] [stderr]    Compiling rayon-core v1.11.0
[INFO] [stderr]    Compiling lock_api v0.4.9
[INFO] [stderr]    Compiling either v1.8.1
[INFO] [stderr]    Compiling miniz_oxide v0.6.2
[INFO] [stderr]    Compiling owo-colors v3.5.0
[INFO] [stderr]    Compiling futures-core v0.3.28
[INFO] [stderr]    Compiling bytemuck v1.13.1
[INFO] [stderr]    Compiling proc-macro-error-attr v1.0.4
[INFO] [stderr]    Compiling num-integer v0.1.45
[INFO] [stderr]    Compiling indexmap v1.9.3
[INFO] [stderr]    Compiling io-lifetimes v1.0.10
[INFO] [stderr]    Compiling unicode-width v0.1.10
[INFO] [stderr]    Compiling proc-macro-error v1.0.4
[INFO] [stderr]    Compiling num-rational v0.4.1
[INFO] [stderr]    Compiling rustix v0.37.8
[INFO] [stderr]    Compiling simd-adler32 v0.3.5
[INFO] [stderr]    Compiling binrw_derive v0.11.1
[INFO] [stderr]    Compiling array-init v2.1.0
[INFO] [stderr]    Compiling futures-sink v0.3.28
[INFO] [stderr]    Compiling binrw_derive v0.10.0
[INFO] [stderr]    Compiling weezl v0.1.7
[INFO] [stderr]    Compiling spin v0.9.8
[INFO] [stderr]    Compiling hashbrown v0.12.3
[INFO] [stderr]    Compiling memchr v2.5.0
[INFO] [stderr]    Compiling zune-inflate v0.2.53
[INFO] [stderr]    Compiling linux-raw-sys v0.3.1
[INFO] [stderr]    Compiling serde_json v1.0.95
[INFO] [stderr]    Compiling once_cell v1.17.1
[INFO] [stderr]    Compiling smallvec v1.10.0
[INFO] [stderr]    Compiling unicode-segmentation v1.10.1
[INFO] [stderr]    Compiling anyhow v1.0.70
[INFO] [stderr]    Compiling bit_field v0.10.2
[INFO] [stderr]    Compiling lebe v0.5.2
[INFO] [stderr]    Compiling flate2 v1.0.25
[INFO] [stderr]    Compiling half v2.2.1
[INFO] [stderr]    Compiling syn v2.0.13
[INFO] [stderr]    Compiling crossbeam-channel v0.5.7
[INFO] [stderr]    Compiling static_assertions v1.1.0
[INFO] [stderr]    Compiling binrw v0.11.1
[INFO] [stderr]    Compiling thiserror v1.0.40
[INFO] [stderr]    Compiling crossbeam-deque v0.8.3
[INFO] [stderr]    Compiling crc-catalog v2.2.0
[INFO] [stderr]    Compiling crc v3.0.1
[INFO] [stderr]    Compiling heck v0.3.3
[INFO] [stderr]    Compiling twox-hash v1.6.3
[INFO] [stderr]    Compiling png v0.17.7
[INFO] [stderr]    Compiling gif v0.12.0
[INFO] [stderr]    Compiling thread_local v1.1.7
[INFO] [stderr]    Compiling qoi v0.4.1
[INFO] [stderr]    Compiling textwrap v0.11.0
[INFO] [stderr]    Compiling encoding_rs v0.8.32
[INFO] [stderr]    Compiling ryu v1.0.13
[INFO] [stderr]    Compiling winnow v0.4.1
[INFO] [stderr]    Compiling itoa v1.0.6
[INFO] [stderr]    Compiling fastrand v1.9.0
[INFO] [stderr]    Compiling camino v1.1.4
[INFO] [stderr]    Compiling strsim v0.8.0
[INFO] [stderr]    Compiling getrandom v0.2.9
[INFO] [stderr]    Compiling num_cpus v1.15.0
[INFO] [stderr]    Compiling atty v0.2.14
[INFO] [stderr]    Compiling vec_map v0.8.2
[INFO] [stderr]    Compiling console v0.15.5
[INFO] [stderr]    Compiling nanorand v0.7.0
[INFO] [stderr]    Compiling rand_core v0.6.4
[INFO] [stderr]    Compiling clap v2.34.0
[INFO] [stderr]    Compiling rand_chacha v0.3.1
[INFO] [stderr]    Compiling fuzzy-matcher v0.3.7
[INFO] [stderr]    Compiling lz4_flex v0.9.5
[INFO] [stderr]    Compiling lzma-rs v0.3.0
[INFO] [stderr]    Compiling itertools v0.10.5
[INFO] [stderr]    Compiling zeroize v1.6.0
[INFO] [stderr]    Compiling rand v0.8.5
[INFO] [stderr]    Compiling rayon v1.7.0
[INFO] [stderr]    Compiling tegra_swizzle v0.3.1
[INFO] [stderr]    Compiling shell-words v1.1.0
[INFO] [stderr]    Compiling base64 v0.21.0
[INFO] [stderr]    Compiling astc-decode v0.3.1
[INFO] [stderr]    Compiling thiserror-impl v1.0.40
[INFO] [stderr]    Compiling tempfile v3.5.0
[INFO] [stderr]    Compiling jpeg-decoder v0.3.0
[INFO] [stderr]    Compiling dialoguer v0.10.4
[INFO] [stderr]    Compiling tiff v0.8.1
[INFO] [stderr]    Compiling pin-project-internal v1.0.12
[INFO] [stderr]    Compiling structopt-derive v0.4.18
[INFO] [stderr]    Compiling pin-project v1.0.12
[INFO] [stderr]    Compiling flume v0.10.14
[INFO] [stderr]    Compiling exr v1.6.3
[INFO] [stderr]    Compiling structopt v0.3.26
[INFO] [stderr]    Compiling binrw v0.10.0
[INFO] [stderr]    Compiling toml_datetime v0.6.1
[INFO] [stderr]    Compiling serde_spanned v0.6.1
[INFO] [stderr]    Compiling quick-xml v0.27.1
[INFO] [stderr]    Compiling toml_edit v0.19.8
[INFO] [stderr]    Compiling image v0.24.6
[INFO] [stderr]    Compiling toml v0.7.3
[INFO] [stderr]    Compiling catalog v0.1.0 (/opt/rustwide/workdir/catalog)
[INFO] [stdout] warning: unused imports: `BinResult` and `meta::WriteEndian`
[INFO] [stdout]  --> catalog/src/catalog.rs:1:13
[INFO] [stdout]   |
[INFO] [stdout] 1 | use binrw::{BinResult, BinRead, BinWrite, meta::WriteEndian};
[INFO] [stdout]   |             ^^^^^^^^^                     ^^^^^^^^^^^^^^^^^
[INFO] [stdout]   |
[INFO] [stdout]   = note: `#[warn(unused_imports)]` on by default
[INFO] [stdout] 
[INFO] [stdout] 
[INFO] [stdout] warning: unused import: `BufReader`
[INFO] [stdout]  --> catalog/src/lookup.rs:1:23
[INFO] [stdout]   |
[INFO] [stdout] 1 | use std::{io::{ Seek, BufReader, Write }, fmt::Display};
[INFO] [stdout]   |                       ^^^^^^^^^
[INFO] [stdout] 
[INFO] [stdout] 
[INFO] [stdout] warning: unused import: `BinReaderExt`
[INFO] [stdout]  --> catalog/src/lookup.rs:2:32
[INFO] [stdout]   |
[INFO] [stdout] 2 | use binrw::{BinRead, BinWrite, BinReaderExt, BinResult, until_eof };
[INFO] [stdout]   |                                ^^^^^^^^^^^^
[INFO] [stdout] 
[INFO] [stdout] 
[INFO] [stdout] warning: use of deprecated function `base64::encode`: Use Engine::encode
[INFO] [stdout]   --> catalog/src/catalog.rs:30:24
[INFO] [stdout]    |
[INFO] [stdout] 30 |     let base = base64::encode(buff.get_ref());
[INFO] [stdout]    |                        ^^^^^^
[INFO] [stdout]    |
[INFO] [stdout]    = note: `#[warn(deprecated)]` on by default
[INFO] [stdout] 
[INFO] [stdout] 
[INFO] [stdout] warning: use of deprecated function `base64::decode`: Use Engine::decode
[INFO] [stdout]   --> catalog/src/catalog.rs:40:23
[INFO] [stdout]    |
[INFO] [stdout] 40 |     let buf = base64::decode(&buf).map_err(CatalogError::Base64Decode).map_err(serde::de::Error::custom)?; 
[INFO] [stdout]    |                       ^^^^^^
[INFO] [stdout] 
[INFO] [stdout] 
[INFO] [stdout] warning: unused import: `Write`
[INFO] [stdout]  --> catalog/src/lookup.rs:1:34
[INFO] [stdout]   |
[INFO] [stdout] 1 | use std::{io::{ Seek, BufReader, Write }, fmt::Display};
[INFO] [stdout]   |                                  ^^^^^
[INFO] [stdout] 
[INFO] [stdout] 
[INFO] [stdout] warning: fields `key_type`, `assembly_name_len`, `class_name_len`, and `json_len` are never read
[INFO] [stdout]    --> catalog/src/lookup.rs:121:5
[INFO] [stdout]     |
[INFO] [stdout] 112 | pub struct ExtraValue {
[INFO] [stdout]     |            ---------- fields in this struct
[INFO] [stdout] ...
[INFO] [stdout] 121 |     key_type: u8,
[INFO] [stdout]     |     ^^^^^^^^
[INFO] [stdout] 122 |     assembly_name_len: u8,
[INFO] [stdout]     |     ^^^^^^^^^^^^^^^^^
[INFO] [stdout] ...
[INFO] [stdout] 125 |     class_name_len: u8,
[INFO] [stdout]     |     ^^^^^^^^^^^^^^
[INFO] [stdout] ...
[INFO] [stdout] 128 |     json_len: i32,
[INFO] [stdout]     |     ^^^^^^^^
[INFO] [stdout]     |
[INFO] [stdout]     = note: `ExtraValue` has derived impls for the traits `Debug` and `Clone`, but these are intentionally ignored during dead code analysis
[INFO] [stdout]     = note: `#[warn(dead_code)]` on by default
[INFO] [stdout] 
[INFO] [stdout] 
[INFO] [stdout] warning: structure field `m_LocatorId` should have a snake case name
[INFO] [stdout]   --> catalog/src/catalog.rs:48:5
[INFO] [stdout]    |
[INFO] [stdout] 48 |     m_LocatorId: String,
[INFO] [stdout]    |     ^^^^^^^^^^^ help: convert the identifier to snake case: `m_locator_id`
[INFO] [stdout]    |
[INFO] [stdout]    = note: `#[warn(non_snake_case)]` on by default
[INFO] [stdout] 
[INFO] [stdout] 
[INFO] [stdout] warning: structure field `m_InstanceProviderData` should have a snake case name
[INFO] [stdout]   --> catalog/src/catalog.rs:49:5
[INFO] [stdout]    |
[INFO] [stdout] 49 |     m_InstanceProviderData: ProviderData,
[INFO] [stdout]    |     ^^^^^^^^^^^^^^^^^^^^^^ help: convert the identifier to snake case: `m_instance_provider_data`
[INFO] [stdout] 
[INFO] [stdout] 
[INFO] [stdout] warning: structure field `m_SceneProviderData` should have a snake case name
[INFO] [stdout]   --> catalog/src/catalog.rs:50:5
[INFO] [stdout]    |
[INFO] [stdout] 50 |     m_SceneProviderData: ProviderData,
[INFO] [stdout]    |     ^^^^^^^^^^^^^^^^^^^ help: convert the identifier to snake case: `m_scene_provider_data`
[INFO] [stdout] 
[INFO] [stdout] 
[INFO] [stdout] warning: structure field `m_ResourceProviderData` should have a snake case name
[INFO] [stdout]   --> catalog/src/catalog.rs:51:5
[INFO] [stdout]    |
[INFO] [stdout] 51 |     m_ResourceProviderData: Vec<ProviderData>,
[INFO] [stdout]    |     ^^^^^^^^^^^^^^^^^^^^^^ help: convert the identifier to snake case: `m_resource_provider_data`
[INFO] [stdout] 
[INFO] [stdout] 
[INFO] [stdout] warning: structure field `m_ProviderIds` should have a snake case name
[INFO] [stdout]   --> catalog/src/catalog.rs:52:5
[INFO] [stdout]    |
[INFO] [stdout] 52 |     m_ProviderIds: Vec<String>,
[INFO] [stdout]    |     ^^^^^^^^^^^^^ help: convert the identifier to snake case: `m_provider_ids`
[INFO] [stdout] 
[INFO] [stdout] 
[INFO] [stdout] warning: structure field `m_InternalIds` should have a snake case name
[INFO] [stdout]   --> catalog/src/catalog.rs:53:9
[INFO] [stdout]    |
[INFO] [stdout] 53 |     pub m_InternalIds: Vec<String>,
[INFO] [stdout]    |         ^^^^^^^^^^^^^ help: convert the identifier to snake case: `m_internal_ids`
[INFO] [stdout] 
[INFO] [stdout] 
[INFO] [stdout] warning: structure field `m_KeyDataString` should have a snake case name
[INFO] [stdout]   --> catalog/src/catalog.rs:55:9
[INFO] [stdout]    |
[INFO] [stdout] 55 |     pub m_KeyDataString: KeyData,
[INFO] [stdout]    |         ^^^^^^^^^^^^^^^ help: convert the identifier to snake case: `m_key_data_string`
[INFO] [stdout] 
[INFO] [stdout] 
[INFO] [stdout] warning: structure field `m_BucketDataString` should have a snake case name
[INFO] [stdout]   --> catalog/src/catalog.rs:57:5
[INFO] [stdout]    |
[INFO] [stdout] 57 |     m_BucketDataString: BucketData,
[INFO] [stdout]    |     ^^^^^^^^^^^^^^^^^^ help: convert the identifier to snake case: `m_bucket_data_string`
[INFO] [stdout] 
[INFO] [stdout] 
[INFO] [stdout] warning: structure field `m_EntryDataString` should have a snake case name
[INFO] [stdout]   --> catalog/src/catalog.rs:59:5
[INFO] [stdout]    |
[INFO] [stdout] 59 |     m_EntryDataString: EntryData,
[INFO] [stdout]    |     ^^^^^^^^^^^^^^^^^ help: convert the identifier to snake case: `m_entry_data_string`
[INFO] [stdout] 
[INFO] [stdout] 
[INFO] [stdout] warning: structure field `m_ExtraDataString` should have a snake case name
[INFO] [stdout]   --> catalog/src/catalog.rs:61:5
[INFO] [stdout]    |
[INFO] [stdout] 61 |     m_ExtraDataString: ExtraData,
[INFO] [stdout]    |     ^^^^^^^^^^^^^^^^^ help: convert the identifier to snake case: `m_extra_data_string`
[INFO] [stdout] 
[INFO] [stdout] 
[INFO] [stdout] warning: structure field `m_resourceTypes` should have a snake case name
[INFO] [stdout]   --> catalog/src/catalog.rs:62:5
[INFO] [stdout]    |
[INFO] [stdout] 62 |     m_resourceTypes: Vec<ObjectType>,
[INFO] [stdout]    |     ^^^^^^^^^^^^^^^ help: convert the identifier to snake case: `m_resource_types`
[INFO] [stdout] 
[INFO] [stdout] 
[INFO] [stdout] warning: structure field `m_InternalIdPrefixes` should have a snake case name
[INFO] [stdout]   --> catalog/src/catalog.rs:63:5
[INFO] [stdout]    |
[INFO] [stdout] 63 |     m_InternalIdPrefixes: Vec<String>,
[INFO] [stdout]    |     ^^^^^^^^^^^^^^^^^^^^ help: convert the identifier to snake case: `m_internal_id_prefixes`
[INFO] [stdout] 
[INFO] [stdout] 
[INFO] [stdout] warning: structure field `m_Id` should have a snake case name
[INFO] [stdout]   --> catalog/src/catalog.rs:68:5
[INFO] [stdout]    |
[INFO] [stdout] 68 |     m_Id: String,
[INFO] [stdout]    |     ^^^^ help: convert the identifier to snake case (notice the capitalization): `m_id`
[INFO] [stdout] 
[INFO] [stdout] 
[INFO] [stdout] warning: structure field `m_ObjectType` should have a snake case name
[INFO] [stdout]   --> catalog/src/catalog.rs:69:5
[INFO] [stdout]    |
[INFO] [stdout] 69 |     m_ObjectType: ObjectType,
[INFO] [stdout]    |     ^^^^^^^^^^^^ help: convert the identifier to snake case: `m_object_type`
[INFO] [stdout] 
[INFO] [stdout] 
[INFO] [stdout] warning: structure field `m_Data` should have a snake case name
[INFO] [stdout]   --> catalog/src/catalog.rs:70:5
[INFO] [stdout]    |
[INFO] [stdout] 70 |     m_Data: String,
[INFO] [stdout]    |     ^^^^^^ help: convert the identifier to snake case: `m_data`
[INFO] [stdout] 
[INFO] [stdout] 
[INFO] [stdout] warning: structure field `m_AssemblyName` should have a snake case name
[INFO] [stdout]   --> catalog/src/catalog.rs:75:5
[INFO] [stdout]    |
[INFO] [stdout] 75 |     m_AssemblyName: String,
[INFO] [stdout]    |     ^^^^^^^^^^^^^^ help: convert the identifier to snake case: `m_assembly_name`
[INFO] [stdout] 
[INFO] [stdout] 
[INFO] [stdout] warning: structure field `m_ClassName` should have a snake case name
[INFO] [stdout]   --> catalog/src/catalog.rs:76:9
[INFO] [stdout]    |
[INFO] [stdout] 76 |     pub m_ClassName: String,
[INFO] [stdout]    |         ^^^^^^^^^^^ help: convert the identifier to snake case: `m_class_name`
[INFO] [stdout] 
[INFO] [stdout] 
[INFO] [stderr]    Compiling astra_formats v0.1.0 (https://github.com/thane98/astra-formats#ae6f4ea5)
[INFO] [stderr]    Compiling catalog_tools v0.8.0 (/opt/rustwide/workdir)
[INFO] [stdout] warning: unused import: `Select`
[INFO] [stdout]  --> src/main.rs:3:18
[INFO] [stdout]   |
[INFO] [stdout] 3 | use dialoguer::{ Select };
[INFO] [stdout]   |                  ^^^^^^
[INFO] [stdout]   |
[INFO] [stdout]   = note: `#[warn(unused_imports)]` on by default
[INFO] [stdout] 
[INFO] [stdout] 
[INFO] [stdout] warning: unreachable expression
[INFO] [stdout]    --> src/main.rs:199:25
[INFO] [stdout]     |
[INFO] [stdout] 198 |                         std::process::exit(1);
[INFO] [stdout]     |                         --------------------- any code following this expression is unreachable
[INFO] [stdout] 199 |                         unreachable!()
[INFO] [stdout]     |                         ^^^^^^^^^^^^^^ unreachable expression
[INFO] [stdout]     |
[INFO] [stdout]     = note: `#[warn(unreachable_code)]` on by default
[INFO] [stdout]     = note: this warning originates in the macro `$crate::panic::unreachable_2021` which comes from the expansion of the macro `unreachable` (in Nightly builds, run with -Z macro-backtrace for more info)
[INFO] [stdout] 
[INFO] [stdout] 
[INFO] [stdout] warning: unreachable expression
[INFO] [stdout]    --> src/main.rs:281:25
[INFO] [stdout]     |
[INFO] [stdout] 280 |                         std::process::exit(1);
[INFO] [stdout]     |                         --------------------- any code following this expression is unreachable
[INFO] [stdout] 281 |                         unreachable!()
[INFO] [stdout]     |                         ^^^^^^^^^^^^^^ unreachable expression
[INFO] [stdout]     |
[INFO] [stdout]     = note: this warning originates in the macro `$crate::panic::unreachable_2021` which comes from the expansion of the macro `unreachable` (in Nightly builds, run with -Z macro-backtrace for more info)
[INFO] [stdout] 
[INFO] [stdout] 
[INFO] [stdout] warning: variable does not need to be mutable
[INFO] [stdout]    --> src/main.rs:252:17
[INFO] [stdout]     |
[INFO] [stdout] 252 |             let mut catalog = match res {
[INFO] [stdout]     |                 ----^^^^^^^
[INFO] [stdout]     |                 |
[INFO] [stdout]     |                 help: remove this `mut`
[INFO] [stdout]     |
[INFO] [stdout]     = note: `#[warn(unused_mut)]` on by default
[INFO] [stdout] 
[INFO] [stdout] 
[INFO] [stderr]     Finished `dev` profile [unoptimized + debuginfo] target(s) in 1m 04s
[INFO] running `Command { std: "docker" "inspect" "a36585272f331a8f9daa0949f11f6c34df9dfe5293461df989392563ef867e30", kill_on_drop: false }`
[INFO] running `Command { std: "docker" "rm" "-f" "a36585272f331a8f9daa0949f11f6c34df9dfe5293461df989392563ef867e30", kill_on_drop: false }`
[INFO] [stdout] a36585272f331a8f9daa0949f11f6c34df9dfe5293461df989392563ef867e30
[INFO] running `Command { std: "docker" "create" "-v" "/var/lib/crater-agent-workspace/builds/worker-6-tc1/target:/opt/rustwide/target:rw,Z" "-v" "/var/lib/crater-agent-workspace/builds/worker-6-tc1/source:/opt/rustwide/workdir:ro,Z" "-v" "/var/lib/crater-agent-workspace/cargo-home:/opt/rustwide/cargo-home:ro,Z" "-v" "/var/lib/crater-agent-workspace/rustup-home:/opt/rustwide/rustup-home:ro,Z" "-e" "SOURCE_DIR=/opt/rustwide/workdir" "-e" "CARGO_TARGET_DIR=/opt/rustwide/target" "-e" "CARGO_INCREMENTAL=0" "-e" "RUST_BACKTRACE=full" "-e" "RUSTFLAGS=--cap-lints=warn" "-e" "RUSTDOCFLAGS=--cap-lints=warn" "-e" "CARGO_HOME=/opt/rustwide/cargo-home" "-e" "RUSTUP_HOME=/opt/rustwide/rustup-home" "-w" "/opt/rustwide/workdir" "-m" "1610612736" "--user" "0:0" "--network" "none" "ghcr.io/rust-lang/crates-build-env/linux@sha256:f3a9d4ad9d972b27faf3965f35b62e55ba32bbce8f20bc8fe909558a86702fde" "/opt/rustwide/cargo-home/bin/cargo" "+1.83.0" "test" "--frozen" "--no-run" "--message-format=json", kill_on_drop: false }`
[INFO] [stdout] 78df96323ec4f48a01c4ace7ad0fb9b113b076bc597e284a0d119479ddc9a607
[INFO] running `Command { std: "docker" "start" "-a" "78df96323ec4f48a01c4ace7ad0fb9b113b076bc597e284a0d119479ddc9a607", kill_on_drop: false }`
[INFO] [stdout] warning: unused imports: `BinResult` and `meta::WriteEndian`
[INFO] [stdout]  --> catalog/src/catalog.rs:1:13
[INFO] [stdout]   |
[INFO] [stdout] 1 | use binrw::{BinResult, BinRead, BinWrite, meta::WriteEndian};
[INFO] [stdout]   |             ^^^^^^^^^                     ^^^^^^^^^^^^^^^^^
[INFO] [stdout]   |
[INFO] [stdout]   = note: `#[warn(unused_imports)]` on by default
[INFO] [stdout] 
[INFO] [stdout] 
[INFO] [stdout] warning: unused import: `BufReader`
[INFO] [stdout]  --> catalog/src/lookup.rs:1:23
[INFO] [stdout]   |
[INFO] [stdout] 1 | use std::{io::{ Seek, BufReader, Write }, fmt::Display};
[INFO] [stdout]   |                       ^^^^^^^^^
[INFO] [stdout] 
[INFO] [stdout] 
[INFO] [stdout] warning: unused import: `BinReaderExt`
[INFO] [stdout]  --> catalog/src/lookup.rs:2:32
[INFO] [stdout]   |
[INFO] [stdout] 2 | use binrw::{BinRead, BinWrite, BinReaderExt, BinResult, until_eof };
[INFO] [stdout]   |                                ^^^^^^^^^^^^
[INFO] [stdout] 
[INFO] [stdout] 
[INFO] [stdout] warning: use of deprecated function `base64::encode`: Use Engine::encode
[INFO] [stdout]   --> catalog/src/catalog.rs:30:24
[INFO] [stdout]    |
[INFO] [stdout] 30 |     let base = base64::encode(buff.get_ref());
[INFO] [stdout]    |                        ^^^^^^
[INFO] [stdout]    |
[INFO] [stdout]    = note: `#[warn(deprecated)]` on by default
[INFO] [stdout] 
[INFO] [stdout] 
[INFO] [stdout] warning: use of deprecated function `base64::decode`: Use Engine::decode
[INFO] [stdout]   --> catalog/src/catalog.rs:40:23
[INFO] [stdout]    |
[INFO] [stdout] 40 |     let buf = base64::decode(&buf).map_err(CatalogError::Base64Decode).map_err(serde::de::Error::custom)?; 
[INFO] [stdout]    |                       ^^^^^^
[INFO] [stdout] 
[INFO] [stdout] 
[INFO] [stdout] warning: unused import: `Write`
[INFO] [stdout]  --> catalog/src/lookup.rs:1:34
[INFO] [stdout]   |
[INFO] [stdout] 1 | use std::{io::{ Seek, BufReader, Write }, fmt::Display};
[INFO] [stdout]   |                                  ^^^^^
[INFO] [stdout] 
[INFO] [stdout] 
[INFO] [stdout] warning: fields `key_type`, `assembly_name_len`, `class_name_len`, and `json_len` are never read
[INFO] [stdout]    --> catalog/src/lookup.rs:121:5
[INFO] [stdout]     |
[INFO] [stdout] 112 | pub struct ExtraValue {
[INFO] [stdout]     |            ---------- fields in this struct
[INFO] [stdout] ...
[INFO] [stdout] 121 |     key_type: u8,
[INFO] [stdout]     |     ^^^^^^^^
[INFO] [stdout] 122 |     assembly_name_len: u8,
[INFO] [stdout]     |     ^^^^^^^^^^^^^^^^^
[INFO] [stdout] ...
[INFO] [stdout] 125 |     class_name_len: u8,
[INFO] [stdout]     |     ^^^^^^^^^^^^^^
[INFO] [stdout] ...
[INFO] [stdout] 128 |     json_len: i32,
[INFO] [stdout]     |     ^^^^^^^^
[INFO] [stdout]     |
[INFO] [stdout]     = note: `ExtraValue` has derived impls for the traits `Debug` and `Clone`, but these are intentionally ignored during dead code analysis
[INFO] [stdout]     = note: `#[warn(dead_code)]` on by default
[INFO] [stdout] 
[INFO] [stdout] 
[INFO] [stdout] warning: structure field `m_LocatorId` should have a snake case name
[INFO] [stdout]   --> catalog/src/catalog.rs:48:5
[INFO] [stdout]    |
[INFO] [stdout] 48 |     m_LocatorId: String,
[INFO] [stdout]    |     ^^^^^^^^^^^ help: convert the identifier to snake case: `m_locator_id`
[INFO] [stdout]    |
[INFO] [stdout]    = note: `#[warn(non_snake_case)]` on by default
[INFO] [stdout] 
[INFO] [stdout] 
[INFO] [stdout] warning: structure field `m_InstanceProviderData` should have a snake case name
[INFO] [stdout]   --> catalog/src/catalog.rs:49:5
[INFO] [stdout]    |
[INFO] [stdout] 49 |     m_InstanceProviderData: ProviderData,
[INFO] [stdout]    |     ^^^^^^^^^^^^^^^^^^^^^^ help: convert the identifier to snake case: `m_instance_provider_data`
[INFO] [stdout] 
[INFO] [stdout] 
[INFO] [stdout] warning: structure field `m_SceneProviderData` should have a snake case name
[INFO] [stdout]   --> catalog/src/catalog.rs:50:5
[INFO] [stdout]    |
[INFO] [stdout] 50 |     m_SceneProviderData: ProviderData,
[INFO] [stdout]    |     ^^^^^^^^^^^^^^^^^^^ help: convert the identifier to snake case: `m_scene_provider_data`
[INFO] [stdout] 
[INFO] [stdout] 
[INFO] [stdout] warning: structure field `m_ResourceProviderData` should have a snake case name
[INFO] [stdout]   --> catalog/src/catalog.rs:51:5
[INFO] [stdout]    |
[INFO] [stdout] 51 |     m_ResourceProviderData: Vec<ProviderData>,
[INFO] [stdout]    |     ^^^^^^^^^^^^^^^^^^^^^^ help: convert the identifier to snake case: `m_resource_provider_data`
[INFO] [stdout] 
[INFO] [stdout] 
[INFO] [stdout] warning: structure field `m_ProviderIds` should have a snake case name
[INFO] [stdout]   --> catalog/src/catalog.rs:52:5
[INFO] [stdout]    |
[INFO] [stdout] 52 |     m_ProviderIds: Vec<String>,
[INFO] [stdout]    |     ^^^^^^^^^^^^^ help: convert the identifier to snake case: `m_provider_ids`
[INFO] [stdout] 
[INFO] [stdout] 
[INFO] [stdout] warning: structure field `m_InternalIds` should have a snake case name
[INFO] [stdout]   --> catalog/src/catalog.rs:53:9
[INFO] [stdout]    |
[INFO] [stdout] 53 |     pub m_InternalIds: Vec<String>,
[INFO] [stdout]    |         ^^^^^^^^^^^^^ help: convert the identifier to snake case: `m_internal_ids`
[INFO] [stdout] 
[INFO] [stdout] 
[INFO] [stdout] warning: structure field `m_KeyDataString` should have a snake case name
[INFO] [stdout]   --> catalog/src/catalog.rs:55:9
[INFO] [stdout]    |
[INFO] [stdout] 55 |     pub m_KeyDataString: KeyData,
[INFO] [stdout]    |         ^^^^^^^^^^^^^^^ help: convert the identifier to snake case: `m_key_data_string`
[INFO] [stdout] 
[INFO] [stdout] 
[INFO] [stdout] warning: structure field `m_BucketDataString` should have a snake case name
[INFO] [stdout]   --> catalog/src/catalog.rs:57:5
[INFO] [stdout]    |
[INFO] [stdout] 57 |     m_BucketDataString: BucketData,
[INFO] [stdout]    |     ^^^^^^^^^^^^^^^^^^ help: convert the identifier to snake case: `m_bucket_data_string`
[INFO] [stdout] 
[INFO] [stdout] 
[INFO] [stdout] warning: structure field `m_EntryDataString` should have a snake case name
[INFO] [stdout]   --> catalog/src/catalog.rs:59:5
[INFO] [stdout]    |
[INFO] [stdout] 59 |     m_EntryDataString: EntryData,
[INFO] [stdout]    |     ^^^^^^^^^^^^^^^^^ help: convert the identifier to snake case: `m_entry_data_string`
[INFO] [stdout] 
[INFO] [stdout] 
[INFO] [stdout] warning: structure field `m_ExtraDataString` should have a snake case name
[INFO] [stdout]   --> catalog/src/catalog.rs:61:5
[INFO] [stdout]    |
[INFO] [stdout] 61 |     m_ExtraDataString: ExtraData,
[INFO] [stdout]    |     ^^^^^^^^^^^^^^^^^ help: convert the identifier to snake case: `m_extra_data_string`
[INFO] [stdout] 
[INFO] [stdout] 
[INFO] [stdout] warning: structure field `m_resourceTypes` should have a snake case name
[INFO] [stdout]   --> catalog/src/catalog.rs:62:5
[INFO] [stdout]    |
[INFO] [stdout] 62 |     m_resourceTypes: Vec<ObjectType>,
[INFO] [stdout]    |     ^^^^^^^^^^^^^^^ help: convert the identifier to snake case: `m_resource_types`
[INFO] [stdout] 
[INFO] [stdout] 
[INFO] [stderr]    Compiling catalog_tools v0.8.0 (/opt/rustwide/workdir)
[INFO] [stdout] warning: structure field `m_InternalIdPrefixes` should have a snake case name
[INFO] [stdout]   --> catalog/src/catalog.rs:63:5
[INFO] [stdout]    |
[INFO] [stdout] 63 |     m_InternalIdPrefixes: Vec<String>,
[INFO] [stdout]    |     ^^^^^^^^^^^^^^^^^^^^ help: convert the identifier to snake case: `m_internal_id_prefixes`
[INFO] [stdout] 
[INFO] [stdout] 
[INFO] [stdout] warning: structure field `m_Id` should have a snake case name
[INFO] [stdout]   --> catalog/src/catalog.rs:68:5
[INFO] [stdout]    |
[INFO] [stdout] 68 |     m_Id: String,
[INFO] [stdout]    |     ^^^^ help: convert the identifier to snake case (notice the capitalization): `m_id`
[INFO] [stdout] 
[INFO] [stdout] 
[INFO] [stdout] warning: structure field `m_ObjectType` should have a snake case name
[INFO] [stdout]   --> catalog/src/catalog.rs:69:5
[INFO] [stdout]    |
[INFO] [stdout] 69 |     m_ObjectType: ObjectType,
[INFO] [stdout]    |     ^^^^^^^^^^^^ help: convert the identifier to snake case: `m_object_type`
[INFO] [stdout] 
[INFO] [stdout] 
[INFO] [stdout] warning: structure field `m_Data` should have a snake case name
[INFO] [stdout]   --> catalog/src/catalog.rs:70:5
[INFO] [stdout]    |
[INFO] [stdout] 70 |     m_Data: String,
[INFO] [stdout]    |     ^^^^^^ help: convert the identifier to snake case: `m_data`
[INFO] [stdout] 
[INFO] [stdout] 
[INFO] [stdout] warning: structure field `m_AssemblyName` should have a snake case name
[INFO] [stdout]   --> catalog/src/catalog.rs:75:5
[INFO] [stdout]    |
[INFO] [stdout] 75 |     m_AssemblyName: String,
[INFO] [stdout]    |     ^^^^^^^^^^^^^^ help: convert the identifier to snake case: `m_assembly_name`
[INFO] [stdout] 
[INFO] [stdout] 
[INFO] [stdout] warning: structure field `m_ClassName` should have a snake case name
[INFO] [stdout]   --> catalog/src/catalog.rs:76:9
[INFO] [stdout]    |
[INFO] [stdout] 76 |     pub m_ClassName: String,
[INFO] [stdout]    |         ^^^^^^^^^^^ help: convert the identifier to snake case: `m_class_name`
[INFO] [stdout] 
[INFO] [stdout] 
[INFO] [stdout] warning: unused import: `Select`
[INFO] [stdout]  --> src/main.rs:3:18
[INFO] [stdout]   |
[INFO] [stdout] 3 | use dialoguer::{ Select };
[INFO] [stdout]   |                  ^^^^^^
[INFO] [stdout]   |
[INFO] [stdout]   = note: `#[warn(unused_imports)]` on by default
[INFO] [stdout] 
[INFO] [stdout] 
[INFO] [stdout] warning: unused import: `catalog::lookup::KeyDataValue`
[INFO] [stdout]    --> src/main.rs:355:9
[INFO] [stdout]     |
[INFO] [stdout] 355 |     use catalog::lookup::KeyDataValue;
[INFO] [stdout]     |         ^^^^^^^^^^^^^^^^^^^^^^^^^^^^^
[INFO] [stdout] 
[INFO] [stdout] 
[INFO] [stdout] warning: unreachable expression
[INFO] [stdout]    --> src/main.rs:199:25
[INFO] [stdout]     |
[INFO] [stdout] 198 |                         std::process::exit(1);
[INFO] [stdout]     |                         --------------------- any code following this expression is unreachable
[INFO] [stdout] 199 |                         unreachable!()
[INFO] [stdout]     |                         ^^^^^^^^^^^^^^ unreachable expression
[INFO] [stdout]     |
[INFO] [stdout]     = note: `#[warn(unreachable_code)]` on by default
[INFO] [stdout]     = note: this warning originates in the macro `$crate::panic::unreachable_2021` which comes from the expansion of the macro `unreachable` (in Nightly builds, run with -Z macro-backtrace for more info)
[INFO] [stdout] 
[INFO] [stdout] 
[INFO] [stdout] warning: unreachable expression
[INFO] [stdout]    --> src/main.rs:281:25
[INFO] [stdout]     |
[INFO] [stdout] 280 |                         std::process::exit(1);
[INFO] [stdout]     |                         --------------------- any code following this expression is unreachable
[INFO] [stdout] 281 |                         unreachable!()
[INFO] [stdout]     |                         ^^^^^^^^^^^^^^ unreachable expression
[INFO] [stdout]     |
[INFO] [stdout]     = note: this warning originates in the macro `$crate::panic::unreachable_2021` which comes from the expansion of the macro `unreachable` (in Nightly builds, run with -Z macro-backtrace for more info)
[INFO] [stdout] 
[INFO] [stdout] 
[INFO] [stdout] warning: variable does not need to be mutable
[INFO] [stdout]    --> src/main.rs:252:17
[INFO] [stdout]     |
[INFO] [stdout] 252 |             let mut catalog = match res {
[INFO] [stdout]     |                 ----^^^^^^^
[INFO] [stdout]     |                 |
[INFO] [stdout]     |                 help: remove this `mut`
[INFO] [stdout]     |
[INFO] [stdout]     = note: `#[warn(unused_mut)]` on by default
[INFO] [stdout] 
[INFO] [stdout] 
[INFO] [stderr]     Finished `test` profile [unoptimized + debuginfo] target(s) in 4.28s
[INFO] running `Command { std: "docker" "inspect" "78df96323ec4f48a01c4ace7ad0fb9b113b076bc597e284a0d119479ddc9a607", kill_on_drop: false }`
[INFO] running `Command { std: "docker" "rm" "-f" "78df96323ec4f48a01c4ace7ad0fb9b113b076bc597e284a0d119479ddc9a607", kill_on_drop: false }`
[INFO] [stdout] 78df96323ec4f48a01c4ace7ad0fb9b113b076bc597e284a0d119479ddc9a607
[INFO] running `Command { std: "docker" "create" "-v" "/var/lib/crater-agent-workspace/builds/worker-6-tc1/target:/opt/rustwide/target:rw,Z" "-v" "/var/lib/crater-agent-workspace/builds/worker-6-tc1/source:/opt/rustwide/workdir:ro,Z" "-v" "/var/lib/crater-agent-workspace/cargo-home:/opt/rustwide/cargo-home:ro,Z" "-v" "/var/lib/crater-agent-workspace/rustup-home:/opt/rustwide/rustup-home:ro,Z" "-e" "SOURCE_DIR=/opt/rustwide/workdir" "-e" "CARGO_TARGET_DIR=/opt/rustwide/target" "-e" "CARGO_INCREMENTAL=0" "-e" "RUST_BACKTRACE=full" "-e" "RUSTFLAGS=--cap-lints=warn" "-e" "RUSTDOCFLAGS=--cap-lints=warn" "-e" "CARGO_HOME=/opt/rustwide/cargo-home" "-e" "RUSTUP_HOME=/opt/rustwide/rustup-home" "-w" "/opt/rustwide/workdir" "-m" "1610612736" "--user" "0:0" "--network" "none" "ghcr.io/rust-lang/crates-build-env/linux@sha256:f3a9d4ad9d972b27faf3965f35b62e55ba32bbce8f20bc8fe909558a86702fde" "/opt/rustwide/cargo-home/bin/cargo" "+1.83.0" "test" "--frozen", kill_on_drop: false }`
[INFO] [stdout] d6971af2afb4c1f937bcfae7d55877bbc949af0b525afe9ac92939cef8fc81e9
[INFO] running `Command { std: "docker" "start" "-a" "d6971af2afb4c1f937bcfae7d55877bbc949af0b525afe9ac92939cef8fc81e9", kill_on_drop: false }`
[INFO] [stderr] warning: unused imports: `BinResult` and `meta::WriteEndian`
[INFO] [stderr]  --> catalog/src/catalog.rs:1:13
[INFO] [stderr]   |
[INFO] [stderr] 1 | use binrw::{BinResult, BinRead, BinWrite, meta::WriteEndian};
[INFO] [stderr]   |             ^^^^^^^^^                     ^^^^^^^^^^^^^^^^^
[INFO] [stderr]   |
[INFO] [stderr]   = note: `#[warn(unused_imports)]` on by default
[INFO] [stderr] 
[INFO] [stderr] warning: unused import: `BufReader`
[INFO] [stderr]  --> catalog/src/lookup.rs:1:23
[INFO] [stderr]   |
[INFO] [stderr] 1 | use std::{io::{ Seek, BufReader, Write }, fmt::Display};
[INFO] [stderr]   |                       ^^^^^^^^^
[INFO] [stderr] 
[INFO] [stderr] warning: unused import: `BinReaderExt`
[INFO] [stderr]  --> catalog/src/lookup.rs:2:32
[INFO] [stderr]   |
[INFO] [stderr] 2 | use binrw::{BinRead, BinWrite, BinReaderExt, BinResult, until_eof };
[INFO] [stderr]   |                                ^^^^^^^^^^^^
[INFO] [stderr] 
[INFO] [stderr] warning: use of deprecated function `base64::encode`: Use Engine::encode
[INFO] [stderr]   --> catalog/src/catalog.rs:30:24
[INFO] [stderr]    |
[INFO] [stderr] 30 |     let base = base64::encode(buff.get_ref());
[INFO] [stderr]    |                        ^^^^^^
[INFO] [stderr]    |
[INFO] [stderr]    = note: `#[warn(deprecated)]` on by default
[INFO] [stderr] 
[INFO] [stderr] warning: use of deprecated function `base64::decode`: Use Engine::decode
[INFO] [stderr]   --> catalog/src/catalog.rs:40:23
[INFO] [stderr]    |
[INFO] [stderr] 40 |     let buf = base64::decode(&buf).map_err(CatalogError::Base64Decode).map_err(serde::de::Error::custom)?; 
[INFO] [stderr]    |                       ^^^^^^
[INFO] [stderr] 
[INFO] [stderr] warning: unused import: `Write`
[INFO] [stderr]  --> catalog/src/lookup.rs:1:34
[INFO] [stderr]   |
[INFO] [stderr] 1 | use std::{io::{ Seek, BufReader, Write }, fmt::Display};
[INFO] [stderr]   |                                  ^^^^^
[INFO] [stderr] 
[INFO] [stderr] warning: fields `key_type`, `assembly_name_len`, `class_name_len`, and `json_len` are never read
[INFO] [stderr]    --> catalog/src/lookup.rs:121:5
[INFO] [stderr]     |
[INFO] [stderr] 112 | pub struct ExtraValue {
[INFO] [stderr]     |            ---------- fields in this struct
[INFO] [stderr] ...
[INFO] [stderr] 121 |     key_type: u8,
[INFO] [stderr]     |     ^^^^^^^^
[INFO] [stderr] 122 |     assembly_name_len: u8,
[INFO] [stderr]     |     ^^^^^^^^^^^^^^^^^
[INFO] [stderr] ...
[INFO] [stderr] 125 |     class_name_len: u8,
[INFO] [stderr]     |     ^^^^^^^^^^^^^^
[INFO] [stderr] ...
[INFO] [stderr] 128 |     json_len: i32,
[INFO] [stderr]     |     ^^^^^^^^
[INFO] [stderr]     |
[INFO] [stderr]     = note: `ExtraValue` has derived impls for the traits `Debug` and `Clone`, but these are intentionally ignored during dead code analysis
[INFO] [stderr]     = note: `#[warn(dead_code)]` on by default
[INFO] [stderr] 
[INFO] [stderr] warning: structure field `m_LocatorId` should have a snake case name
[INFO] [stderr]   --> catalog/src/catalog.rs:48:5
[INFO] [stderr]    |
[INFO] [stderr] 48 |     m_LocatorId: String,
[INFO] [stderr]    |     ^^^^^^^^^^^ help: convert the identifier to snake case: `m_locator_id`
[INFO] [stderr]    |
[INFO] [stderr]    = note: `#[warn(non_snake_case)]` on by default
[INFO] [stderr] 
[INFO] [stderr] warning: structure field `m_InstanceProviderData` should have a snake case name
[INFO] [stderr]   --> catalog/src/catalog.rs:49:5
[INFO] [stderr]    |
[INFO] [stderr] 49 |     m_InstanceProviderData: ProviderData,
[INFO] [stderr]    |     ^^^^^^^^^^^^^^^^^^^^^^ help: convert the identifier to snake case: `m_instance_provider_data`
[INFO] [stderr] 
[INFO] [stderr] warning: structure field `m_SceneProviderData` should have a snake case name
[INFO] [stderr]   --> catalog/src/catalog.rs:50:5
[INFO] [stderr]    |
[INFO] [stderr] 50 |     m_SceneProviderData: ProviderData,
[INFO] [stderr]    |     ^^^^^^^^^^^^^^^^^^^ help: convert the identifier to snake case: `m_scene_provider_data`
[INFO] [stderr] 
[INFO] [stderr] warning: structure field `m_ResourceProviderData` should have a snake case name
[INFO] [stderr]   --> catalog/src/catalog.rs:51:5
[INFO] [stderr]    |
[INFO] [stderr] 51 |     m_ResourceProviderData: Vec<ProviderData>,
[INFO] [stderr]    |     ^^^^^^^^^^^^^^^^^^^^^^ help: convert the identifier to snake case: `m_resource_provider_data`
[INFO] [stderr] 
[INFO] [stderr] warning: structure field `m_ProviderIds` should have a snake case name
[INFO] [stderr]   --> catalog/src/catalog.rs:52:5
[INFO] [stderr]    |
[INFO] [stderr] 52 |     m_ProviderIds: Vec<String>,
[INFO] [stderr]    |     ^^^^^^^^^^^^^ help: convert the identifier to snake case: `m_provider_ids`
[INFO] [stderr] 
[INFO] [stderr] warning: structure field `m_InternalIds` should have a snake case name
[INFO] [stderr]   --> catalog/src/catalog.rs:53:9
[INFO] [stderr]    |
[INFO] [stderr] 53 |     pub m_InternalIds: Vec<String>,
[INFO] [stderr]    |         ^^^^^^^^^^^^^ help: convert the identifier to snake case: `m_internal_ids`
[INFO] [stderr] 
[INFO] [stderr] warning: structure field `m_KeyDataString` should have a snake case name
[INFO] [stderr]   --> catalog/src/catalog.rs:55:9
[INFO] [stderr]    |
[INFO] [stderr] 55 |     pub m_KeyDataString: KeyData,
[INFO] [stderr]    |         ^^^^^^^^^^^^^^^ help: convert the identifier to snake case: `m_key_data_string`
[INFO] [stderr] 
[INFO] [stderr] warning: structure field `m_BucketDataString` should have a snake case name
[INFO] [stderr]   --> catalog/src/catalog.rs:57:5
[INFO] [stderr]    |
[INFO] [stderr] 57 |     m_BucketDataString: BucketData,
[INFO] [stderr]    |     ^^^^^^^^^^^^^^^^^^ help: convert the identifier to snake case: `m_bucket_data_string`
[INFO] [stderr] 
[INFO] [stderr] warning: structure field `m_EntryDataString` should have a snake case name
[INFO] [stderr]   --> catalog/src/catalog.rs:59:5
[INFO] [stderr]    |
[INFO] [stderr] 59 |     m_EntryDataString: EntryData,
[INFO] [stderr]    |     ^^^^^^^^^^^^^^^^^ help: convert the identifier to snake case: `m_entry_data_string`
[INFO] [stderr] 
[INFO] [stderr] warning: structure field `m_ExtraDataString` should have a snake case name
[INFO] [stderr]   --> catalog/src/catalog.rs:61:5
[INFO] [stderr]    |
[INFO] [stderr] 61 |     m_ExtraDataString: ExtraData,
[INFO] [stderr]    |     ^^^^^^^^^^^^^^^^^ help: convert the identifier to snake case: `m_extra_data_string`
[INFO] [stderr] 
[INFO] [stderr] warning: structure field `m_resourceTypes` should have a snake case name
[INFO] [stderr]   --> catalog/src/catalog.rs:62:5
[INFO] [stderr]    |
[INFO] [stderr] 62 |     m_resourceTypes: Vec<ObjectType>,
[INFO] [stderr]    |     ^^^^^^^^^^^^^^^ help: convert the identifier to snake case: `m_resource_types`
[INFO] [stderr] 
[INFO] [stderr] warning: structure field `m_InternalIdPrefixes` should have a snake case name
[INFO] [stderr]   --> catalog/src/catalog.rs:63:5
[INFO] [stderr]    |
[INFO] [stderr] 63 |     m_InternalIdPrefixes: Vec<String>,
[INFO] [stderr]    |     ^^^^^^^^^^^^^^^^^^^^ help: convert the identifier to snake case: `m_internal_id_prefixes`
[INFO] [stderr] 
[INFO] [stderr] warning: structure field `m_Id` should have a snake case name
[INFO] [stderr]   --> catalog/src/catalog.rs:68:5
[INFO] [stderr]    |
[INFO] [stderr] 68 |     m_Id: String,
[INFO] [stderr]    |     ^^^^ help: convert the identifier to snake case (notice the capitalization): `m_id`
[INFO] [stderr] 
[INFO] [stderr] warning: structure field `m_ObjectType` should have a snake case name
[INFO] [stderr]   --> catalog/src/catalog.rs:69:5
[INFO] [stderr]    |
[INFO] [stderr] 69 |     m_ObjectType: ObjectType,
[INFO] [stderr]    |     ^^^^^^^^^^^^ help: convert the identifier to snake case: `m_object_type`
[INFO] [stderr] 
[INFO] [stderr] warning: structure field `m_Data` should have a snake case name
[INFO] [stderr]   --> catalog/src/catalog.rs:70:5
[INFO] [stderr]    |
[INFO] [stderr] 70 |     m_Data: String,
[INFO] [stderr]    |     ^^^^^^ help: convert the identifier to snake case: `m_data`
[INFO] [stderr] 
[INFO] [stderr] warning: structure field `m_AssemblyName` should have a snake case name
[INFO] [stderr]   --> catalog/src/catalog.rs:75:5
[INFO] [stderr]    |
[INFO] [stderr] 75 |     m_AssemblyName: String,
[INFO] [stderr]    |     ^^^^^^^^^^^^^^ help: convert the identifier to snake case: `m_assembly_name`
[INFO] [stderr] 
[INFO] [stderr] warning: structure field `m_ClassName` should have a snake case name
[INFO] [stderr]   --> catalog/src/catalog.rs:76:9
[INFO] [stderr]    |
[INFO] [stderr] 76 |     pub m_ClassName: String,
[INFO] [stderr]    |         ^^^^^^^^^^^ help: convert the identifier to snake case: `m_class_name`
[INFO] [stderr] 
[INFO] [stderr] warning: `catalog` (lib) generated 24 warnings (run `cargo fix --lib -p catalog` to apply 3 suggestions)
[INFO] [stderr] warning: unused import: `Select`
[INFO] [stderr]  --> src/main.rs:3:18
[INFO] [stderr]   |
[INFO] [stderr] 3 | use dialoguer::{ Select };
[INFO] [stderr]   |                  ^^^^^^
[INFO] [stderr]   |
[INFO] [stderr]   = note: `#[warn(unused_imports)]` on by default
[INFO] [stderr] 
[INFO] [stderr] warning: unused import: `catalog::lookup::KeyDataValue`
[INFO] [stderr]    --> src/main.rs:355:9
[INFO] [stderr]     |
[INFO] [stderr] 355 |     use catalog::lookup::KeyDataValue;
[INFO] [stderr]     |         ^^^^^^^^^^^^^^^^^^^^^^^^^^^^^
[INFO] [stderr] 
[INFO] [stderr] warning: unreachable expression
[INFO] [stderr]    --> src/main.rs:199:25
[INFO] [stderr]     |
[INFO] [stderr] 198 |                         std::process::exit(1);
[INFO] [stderr]     |                         --------------------- any code following this expression is unreachable
[INFO] [stderr] 199 |                         unreachable!()
[INFO] [stderr]     |                         ^^^^^^^^^^^^^^ unreachable expression
[INFO] [stderr]     |
[INFO] [stderr]     = note: `#[warn(unreachable_code)]` on by default
[INFO] [stderr]     = note: this warning originates in the macro `$crate::panic::unreachable_2021` which comes from the expansion of the macro `unreachable` (in Nightly builds, run with -Z macro-backtrace for more info)
[INFO] [stderr] 
[INFO] [stderr] warning: unreachable expression
[INFO] [stderr]    --> src/main.rs:281:25
[INFO] [stderr]     |
[INFO] [stderr] 280 |                         std::process::exit(1);
[INFO] [stderr]     |                         --------------------- any code following this expression is unreachable
[INFO] [stderr] 281 |                         unreachable!()
[INFO] [stderr]     |                         ^^^^^^^^^^^^^^ unreachable expression
[INFO] [stderr]     |
[INFO] [stderr]     = note: this warning originates in the macro `$crate::panic::unreachable_2021` which comes from the expansion of the macro `unreachable` (in Nightly builds, run with -Z macro-backtrace for more info)
[INFO] [stderr] 
[INFO] [stderr] warning: variable does not need to be mutable
[INFO] [stderr]    --> src/main.rs:252:17
[INFO] [stderr]     |
[INFO] [stderr] 252 |             let mut catalog = match res {
[INFO] [stderr]     |                 ----^^^^^^^
[INFO] [stderr]     |                 |
[INFO] [stderr]     |                 help: remove this `mut`
[INFO] [stderr]     |
[INFO] [stderr]     = note: `#[warn(unused_mut)]` on by default
[INFO] [stderr] 
[INFO] [stderr] warning: `catalog_tools` (bin "catalog_tools" test) generated 5 warnings (run `cargo fix --bin "catalog_tools" --tests` to apply 3 suggestions)
[INFO] [stderr]     Finished `test` profile [unoptimized + debuginfo] target(s) in 0.35s
[INFO] [stderr]      Running unittests src/main.rs (/opt/rustwide/target/debug/deps/catalog_tools-ffdd780df595fcc5)
[INFO] [stdout] 
[INFO] [stdout] running 1 test
[INFO] [stdout] test test::output_example_toml ... FAILED
[INFO] [stdout] 
[INFO] [stdout] failures:
[INFO] [stdout] 
[INFO] [stdout] ---- test::output_example_toml stdout ----
[INFO] [stdout] thread 'test::output_example_toml' panicked at src/main.rs:426:86:
[INFO] [stdout] called `Result::unwrap()` on an `Err` value: Os { code: 30, kind: ReadOnlyFilesystem, message: "Read-only file system" }
[INFO] [stdout] stack backtrace:
[INFO] [stdout]    0:     0x5e74deba8dca - std::backtrace_rs::backtrace::libunwind::trace::h5a5b8284f2d0c266
[INFO] [stdout]                                at /rustc/90b35a6239c3d8bdabc530a6a0816f7ff89a0aaf/library/std/src/../../backtrace/src/backtrace/libunwind.rs:116:5
[INFO] [stdout]    1:     0x5e74deba8dca - std::backtrace_rs::backtrace::trace_unsynchronized::h76d4f1c9b0b875e3
[INFO] [stdout]                                at /rustc/90b35a6239c3d8bdabc530a6a0816f7ff89a0aaf/library/std/src/../../backtrace/src/backtrace/mod.rs:66:5
[INFO] [stdout]    2:     0x5e74deba8dca - std::sys::backtrace::_print_fmt::hc4546b8364a537c6
[INFO] [stdout]                                at /rustc/90b35a6239c3d8bdabc530a6a0816f7ff89a0aaf/library/std/src/sys/backtrace.rs:66:9
[INFO] [stdout]    3:     0x5e74deba8dca - <std::sys::backtrace::BacktraceLock::print::DisplayBacktrace as core::fmt::Display>::fmt::h5b6bd5631a6d1f6b
[INFO] [stdout]                                at /rustc/90b35a6239c3d8bdabc530a6a0816f7ff89a0aaf/library/std/src/sys/backtrace.rs:39:26
[INFO] [stdout]    4:     0x5e74debce983 - core::fmt::rt::Argument::fmt::h270f6602a2b96f62
[INFO] [stdout]                                at /rustc/90b35a6239c3d8bdabc530a6a0816f7ff89a0aaf/library/core/src/fmt/rt.rs:177:76
[INFO] [stdout]    5:     0x5e74debce983 - core::fmt::write::h7550c97b06c86515
[INFO] [stdout]                                at /rustc/90b35a6239c3d8bdabc530a6a0816f7ff89a0aaf/library/core/src/fmt/mod.rs:1186:21
[INFO] [stdout]    6:     0x5e74deba5f93 - std::io::Write::write_fmt::h509ff860e5956e5e
[INFO] [stdout]                                at /rustc/90b35a6239c3d8bdabc530a6a0816f7ff89a0aaf/library/std/src/io/mod.rs:1839:15
[INFO] [stdout]    7:     0x5e74deba8c12 - std::sys::backtrace::BacktraceLock::print::h2395ccd2c84ba3aa
[INFO] [stdout]                                at /rustc/90b35a6239c3d8bdabc530a6a0816f7ff89a0aaf/library/std/src/sys/backtrace.rs:42:9
[INFO] [stdout]    8:     0x5e74debaa22a - std::panicking::default_hook::{{closure}}::he19d4c7230e07961
[INFO] [stdout]                                at /rustc/90b35a6239c3d8bdabc530a6a0816f7ff89a0aaf/library/std/src/panicking.rs:268:22
[INFO] [stdout]    9:     0x5e74debaa034 - std::panicking::default_hook::hf614597d3c67bbdb
[INFO] [stdout]                                at /rustc/90b35a6239c3d8bdabc530a6a0816f7ff89a0aaf/library/std/src/panicking.rs:292:9
[INFO] [stdout]   10:     0x5e74deb729a9 - <alloc::boxed::Box<F,A> as core::ops::function::Fn<Args>>::call::h39b51ce4599c23d1
[INFO] [stdout]                                at /rustc/90b35a6239c3d8bdabc530a6a0816f7ff89a0aaf/library/alloc/src/boxed.rs:2468:9
[INFO] [stdout]   11:     0x5e74deb729a9 - test::test_main::{{closure}}::he977ae839a582784
[INFO] [stdout]                                at /rustc/90b35a6239c3d8bdabc530a6a0816f7ff89a0aaf/library/test/src/lib.rs:133:21
[INFO] [stdout]   12:     0x5e74debaa8c8 - <alloc::boxed::Box<F,A> as core::ops::function::Fn<Args>>::call::h9455091b6b06f9fb
[INFO] [stdout]                                at /rustc/90b35a6239c3d8bdabc530a6a0816f7ff89a0aaf/library/alloc/src/boxed.rs:2468:9
[INFO] [stdout]   13:     0x5e74debaa8c8 - std::panicking::rust_panic_with_hook::h8942133a8b252070
[INFO] [stdout]                                at /rustc/90b35a6239c3d8bdabc530a6a0816f7ff89a0aaf/library/std/src/panicking.rs:809:13
[INFO] [stdout]   14:     0x5e74debaa68a - std::panicking::begin_panic_handler::{{closure}}::hb5f5963570096b29
[INFO] [stdout]                                at /rustc/90b35a6239c3d8bdabc530a6a0816f7ff89a0aaf/library/std/src/panicking.rs:674:13
[INFO] [stdout]   15:     0x5e74deba92a9 - std::sys::backtrace::__rust_end_short_backtrace::h6208cedc1922feda
[INFO] [stdout]                                at /rustc/90b35a6239c3d8bdabc530a6a0816f7ff89a0aaf/library/std/src/sys/backtrace.rs:170:18
[INFO] [stdout]   16:     0x5e74debaa31c - rust_begin_unwind
[INFO] [stdout]                                at /rustc/90b35a6239c3d8bdabc530a6a0816f7ff89a0aaf/library/std/src/panicking.rs:665:5
[INFO] [stdout]   17:     0x5e74deaf2aa0 - core::panicking::panic_fmt::h0c3082644d1bf418
[INFO] [stdout]                                at /rustc/90b35a6239c3d8bdabc530a6a0816f7ff89a0aaf/library/core/src/panicking.rs:74:14
[INFO] [stdout]   18:     0x5e74deaf2f26 - core::result::unwrap_failed::hd20b4aa073bda1e2
[INFO] [stdout]                                at /rustc/90b35a6239c3d8bdabc530a6a0816f7ff89a0aaf/library/core/src/result.rs:1700:5
[INFO] [stdout]   19:     0x5e74deaf97a5 - core::result::Result<T,E>::unwrap::hfed88723f40222c2
[INFO] [stdout]                                at /rustc/90b35a6239c3d8bdabc530a6a0816f7ff89a0aaf/library/core/src/result.rs:1104:23
[INFO] [stdout]   20:     0x5e74deaf97a5 - catalog_tools::test::output_example_toml::h5893c4f57ec6c6de
[INFO] [stdout]                                at /opt/rustwide/workdir/src/main.rs:426:9
[INFO] [stdout]   21:     0x5e74deaf8ee7 - catalog_tools::test::output_example_toml::{{closure}}::h5a8cbeb118c35e8e
[INFO] [stdout]                                at /opt/rustwide/workdir/src/main.rs:398:33
[INFO] [stdout]   22:     0x5e74deaf36c6 - core::ops::function::FnOnce::call_once::h00ae9e4e4a2d1a08
[INFO] [stdout]                                at /rustc/90b35a6239c3d8bdabc530a6a0816f7ff89a0aaf/library/core/src/ops/function.rs:250:5
[INFO] [stdout]   23:     0x5e74deb7736b - core::ops::function::FnOnce::call_once::h109cf8051a59b34e
[INFO] [stdout]                                at /rustc/90b35a6239c3d8bdabc530a6a0816f7ff89a0aaf/library/core/src/ops/function.rs:250:5
[INFO] [stdout]   24:     0x5e74deb7736b - test::__rust_begin_short_backtrace::hf4fff89d377446ba
[INFO] [stdout]                                at /rustc/90b35a6239c3d8bdabc530a6a0816f7ff89a0aaf/library/test/src/lib.rs:621:18
[INFO] [stdout]   25:     0x5e74deb76ba7 - test::run_test_in_process::{{closure}}::h0e39181dd7ee5a43
[INFO] [stdout]                                at /rustc/90b35a6239c3d8bdabc530a6a0816f7ff89a0aaf/library/test/src/lib.rs:644:60
[INFO] [stdout]   26:     0x5e74deb76ba7 - <core::panic::unwind_safe::AssertUnwindSafe<F> as core::ops::function::FnOnce<()>>::call_once::hc5a66a30f0bdfd1f
[INFO] [stdout]                                at /rustc/90b35a6239c3d8bdabc530a6a0816f7ff89a0aaf/library/core/src/panic/unwind_safe.rs:272:9
[INFO] [stdout]   27:     0x5e74deb76ba7 - std::panicking::try::do_call::h873b7cf639554a5e
[INFO] [stdout]                                at /rustc/90b35a6239c3d8bdabc530a6a0816f7ff89a0aaf/library/std/src/panicking.rs:557:40
[INFO] [stdout]   28:     0x5e74deb76ba7 - std::panicking::try::hdb19862fad9c8bd1
[INFO] [stdout]                                at /rustc/90b35a6239c3d8bdabc530a6a0816f7ff89a0aaf/library/std/src/panicking.rs:520:19
[INFO] [stdout]   29:     0x5e74deb76ba7 - std::panic::catch_unwind::h281fe732d236d260
[INFO] [stdout]                                at /rustc/90b35a6239c3d8bdabc530a6a0816f7ff89a0aaf/library/std/src/panic.rs:358:14
[INFO] [stdout]   30:     0x5e74deb76ba7 - test::run_test_in_process::h949b6df8457ed338
[INFO] [stdout]                                at /rustc/90b35a6239c3d8bdabc530a6a0816f7ff89a0aaf/library/test/src/lib.rs:644:27
[INFO] [stdout]   31:     0x5e74deb76ba7 - test::run_test::{{closure}}::h52c556a6d4740e10
[INFO] [stdout]                                at /rustc/90b35a6239c3d8bdabc530a6a0816f7ff89a0aaf/library/test/src/lib.rs:565:43
[INFO] [stdout]   32:     0x5e74deb3be84 - test::run_test::{{closure}}::h4237f6381c45ccb9
[INFO] [stdout]                                at /rustc/90b35a6239c3d8bdabc530a6a0816f7ff89a0aaf/library/test/src/lib.rs:595:41
[INFO] [stdout]   33:     0x5e74deb3be84 - std::sys::backtrace::__rust_begin_short_backtrace::h505c97a579eca628
[INFO] [stdout]                                at /rustc/90b35a6239c3d8bdabc530a6a0816f7ff89a0aaf/library/std/src/sys/backtrace.rs:154:18
[INFO] [stdout]   34:     0x5e74deb3f54e - std::thread::Builder::spawn_unchecked_::{{closure}}::{{closure}}::h9e86b2e2bc107ea3
[INFO] [stdout]                                at /rustc/90b35a6239c3d8bdabc530a6a0816f7ff89a0aaf/library/std/src/thread/mod.rs:538:17
[INFO] [stdout]   35:     0x5e74deb3f54e - <core::panic::unwind_safe::AssertUnwindSafe<F> as core::ops::function::FnOnce<()>>::call_once::h8b06ddb275ff4a25
[INFO] [stdout]                                at /rustc/90b35a6239c3d8bdabc530a6a0816f7ff89a0aaf/library/core/src/panic/unwind_safe.rs:272:9
[INFO] [stdout]   36:     0x5e74deb3f54e - std::panicking::try::do_call::hb26ecd7cd9a9355d
[INFO] [stdout]                                at /rustc/90b35a6239c3d8bdabc530a6a0816f7ff89a0aaf/library/std/src/panicking.rs:557:40
[INFO] [stdout]   37:     0x5e74deb3f54e - std::panicking::try::h8ddeca9d705f9069
[INFO] [stdout]                                at /rustc/90b35a6239c3d8bdabc530a6a0816f7ff89a0aaf/library/std/src/panicking.rs:520:19
[INFO] [stdout]   38:     0x5e74deb3f54e - std::panic::catch_unwind::h49e1c33078844c46
[INFO] [stdout]                                at /rustc/90b35a6239c3d8bdabc530a6a0816f7ff89a0aaf/library/std/src/panic.rs:358:14
[INFO] [stdout]   39:     0x5e74deb3f54e - std::thread::Builder::spawn_unchecked_::{{closure}}::h6073db6ff56ad35d
[INFO] [stdout]                                at /rustc/90b35a6239c3d8bdabc530a6a0816f7ff89a0aaf/library/std/src/thread/mod.rs:537:30
[INFO] [stdout]   40:     0x5e74deb3f54e - core::ops::function::FnOnce::call_once{{vtable.shim}}::h2c5a5f3779c774f1
[INFO] [stdout]                                at /rustc/90b35a6239c3d8bdabc530a6a0816f7ff89a0aaf/library/core/src/ops/function.rs:250:5
[INFO] [stdout]   41:     0x5e74debae61b - <alloc::boxed::Box<F,A> as core::ops::function::FnOnce<Args>>::call_once::hf75717d9f28faebf
[INFO] [stdout]                                at /rustc/90b35a6239c3d8bdabc530a6a0816f7ff89a0aaf/library/alloc/src/boxed.rs:2454:9
[INFO] [stdout]   42:     0x5e74debae61b - <alloc::boxed::Box<F,A> as core::ops::function::FnOnce<Args>>::call_once::h7bd883a5f3c5f3c1
[INFO] [stdout]                                at /rustc/90b35a6239c3d8bdabc530a6a0816f7ff89a0aaf/library/alloc/src/boxed.rs:2454:9
[INFO] [stdout]   43:     0x5e74debae61b - std::sys::pal::unix::thread::Thread::new::thread_start::hcc78f3943333fa94
[INFO] [stdout]                                at /rustc/90b35a6239c3d8bdabc530a6a0816f7ff89a0aaf/library/std/src/sys/pal/unix/thread.rs:105:17
[INFO] [stdout]   44:     0x7ca5069beac3 - <unknown>
[INFO] [stdout]   45:     0x7ca506a4fa04 - clone
[INFO] [stdout]   46:                0x0 - <unknown>
[INFO] [stdout] 
[INFO] [stdout] 
[INFO] [stdout] failures:
[INFO] [stdout]     test::output_example_toml
[INFO] [stdout] 
[INFO] [stdout] test result: FAILED. 0 passed; 1 failed; 0 ignored; 0 measured; 0 filtered out; finished in 0.15s
[INFO] [stdout] 
[INFO] [stderr] error: test failed, to rerun pass `--bin catalog_tools`
[INFO] running `Command { std: "docker" "inspect" "d6971af2afb4c1f937bcfae7d55877bbc949af0b525afe9ac92939cef8fc81e9", kill_on_drop: false }`
[INFO] running `Command { std: "docker" "rm" "-f" "d6971af2afb4c1f937bcfae7d55877bbc949af0b525afe9ac92939cef8fc81e9", kill_on_drop: false }`
[INFO] [stdout] d6971af2afb4c1f937bcfae7d55877bbc949af0b525afe9ac92939cef8fc81e9
