[INFO] cloning repository https://github.com/RandoomWalks/kademlia_mvp
[INFO] running `Command { std: "git" "-c" "credential.helper=" "-c" "credential.helper=/workspace/cargo-home/bin/git-credential-null" "clone" "--bare" "https://github.com/RandoomWalks/kademlia_mvp" "/workspace/cache/git-repos/https%3A%2F%2Fgithub.com%2FRandoomWalks%2Fkademlia_mvp", kill_on_drop: false }`
[INFO] [stderr] Cloning into bare repository '/workspace/cache/git-repos/https%3A%2F%2Fgithub.com%2FRandoomWalks%2Fkademlia_mvp'...
[INFO] running `Command { std: "git" "rev-parse" "HEAD", kill_on_drop: false }`
[INFO] [stdout] b421f6aeb8b2a8f47ee1dbd23eed05ecd34576ca
[INFO] testing RandoomWalks/kademlia_mvp against beta-2024-12-08 for beta-1.84.0-4-retry
[INFO] running `Command { std: "git" "clone" "/workspace/cache/git-repos/https%3A%2F%2Fgithub.com%2FRandoomWalks%2Fkademlia_mvp" "/workspace/builds/worker-0-tc2/source", kill_on_drop: false }`
[INFO] [stderr] Cloning into '/workspace/builds/worker-0-tc2/source'...
[INFO] [stderr] done.
[INFO] validating manifest of git repo https://github.com/RandoomWalks/kademlia_mvp on toolchain beta-2024-12-08
[INFO] running `Command { std: CARGO_HOME="/workspace/cargo-home" RUSTUP_HOME="/workspace/rustup-home" "/workspace/cargo-home/bin/cargo" "+beta-2024-12-08" "metadata" "--manifest-path" "Cargo.toml" "--no-deps", kill_on_drop: false }`
[INFO] started tweaking git repo https://github.com/RandoomWalks/kademlia_mvp
[INFO] finished tweaking git repo https://github.com/RandoomWalks/kademlia_mvp
[INFO] tweaked toml for git repo https://github.com/RandoomWalks/kademlia_mvp written to /workspace/builds/worker-0-tc2/source/Cargo.toml
[INFO] crate git repo https://github.com/RandoomWalks/kademlia_mvp already has a lockfile, it will not be regenerated
[INFO] running `Command { std: CARGO_HOME="/workspace/cargo-home" RUSTUP_HOME="/workspace/rustup-home" "/workspace/cargo-home/bin/cargo" "+beta-2024-12-08" "fetch" "--manifest-path" "Cargo.toml", kill_on_drop: false }`
[INFO] running `Command { std: "docker" "create" "-v" "/var/lib/crater-agent-workspace/builds/worker-0-tc2/target:/opt/rustwide/target:rw,Z" "-v" "/var/lib/crater-agent-workspace/builds/worker-0-tc2/source:/opt/rustwide/workdir:ro,Z" "-v" "/var/lib/crater-agent-workspace/cargo-home:/opt/rustwide/cargo-home:ro,Z" "-v" "/var/lib/crater-agent-workspace/rustup-home:/opt/rustwide/rustup-home:ro,Z" "-e" "SOURCE_DIR=/opt/rustwide/workdir" "-e" "CARGO_TARGET_DIR=/opt/rustwide/target" "-e" "CARGO_HOME=/opt/rustwide/cargo-home" "-e" "RUSTUP_HOME=/opt/rustwide/rustup-home" "-w" "/opt/rustwide/workdir" "-m" "1610612736" "--user" "0:0" "--network" "none" "ghcr.io/rust-lang/crates-build-env/linux@sha256:f3a9d4ad9d972b27faf3965f35b62e55ba32bbce8f20bc8fe909558a86702fde" "/opt/rustwide/cargo-home/bin/cargo" "+beta-2024-12-08" "metadata" "--no-deps" "--format-version=1", kill_on_drop: false }`
[INFO] [stdout] dee0d112bfd78044c77129665849f443b5406702a7543a34442f13b69e5015a0
[INFO] running `Command { std: "docker" "start" "-a" "dee0d112bfd78044c77129665849f443b5406702a7543a34442f13b69e5015a0", kill_on_drop: false }`
[INFO] running `Command { std: "docker" "inspect" "dee0d112bfd78044c77129665849f443b5406702a7543a34442f13b69e5015a0", kill_on_drop: false }`
[INFO] running `Command { std: "docker" "rm" "-f" "dee0d112bfd78044c77129665849f443b5406702a7543a34442f13b69e5015a0", kill_on_drop: false }`
[INFO] [stdout] dee0d112bfd78044c77129665849f443b5406702a7543a34442f13b69e5015a0
[INFO] running `Command { std: "docker" "create" "-v" "/var/lib/crater-agent-workspace/builds/worker-0-tc2/target:/opt/rustwide/target:rw,Z" "-v" "/var/lib/crater-agent-workspace/builds/worker-0-tc2/source:/opt/rustwide/workdir:ro,Z" "-v" "/var/lib/crater-agent-workspace/cargo-home:/opt/rustwide/cargo-home:ro,Z" "-v" "/var/lib/crater-agent-workspace/rustup-home:/opt/rustwide/rustup-home:ro,Z" "-e" "SOURCE_DIR=/opt/rustwide/workdir" "-e" "CARGO_TARGET_DIR=/opt/rustwide/target" "-e" "CARGO_INCREMENTAL=0" "-e" "RUST_BACKTRACE=full" "-e" "RUSTFLAGS=--cap-lints=warn" "-e" "RUSTDOCFLAGS=--cap-lints=warn" "-e" "CARGO_HOME=/opt/rustwide/cargo-home" "-e" "RUSTUP_HOME=/opt/rustwide/rustup-home" "-w" "/opt/rustwide/workdir" "-m" "1610612736" "--user" "0:0" "--network" "none" "ghcr.io/rust-lang/crates-build-env/linux@sha256:f3a9d4ad9d972b27faf3965f35b62e55ba32bbce8f20bc8fe909558a86702fde" "/opt/rustwide/cargo-home/bin/cargo" "+beta-2024-12-08" "build" "--frozen" "--message-format=json", kill_on_drop: false }`
[INFO] [stdout] c2243a747d0f28c676cea62b4b0715848b3925bb5302a03874c1c6e4fe1e753e
[INFO] running `Command { std: "docker" "start" "-a" "c2243a747d0f28c676cea62b4b0715848b3925bb5302a03874c1c6e4fe1e753e", kill_on_drop: false }`
[INFO] [stderr]    Compiling proc-macro2 v1.0.86
[INFO] [stderr]    Compiling unicode-ident v1.0.12
[INFO] [stderr]    Compiling autocfg v1.3.0
[INFO] [stderr]    Compiling libc v0.2.155
[INFO] [stderr]    Compiling memchr v2.7.4
[INFO] [stderr]    Compiling version_check v0.9.5
[INFO] [stderr]    Compiling once_cell v1.19.0
[INFO] [stderr]    Compiling typenum v1.17.0
[INFO] [stderr]    Compiling pin-project-lite v0.2.14
[INFO] [stderr]    Compiling serde v1.0.204
[INFO] [stderr]    Compiling smallvec v1.13.2
[INFO] [stderr]    Compiling parking_lot_core v0.9.10
[INFO] [stderr]    Compiling regex-syntax v0.8.4
[INFO] [stderr]    Compiling futures-sink v0.3.30
[INFO] [stderr]    Compiling futures-core v0.3.30
[INFO] [stderr]    Compiling futures-task v0.3.30
[INFO] [stderr]    Compiling pin-utils v0.1.0
[INFO] [stderr]    Compiling regex-syntax v0.6.29
[INFO] [stderr]    Compiling futures-channel v0.3.30
[INFO] [stderr]    Compiling futures-io v0.3.30
[INFO] [stderr]    Compiling serde_json v1.0.122
[INFO] [stderr]    Compiling tracing-core v0.1.32
[INFO] [stderr]    Compiling scopeguard v1.2.0
[INFO] [stderr]    Compiling rustix v0.38.34
[INFO] [stderr]    Compiling log v0.4.22
[INFO] [stderr]    Compiling iana-time-zone v0.1.60
[INFO] [stderr]    Compiling bitflags v2.6.0
[INFO] [stderr]    Compiling lazy_static v1.5.0
[INFO] [stderr]    Compiling ryu v1.0.18
[INFO] [stderr]    Compiling generic-array v0.14.7
[INFO] [stderr]    Compiling linux-raw-sys v0.4.14
[INFO] [stderr]    Compiling slab v0.4.9
[INFO] [stderr]    Compiling num-traits v0.2.19
[INFO] [stderr]    Compiling lock_api v0.4.12
[INFO] [stderr]    Compiling anyhow v1.0.86
[INFO] [stderr]    Compiling thiserror v1.0.63
[INFO] [stderr]    Compiling itoa v1.0.11
[INFO] [stderr]    Compiling sharded-slab v0.1.7
[INFO] [stderr]    Compiling thread_local v1.1.8
[INFO] [stderr]    Compiling cpufeatures v0.2.12
[INFO] [stderr]    Compiling humantime v2.1.0
[INFO] [stderr]    Compiling aho-corasick v1.1.3
[INFO] [stderr]    Compiling tracing-log v0.1.4
[INFO] [stderr]    Compiling termcolor v1.4.1
[INFO] [stderr]    Compiling fastrand v2.1.0
[INFO] [stderr]    Compiling ansi_term v0.12.1
[INFO] [stderr]    Compiling bytes v1.6.0
[INFO] [stderr]    Compiling quote v1.0.36
[INFO] [stderr]    Compiling hex v0.4.3
[INFO] [stderr]    Compiling getrandom v0.2.15
[INFO] [stderr]    Compiling is-terminal v0.4.12
[INFO] [stderr]    Compiling mio v1.0.1
[INFO] [stderr]    Compiling syn v2.0.72
[INFO] [stderr]    Compiling signal-hook-registry v1.4.2
[INFO] [stderr]    Compiling socket2 v0.5.7
[INFO] [stderr]    Compiling rand_core v0.6.4
[INFO] [stderr]    Compiling chrono v0.4.38
[INFO] [stderr]    Compiling parking_lot v0.12.3
[INFO] [stderr]    Compiling regex-automata v0.4.7
[INFO] [stderr]    Compiling block-buffer v0.10.4
[INFO] [stderr]    Compiling crypto-common v0.1.6
[INFO] [stderr]    Compiling regex-automata v0.1.10
[INFO] [stderr]    Compiling digest v0.10.7
[INFO] [stderr]    Compiling sha2 v0.10.8
[INFO] [stderr]    Compiling tempfile v3.11.0
[INFO] [stderr]    Compiling matchers v0.0.1
[INFO] [stderr]    Compiling regex v1.10.6
[INFO] [stderr]    Compiling env_logger v0.10.2
[INFO] [stderr]    Compiling serde_derive v1.0.204
[INFO] [stderr]    Compiling zerocopy-derive v0.7.35
[INFO] [stderr]    Compiling futures-macro v0.3.30
[INFO] [stderr]    Compiling tracing-attributes v0.1.27
[INFO] [stderr]    Compiling thiserror-impl v1.0.63
[INFO] [stderr]    Compiling tokio-macros v2.4.0
[INFO] [stderr]    Compiling tokio v1.39.2
[INFO] [stderr]    Compiling futures-util v0.3.30
[INFO] [stderr]    Compiling zerocopy v0.7.35
[INFO] [stderr]    Compiling tracing v0.1.40
[INFO] [stderr]    Compiling ppv-lite86 v0.2.20
[INFO] [stderr]    Compiling rand_chacha v0.3.1
[INFO] [stderr]    Compiling rand v0.8.5
[INFO] [stderr]    Compiling futures-executor v0.3.30
[INFO] [stderr]    Compiling futures v0.3.30
[INFO] [stderr]    Compiling tracing-serde v0.1.3
[INFO] [stderr]    Compiling bincode v1.3.3
[INFO] [stderr]    Compiling tracing-subscriber v0.2.25
[INFO] [stderr]    Compiling kademlia_mvp v0.1.0 (/opt/rustwide/workdir)
[INFO] [stdout] warning: unused imports: `Deserialize` and `Serialize`
[INFO] [stdout]  --> src/node.rs:5:13
[INFO] [stdout]   |
[INFO] [stdout] 5 | use serde::{Deserialize, Serialize};
[INFO] [stdout]   |             ^^^^^^^^^^^  ^^^^^^^^^
[INFO] [stdout]   |
[INFO] [stdout]   = note: `#[warn(unused_imports)]` on by default
[INFO] [stdout] 
[INFO] [stdout] 
[INFO] [stdout] warning: unused import: `rand::Rng`
[INFO] [stdout]  --> src/utils.rs:1:5
[INFO] [stdout]   |
[INFO] [stdout] 1 | use rand::Rng;
[INFO] [stdout]   |     ^^^^^^^^^
[INFO] [stdout] 
[INFO] [stdout] 
[INFO] [stdout] warning: unused imports: `debug`, `error`, `info`, and `warn`
[INFO] [stdout]  --> src/utils.rs:4:11
[INFO] [stdout]   |
[INFO] [stdout] 4 | use log::{info, warn, debug, error};
[INFO] [stdout]   |           ^^^^  ^^^^  ^^^^^  ^^^^^
[INFO] [stdout] 
[INFO] [stdout] 
[INFO] [stdout] warning: unused imports: `FindValueResult` and `Message`
[INFO] [stdout]  --> src/unit_test.rs:1:22
[INFO] [stdout]   |
[INFO] [stdout] 1 | use crate::message::{FindValueResult, Message};
[INFO] [stdout]   |                      ^^^^^^^^^^^^^^^  ^^^^^^^
[INFO] [stdout]   |
[INFO] [stdout] help: if this is a test module, consider adding a `#[cfg(test)]` to the containing module
[INFO] [stdout]  --> src/lib.rs:6:1
[INFO] [stdout]   |
[INFO] [stdout] 6 | pub mod unit_test;
[INFO] [stdout]   | ^^^^^^^^^^^^^^^^^^
[INFO] [stdout] 
[INFO] [stdout] 
[INFO] [stdout] warning: unused import: `crate::node::KademliaNode`
[INFO] [stdout]  --> src/unit_test.rs:2:5
[INFO] [stdout]   |
[INFO] [stdout] 2 | use crate::node::KademliaNode;
[INFO] [stdout]   |     ^^^^^^^^^^^^^^^^^^^^^^^^^
[INFO] [stdout]   |
[INFO] [stdout] help: if this is a test module, consider adding a `#[cfg(test)]` to the containing module
[INFO] [stdout]  --> src/lib.rs:6:1
[INFO] [stdout]   |
[INFO] [stdout] 6 | pub mod unit_test;
[INFO] [stdout]   | ^^^^^^^^^^^^^^^^^^
[INFO] [stdout] 
[INFO] [stdout] 
[INFO] [stdout] warning: unused import: `crate::routing_table::RoutingTable`
[INFO] [stdout]  --> src/unit_test.rs:3:5
[INFO] [stdout]   |
[INFO] [stdout] 3 | use crate::routing_table::RoutingTable;
[INFO] [stdout]   |     ^^^^^^^^^^^^^^^^^^^^^^^^^^^^^^^^^^
[INFO] [stdout]   |
[INFO] [stdout] help: if this is a test module, consider adding a `#[cfg(test)]` to the containing module
[INFO] [stdout]  --> src/lib.rs:6:1
[INFO] [stdout]   |
[INFO] [stdout] 6 | pub mod unit_test;
[INFO] [stdout]   | ^^^^^^^^^^^^^^^^^^
[INFO] [stdout] 
[INFO] [stdout] 
[INFO] [stdout] warning: unused import: `crate::utils::NodeId`
[INFO] [stdout]  --> src/unit_test.rs:4:5
[INFO] [stdout]   |
[INFO] [stdout] 4 | use crate::utils::NodeId;
[INFO] [stdout]   |     ^^^^^^^^^^^^^^^^^^^^
[INFO] [stdout]   |
[INFO] [stdout] help: if this is a test module, consider adding a `#[cfg(test)]` to the containing module
[INFO] [stdout]  --> src/lib.rs:6:1
[INFO] [stdout]   |
[INFO] [stdout] 6 | pub mod unit_test;
[INFO] [stdout]   | ^^^^^^^^^^^^^^^^^^
[INFO] [stdout] 
[INFO] [stdout] 
[INFO] [stdout] warning: unused import: `std::net::SocketAddr`
[INFO] [stdout]  --> src/unit_test.rs:5:5
[INFO] [stdout]   |
[INFO] [stdout] 5 | use std::net::SocketAddr;
[INFO] [stdout]   |     ^^^^^^^^^^^^^^^^^^^^
[INFO] [stdout]   |
[INFO] [stdout] help: if this is a test module, consider adding a `#[cfg(test)]` to the containing module
[INFO] [stdout]  --> src/lib.rs:6:1
[INFO] [stdout]   |
[INFO] [stdout] 6 | pub mod unit_test;
[INFO] [stdout]   | ^^^^^^^^^^^^^^^^^^
[INFO] [stdout] 
[INFO] [stdout] 
[INFO] [stdout] warning: unused import: `tokio::sync::mpsc`
[INFO] [stdout]  --> src/unit_test.rs:6:5
[INFO] [stdout]   |
[INFO] [stdout] 6 | use tokio::sync::mpsc;
[INFO] [stdout]   |     ^^^^^^^^^^^^^^^^^
[INFO] [stdout]   |
[INFO] [stdout] help: if this is a test module, consider adding a `#[cfg(test)]` to the containing module
[INFO] [stdout]  --> src/lib.rs:6:1
[INFO] [stdout]   |
[INFO] [stdout] 6 | pub mod unit_test;
[INFO] [stdout]   | ^^^^^^^^^^^^^^^^^^
[INFO] [stdout] 
[INFO] [stdout] 
[INFO] [stdout] warning: unused imports: `debug` and `info`
[INFO] [stdout]  --> src/unit_test.rs:7:11
[INFO] [stdout]   |
[INFO] [stdout] 7 | use log::{debug, info};
[INFO] [stdout]   |           ^^^^^  ^^^^
[INFO] [stdout]   |
[INFO] [stdout] help: if this is a test module, consider adding a `#[cfg(test)]` to the containing module
[INFO] [stdout]  --> src/lib.rs:6:1
[INFO] [stdout]   |
[INFO] [stdout] 6 | pub mod unit_test;
[INFO] [stdout]   | ^^^^^^^^^^^^^^^^^^
[INFO] [stdout] 
[INFO] [stdout] 
[INFO] [stdout] warning: function `init_logger` is never used
[INFO] [stdout]   --> src/unit_test.rs:15:4
[INFO] [stdout]    |
[INFO] [stdout] 15 | fn init_logger() {
[INFO] [stdout]    |    ^^^^^^^^^^^
[INFO] [stdout]    |
[INFO] [stdout]    = note: `#[warn(dead_code)]` on by default
[INFO] [stdout] 
[INFO] [stdout] 
[INFO] [stdout] warning: unused imports: `Deserialize` and `Serialize`
[INFO] [stdout]  --> src/node.rs:5:13
[INFO] [stdout]   |
[INFO] [stdout] 5 | use serde::{Deserialize, Serialize};
[INFO] [stdout]   |             ^^^^^^^^^^^  ^^^^^^^^^
[INFO] [stdout]   |
[INFO] [stdout]   = note: `#[warn(unused_imports)]` on by default
[INFO] [stdout] 
[INFO] [stdout] 
[INFO] [stdout] warning: unused import: `rand::Rng`
[INFO] [stdout]  --> src/utils.rs:1:5
[INFO] [stdout]   |
[INFO] [stdout] 1 | use rand::Rng;
[INFO] [stdout]   |     ^^^^^^^^^
[INFO] [stdout] 
[INFO] [stdout] 
[INFO] [stdout] warning: unused imports: `debug`, `error`, `info`, and `warn`
[INFO] [stdout]  --> src/utils.rs:4:11
[INFO] [stdout]   |
[INFO] [stdout] 4 | use log::{info, warn, debug, error};
[INFO] [stdout]   |           ^^^^  ^^^^  ^^^^^  ^^^^^
[INFO] [stdout] 
[INFO] [stdout] 
[INFO] [stdout] warning: unused imports: `debug`, `error`, `info`, and `warn`
[INFO] [stdout]  --> src/main.rs:7:11
[INFO] [stdout]   |
[INFO] [stdout] 7 | use log::{info, warn, debug, error};
[INFO] [stdout]   |           ^^^^  ^^^^  ^^^^^  ^^^^^
[INFO] [stdout] 
[INFO] [stdout] 
[INFO] [stdout] warning: unused imports: `BOOTSTRAP_NODES` and `NodeId`
[INFO] [stdout]   --> src/main.rs:13:20
[INFO] [stdout]    |
[INFO] [stdout] 13 | use crate::utils::{NodeId, BOOTSTRAP_NODES};
[INFO] [stdout]    |                    ^^^^^^  ^^^^^^^^^^^^^^^
[INFO] [stdout] 
[INFO] [stdout] 
[INFO] [stdout] warning: unused import: `tokio::net::UdpSocket`
[INFO] [stdout]   --> src/main.rs:14:5
[INFO] [stdout]    |
[INFO] [stdout] 14 | use tokio::net::UdpSocket;
[INFO] [stdout]    |     ^^^^^^^^^^^^^^^^^^^^^
[INFO] [stdout] 
[INFO] [stdout] 
[INFO] [stdout] warning: unused import: `tokio::sync::mpsc`
[INFO] [stdout]   --> src/main.rs:15:5
[INFO] [stdout]    |
[INFO] [stdout] 15 | use tokio::sync::mpsc;
[INFO] [stdout]    |     ^^^^^^^^^^^^^^^^^
[INFO] [stdout] 
[INFO] [stdout] 
[INFO] [stderr]     Finished `dev` profile [unoptimized + debuginfo] target(s) in 41.73s
[INFO] running `Command { std: "docker" "inspect" "c2243a747d0f28c676cea62b4b0715848b3925bb5302a03874c1c6e4fe1e753e", kill_on_drop: false }`
[INFO] running `Command { std: "docker" "rm" "-f" "c2243a747d0f28c676cea62b4b0715848b3925bb5302a03874c1c6e4fe1e753e", kill_on_drop: false }`
[INFO] [stdout] c2243a747d0f28c676cea62b4b0715848b3925bb5302a03874c1c6e4fe1e753e
[INFO] running `Command { std: "docker" "create" "-v" "/var/lib/crater-agent-workspace/builds/worker-0-tc2/target:/opt/rustwide/target:rw,Z" "-v" "/var/lib/crater-agent-workspace/builds/worker-0-tc2/source:/opt/rustwide/workdir:ro,Z" "-v" "/var/lib/crater-agent-workspace/cargo-home:/opt/rustwide/cargo-home:ro,Z" "-v" "/var/lib/crater-agent-workspace/rustup-home:/opt/rustwide/rustup-home:ro,Z" "-e" "SOURCE_DIR=/opt/rustwide/workdir" "-e" "CARGO_TARGET_DIR=/opt/rustwide/target" "-e" "CARGO_INCREMENTAL=0" "-e" "RUST_BACKTRACE=full" "-e" "RUSTFLAGS=--cap-lints=warn" "-e" "RUSTDOCFLAGS=--cap-lints=warn" "-e" "CARGO_HOME=/opt/rustwide/cargo-home" "-e" "RUSTUP_HOME=/opt/rustwide/rustup-home" "-w" "/opt/rustwide/workdir" "-m" "1610612736" "--user" "0:0" "--network" "none" "ghcr.io/rust-lang/crates-build-env/linux@sha256:f3a9d4ad9d972b27faf3965f35b62e55ba32bbce8f20bc8fe909558a86702fde" "/opt/rustwide/cargo-home/bin/cargo" "+beta-2024-12-08" "test" "--frozen" "--no-run" "--message-format=json", kill_on_drop: false }`
[INFO] [stdout] f26df9e9d268c6a0ff3dcd54c5ac1de4aae04f463cdb33836a8e34637cce5940
[INFO] running `Command { std: "docker" "start" "-a" "f26df9e9d268c6a0ff3dcd54c5ac1de4aae04f463cdb33836a8e34637cce5940", kill_on_drop: false }`
[INFO] [stdout] warning: unused imports: `Deserialize` and `Serialize`
[INFO] [stdout]  --> src/node.rs:5:13
[INFO] [stdout]   |
[INFO] [stdout] 5 | use serde::{Deserialize, Serialize};
[INFO] [stdout]   |             ^^^^^^^^^^^  ^^^^^^^^^
[INFO] [stdout]   |
[INFO] [stdout]   = note: `#[warn(unused_imports)]` on by default
[INFO] [stdout] 
[INFO] [stdout] 
[INFO] [stdout] warning: unused import: `rand::Rng`
[INFO] [stdout]  --> src/utils.rs:1:5
[INFO] [stdout]   |
[INFO] [stdout] 1 | use rand::Rng;
[INFO] [stdout]   |     ^^^^^^^^^
[INFO] [stdout] 
[INFO] [stdout] 
[INFO] [stdout] warning: unused imports: `debug`, `error`, `info`, and `warn`
[INFO] [stdout]  --> src/utils.rs:4:11
[INFO] [stdout]   |
[INFO] [stdout] 4 | use log::{info, warn, debug, error};
[INFO] [stdout]   |           ^^^^  ^^^^  ^^^^^  ^^^^^
[INFO] [stdout] 
[INFO] [stdout] 
[INFO] [stdout] warning: unused imports: `FindValueResult` and `Message`
[INFO] [stdout]  --> src/unit_test.rs:1:22
[INFO] [stdout]   |
[INFO] [stdout] 1 | use crate::message::{FindValueResult, Message};
[INFO] [stdout]   |                      ^^^^^^^^^^^^^^^  ^^^^^^^
[INFO] [stdout]   |
[INFO] [stdout] help: if this is a test module, consider adding a `#[cfg(test)]` to the containing module
[INFO] [stdout]  --> src/lib.rs:6:1
[INFO] [stdout]   |
[INFO] [stdout] 6 | pub mod unit_test;
[INFO] [stdout]   | ^^^^^^^^^^^^^^^^^^
[INFO] [stdout] 
[INFO] [stdout] 
[INFO] [stdout] warning: unused import: `crate::node::KademliaNode`
[INFO] [stdout]  --> src/unit_test.rs:2:5
[INFO] [stdout]   |
[INFO] [stdout] 2 | use crate::node::KademliaNode;
[INFO] [stdout]   |     ^^^^^^^^^^^^^^^^^^^^^^^^^
[INFO] [stdout]   |
[INFO] [stdout] help: if this is a test module, consider adding a `#[cfg(test)]` to the containing module
[INFO] [stdout]  --> src/lib.rs:6:1
[INFO] [stdout]   |
[INFO] [stdout] 6 | pub mod unit_test;
[INFO] [stdout]   | ^^^^^^^^^^^^^^^^^^
[INFO] [stdout] 
[INFO] [stdout] 
[INFO] [stdout] warning: unused import: `crate::routing_table::RoutingTable`
[INFO] [stdout]  --> src/unit_test.rs:3:5
[INFO] [stdout]   |
[INFO] [stdout] 3 | use crate::routing_table::RoutingTable;
[INFO] [stdout]   |     ^^^^^^^^^^^^^^^^^^^^^^^^^^^^^^^^^^
[INFO] [stdout]   |
[INFO] [stdout] help: if this is a test module, consider adding a `#[cfg(test)]` to the containing module
[INFO] [stdout]  --> src/lib.rs:6:1
[INFO] [stdout]   |
[INFO] [stdout] 6 | pub mod unit_test;
[INFO] [stdout]   | ^^^^^^^^^^^^^^^^^^
[INFO] [stdout] 
[INFO] [stdout] 
[INFO] [stdout] warning: unused import: `crate::utils::NodeId`
[INFO] [stdout]  --> src/unit_test.rs:4:5
[INFO] [stdout]   |
[INFO] [stdout] 4 | use crate::utils::NodeId;
[INFO] [stdout]   |     ^^^^^^^^^^^^^^^^^^^^
[INFO] [stdout]   |
[INFO] [stdout] help: if this is a test module, consider adding a `#[cfg(test)]` to the containing module
[INFO] [stdout]  --> src/lib.rs:6:1
[INFO] [stdout]   |
[INFO] [stdout] 6 | pub mod unit_test;
[INFO] [stdout]   | ^^^^^^^^^^^^^^^^^^
[INFO] [stdout] 
[INFO] [stdout] 
[INFO] [stdout] warning: unused import: `std::net::SocketAddr`
[INFO] [stdout]  --> src/unit_test.rs:5:5
[INFO] [stdout]   |
[INFO] [stdout] 5 | use std::net::SocketAddr;
[INFO] [stdout]   |     ^^^^^^^^^^^^^^^^^^^^
[INFO] [stdout]   |
[INFO] [stdout] help: if this is a test module, consider adding a `#[cfg(test)]` to the containing module
[INFO] [stdout]  --> src/lib.rs:6:1
[INFO] [stdout]   |
[INFO] [stdout] 6 | pub mod unit_test;
[INFO] [stdout]   | ^^^^^^^^^^^^^^^^^^
[INFO] [stdout] 
[INFO] [stdout] 
[INFO] [stdout] warning: unused import: `tokio::sync::mpsc`
[INFO] [stdout]  --> src/unit_test.rs:6:5
[INFO] [stdout]   |
[INFO] [stdout] 6 | use tokio::sync::mpsc;
[INFO] [stdout]   |     ^^^^^^^^^^^^^^^^^
[INFO] [stdout]   |
[INFO] [stdout] help: if this is a test module, consider adding a `#[cfg(test)]` to the containing module
[INFO] [stdout]  --> src/lib.rs:6:1
[INFO] [stdout]   |
[INFO] [stdout] 6 | pub mod unit_test;
[INFO] [stdout]   | ^^^^^^^^^^^^^^^^^^
[INFO] [stdout] 
[INFO] [stdout] 
[INFO] [stdout] warning: unused imports: `debug` and `info`
[INFO] [stdout]  --> src/unit_test.rs:7:11
[INFO] [stdout]   |
[INFO] [stdout] 7 | use log::{debug, info};
[INFO] [stdout]   |           ^^^^^  ^^^^
[INFO] [stdout]   |
[INFO] [stdout] help: if this is a test module, consider adding a `#[cfg(test)]` to the containing module
[INFO] [stdout]  --> src/lib.rs:6:1
[INFO] [stdout]   |
[INFO] [stdout] 6 | pub mod unit_test;
[INFO] [stdout]   | ^^^^^^^^^^^^^^^^^^
[INFO] [stdout] 
[INFO] [stdout] 
[INFO] [stderr]    Compiling kademlia_mvp v0.1.0 (/opt/rustwide/workdir)
[INFO] [stdout] warning: function `init_logger` is never used
[INFO] [stdout]   --> src/unit_test.rs:15:4
[INFO] [stdout]    |
[INFO] [stdout] 15 | fn init_logger() {
[INFO] [stdout]    |    ^^^^^^^^^^^
[INFO] [stdout]    |
[INFO] [stdout]    = note: `#[warn(dead_code)]` on by default
[INFO] [stdout] 
[INFO] [stdout] 
[INFO] [stdout] warning: unused imports: `Deserialize` and `Serialize`
[INFO] [stdout]  --> src/node.rs:5:13
[INFO] [stdout]   |
[INFO] [stdout] 5 | use serde::{Deserialize, Serialize};
[INFO] [stdout]   |             ^^^^^^^^^^^  ^^^^^^^^^
[INFO] [stdout]   |
[INFO] [stdout]   = note: `#[warn(unused_imports)]` on by default
[INFO] [stdout] 
[INFO] [stdout] 
[INFO] [stdout] warning: unused import: `rand::Rng`
[INFO] [stdout]  --> src/utils.rs:1:5
[INFO] [stdout]   |
[INFO] [stdout] 1 | use rand::Rng;
[INFO] [stdout]   |     ^^^^^^^^^
[INFO] [stdout] 
[INFO] [stdout] 
[INFO] [stdout] warning: unused imports: `debug`, `error`, `info`, and `warn`
[INFO] [stdout]  --> src/utils.rs:4:11
[INFO] [stdout]   |
[INFO] [stdout] 4 | use log::{info, warn, debug, error};
[INFO] [stdout]   |           ^^^^  ^^^^  ^^^^^  ^^^^^
[INFO] [stdout] 
[INFO] [stdout] 
[INFO] [stdout] warning: unused imports: `debug`, `error`, `info`, and `warn`
[INFO] [stdout]  --> src/main.rs:7:11
[INFO] [stdout]   |
[INFO] [stdout] 7 | use log::{info, warn, debug, error};
[INFO] [stdout]   |           ^^^^  ^^^^  ^^^^^  ^^^^^
[INFO] [stdout] 
[INFO] [stdout] 
[INFO] [stdout] warning: unused imports: `BOOTSTRAP_NODES` and `NodeId`
[INFO] [stdout]   --> src/main.rs:13:20
[INFO] [stdout]    |
[INFO] [stdout] 13 | use crate::utils::{NodeId, BOOTSTRAP_NODES};
[INFO] [stdout]    |                    ^^^^^^  ^^^^^^^^^^^^^^^
[INFO] [stdout] 
[INFO] [stdout] 
[INFO] [stdout] warning: unused import: `tokio::net::UdpSocket`
[INFO] [stdout]   --> src/main.rs:14:5
[INFO] [stdout]    |
[INFO] [stdout] 14 | use tokio::net::UdpSocket;
[INFO] [stdout]    |     ^^^^^^^^^^^^^^^^^^^^^
[INFO] [stdout] 
[INFO] [stdout] 
[INFO] [stdout] warning: unused import: `tokio::sync::mpsc`
[INFO] [stdout]   --> src/main.rs:15:5
[INFO] [stdout]    |
[INFO] [stdout] 15 | use tokio::sync::mpsc;
[INFO] [stdout]    |     ^^^^^^^^^^^^^^^^^
[INFO] [stdout] 
[INFO] [stdout] 
[INFO] [stdout] warning: unused imports: `FindValueResult` and `Message`
[INFO] [stdout]  --> tests/integration_tests.rs:1:29
[INFO] [stdout]   |
[INFO] [stdout] 1 | use kademlia_mvp::message::{Message, FindValueResult};
[INFO] [stdout]   |                             ^^^^^^^  ^^^^^^^^^^^^^^^
[INFO] [stdout]   |
[INFO] [stdout]   = note: `#[warn(unused_imports)]` on by default
[INFO] [stdout] 
[INFO] [stdout] 
[INFO] [stdout] warning: unused import: `kademlia_mvp::utils::NodeId`
[INFO] [stdout]  --> tests/integration_tests.rs:3:5
[INFO] [stdout]   |
[INFO] [stdout] 3 | use kademlia_mvp::utils::NodeId;
[INFO] [stdout]   |     ^^^^^^^^^^^^^^^^^^^^^^^^^^^
[INFO] [stdout] 
[INFO] [stdout] 
[INFO] [stdout] warning: unused import: `tokio::sync::mpsc`
[INFO] [stdout]  --> tests/integration_tests.rs:5:5
[INFO] [stdout]   |
[INFO] [stdout] 5 | use tokio::sync::mpsc;
[INFO] [stdout]   |     ^^^^^^^^^^^^^^^^^
[INFO] [stdout] 
[INFO] [stdout] 
[INFO] [stdout] warning: unused import: `info`
[INFO] [stdout]  --> tests/integration_tests.rs:6:18
[INFO] [stdout]   |
[INFO] [stdout] 6 | use log::{debug, info};
[INFO] [stdout]   |                  ^^^^
[INFO] [stdout] 
[INFO] [stdout] 
[INFO] [stdout] warning: unused variable: `node1`
[INFO] [stdout]   --> tests/integration_tests.rs:49:14
[INFO] [stdout]    |
[INFO] [stdout] 49 |     let (mut node1, _) = KademliaNode::new(addr1).await.unwrap();
[INFO] [stdout]    |              ^^^^^ help: if this is intentional, prefix it with an underscore: `_node1`
[INFO] [stdout]    |
[INFO] [stdout]    = note: `#[warn(unused_variables)]` on by default
[INFO] [stdout] 
[INFO] [stdout] 
[INFO] [stdout] warning: unused imports: `Deserialize` and `Serialize`
[INFO] [stdout]  --> src/node.rs:5:13
[INFO] [stdout]   |
[INFO] [stdout] 5 | use serde::{Deserialize, Serialize};
[INFO] [stdout]   |             ^^^^^^^^^^^  ^^^^^^^^^
[INFO] [stdout]   |
[INFO] [stdout]   = note: `#[warn(unused_imports)]` on by default
[INFO] [stdout] 
[INFO] [stdout] 
[INFO] [stdout] warning: variable does not need to be mutable
[INFO] [stdout]   --> tests/integration_tests.rs:49:10
[INFO] [stdout]    |
[INFO] [stdout] 49 |     let (mut node1, _) = KademliaNode::new(addr1).await.unwrap();
[INFO] [stdout]    |          ----^^^^^
[INFO] [stdout]    |          |
[INFO] [stdout]    |          help: remove this `mut`
[INFO] [stdout]    |
[INFO] [stdout]    = note: `#[warn(unused_mut)]` on by default
[INFO] [stdout] 
[INFO] [stdout] 
[INFO] [stdout] warning: unused import: `rand::Rng`
[INFO] [stdout]  --> src/utils.rs:1:5
[INFO] [stdout]   |
[INFO] [stdout] 1 | use rand::Rng;
[INFO] [stdout]   |     ^^^^^^^^^
[INFO] [stdout] 
[INFO] [stdout] 
[INFO] [stdout] warning: unused imports: `debug`, `error`, `info`, and `warn`
[INFO] [stdout]  --> src/utils.rs:4:11
[INFO] [stdout]   |
[INFO] [stdout] 4 | use log::{info, warn, debug, error};
[INFO] [stdout]   |           ^^^^  ^^^^  ^^^^^  ^^^^^
[INFO] [stdout] 
[INFO] [stdout] 
[INFO] [stdout] warning: unused imports: `debug`, `error`, `info`, and `warn`
[INFO] [stdout]  --> src/main.rs:7:11
[INFO] [stdout]   |
[INFO] [stdout] 7 | use log::{info, warn, debug, error};
[INFO] [stdout]   |           ^^^^  ^^^^  ^^^^^  ^^^^^
[INFO] [stdout] 
[INFO] [stdout] 
[INFO] [stdout] warning: unused imports: `BOOTSTRAP_NODES` and `NodeId`
[INFO] [stdout]   --> src/main.rs:13:20
[INFO] [stdout]    |
[INFO] [stdout] 13 | use crate::utils::{NodeId, BOOTSTRAP_NODES};
[INFO] [stdout]    |                    ^^^^^^  ^^^^^^^^^^^^^^^
[INFO] [stdout] 
[INFO] [stdout] 
[INFO] [stdout] warning: unused import: `tokio::net::UdpSocket`
[INFO] [stdout]   --> src/main.rs:14:5
[INFO] [stdout]    |
[INFO] [stdout] 14 | use tokio::net::UdpSocket;
[INFO] [stdout]    |     ^^^^^^^^^^^^^^^^^^^^^
[INFO] [stdout] 
[INFO] [stdout] 
[INFO] [stdout] warning: unused import: `tokio::sync::mpsc`
[INFO] [stdout]   --> src/main.rs:15:5
[INFO] [stdout]    |
[INFO] [stdout] 15 | use tokio::sync::mpsc;
[INFO] [stdout]    |     ^^^^^^^^^^^^^^^^^
[INFO] [stdout] 
[INFO] [stdout] 
[INFO] [stdout] warning: unused imports: `Deserialize` and `Serialize`
[INFO] [stdout]  --> src/node.rs:5:13
[INFO] [stdout]   |
[INFO] [stdout] 5 | use serde::{Deserialize, Serialize};
[INFO] [stdout]   |             ^^^^^^^^^^^  ^^^^^^^^^
[INFO] [stdout]   |
[INFO] [stdout]   = note: `#[warn(unused_imports)]` on by default
[INFO] [stdout] 
[INFO] [stdout] 
[INFO] [stdout] warning: unused import: `rand::Rng`
[INFO] [stdout]  --> src/utils.rs:1:5
[INFO] [stdout]   |
[INFO] [stdout] 1 | use rand::Rng;
[INFO] [stdout]   |     ^^^^^^^^^
[INFO] [stdout] 
[INFO] [stdout] 
[INFO] [stdout] warning: unused imports: `debug`, `error`, `info`, and `warn`
[INFO] [stdout]  --> src/utils.rs:4:11
[INFO] [stdout]   |
[INFO] [stdout] 4 | use log::{info, warn, debug, error};
[INFO] [stdout]   |           ^^^^  ^^^^  ^^^^^  ^^^^^
[INFO] [stdout] 
[INFO] [stdout] 
[INFO] [stdout] warning: unused import: `tokio::sync::mpsc`
[INFO] [stdout]  --> src/unit_test.rs:6:5
[INFO] [stdout]   |
[INFO] [stdout] 6 | use tokio::sync::mpsc;
[INFO] [stdout]   |     ^^^^^^^^^^^^^^^^^
[INFO] [stdout] 
[INFO] [stdout] 
[INFO] [stdout] warning: unused import: `info`
[INFO] [stdout]  --> src/unit_test.rs:7:18
[INFO] [stdout]   |
[INFO] [stdout] 7 | use log::{debug, info};
[INFO] [stdout]   |                  ^^^^
[INFO] [stdout] 
[INFO] [stdout] 
[INFO] [stdout] warning: variable does not need to be mutable
[INFO] [stdout]    --> src/unit_test.rs:148:14
[INFO] [stdout]     |
[INFO] [stdout] 148 |         let (mut node, _) = KademliaNode::new(addr).await.unwrap();
[INFO] [stdout]     |              ----^^^^
[INFO] [stdout]     |              |
[INFO] [stdout]     |              help: remove this `mut`
[INFO] [stdout]     |
[INFO] [stdout]     = note: `#[warn(unused_mut)]` on by default
[INFO] [stdout] 
[INFO] [stdout] 
[INFO] [stdout] warning: variable does not need to be mutable
[INFO] [stdout]    --> src/unit_test.rs:266:14
[INFO] [stdout]     |
[INFO] [stdout] 266 |         let (mut node, _) = KademliaNode::new(addr).await.unwrap();
[INFO] [stdout]     |              ----^^^^
[INFO] [stdout]     |              |
[INFO] [stdout]     |              help: remove this `mut`
[INFO] [stdout] 
[INFO] [stdout] 
[INFO] [stderr]     Finished `test` profile [unoptimized + debuginfo] target(s) in 3.11s
[INFO] running `Command { std: "docker" "inspect" "f26df9e9d268c6a0ff3dcd54c5ac1de4aae04f463cdb33836a8e34637cce5940", kill_on_drop: false }`
[INFO] running `Command { std: "docker" "rm" "-f" "f26df9e9d268c6a0ff3dcd54c5ac1de4aae04f463cdb33836a8e34637cce5940", kill_on_drop: false }`
[INFO] [stdout] f26df9e9d268c6a0ff3dcd54c5ac1de4aae04f463cdb33836a8e34637cce5940
[INFO] running `Command { std: "docker" "create" "-v" "/var/lib/crater-agent-workspace/builds/worker-0-tc2/target:/opt/rustwide/target:rw,Z" "-v" "/var/lib/crater-agent-workspace/builds/worker-0-tc2/source:/opt/rustwide/workdir:ro,Z" "-v" "/var/lib/crater-agent-workspace/cargo-home:/opt/rustwide/cargo-home:ro,Z" "-v" "/var/lib/crater-agent-workspace/rustup-home:/opt/rustwide/rustup-home:ro,Z" "-e" "SOURCE_DIR=/opt/rustwide/workdir" "-e" "CARGO_TARGET_DIR=/opt/rustwide/target" "-e" "CARGO_INCREMENTAL=0" "-e" "RUST_BACKTRACE=full" "-e" "RUSTFLAGS=--cap-lints=warn" "-e" "RUSTDOCFLAGS=--cap-lints=warn" "-e" "CARGO_HOME=/opt/rustwide/cargo-home" "-e" "RUSTUP_HOME=/opt/rustwide/rustup-home" "-w" "/opt/rustwide/workdir" "-m" "1610612736" "--user" "0:0" "--network" "none" "ghcr.io/rust-lang/crates-build-env/linux@sha256:f3a9d4ad9d972b27faf3965f35b62e55ba32bbce8f20bc8fe909558a86702fde" "/opt/rustwide/cargo-home/bin/cargo" "+beta-2024-12-08" "test" "--frozen", kill_on_drop: false }`
[INFO] [stdout] b3fcee03e3fc19454126b6e481be2ad8c812beba82f2dd8eb4cc8b099ffa945f
[INFO] running `Command { std: "docker" "start" "-a" "b3fcee03e3fc19454126b6e481be2ad8c812beba82f2dd8eb4cc8b099ffa945f", kill_on_drop: false }`
[INFO] [stderr] warning: unused imports: `Deserialize` and `Serialize`
[INFO] [stderr]  --> src/node.rs:5:13
[INFO] [stderr]   |
[INFO] [stderr] 5 | use serde::{Deserialize, Serialize};
[INFO] [stderr]   |             ^^^^^^^^^^^  ^^^^^^^^^
[INFO] [stderr]   |
[INFO] [stderr]   = note: `#[warn(unused_imports)]` on by default
[INFO] [stderr] 
[INFO] [stderr] warning: unused import: `rand::Rng`
[INFO] [stderr]  --> src/utils.rs:1:5
[INFO] [stderr]   |
[INFO] [stderr] 1 | use rand::Rng;
[INFO] [stderr]   |     ^^^^^^^^^
[INFO] [stderr] 
[INFO] [stderr] warning: unused imports: `debug`, `error`, `info`, and `warn`
[INFO] [stderr]  --> src/utils.rs:4:11
[INFO] [stderr]   |
[INFO] [stderr] 4 | use log::{info, warn, debug, error};
[INFO] [stderr]   |           ^^^^  ^^^^  ^^^^^  ^^^^^
[INFO] [stderr] 
[INFO] [stderr] warning: unused imports: `FindValueResult` and `Message`
[INFO] [stderr]  --> src/unit_test.rs:1:22
[INFO] [stderr]   |
[INFO] [stderr] 1 | use crate::message::{FindValueResult, Message};
[INFO] [stderr]   |                      ^^^^^^^^^^^^^^^  ^^^^^^^
[INFO] [stderr]   |
[INFO] [stderr] help: if this is a test module, consider adding a `#[cfg(test)]` to the containing module
[INFO] [stderr]  --> src/lib.rs:6:1
[INFO] [stderr]   |
[INFO] [stderr] 6 | pub mod unit_test;
[INFO] [stderr]   | ^^^^^^^^^^^^^^^^^^
[INFO] [stderr] 
[INFO] [stderr] warning: unused import: `crate::node::KademliaNode`
[INFO] [stderr]  --> src/unit_test.rs:2:5
[INFO] [stderr]   |
[INFO] [stderr] 2 | use crate::node::KademliaNode;
[INFO] [stderr]   |     ^^^^^^^^^^^^^^^^^^^^^^^^^
[INFO] [stderr]   |
[INFO] [stderr] help: if this is a test module, consider adding a `#[cfg(test)]` to the containing module
[INFO] [stderr]  --> src/lib.rs:6:1
[INFO] [stderr]   |
[INFO] [stderr] 6 | pub mod unit_test;
[INFO] [stderr]   | ^^^^^^^^^^^^^^^^^^
[INFO] [stderr] 
[INFO] [stderr] warning: unused import: `crate::routing_table::RoutingTable`
[INFO] [stderr]  --> src/unit_test.rs:3:5
[INFO] [stderr]   |
[INFO] [stderr] 3 | use crate::routing_table::RoutingTable;
[INFO] [stderr]   |     ^^^^^^^^^^^^^^^^^^^^^^^^^^^^^^^^^^
[INFO] [stderr]   |
[INFO] [stderr] help: if this is a test module, consider adding a `#[cfg(test)]` to the containing module
[INFO] [stderr]  --> src/lib.rs:6:1
[INFO] [stderr]   |
[INFO] [stderr] 6 | pub mod unit_test;
[INFO] [stderr]   | ^^^^^^^^^^^^^^^^^^
[INFO] [stderr] 
[INFO] [stderr] warning: unused import: `crate::utils::NodeId`
[INFO] [stderr]  --> src/unit_test.rs:4:5
[INFO] [stderr]   |
[INFO] [stderr] 4 | use crate::utils::NodeId;
[INFO] [stderr]   |     ^^^^^^^^^^^^^^^^^^^^
[INFO] [stderr]   |
[INFO] [stderr] help: if this is a test module, consider adding a `#[cfg(test)]` to the containing module
[INFO] [stderr]  --> src/lib.rs:6:1
[INFO] [stderr]   |
[INFO] [stderr] 6 | pub mod unit_test;
[INFO] [stderr]   | ^^^^^^^^^^^^^^^^^^
[INFO] [stderr] 
[INFO] [stderr] warning: unused import: `std::net::SocketAddr`
[INFO] [stderr]  --> src/unit_test.rs:5:5
[INFO] [stderr]   |
[INFO] [stderr] 5 | use std::net::SocketAddr;
[INFO] [stderr]   |     ^^^^^^^^^^^^^^^^^^^^
[INFO] [stderr]   |
[INFO] [stderr] help: if this is a test module, consider adding a `#[cfg(test)]` to the containing module
[INFO] [stderr]  --> src/lib.rs:6:1
[INFO] [stderr]   |
[INFO] [stderr] 6 | pub mod unit_test;
[INFO] [stderr]   | ^^^^^^^^^^^^^^^^^^
[INFO] [stderr] 
[INFO] [stderr] warning: unused import: `tokio::sync::mpsc`
[INFO] [stderr]  --> src/unit_test.rs:6:5
[INFO] [stderr]   |
[INFO] [stderr] 6 | use tokio::sync::mpsc;
[INFO] [stderr]   |     ^^^^^^^^^^^^^^^^^
[INFO] [stderr]   |
[INFO] [stderr] help: if this is a test module, consider adding a `#[cfg(test)]` to the containing module
[INFO] [stderr]  --> src/lib.rs:6:1
[INFO] [stderr]   |
[INFO] [stderr] 6 | pub mod unit_test;
[INFO] [stderr]   | ^^^^^^^^^^^^^^^^^^
[INFO] [stderr] 
[INFO] [stderr] warning: unused imports: `debug` and `info`
[INFO] [stderr]  --> src/unit_test.rs:7:11
[INFO] [stderr]   |
[INFO] [stderr] 7 | use log::{debug, info};
[INFO] [stderr]   |           ^^^^^  ^^^^
[INFO] [stderr]   |
[INFO] [stderr] help: if this is a test module, consider adding a `#[cfg(test)]` to the containing module
[INFO] [stderr]  --> src/lib.rs:6:1
[INFO] [stderr]   |
[INFO] [stderr] 6 | pub mod unit_test;
[INFO] [stderr]   | ^^^^^^^^^^^^^^^^^^
[INFO] [stderr] 
[INFO] [stderr] warning: function `init_logger` is never used
[INFO] [stderr]   --> src/unit_test.rs:15:4
[INFO] [stderr]    |
[INFO] [stderr] 15 | fn init_logger() {
[INFO] [stderr]    |    ^^^^^^^^^^^
[INFO] [stderr]    |
[INFO] [stderr]    = note: `#[warn(dead_code)]` on by default
[INFO] [stderr] 
[INFO] [stderr] warning: unused import: `tokio::sync::mpsc`
[INFO] [stderr]  --> src/unit_test.rs:6:5
[INFO] [stderr]   |
[INFO] [stderr] 6 | use tokio::sync::mpsc;
[INFO] [stderr]   |     ^^^^^^^^^^^^^^^^^
[INFO] [stderr] 
[INFO] [stderr] warning: unused import: `info`
[INFO] [stderr]  --> src/unit_test.rs:7:18
[INFO] [stderr]   |
[INFO] [stderr] 7 | use log::{debug, info};
[INFO] [stderr]   |                  ^^^^
[INFO] [stderr] 
[INFO] [stderr] warning: variable does not need to be mutable
[INFO] [stderr]    --> src/unit_test.rs:148:14
[INFO] [stderr]     |
[INFO] [stderr] 148 |         let (mut node, _) = KademliaNode::new(addr).await.unwrap();
[INFO] [stderr]     |              ----^^^^
[INFO] [stderr]     |              |
[INFO] [stderr]     |              help: remove this `mut`
[INFO] [stderr]     |
[INFO] [stderr]     = note: `#[warn(unused_mut)]` on by default
[INFO] [stderr] 
[INFO] [stderr] warning: variable does not need to be mutable
[INFO] [stderr]    --> src/unit_test.rs:266:14
[INFO] [stderr]     |
[INFO] [stderr] 266 |         let (mut node, _) = KademliaNode::new(addr).await.unwrap();
[INFO] [stderr]     |              ----^^^^
[INFO] [stderr]     |              |
[INFO] [stderr]     |              help: remove this `mut`
[INFO] [stderr] 
[INFO] [stderr] warning: `kademlia_mvp` (lib) generated 11 warnings (run `cargo fix --lib -p kademlia_mvp` to apply 10 suggestions)
[INFO] [stderr] warning: `kademlia_mvp` (lib test) generated 7 warnings (3 duplicates) (run `cargo fix --lib -p kademlia_mvp --tests` to apply 4 suggestions)
[INFO] [stderr] warning: unused imports: `debug`, `error`, `info`, and `warn`
[INFO] [stderr]  --> src/main.rs:7:11
[INFO] [stderr]   |
[INFO] [stderr] 7 | use log::{info, warn, debug, error};
[INFO] [stderr]   |           ^^^^  ^^^^  ^^^^^  ^^^^^
[INFO] [stderr] 
[INFO] [stderr] warning: unused imports: `BOOTSTRAP_NODES` and `NodeId`
[INFO] [stderr]   --> src/main.rs:13:20
[INFO] [stderr]    |
[INFO] [stderr] 13 | use crate::utils::{NodeId, BOOTSTRAP_NODES};
[INFO] [stderr]    |                    ^^^^^^  ^^^^^^^^^^^^^^^
[INFO] [stderr] 
[INFO] [stderr] warning: unused import: `tokio::net::UdpSocket`
[INFO] [stderr]   --> src/main.rs:14:5
[INFO] [stderr]    |
[INFO] [stderr] 14 | use tokio::net::UdpSocket;
[INFO] [stderr]    |     ^^^^^^^^^^^^^^^^^^^^^
[INFO] [stderr] 
[INFO] [stderr] warning: unused import: `tokio::sync::mpsc`
[INFO] [stderr]   --> src/main.rs:15:5
[INFO] [stderr]    |
[INFO] [stderr] 15 | use tokio::sync::mpsc;
[INFO] [stderr]    |     ^^^^^^^^^^^^^^^^^
[INFO] [stderr] 
[INFO] [stderr] warning: unused imports: `FindValueResult` and `Message`
[INFO] [stderr]  --> tests/integration_tests.rs:1:29
[INFO] [stderr]   |
[INFO] [stderr] 1 | use kademlia_mvp::message::{Message, FindValueResult};
[INFO] [stderr]   |                             ^^^^^^^  ^^^^^^^^^^^^^^^
[INFO] [stderr]   |
[INFO] [stderr]   = note: `#[warn(unused_imports)]` on by default
[INFO] [stderr] 
[INFO] [stderr] warning: unused import: `kademlia_mvp::utils::NodeId`
[INFO] [stderr]  --> tests/integration_tests.rs:3:5
[INFO] [stderr]   |
[INFO] [stderr] 3 | use kademlia_mvp::utils::NodeId;
[INFO] [stderr]   |     ^^^^^^^^^^^^^^^^^^^^^^^^^^^
[INFO] [stderr] 
[INFO] [stderr] warning: unused import: `tokio::sync::mpsc`
[INFO] [stderr]  --> tests/integration_tests.rs:5:5
[INFO] [stderr]   |
[INFO] [stderr] 5 | use tokio::sync::mpsc;
[INFO] [stderr]   |     ^^^^^^^^^^^^^^^^^
[INFO] [stderr] 
[INFO] [stderr] warning: unused import: `info`
[INFO] [stderr]  --> tests/integration_tests.rs:6:18
[INFO] [stderr]   |
[INFO] [stderr] 6 | use log::{debug, info};
[INFO] [stderr]   |                  ^^^^
[INFO] [stderr] 
[INFO] [stderr] warning: unused variable: `node1`
[INFO] [stderr]   --> tests/integration_tests.rs:49:14
[INFO] [stderr]    |
[INFO] [stderr] 49 |     let (mut node1, _) = KademliaNode::new(addr1).await.unwrap();
[INFO] [stderr]    |              ^^^^^ help: if this is intentional, prefix it with an underscore: `_node1`
[INFO] [stderr]    |
[INFO] [stderr]    = note: `#[warn(unused_variables)]` on by default
[INFO] [stderr] 
[INFO] [stderr] warning: variable does not need to be mutable
[INFO] [stderr]   --> tests/integration_tests.rs:49:10
[INFO] [stderr]    |
[INFO] [stderr] 49 |     let (mut node1, _) = KademliaNode::new(addr1).await.unwrap();
[INFO] [stderr]    |          ----^^^^^
[INFO] [stderr]    |          |
[INFO] [stderr]    |          help: remove this `mut`
[INFO] [stderr]    |
[INFO] [stderr]    = note: `#[warn(unused_mut)]` on by default
[INFO] [stderr] 
[INFO] [stderr] warning: `kademlia_mvp` (bin "kademlia_mvp") generated 7 warnings (3 duplicates) (run `cargo fix --bin "kademlia_mvp"` to apply 4 suggestions)
[INFO] [stderr] warning: `kademlia_mvp` (test "integration_tests") generated 6 warnings (run `cargo fix --test "integration_tests"` to apply 5 suggestions)
[INFO] [stderr] warning: `kademlia_mvp` (bin "kademlia_mvp" test) generated 7 warnings (7 duplicates)
[INFO] [stderr]     Finished `test` profile [unoptimized + debuginfo] target(s) in 0.12s
[INFO] [stderr]      Running unittests src/lib.rs (/opt/rustwide/target/debug/deps/kademlia_mvp-8247008637781c48)
[INFO] [stdout] 
[INFO] [stdout] running 11 tests
[INFO] [stderr] [2024-12-14T07:11:30Z DEBUG kademlia_mvp::unit_test::tests] Starting test: test_kademlia_node_handle_message_store
[INFO] [stderr] [2024-12-14T07:11:30Z DEBUG kademlia_mvp::unit_test::tests] Starting test: test_kademlia_node_handle_message_ping
[INFO] [stderr] [2024-12-14T07:11:30Z DEBUG kademlia_mvp::unit_test::tests] Node address: 127.0.0.1:45922
[INFO] [stderr] [2024-12-14T07:11:30Z DEBUG kademlia_mvp::unit_test::tests] Handling Store message from source: 127.0.0.1:8081, key: [109, 121, 107, 101, 121], value: [109, 121, 118, 97, 108, 117, 101]
[INFO] [stderr] [2024-12-14T07:11:30Z DEBUG kademlia_mvp::unit_test::tests] Node address: 127.0.0.1:38055
[INFO] [stderr] [2024-12-14T07:11:30Z DEBUG kademlia_mvp::unit_test::tests] Generated sender NodeId: [5f, 7d, f5, 56, 69, 41, cf, 73, f2, c, b1, 2f, 11, 64, ba, 8c, a9, a9, f5, 45, ee, fd, 1d, 33, ac, 8, 41, 4c, 45, e6, e0, 2c]
[INFO] [stderr] [2024-12-14T07:11:30Z INFO  kademlia_mvp::node] Stored value for key: [94, 80, 244, 5, 172, 230, 203, 223, 23, 55, 159, 75, 159, 43, 12, 159, 65, 68, 197, 227, 128, 234, 11, 146, 152, 203, 2, 235, 216, 255, 229, 17]
[INFO] [stderr] [2024-12-14T07:11:30Z DEBUG kademlia_mvp::unit_test::tests] Handling Ping message from source: 127.0.0.1:8081
[INFO] [stderr] [2024-12-14T07:11:30Z INFO  kademlia_mvp::kbucket] Added new node [5f, 7d, f5, 56, 69, 41, cf, 73, f2, c, b1, 2f, 11, 64, ba, 8c, a9, a9, f5, 45, ee, fd, 1d, 33, ac, 8, 41, 4c, 45, e6, e0, 2c] to k-bucket
[INFO] [stderr] [2024-12-14T07:11:30Z DEBUG kademlia_mvp::routing_table] Updated routing table for node [5f, 7d, f5, 56, 69, 41, cf, 73, f2, c, b1, 2f, 11, 64, ba, 8c, a9, a9, f5, 45, ee, fd, 1d, 33, ac, 8, 41, 4c, 45, e6, e0, 2c]
[INFO] [stderr] [2024-12-14T07:11:30Z DEBUG kademlia_mvp::node] Sent message to 127.0.0.1:8081
[INFO] [stderr] [2024-12-14T07:11:30Z DEBUG kademlia_mvp::node] Sent message to 127.0.0.1:8081
[INFO] [stderr] [2024-12-14T07:11:30Z INFO  kademlia_mvp::node] Received Ping from 127.0.0.1:8081, responded with Pong
[INFO] [stderr] [2024-12-14T07:11:30Z INFO  kademlia_mvp::node] Stored value for key [109, 121, 107, 101, 121] from 127.0.0.1:8081
[INFO] [stderr] [2024-12-14T07:11:30Z DEBUG kademlia_mvp::unit_test::tests] Stored value in node: Some([109, 121, 118, 97, 108, 117, 101])
[INFO] [stderr] [2024-12-14T07:11:30Z DEBUG kademlia_mvp::unit_test::tests] Bucket index: 0, Bucket: KBucket { entries: [KBucketEntry { node_id: "[5f, 7d, f5, 56, 69, 41, cf, 73, f2, c, b1, 2f, 11, 64, ba, 8c, a9, a9, f5, 45, ee, fd, 1d, 33, ac, 8, 41, 4c, 45, e6, e0, 2c]", addr: 127.0.0.1:8081, last_seen: Instant { tv_sec: 22105, tv_nsec: 415029264 } }] }
[INFO] [stderr] [2024-12-14T07:11:30Z DEBUG kademlia_mvp::unit_test::tests] Completed test: test_kademlia_node_handle_message_store
[INFO] [stdout] test unit_test::tests::test_kademlia_node_handle_message_ping ... ok
[INFO] [stderr] [2024-12-14T07:11:30Z DEBUG kademlia_mvp::unit_test::tests] Completed test: test_kademlia_node_handle_message_ping
[INFO] [stdout] test unit_test::tests::test_kademlia_node_handle_message_store ... ok
[INFO] [stderr] [2024-12-14T07:11:30Z DEBUG kademlia_mvp::unit_test::tests] Starting test: test_kademlia_node_ping
[INFO] [stderr] [2024-12-14T07:11:30Z DEBUG kademlia_mvp::unit_test::tests] Node address: 127.0.0.1:58667
[INFO] [stderr] [2024-12-14T07:11:30Z DEBUG kademlia_mvp::unit_test::tests] Sending ping to address: 127.0.0.1:8081
[INFO] [stderr] [2024-12-14T07:11:30Z DEBUG kademlia_mvp::node] Sent message to 127.0.0.1:8081
[INFO] [stderr] [2024-12-14T07:11:30Z DEBUG kademlia_mvp::unit_test::tests] Ping result: Ok(())
[INFO] [stderr] [2024-12-14T07:11:30Z DEBUG kademlia_mvp::unit_test::tests] Completed test: test_kademlia_node_ping
[INFO] [stderr] [2024-12-14T07:11:30Z DEBUG kademlia_mvp::unit_test::tests] Starting test: test_kademlia_node_find_node
[INFO] [stdout] test unit_test::tests::test_kademlia_node_ping ... ok
[INFO] [stderr] [2024-12-14T07:11:30Z DEBUG kademlia_mvp::unit_test::tests] Starting test: test_kademlia_node_refresh_buckets
[INFO] [stdout] test unit_test::tests::test_node_id_distance ... ok
[INFO] [stderr] [2024-12-14T07:11:30Z DEBUG kademlia_mvp::unit_test::tests] Starting test: test_node_id_distance
[INFO] [stdout] test unit_test::tests::test_kademlia_node_find_node ... ok
[INFO] [stderr] [2024-12-14T07:11:30Z DEBUG kademlia_mvp::unit_test::tests] id1: [0, 0, 0, 0, 0, 0, 0, 0, 0, 0, 0, 0, 0, 0, 0, 0, 0, 0, 0, 0, 0, 0, 0, 0, 0, 0, 0, 0, 0, 0, 0, 0], id2: [ff, ff, ff, ff, ff, ff, ff, ff, ff, ff, ff, ff, ff, ff, ff, ff, ff, ff, ff, ff, ff, ff, ff, ff, ff, ff, ff, ff, ff, ff, ff, ff], distance: [ff, ff, ff, ff, ff, ff, ff, ff, ff, ff, ff, ff, ff, ff, ff, ff, ff, ff, ff, ff, ff, ff, ff, ff, ff, ff, ff, ff, ff, ff, ff, ff]
[INFO] [stdout] test unit_test::tests::test_routing_table_find_closest ... ok
[INFO] [stderr] [2024-12-14T07:11:30Z DEBUG kademlia_mvp::unit_test::tests] Completed test: test_node_id_distance
[INFO] [stderr] [2024-12-14T07:11:30Z DEBUG kademlia_mvp::unit_test::tests] Node address: 127.0.0.1:41435
[INFO] [stderr] [2024-12-14T07:11:30Z INFO  kademlia_mvp::node] Buckets refreshed
[INFO] [stderr] [2024-12-14T07:11:30Z DEBUG kademlia_mvp::unit_test::tests] Refresh buckets result: Ok(())
[INFO] [stderr] [2024-12-14T07:11:30Z DEBUG kademlia_mvp::unit_test::tests] Completed test: test_kademlia_node_refresh_buckets
[INFO] [stderr] [2024-12-14T07:11:30Z DEBUG kademlia_mvp::unit_test::tests] Node address: 127.0.0.1:35918
[INFO] [stderr] [2024-12-14T07:11:30Z DEBUG kademlia_mvp::unit_test::tests] Starting test: test_kademlia_node_store_and_find_value
[INFO] [stderr] [2024-12-14T07:11:30Z DEBUG kademlia_mvp::unit_test::tests] Target NodeId: [75, ea, ba, 8c, 3d, d1, 20, 3d, 6b, 44, 52, c4, 6e, 3c, c2, 1, 82, 38, 5e, 24, 12, e0, 51, 5d, 69, 8d, 85, 6c, 59, e4, 5a, 53]
[INFO] [stderr] [2024-12-14T07:11:30Z INFO  kademlia_mvp::routing_table] Found closest nodes to [75, ea, ba, 8c, 3d, d1, 20, 3d, 6b, 44, 52, c4, 6e, 3c, c2, 1, 82, 38, 5e, 24, 12, e0, 51, 5d, 69, 8d, 85, 6c, 59, e4, 5a, 53]: []
[INFO] [stderr] [2024-12-14T07:11:30Z DEBUG kademlia_mvp::unit_test::tests] Closest nodes found: []
[INFO] [stderr] [2024-12-14T07:11:30Z DEBUG kademlia_mvp::unit_test::tests] Completed test: test_kademlia_node_find_node
[INFO] [stderr] [2024-12-14T07:11:30Z DEBUG kademlia_mvp::unit_test::tests] Starting test: test_routing_table_find_closest
[INFO] [stderr] [2024-12-14T07:11:30Z DEBUG kademlia_mvp::unit_test::tests] Generated node_id: [90, a4, c, 7c, d, 83, e6, 1d, 66, 33, d6, e1, d9, 2a, e5, d8, 8c, f0, 91, 36, bf, 6c, bd, 27, c, bb, 51, d3, 3, 97, d6, 22]
[INFO] [stderr] [2024-12-14T07:11:30Z DEBUG kademlia_mvp::unit_test::tests] Target node_id: [bf, 79, d4, 71, 5d, 65, bb, 68, 85, 65, 73, 23, c3, eb, 5f, 7a, f3, 58, 2c, db, 49, 37, be, c6, cf, 43, 2c, 4f, 4, 63, e6, f7]
[INFO] [stderr] [2024-12-14T07:11:30Z INFO  kademlia_mvp::kbucket] Added new node [76, de, d, f7, 89, 2b, 9f, 2a, 0, 7f, 88, 98, 6a, 40, 9f, 5b, a4, 3a, 9b, 62, d0, be, 85, 9c, e2, c7, 57, 17, e, ef, 5c, e0] to k-bucket
[INFO] [stderr] [2024-12-14T07:11:30Z DEBUG kademlia_mvp::routing_table] Updated routing table for node [76, de, d, f7, 89, 2b, 9f, 2a, 0, 7f, 88, 98, 6a, 40, 9f, 5b, a4, 3a, 9b, 62, d0, be, 85, 9c, e2, c7, 57, 17, e, ef, 5c, e0]
[INFO] [stderr] [2024-12-14T07:11:30Z INFO  kademlia_mvp::kbucket] Added new node [54, 79, 0, 34, 57, c9, 63, 63, 6e, 2, bc, 43, 9d, 35, e7, 2, 5a, 61, c, aa, b9, 7b, 7d, 2e, d, 59, d, ab, c2, ce, f6, 62] to k-bucket
[INFO] [stderr] [2024-12-14T07:11:30Z DEBUG kademlia_mvp::routing_table] Updated routing table for node [54, 79, 0, 34, 57, c9, 63, 63, 6e, 2, bc, 43, 9d, 35, e7, 2, 5a, 61, c, aa, b9, 7b, 7d, 2e, d, 59, d, ab, c2, ce, f6, 62]
[INFO] [stderr] [2024-12-14T07:11:30Z INFO  kademlia_mvp::routing_table] Found closest nodes to [bf, 79, d4, 71, 5d, 65, bb, 68, 85, 65, 73, 23, c3, eb, 5f, 7a, f3, 58, 2c, db, 49, 37, be, c6, cf, 43, 2c, 4f, 4, 63, e6, f7]: [([76, de, d, f7, 89, 2b, 9f, 2a, 0, 7f, 88, 98, 6a, 40, 9f, 5b, a4, 3a, 9b, 62, d0, be, 85, 9c, e2, c7, 57, 17, e, ef, 5c, e0], 127.0.0.1:8081), ([54, 79, 0, 34, 57, c9, 63, 63, 6e, 2, bc, 43, 9d, 35, e7, 2, 5a, 61, c, aa, b9, 7b, 7d, 2e, d, 59, d, ab, c2, ce, f6, 62], 127.0.0.1:8082)]
[INFO] [stderr] [2024-12-14T07:11:30Z DEBUG kademlia_mvp::unit_test::tests] Closest nodes found: [([76, de, d, f7, 89, 2b, 9f, 2a, 0, 7f, 88, 98, 6a, 40, 9f, 5b, a4, 3a, 9b, 62, d0, be, 85, 9c, e2, c7, 57, 17, e, ef, 5c, e0], 127.0.0.1:8081), ([54, 79, 0, 34, 57, c9, 63, 63, 6e, 2, bc, 43, 9d, 35, e7, 2, 5a, 61, c, aa, b9, 7b, 7d, 2e, d, 59, d, ab, c2, ce, f6, 62], 127.0.0.1:8082)]
[INFO] [stderr] [2024-12-14T07:11:30Z DEBUG kademlia_mvp::unit_test::tests] Completed test: test_routing_table_find_closest
[INFO] [stderr] [2024-12-14T07:11:30Z DEBUG kademlia_mvp::unit_test::tests] Starting test: test_kademlia_node_put_and_get
[INFO] [stderr] [2024-12-14T07:11:30Z DEBUG kademlia_mvp::unit_test::tests] Starting test: test_node_id_ordering
[INFO] [stderr] [2024-12-14T07:11:30Z DEBUG kademlia_mvp::unit_test::tests] id1: [1, 1, 1, 1, 1, 1, 1, 1, 1, 1, 1, 1, 1, 1, 1, 1, 1, 1, 1, 1, 1, 1, 1, 1, 1, 1, 1, 1, 1, 1, 1, 1], id2: [2, 2, 2, 2, 2, 2, 2, 2, 2, 2, 2, 2, 2, 2, 2, 2, 2, 2, 2, 2, 2, 2, 2, 2, 2, 2, 2, 2, 2, 2, 2, 2]
[INFO] [stderr] [2024-12-14T07:11:30Z DEBUG kademlia_mvp::unit_test::tests] Completed test: test_node_id_ordering
[INFO] [stderr] [2024-12-14T07:11:30Z DEBUG kademlia_mvp::unit_test::tests] Node address: 127.0.0.1:42970
[INFO] [stderr] [2024-12-14T07:11:30Z DEBUG kademlia_mvp::unit_test::tests] Putting key: [109, 121, 107, 101, 121], value: [109, 121, 118, 97, 108, 117, 101]
[INFO] [stdout] test unit_test::tests::test_kademlia_node_refresh_buckets ... ok
[INFO] [stdout] test unit_test::tests::test_node_id_ordering ... ok
[INFO] [stdout] test unit_test::tests::test_routing_table_update ... ok
[INFO] [stderr] [2024-12-14T07:11:30Z DEBUG kademlia_mvp::unit_test::tests] Starting test: test_routing_table_update
[INFO] [stderr] [2024-12-14T07:11:30Z DEBUG kademlia_mvp::unit_test::tests] Generated node_id: [5b, 65, 31, be, 41, 7f, a9, 52, 2, 28, 61, 8f, eb, 5, 87, 4f, cb, 21, 79, 9, 37, 53, 5f, 1e, 95, 5, c9, 4, f0, 43, 52, 90]
[INFO] [stderr] [2024-12-14T07:11:30Z INFO  kademlia_mvp::routing_table] Found closest nodes to [5e, 50, f4, 5, ac, e6, cb, df, 17, 37, 9f, 4b, 9f, 2b, c, 9f, 41, 44, c5, e3, 80, ea, b, 92, 98, cb, 2, eb, d8, ff, e5, 11]: []
[INFO] [stderr] [2024-12-14T07:11:30Z DEBUG kademlia_mvp::unit_test::tests] Adding node_id: [d6, 25, f2, 85, d3, ae, 85, d6, 8a, ae, 6d, 8d, 75, b0, cd, f9, d3, 81, 68, 69, ca, e9, a3, c0, f1, 19, 19, d7, 36, 70, e5, 7f]
[INFO] [stderr] [2024-12-14T07:11:30Z INFO  kademlia_mvp::kbucket] Added new node [d6, 25, f2, 85, d3, ae, 85, d6, 8a, ae, 6d, 8d, 75, b0, cd, f9, d3, 81, 68, 69, ca, e9, a3, c0, f1, 19, 19, d7, 36, 70, e5, 7f] to k-bucket
[INFO] [stderr] [2024-12-14T07:11:30Z DEBUG kademlia_mvp::routing_table] Updated routing table for node [d6, 25, f2, 85, d3, ae, 85, d6, 8a, ae, 6d, 8d, 75, b0, cd, f9, d3, 81, 68, 69, ca, e9, a3, c0, f1, 19, 19, d7, 36, 70, e5, 7f]
[INFO] [stderr] [2024-12-14T07:11:30Z DEBUG kademlia_mvp::unit_test::tests] Bucket index: 0, Bucket: KBucket { entries: [KBucketEntry { node_id: "[d6, 25, f2, 85, d3, ae, 85, d6, 8a, ae, 6d, 8d, 75, b0, cd, f9, d3, 81, 68, 69, ca, e9, a3, c0, f1, 19, 19, d7, 36, 70, e5, 7f]", addr: 127.0.0.1:8080, last_seen: Instant { tv_sec: 22105, tv_nsec: 427079894 } }] }
[INFO] [stderr] [2024-12-14T07:11:30Z DEBUG kademlia_mvp::unit_test::tests] Completed test: test_routing_table_update
[INFO] [stderr] [2024-12-14T07:11:30Z DEBUG kademlia_mvp::unit_test::tests] Node address: 127.0.0.1:56609
[INFO] [stderr] [2024-12-14T07:11:30Z INFO  kademlia_mvp::node] Stored value for key: [94, 80, 244, 5, 172, 230, 203, 223, 23, 55, 159, 75, 159, 43, 12, 159, 65, 68, 197, 227, 128, 234, 11, 146, 152, 203, 2, 235, 216, 255, 229, 17]
[INFO] [stderr] [2024-12-14T07:11:30Z DEBUG kademlia_mvp::unit_test::tests] Storing key: [109, 121, 107, 101, 121], value: [109, 121, 118, 97, 108, 117, 101]
[INFO] [stderr] [2024-12-14T07:11:30Z DEBUG kademlia_mvp::unit_test::tests] Stored value retrieved: Some([109, 121, 118, 97, 108, 117, 101])
[INFO] [stderr] [2024-12-14T07:11:30Z DEBUG kademlia_mvp::unit_test::tests] Completed test: test_kademlia_node_put_and_get
[INFO] [stdout] test unit_test::tests::test_kademlia_node_put_and_get ... ok
[INFO] [stdout] test unit_test::tests::test_kademlia_node_store_and_find_value ... ok
[INFO] [stderr] [2024-12-14T07:11:30Z INFO  kademlia_mvp::node] Stored value for key: [94, 80, 244, 5, 172, 230, 203, 223, 23, 55, 159, 75, 159, 43, 12, 159, 65, 68, 197, 227, 128, 234, 11, 146, 152, 203, 2, 235, 216, 255, 229, 17]
[INFO] [stdout] 
[INFO] [stderr] [2024-12-14T07:11:30Z DEBUG kademlia_mvp::unit_test::tests] Find result: Value([109, 121, 118, 97, 108, 117, 101])
[INFO] [stdout] test result: ok. 11 passed; 0 failed; 0 ignored; 0 measured; 0 filtered out; finished in 0.02s
[INFO] [stderr] [2024-12-14T07:11:30Z DEBUG kademlia_mvp::unit_test::tests] Completed test: test_kademlia_node_store_and_find_value
[INFO] [stdout] 
[INFO] [stderr]      Running unittests src/main.rs (/opt/rustwide/target/debug/deps/kademlia_mvp-e7d2a256a2ea4484)
[INFO] [stdout] 
[INFO] [stdout] running 0 tests
[INFO] [stdout] 
[INFO] [stdout] test result: ok. 0 passed; 0 failed; 0 ignored; 0 measured; 0 filtered out; finished in 0.00s
[INFO] [stdout] 
[INFO] [stderr]      Running tests/integration_tests.rs (/opt/rustwide/target/debug/deps/integration_tests-84f67c66c55f480e)
[INFO] [stdout] 
[INFO] [stdout] running 1 test
[INFO] [stderr] [2024-12-14T07:11:30Z DEBUG integration_tests] 
[INFO] [stderr]     
[INFO] [stderr]     
[INFO] [stderr]     
[INFO] [stderr]     
[INFO] [stderr]     
[INFO] [stderr] [2024-12-14T07:11:30Z DEBUG integration_tests] ============================
[INFO] [stderr] [2024-12-14T07:11:30Z DEBUG integration_tests] Starting test: test_node_discovery
[INFO] [stderr] [2024-12-14T07:11:30Z DEBUG integration_tests] ============================
[INFO] [stderr] [2024-12-14T07:11:30Z DEBUG kademlia_mvp::node] Sent message to 127.0.0.1:33333
[INFO] [stderr] [2024-12-14T07:11:30Z DEBUG integration_tests] node2 contents: KademliaNode {
[INFO] [stderr]         id: "[d8, 1c, 5e, da, 46, 64, 2f, 92, 1e, 4c, 98, d3, 61, e8, 85, b0, 32, 97, 62, b6, 4c, 3b, 36, e5, cf, ee, 15, 72, 90, 5, 99, 34]",
[INFO] [stderr]         addr: 127.0.0.1:0,
[INFO] [stderr]         routing_table: RoutingTable {
[INFO] [stderr]             node_id: "[d8, 1c, 5e, da, 46, 64, 2f, 92, 1e, 4c, 98, d3, 61, e8, 85, b0, 32, 97, 62, b6, 4c, 3b, 36, e5, cf, ee, 15, 72, 90, 5, 99, 34]",
[INFO] [stderr]             buckets_count: 256,
[INFO] [stderr]         },
[INFO] [stderr]         storage_size: 0,
[INFO] [stderr]         socket: "UDP Socket",
[INFO] [stderr]         shutdown: "Receiver<()>",
[INFO] [stderr]     }
[INFO] [stderr] [2024-12-14T07:11:30Z DEBUG kademlia_mvp::node] Sent message to 127.0.0.1:33333
[INFO] [stderr] [2024-12-14T07:11:30Z DEBUG integration_tests] node3 contents: KademliaNode {
[INFO] [stderr]         id: "[fd, 36, c0, f1, 17, 3d, 88, 1c, a2, 24, c8, 13, a3, 6c, 81, d8, c7, 41, 70, 26, 18, ba, df, 2c, 60, c8, b7, c8, 97, a3, 46, bb]",
[INFO] [stderr]         addr: 127.0.0.1:0,
[INFO] [stderr]         routing_table: RoutingTable {
[INFO] [stderr]             node_id: "[fd, 36, c0, f1, 17, 3d, 88, 1c, a2, 24, c8, 13, a3, 6c, 81, d8, c7, 41, 70, 26, 18, ba, df, 2c, 60, c8, b7, c8, 97, a3, 46, bb]",
[INFO] [stderr]             buckets_count: 256,
[INFO] [stderr]         },
[INFO] [stderr]         storage_size: 0,
[INFO] [stderr]         socket: "UDP Socket",
[INFO] [stderr]         shutdown: "Receiver<()>",
[INFO] [stderr]     }
[INFO] [stderr] [2024-12-14T07:11:30Z DEBUG integration_tests] ============================
[INFO] [stderr] [2024-12-14T07:11:30Z DEBUG integration_tests] Completed test: test_node_discovery
[INFO] [stderr] [2024-12-14T07:11:30Z DEBUG integration_tests] ============================
[INFO] [stdout] test test_node_discovery ... ok
[INFO] [stdout] 
[INFO] [stdout] test result: ok. 1 passed; 0 failed; 0 ignored; 0 measured; 0 filtered out; finished in 0.01s
[INFO] [stdout] 
[INFO] [stderr]    Doc-tests kademlia_mvp
[INFO] [stdout] 
[INFO] [stdout] running 16 tests
[INFO] [stdout] test src/node.rs - node::KademliaNode::store (line 244) ... FAILED
[INFO] [stdout] test src/utils.rs - utils::NodeId::distance (line 39) ... FAILED
[INFO] [stdout] test src/node.rs - node::KademliaNode::get (line 385) ... FAILED
[INFO] [stdout] test src/utils.rs - utils::NodeId::as_bytes (line 78) ... FAILED
[INFO] [stdout] test src/node.rs - node::KademliaNode::new (line 54) ... FAILED
[INFO] [stdout] test src/node.rs - node::KademliaNode::hash_key (line 262) ... FAILED
[INFO] [stdout] test src/node.rs - node::KademliaNode::find_value (line 295) ... FAILED
[INFO] [stdout] test src/node.rs - node::KademliaNode::handle_message (line 159) ... FAILED
[INFO] [stdout] test src/node.rs - node::KademliaNode::bootstrap (line 84) ... FAILED
[INFO] [stdout] test src/node.rs - node::KademliaNode::run (line 113) ... FAILED
[INFO] [stdout] test src/node.rs - node::KademliaNode::find_node (line 278) ... FAILED
[INFO] [stdout] test src/utils.rs - utils::NodeId::from_slice (line 62) ... FAILED
[INFO] [stdout] test src/node.rs - node::KademliaNode::put (line 344) ... FAILED
[INFO] [stdout] test src/node.rs - node::KademliaNode::refresh_buckets (line 429) ... FAILED
[INFO] [stdout] test src/node.rs - node::KademliaNode::send_message (line 222) ... FAILED
[INFO] [stdout] test src/node.rs - node::KademliaNode::ping (line 324) ... FAILED
[INFO] [stdout] 
[INFO] [stdout] failures:
[INFO] [stdout] 
[INFO] [stdout] ---- src/node.rs - node::KademliaNode::store (line 244) stdout ----
[INFO] [stdout] error[E0425]: cannot find value `node` in this scope
[INFO] [stdout]  --> src/node.rs:245:1
[INFO] [stdout]   |
[INFO] [stdout] 3 | node.store(b"example_key", b"example_value");
[INFO] [stdout]   | ^^^^ not found in this scope
[INFO] [stdout] 
[INFO] [stdout] error: aborting due to 1 previous error
[INFO] [stdout] 
[INFO] [stdout] For more information about this error, try `rustc --explain E0425`.
[INFO] [stdout] Couldn't compile the test.
[INFO] [stdout] ---- src/utils.rs - utils::NodeId::distance (line 39) stdout ----
[INFO] [stdout] error[E0425]: cannot find value `node_id1` in this scope
[INFO] [stdout]  --> src/utils.rs:40:16
[INFO] [stdout]   |
[INFO] [stdout] 3 | let distance = node_id1.distance(&node_id2);
[INFO] [stdout]   |                ^^^^^^^^ not found in this scope
[INFO] [stdout] 
[INFO] [stdout] error[E0425]: cannot find value `node_id2` in this scope
[INFO] [stdout]  --> src/utils.rs:40:35
[INFO] [stdout]   |
[INFO] [stdout] 3 | let distance = node_id1.distance(&node_id2);
[INFO] [stdout]   |                                   ^^^^^^^^ not found in this scope
[INFO] [stdout] 
[INFO] [stdout] error: aborting due to 2 previous errors
[INFO] [stdout] 
[INFO] [stdout] For more information about this error, try `rustc --explain E0425`.
[INFO] [stdout] Couldn't compile the test.
[INFO] [stdout] ---- src/node.rs - node::KademliaNode::get (line 385) stdout ----
[INFO] [stdout] error[E0425]: cannot find value `node` in this scope
[INFO] [stdout]  --> src/node.rs:386:22
[INFO] [stdout]   |
[INFO] [stdout] 3 | if let Some(value) = node.get(b"example_key").await.unwrap() {
[INFO] [stdout]   |                      ^^^^ not found in this scope
[INFO] [stdout] 
[INFO] [stdout] error[E0728]: `await` is only allowed inside `async` functions and blocks
[INFO] [stdout]  --> src/node.rs:386:47
[INFO] [stdout]   |
[INFO] [stdout] 2 | fn main() { #[allow(non_snake_case)] fn _doctest_main_src_node_rs_385_0() {
[INFO] [stdout]   |                                      ------------------------------------ this is not `async`
[INFO] [stdout] 3 | if let Some(value) = node.get(b"example_key").await.unwrap() {
[INFO] [stdout]   |                                               ^^^^^ only allowed inside `async` functions and blocks
[INFO] [stdout] 
[INFO] [stdout] error: aborting due to 2 previous errors
[INFO] [stdout] 
[INFO] [stdout] Some errors have detailed explanations: E0425, E0728.
[INFO] [stdout] For more information about an error, try `rustc --explain E0425`.
[INFO] [stdout] Couldn't compile the test.
[INFO] [stdout] ---- src/utils.rs - utils::NodeId::as_bytes (line 78) stdout ----
[INFO] [stdout] error[E0425]: cannot find value `node_id` in this scope
[INFO] [stdout]  --> src/utils.rs:79:13
[INFO] [stdout]   |
[INFO] [stdout] 3 | let bytes = node_id.as_bytes();
[INFO] [stdout]   |             ^^^^^^^ not found in this scope
[INFO] [stdout] 
[INFO] [stdout] error: aborting due to 1 previous error
[INFO] [stdout] 
[INFO] [stdout] For more information about this error, try `rustc --explain E0425`.
[INFO] [stdout] Couldn't compile the test.
[INFO] [stdout] ---- src/node.rs - node::KademliaNode::new (line 54) stdout ----
[INFO] [stdout] error[E0433]: failed to resolve: use of undeclared type `KademliaNode`
[INFO] [stdout]  --> src/node.rs:56:31
[INFO] [stdout]   |
[INFO] [stdout] 4 | let (node, shutdown_sender) = KademliaNode::new(addr).await.unwrap();
[INFO] [stdout]   |                               ^^^^^^^^^^^^ use of undeclared type `KademliaNode`
[INFO] [stdout]   |
[INFO] [stdout] help: consider importing this struct
[INFO] [stdout]   |
[INFO] [stdout] 2 + use kademlia_mvp::node::KademliaNode;
[INFO] [stdout]   |
[INFO] [stdout] 
[INFO] [stdout] error[E0728]: `await` is only allowed inside `async` functions and blocks
[INFO] [stdout]  --> src/node.rs:56:55
[INFO] [stdout]   |
[INFO] [stdout] 2 | fn main() { #[allow(non_snake_case)] fn _doctest_main_src_node_rs_54_0() {
[INFO] [stdout]   |                                      ----------------------------------- this is not `async`
[INFO] [stdout] 3 | let addr = "127.0.0.1:8080".parse().unwrap();
[INFO] [stdout] 4 | let (node, shutdown_sender) = KademliaNode::new(addr).await.unwrap();
[INFO] [stdout]   |                                                       ^^^^^ only allowed inside `async` functions and blocks
[INFO] [stdout] 
[INFO] [stdout] error: aborting due to 2 previous errors
[INFO] [stdout] 
[INFO] [stdout] Some errors have detailed explanations: E0433, E0728.
[INFO] [stdout] For more information about an error, try `rustc --explain E0433`.
[INFO] [stdout] Couldn't compile the test.
[INFO] [stdout] ---- src/node.rs - node::KademliaNode::hash_key (line 262) stdout ----
[INFO] [stdout] error[E0433]: failed to resolve: use of undeclared type `KademliaNode`
[INFO] [stdout]  --> src/node.rs:263:12
[INFO] [stdout]   |
[INFO] [stdout] 3 | let hash = KademliaNode::hash_key(b"example_key");
[INFO] [stdout]   |            ^^^^^^^^^^^^ use of undeclared type `KademliaNode`
[INFO] [stdout]   |
[INFO] [stdout] help: consider importing this struct
[INFO] [stdout]   |
[INFO] [stdout] 2 + use kademlia_mvp::node::KademliaNode;
[INFO] [stdout]   |
[INFO] [stdout] 
[INFO] [stdout] error: aborting due to 1 previous error
[INFO] [stdout] 
[INFO] [stdout] For more information about this error, try `rustc --explain E0433`.
[INFO] [stdout] Couldn't compile the test.
[INFO] [stdout] ---- src/node.rs - node::KademliaNode::find_value (line 295) stdout ----
[INFO] [stdout] error[E0425]: cannot find value `node` in this scope
[INFO] [stdout]  --> src/node.rs:297:7
[INFO] [stdout]   |
[INFO] [stdout] 4 | match node.find_value(&key) {
[INFO] [stdout]   |       ^^^^ not found in this scope
[INFO] [stdout] 
[INFO] [stdout] error[E0433]: failed to resolve: use of undeclared type `FindValueResult`
[INFO] [stdout]  --> src/node.rs:298:5
[INFO] [stdout]   |
[INFO] [stdout] 5 |     FindValueResult::Value(val) => println!("Value found: {:?}", val),
[INFO] [stdout]   |     ^^^^^^^^^^^^^^^ use of undeclared type `FindValueResult`
[INFO] [stdout]   |
[INFO] [stdout] help: consider importing this enum
[INFO] [stdout]   |
[INFO] [stdout] 2 + use kademlia_mvp::message::FindValueResult;
[INFO] [stdout]   |
[INFO] [stdout] 
[INFO] [stdout] error[E0433]: failed to resolve: use of undeclared type `FindValueResult`
[INFO] [stdout]  --> src/node.rs:299:5
[INFO] [stdout]   |
[INFO] [stdout] 6 |     FindValueResult::Nodes(nodes) => println!("Nodes found: {:?}", nodes),
[INFO] [stdout]   |     ^^^^^^^^^^^^^^^ use of undeclared type `FindValueResult`
[INFO] [stdout]   |
[INFO] [stdout] help: consider importing this enum
[INFO] [stdout]   |
[INFO] [stdout] 2 + use kademlia_mvp::message::FindValueResult;
[INFO] [stdout]   |
[INFO] [stdout] 
[INFO] [stdout] error: aborting due to 3 previous errors
[INFO] [stdout] 
[INFO] [stdout] Some errors have detailed explanations: E0425, E0433.
[INFO] [stdout] For more information about an error, try `rustc --explain E0425`.
[INFO] [stdout] Couldn't compile the test.
[INFO] [stdout] ---- src/node.rs - node::KademliaNode::handle_message (line 159) stdout ----
[INFO] [stdout] error[E0433]: failed to resolve: use of undeclared type `Message`
[INFO] [stdout]  --> src/node.rs:160:15
[INFO] [stdout]   |
[INFO] [stdout] 3 | let message = Message::Ping { sender: NodeId::new() };
[INFO] [stdout]   |               ^^^^^^^ use of undeclared type `Message`
[INFO] [stdout]   |
[INFO] [stdout] help: consider importing this enum
[INFO] [stdout]   |
[INFO] [stdout] 2 + use kademlia_mvp::message::Message;
[INFO] [stdout]   |
[INFO] [stdout] 
[INFO] [stdout] error[E0433]: failed to resolve: use of undeclared type `NodeId`
[INFO] [stdout]  --> src/node.rs:160:39
[INFO] [stdout]   |
[INFO] [stdout] 3 | let message = Message::Ping { sender: NodeId::new() };
[INFO] [stdout]   |                                       ^^^^^^ use of undeclared type `NodeId`
[INFO] [stdout]   |
[INFO] [stdout] help: consider importing this struct
[INFO] [stdout]   |
[INFO] [stdout] 2 + use kademlia_mvp::utils::NodeId;
[INFO] [stdout]   |
[INFO] [stdout] 
[INFO] [stdout] error[E0425]: cannot find value `node` in this scope
[INFO] [stdout]  --> src/node.rs:161:1
[INFO] [stdout]   |
[INFO] [stdout] 4 | node.handle_message(message, "127.0.0.1:8080".parse().unwrap()).await.unwrap();
[INFO] [stdout]   | ^^^^ not found in this scope
[INFO] [stdout] 
[INFO] [stdout] error[E0728]: `await` is only allowed inside `async` functions and blocks
[INFO] [stdout]  --> src/node.rs:161:65
[INFO] [stdout]   |
[INFO] [stdout] 2 | fn main() { #[allow(non_snake_case)] fn _doctest_main_src_node_rs_159_0() {
[INFO] [stdout]   |                                      ------------------------------------ this is not `async`
[INFO] [stdout] 3 | let message = Message::Ping { sender: NodeId::new() };
[INFO] [stdout] 4 | node.handle_message(message, "127.0.0.1:8080".parse().unwrap()).await.unwrap();
[INFO] [stdout]   |                                                                 ^^^^^ only allowed inside `async` functions and blocks
[INFO] [stdout] 
[INFO] [stdout] error: aborting due to 4 previous errors
[INFO] [stdout] 
[INFO] [stdout] Some errors have detailed explanations: E0425, E0433, E0728.
[INFO] [stdout] For more information about an error, try `rustc --explain E0425`.
[INFO] [stdout] Couldn't compile the test.
[INFO] [stdout] ---- src/node.rs - node::KademliaNode::bootstrap (line 84) stdout ----
[INFO] [stdout] error[E0425]: cannot find value `node` in this scope
[INFO] [stdout]  --> src/node.rs:85:1
[INFO] [stdout]   |
[INFO] [stdout] 3 | node.bootstrap().await.unwrap();
[INFO] [stdout]   | ^^^^ not found in this scope
[INFO] [stdout] 
[INFO] [stdout] error[E0728]: `await` is only allowed inside `async` functions and blocks
[INFO] [stdout]  --> src/node.rs:85:18
[INFO] [stdout]   |
[INFO] [stdout] 2 | fn main() { #[allow(non_snake_case)] fn _doctest_main_src_node_rs_84_0() {
[INFO] [stdout]   |                                      ----------------------------------- this is not `async`
[INFO] [stdout] 3 | node.bootstrap().await.unwrap();
[INFO] [stdout]   |                  ^^^^^ only allowed inside `async` functions and blocks
[INFO] [stdout] 
[INFO] [stdout] error: aborting due to 2 previous errors
[INFO] [stdout] 
[INFO] [stdout] Some errors have detailed explanations: E0425, E0728.
[INFO] [stdout] For more information about an error, try `rustc --explain E0425`.
[INFO] [stdout] Couldn't compile the test.
[INFO] [stdout] ---- src/node.rs - node::KademliaNode::run (line 113) stdout ----
[INFO] [stdout] error[E0425]: cannot find value `node` in this scope
[INFO] [stdout]  --> src/node.rs:114:1
[INFO] [stdout]   |
[INFO] [stdout] 3 | node.run().await.unwrap();
[INFO] [stdout]   | ^^^^ not found in this scope
[INFO] [stdout] 
[INFO] [stdout] error[E0728]: `await` is only allowed inside `async` functions and blocks
[INFO] [stdout]  --> src/node.rs:114:12
[INFO] [stdout]   |
[INFO] [stdout] 2 | fn main() { #[allow(non_snake_case)] fn _doctest_main_src_node_rs_113_0() {
[INFO] [stdout]   |                                      ------------------------------------ this is not `async`
[INFO] [stdout] 3 | node.run().await.unwrap();
[INFO] [stdout]   |            ^^^^^ only allowed inside `async` functions and blocks
[INFO] [stdout] 
[INFO] [stdout] error: aborting due to 2 previous errors
[INFO] [stdout] 
[INFO] [stdout] Some errors have detailed explanations: E0425, E0728.
[INFO] [stdout] For more information about an error, try `rustc --explain E0425`.
[INFO] [stdout] Couldn't compile the test.
[INFO] [stdout] ---- src/node.rs - node::KademliaNode::find_node (line 278) stdout ----
[INFO] [stdout] error[E0433]: failed to resolve: use of undeclared type `NodeId`
[INFO] [stdout]  --> src/node.rs:279:19
[INFO] [stdout]   |
[INFO] [stdout] 3 | let target_node = NodeId::new();
[INFO] [stdout]   |                   ^^^^^^ use of undeclared type `NodeId`
[INFO] [stdout]   |
[INFO] [stdout] help: consider importing this struct
[INFO] [stdout]   |
[INFO] [stdout] 2 + use kademlia_mvp::utils::NodeId;
[INFO] [stdout]   |
[INFO] [stdout] 
[INFO] [stdout] error[E0425]: cannot find value `node` in this scope
[INFO] [stdout]  --> src/node.rs:280:21
[INFO] [stdout]   |
[INFO] [stdout] 4 | let closest_nodes = node.find_node(&target_node);
[INFO] [stdout]   |                     ^^^^ not found in this scope
[INFO] [stdout] 
[INFO] [stdout] error: aborting due to 2 previous errors
[INFO] [stdout] 
[INFO] [stdout] Some errors have detailed explanations: E0425, E0433.
[INFO] [stdout] For more information about an error, try `rustc --explain E0425`.
[INFO] [stdout] Couldn't compile the test.
[INFO] [stdout] ---- src/utils.rs - utils::NodeId::from_slice (line 62) stdout ----
[INFO] [stdout] error[E0433]: failed to resolve: use of undeclared type `NodeId`
[INFO] [stdout]  --> src/utils.rs:64:15
[INFO] [stdout]   |
[INFO] [stdout] 4 | let node_id = NodeId::from_slice(&bytes);
[INFO] [stdout]   |               ^^^^^^ use of undeclared type `NodeId`
[INFO] [stdout]   |
[INFO] [stdout] help: consider importing this struct
[INFO] [stdout]   |
[INFO] [stdout] 2 + use kademlia_mvp::utils::NodeId;
[INFO] [stdout]   |
[INFO] [stdout] 
[INFO] [stdout] error: aborting due to 1 previous error
[INFO] [stdout] 
[INFO] [stdout] For more information about this error, try `rustc --explain E0433`.
[INFO] [stdout] Couldn't compile the test.
[INFO] [stdout] ---- src/node.rs - node::KademliaNode::put (line 344) stdout ----
[INFO] [stdout] error[E0425]: cannot find value `node` in this scope
[INFO] [stdout]  --> src/node.rs:345:1
[INFO] [stdout]   |
[INFO] [stdout] 3 | node.put(b"example_key", b"example_value").await.unwrap();
[INFO] [stdout]   | ^^^^ not found in this scope
[INFO] [stdout] 
[INFO] [stdout] error[E0728]: `await` is only allowed inside `async` functions and blocks
[INFO] [stdout]  --> src/node.rs:345:44
[INFO] [stdout]   |
[INFO] [stdout] 2 | fn main() { #[allow(non_snake_case)] fn _doctest_main_src_node_rs_344_0() {
[INFO] [stdout]   |                                      ------------------------------------ this is not `async`
[INFO] [stdout] 3 | node.put(b"example_key", b"example_value").await.unwrap();
[INFO] [stdout]   |                                            ^^^^^ only allowed inside `async` functions and blocks
[INFO] [stdout] 
[INFO] [stdout] error: aborting due to 2 previous errors
[INFO] [stdout] 
[INFO] [stdout] Some errors have detailed explanations: E0425, E0728.
[INFO] [stdout] For more information about an error, try `rustc --explain E0425`.
[INFO] [stdout] Couldn't compile the test.
[INFO] [stdout] ---- src/node.rs - node::KademliaNode::refresh_buckets (line 429) stdout ----
[INFO] [stdout] error[E0425]: cannot find value `node` in this scope
[INFO] [stdout]  --> src/node.rs:430:1
[INFO] [stdout]   |
[INFO] [stdout] 3 | node.refresh_buckets().await.unwrap();
[INFO] [stdout]   | ^^^^ not found in this scope
[INFO] [stdout] 
[INFO] [stdout] error[E0728]: `await` is only allowed inside `async` functions and blocks
[INFO] [stdout]  --> src/node.rs:430:24
[INFO] [stdout]   |
[INFO] [stdout] 2 | fn main() { #[allow(non_snake_case)] fn _doctest_main_src_node_rs_429_0() {
[INFO] [stdout]   |                                      ------------------------------------ this is not `async`
[INFO] [stdout] 3 | node.refresh_buckets().await.unwrap();
[INFO] [stdout]   |                        ^^^^^ only allowed inside `async` functions and blocks
[INFO] [stdout] 
[INFO] [stdout] error: aborting due to 2 previous errors
[INFO] [stdout] 
[INFO] [stdout] Some errors have detailed explanations: E0425, E0728.
[INFO] [stdout] For more information about an error, try `rustc --explain E0425`.
[INFO] [stdout] Couldn't compile the test.
[INFO] [stdout] ---- src/node.rs - node::KademliaNode::send_message (line 222) stdout ----
[INFO] [stdout] error[E0425]: cannot find value `node` in this scope
[INFO] [stdout]  --> src/node.rs:223:1
[INFO] [stdout]   |
[INFO] [stdout] 3 | node.send_message(&Message::Ping { sender: node.id }, "127.0.0.1:8080".parse().unwrap()).await.unwrap();
[INFO] [stdout]   | ^^^^ not found in this scope
[INFO] [stdout] 
[INFO] [stdout] error[E0433]: failed to resolve: use of undeclared type `Message`
[INFO] [stdout]  --> src/node.rs:223:20
[INFO] [stdout]   |
[INFO] [stdout] 3 | node.send_message(&Message::Ping { sender: node.id }, "127.0.0.1:8080".parse().unwrap()).await.unwrap();
[INFO] [stdout]   |                    ^^^^^^^ use of undeclared type `Message`
[INFO] [stdout]   |
[INFO] [stdout] help: consider importing this enum
[INFO] [stdout]   |
[INFO] [stdout] 2 + use kademlia_mvp::message::Message;
[INFO] [stdout]   |
[INFO] [stdout] 
[INFO] [stdout] error[E0425]: cannot find value `node` in this scope
[INFO] [stdout]  --> src/node.rs:223:44
[INFO] [stdout]   |
[INFO] [stdout] 3 | node.send_message(&Message::Ping { sender: node.id }, "127.0.0.1:8080".parse().unwrap()).await.unwrap();
[INFO] [stdout]   |                                            ^^^^ not found in this scope
[INFO] [stdout] 
[INFO] [stdout] error[E0728]: `await` is only allowed inside `async` functions and blocks
[INFO] [stdout]  --> src/node.rs:223:90
[INFO] [stdout]   |
[INFO] [stdout] 2 | fn main() { #[allow(non_snake_case)] fn _doctest_main_src_node_rs_222_0() {
[INFO] [stdout]   |                                      ------------------------------------ this is not `async`
[INFO] [stdout] 3 | node.send_message(&Message::Ping { sender: node.id }, "127.0.0.1:8080".parse().unwrap()).await.unwrap();
[INFO] [stdout]   |                                                                                          ^^^^^ only allowed inside `async` functions and blocks
[INFO] [stdout] 
[INFO] [stdout] error: aborting due to 4 previous errors
[INFO] [stdout] 
[INFO] [stdout] Some errors have detailed explanations: E0425, E0433, E0728.
[INFO] [stdout] For more information about an error, try `rustc --explain E0425`.
[INFO] [stdout] Couldn't compile the test.
[INFO] [stdout] ---- src/node.rs - node::KademliaNode::ping (line 324) stdout ----
[INFO] [stdout] error[E0425]: cannot find value `node` in this scope
[INFO] [stdout]  --> src/node.rs:325:1
[INFO] [stdout]   |
[INFO] [stdout] 3 | node.ping("127.0.0.1:8080".parse().unwrap()).await.unwrap();
[INFO] [stdout]   | ^^^^ not found in this scope
[INFO] [stdout] 
[INFO] [stdout] error[E0728]: `await` is only allowed inside `async` functions and blocks
[INFO] [stdout]  --> src/node.rs:325:46
[INFO] [stdout]   |
[INFO] [stdout] 2 | fn main() { #[allow(non_snake_case)] fn _doctest_main_src_node_rs_324_0() {
[INFO] [stdout]   |                                      ------------------------------------ this is not `async`
[INFO] [stdout] 3 | node.ping("127.0.0.1:8080".parse().unwrap()).await.unwrap();
[INFO] [stdout]   |                                              ^^^^^ only allowed inside `async` functions and blocks
[INFO] [stdout] 
[INFO] [stdout] error: aborting due to 2 previous errors
[INFO] [stdout] 
[INFO] [stdout] Some errors have detailed explanations: E0425, E0728.
[INFO] [stdout] For more information about an error, try `rustc --explain E0425`.
[INFO] [stdout] Couldn't compile the test.
[INFO] [stdout] 
[INFO] [stdout] failures:
[INFO] [stdout]     src/node.rs - node::KademliaNode::bootstrap (line 84)
[INFO] [stdout]     src/node.rs - node::KademliaNode::find_node (line 278)
[INFO] [stdout]     src/node.rs - node::KademliaNode::find_value (line 295)
[INFO] [stdout]     src/node.rs - node::KademliaNode::get (line 385)
[INFO] [stdout]     src/node.rs - node::KademliaNode::handle_message (line 159)
[INFO] [stdout]     src/node.rs - node::KademliaNode::hash_key (line 262)
[INFO] [stdout]     src/node.rs - node::KademliaNode::new (line 54)
[INFO] [stdout]     src/node.rs - node::KademliaNode::ping (line 324)
[INFO] [stdout]     src/node.rs - node::KademliaNode::put (line 344)
[INFO] [stdout]     src/node.rs - node::KademliaNode::refresh_buckets (line 429)
[INFO] [stdout]     src/node.rs - node::KademliaNode::run (line 113)
[INFO] [stdout]     src/node.rs - node::KademliaNode::send_message (line 222)
[INFO] [stdout]     src/node.rs - node::KademliaNode::store (line 244)
[INFO] [stdout]     src/utils.rs - utils::NodeId::as_bytes (line 78)
[INFO] [stdout]     src/utils.rs - utils::NodeId::distance (line 39)
[INFO] [stdout]     src/utils.rs - utils::NodeId::from_slice (line 62)
[INFO] [stdout] 
[INFO] [stdout] test result: FAILED. 0 passed; 16 failed; 0 ignored; 0 measured; 0 filtered out; finished in 0.32s
[INFO] [stdout] 
[INFO] [stderr] error: doctest failed, to rerun pass `--doc`
[INFO] running `Command { std: "docker" "inspect" "b3fcee03e3fc19454126b6e481be2ad8c812beba82f2dd8eb4cc8b099ffa945f", kill_on_drop: false }`
[INFO] running `Command { std: "docker" "rm" "-f" "b3fcee03e3fc19454126b6e481be2ad8c812beba82f2dd8eb4cc8b099ffa945f", kill_on_drop: false }`
[INFO] [stdout] b3fcee03e3fc19454126b6e481be2ad8c812beba82f2dd8eb4cc8b099ffa945f
