[INFO] cloning repository https://github.com/Radiator-Labs/fuota-fragmentation-rs
[INFO] running `Command { std: "git" "-c" "credential.helper=" "-c" "credential.helper=/workspace/cargo-home/bin/git-credential-null" "clone" "--bare" "https://github.com/Radiator-Labs/fuota-fragmentation-rs" "/workspace/cache/git-repos/https%3A%2F%2Fgithub.com%2FRadiator-Labs%2Ffuota-fragmentation-rs", kill_on_drop: false }`
[INFO] [stderr] Cloning into bare repository '/workspace/cache/git-repos/https%3A%2F%2Fgithub.com%2FRadiator-Labs%2Ffuota-fragmentation-rs'...
[INFO] running `Command { std: "git" "rev-parse" "HEAD", kill_on_drop: false }`
[INFO] [stdout] 1b04a7a418d20727419e6cf1987ce8b175c2aee9
[INFO] testing Radiator-Labs/fuota-fragmentation-rs against 1.83.0 for beta-1.84.0-4-retry
[INFO] running `Command { std: "git" "clone" "/workspace/cache/git-repos/https%3A%2F%2Fgithub.com%2FRadiator-Labs%2Ffuota-fragmentation-rs" "/workspace/builds/worker-7-tc1/source", kill_on_drop: false }`
[INFO] [stderr] Cloning into '/workspace/builds/worker-7-tc1/source'...
[INFO] [stderr] done.
[INFO] validating manifest of git repo https://github.com/Radiator-Labs/fuota-fragmentation-rs on toolchain 1.83.0
[INFO] running `Command { std: CARGO_HOME="/workspace/cargo-home" RUSTUP_HOME="/workspace/rustup-home" "/workspace/cargo-home/bin/cargo" "+1.83.0" "metadata" "--manifest-path" "Cargo.toml" "--no-deps", kill_on_drop: false }`
[INFO] started tweaking git repo https://github.com/Radiator-Labs/fuota-fragmentation-rs
[INFO] finished tweaking git repo https://github.com/Radiator-Labs/fuota-fragmentation-rs
[INFO] tweaked toml for git repo https://github.com/Radiator-Labs/fuota-fragmentation-rs written to /workspace/builds/worker-7-tc1/source/Cargo.toml
[INFO] running `Command { std: CARGO_HOME="/workspace/cargo-home" RUSTUP_HOME="/workspace/rustup-home" "/workspace/cargo-home/bin/cargo" "+1.83.0" "generate-lockfile" "--manifest-path" "Cargo.toml", kill_on_drop: false }`
[INFO] [stderr]     Blocking waiting for file lock on package cache
[INFO] [stderr]     Updating crates.io index
[INFO] [stderr]      Locking 136 packages to latest compatible versions
[INFO] running `Command { std: CARGO_HOME="/workspace/cargo-home" RUSTUP_HOME="/workspace/rustup-home" "/workspace/cargo-home/bin/cargo" "+1.83.0" "fetch" "--manifest-path" "Cargo.toml", kill_on_drop: false }`
[INFO] [stderr]  Downloading crates ...
[INFO] [stderr]   Downloaded insta v1.41.1
[INFO] [stderr]   Downloaded defmt-parser v0.4.1
[INFO] [stderr]   Downloaded futures-test v0.3.31
[INFO] [stderr]   Downloaded defmt v0.3.10
[INFO] [stderr]   Downloaded defmt-macros v0.4.0
[INFO] running `Command { std: "docker" "create" "-v" "/var/lib/crater-agent-workspace/builds/worker-7-tc1/target:/opt/rustwide/target:rw,Z" "-v" "/var/lib/crater-agent-workspace/builds/worker-7-tc1/source:/opt/rustwide/workdir:ro,Z" "-v" "/var/lib/crater-agent-workspace/cargo-home:/opt/rustwide/cargo-home:ro,Z" "-v" "/var/lib/crater-agent-workspace/rustup-home:/opt/rustwide/rustup-home:ro,Z" "-e" "SOURCE_DIR=/opt/rustwide/workdir" "-e" "CARGO_TARGET_DIR=/opt/rustwide/target" "-e" "CARGO_HOME=/opt/rustwide/cargo-home" "-e" "RUSTUP_HOME=/opt/rustwide/rustup-home" "-w" "/opt/rustwide/workdir" "-m" "1610612736" "--user" "0:0" "--network" "none" "ghcr.io/rust-lang/crates-build-env/linux@sha256:f3a9d4ad9d972b27faf3965f35b62e55ba32bbce8f20bc8fe909558a86702fde" "/opt/rustwide/cargo-home/bin/cargo" "+1.83.0" "metadata" "--no-deps" "--format-version=1", kill_on_drop: false }`
[INFO] [stdout] c196a19d681889dba18ac24374a7ba2b88366c225a41f8ff7e55f5162aeba0c7
[INFO] running `Command { std: "docker" "start" "-a" "c196a19d681889dba18ac24374a7ba2b88366c225a41f8ff7e55f5162aeba0c7", kill_on_drop: false }`
[INFO] running `Command { std: "docker" "inspect" "c196a19d681889dba18ac24374a7ba2b88366c225a41f8ff7e55f5162aeba0c7", kill_on_drop: false }`
[INFO] running `Command { std: "docker" "rm" "-f" "c196a19d681889dba18ac24374a7ba2b88366c225a41f8ff7e55f5162aeba0c7", kill_on_drop: false }`
[INFO] [stdout] c196a19d681889dba18ac24374a7ba2b88366c225a41f8ff7e55f5162aeba0c7
[INFO] running `Command { std: "docker" "create" "-v" "/var/lib/crater-agent-workspace/builds/worker-7-tc1/target:/opt/rustwide/target:rw,Z" "-v" "/var/lib/crater-agent-workspace/builds/worker-7-tc1/source:/opt/rustwide/workdir:ro,Z" "-v" "/var/lib/crater-agent-workspace/cargo-home:/opt/rustwide/cargo-home:ro,Z" "-v" "/var/lib/crater-agent-workspace/rustup-home:/opt/rustwide/rustup-home:ro,Z" "-e" "SOURCE_DIR=/opt/rustwide/workdir" "-e" "CARGO_TARGET_DIR=/opt/rustwide/target" "-e" "CARGO_INCREMENTAL=0" "-e" "RUST_BACKTRACE=full" "-e" "RUSTFLAGS=--cap-lints=warn" "-e" "RUSTDOCFLAGS=--cap-lints=warn" "-e" "CARGO_HOME=/opt/rustwide/cargo-home" "-e" "RUSTUP_HOME=/opt/rustwide/rustup-home" "-w" "/opt/rustwide/workdir" "-m" "1610612736" "--user" "0:0" "--network" "none" "ghcr.io/rust-lang/crates-build-env/linux@sha256:f3a9d4ad9d972b27faf3965f35b62e55ba32bbce8f20bc8fe909558a86702fde" "/opt/rustwide/cargo-home/bin/cargo" "+1.83.0" "build" "--frozen" "--message-format=json", kill_on_drop: false }`
[INFO] [stdout] dae934ab044c0cabb68e5cb3398d52a5a9a7d3b13cb0bdf208c932cc7aa8fbd6
[INFO] running `Command { std: "docker" "start" "-a" "dae934ab044c0cabb68e5cb3398d52a5a9a7d3b13cb0bdf208c932cc7aa8fbd6", kill_on_drop: false }`
[INFO] [stderr]    Compiling proc-macro2 v1.0.92
[INFO] [stderr]    Compiling unicode-ident v1.0.14
[INFO] [stderr]    Compiling crossbeam-utils v0.8.20
[INFO] [stderr]    Compiling pin-project-lite v0.2.15
[INFO] [stderr]    Compiling parking v2.2.1
[INFO] [stderr]    Compiling futures-core v0.3.31
[INFO] [stderr]    Compiling futures-io v0.3.31
[INFO] [stderr]    Compiling fastrand v2.3.0
[INFO] [stderr]    Compiling autocfg v1.4.0
[INFO] [stderr]    Compiling rustix v0.38.42
[INFO] [stderr]    Compiling radium v0.7.0
[INFO] [stderr]    Compiling libc v0.2.168
[INFO] [stderr]    Compiling tap v1.0.1
[INFO] [stderr]    Compiling linux-raw-sys v0.4.14
[INFO] [stderr]    Compiling tracing-core v0.1.33
[INFO] [stderr]    Compiling bitflags v2.6.0
[INFO] [stderr]    Compiling wyz v0.5.1
[INFO] [stderr]    Compiling atomic-waker v1.1.2
[INFO] [stderr]    Compiling byteorder v1.5.0
[INFO] [stderr]    Compiling syn v1.0.109
[INFO] [stderr]    Compiling futures-lite v2.5.0
[INFO] [stderr]    Compiling utf8parse v0.2.2
[INFO] [stderr]    Compiling funty v2.0.0
[INFO] [stderr]    Compiling async-task v4.7.1
[INFO] [stderr]    Compiling anstyle-parse v0.2.6
[INFO] [stderr]    Compiling piper v0.2.4
[INFO] [stderr]    Compiling slab v0.4.9
[INFO] [stderr]    Compiling embedded-storage v0.3.1
[INFO] [stderr]    Compiling anstyle v1.0.10
[INFO] [stderr]    Compiling crc-catalog v2.4.0
[INFO] [stderr]    Compiling anstyle-query v1.1.2
[INFO] [stderr]    Compiling serde v1.0.216
[INFO] [stderr]    Compiling bitvec v1.0.1
[INFO] [stderr]    Compiling is_terminal_polyfill v1.70.1
[INFO] [stderr]    Compiling value-bag v1.10.0
[INFO] [stderr]    Compiling tracing v0.1.41
[INFO] [stderr]    Compiling concurrent-queue v2.5.0
[INFO] [stderr]    Compiling colorchoice v1.0.3
[INFO] [stderr]    Compiling crc v3.2.1
[INFO] [stderr]    Compiling anstream v0.6.18
[INFO] [stderr]    Compiling event-listener v5.3.1
[INFO] [stderr]    Compiling embedded-storage-async v0.4.1
[INFO] [stderr]    Compiling once_cell v1.20.2
[INFO] [stderr]    Compiling strsim v0.11.1
[INFO] [stderr]    Compiling event-listener-strategy v0.5.3
[INFO] [stderr]    Compiling memchr v2.7.4
[INFO] [stderr]    Compiling serde_json v1.0.133
[INFO] [stderr]    Compiling event-listener v2.5.3
[INFO] [stderr]    Compiling clap_lex v0.7.4
[INFO] [stderr]    Compiling heck v0.5.0
[INFO] [stderr]    Compiling async-channel v2.3.1
[INFO] [stderr]    Compiling async-lock v3.4.0
[INFO] [stderr]    Compiling async-channel v1.9.0
[INFO] [stderr]    Compiling quote v1.0.37
[INFO] [stderr]    Compiling blocking v1.6.1
[INFO] [stderr]    Compiling async-executor v1.13.1
[INFO] [stderr]    Compiling log v0.4.22
[INFO] [stderr]    Compiling itoa v1.0.14
[INFO] [stderr]    Compiling clap_builder v4.5.23
[INFO] [stderr]    Compiling ryu v1.0.18
[INFO] [stderr]    Compiling syn v2.0.90
[INFO] [stderr]    Compiling getrandom v0.2.15
[INFO] [stderr]    Compiling kv-log-macro v1.0.7
[INFO] [stderr]    Compiling rand_core v0.6.4
[INFO] [stderr]    Compiling parity-reconstruct v0.1.0 (/opt/rustwide/workdir/parity-reconstruct)
[INFO] [stderr]    Compiling original-flash-algo v0.2.0 (/opt/rustwide/workdir/original-flash-algo)
[INFO] [stderr]    Compiling flash-algo-new v0.2.1 (/opt/rustwide/workdir/flash-algo-new)
[INFO] [stderr]    Compiling async-attributes v1.1.2
[INFO] [stderr]    Compiling zerocopy-derive v0.7.35
[INFO] [stderr]    Compiling serde_derive v1.0.216
[INFO] [stderr]    Compiling clap_derive v4.5.18
[INFO] [stderr]    Compiling polling v3.7.4
[INFO] [stderr]    Compiling zerocopy v0.7.35
[INFO] [stderr]    Compiling async-io v2.4.0
[INFO] [stderr]    Compiling async-global-executor v2.4.1
[INFO] [stderr]    Compiling async-std v1.13.0
[INFO] [stderr]    Compiling ppv-lite86 v0.2.20
[INFO] [stderr]    Compiling rand_chacha v0.3.1
[INFO] [stderr]    Compiling rand v0.8.5
[INFO] [stderr]    Compiling clap v4.5.23
[INFO] [stderr]    Compiling parity-robustness-check v0.1.0 (/opt/rustwide/workdir/parity-robustness-check)
[INFO] [stderr]     Finished `dev` profile [unoptimized + debuginfo] target(s) in 32.73s
[INFO] running `Command { std: "docker" "inspect" "dae934ab044c0cabb68e5cb3398d52a5a9a7d3b13cb0bdf208c932cc7aa8fbd6", kill_on_drop: false }`
[INFO] running `Command { std: "docker" "rm" "-f" "dae934ab044c0cabb68e5cb3398d52a5a9a7d3b13cb0bdf208c932cc7aa8fbd6", kill_on_drop: false }`
[INFO] [stdout] dae934ab044c0cabb68e5cb3398d52a5a9a7d3b13cb0bdf208c932cc7aa8fbd6
[INFO] running `Command { std: "docker" "create" "-v" "/var/lib/crater-agent-workspace/builds/worker-7-tc1/target:/opt/rustwide/target:rw,Z" "-v" "/var/lib/crater-agent-workspace/builds/worker-7-tc1/source:/opt/rustwide/workdir:ro,Z" "-v" "/var/lib/crater-agent-workspace/cargo-home:/opt/rustwide/cargo-home:ro,Z" "-v" "/var/lib/crater-agent-workspace/rustup-home:/opt/rustwide/rustup-home:ro,Z" "-e" "SOURCE_DIR=/opt/rustwide/workdir" "-e" "CARGO_TARGET_DIR=/opt/rustwide/target" "-e" "CARGO_INCREMENTAL=0" "-e" "RUST_BACKTRACE=full" "-e" "RUSTFLAGS=--cap-lints=warn" "-e" "RUSTDOCFLAGS=--cap-lints=warn" "-e" "CARGO_HOME=/opt/rustwide/cargo-home" "-e" "RUSTUP_HOME=/opt/rustwide/rustup-home" "-w" "/opt/rustwide/workdir" "-m" "1610612736" "--user" "0:0" "--network" "none" "ghcr.io/rust-lang/crates-build-env/linux@sha256:f3a9d4ad9d972b27faf3965f35b62e55ba32bbce8f20bc8fe909558a86702fde" "/opt/rustwide/cargo-home/bin/cargo" "+1.83.0" "test" "--frozen" "--no-run" "--message-format=json", kill_on_drop: false }`
[INFO] [stdout] a03d1f1c46b3d8d2d21cb851435ea37f6bd6d4ed32ee76fa5bff8f9fd40b84b0
[INFO] running `Command { std: "docker" "start" "-a" "a03d1f1c46b3d8d2d21cb851435ea37f6bd6d4ed32ee76fa5bff8f9fd40b84b0", kill_on_drop: false }`
[INFO] [stderr]    Compiling libc v0.2.168
[INFO] [stderr]    Compiling lazy_static v1.5.0
[INFO] [stderr]    Compiling linked-hash-map v0.5.6
[INFO] [stderr]    Compiling similar v2.6.0
[INFO] [stderr]    Compiling syn v2.0.90
[INFO] [stderr]    Compiling futures-task v0.3.31
[INFO] [stderr]    Compiling futures-sink v0.3.31
[INFO] [stderr]    Compiling futures-util v0.3.31
[INFO] [stderr]    Compiling console v0.15.8
[INFO] [stderr]    Compiling getrandom v0.2.15
[INFO] [stderr]    Compiling rand_core v0.6.4
[INFO] [stderr]    Compiling insta v1.41.1
[INFO] [stderr]    Compiling futures-executor v0.3.31
[INFO] [stderr]    Compiling tokio-macros v2.4.0
[INFO] [stderr]    Compiling zerocopy-derive v0.7.35
[INFO] [stderr]    Compiling pin-project-internal v1.1.7
[INFO] [stderr]    Compiling serde_derive v1.0.216
[INFO] [stderr]    Compiling futures-macro v0.3.31
[INFO] [stderr]    Compiling clap_derive v4.5.18
[INFO] [stderr]    Compiling zerocopy v0.7.35
[INFO] [stderr]    Compiling tokio v1.42.0
[INFO] [stderr]    Compiling pin-project v1.1.7
[INFO] [stderr]    Compiling futures-test v0.3.31
[INFO] [stderr]    Compiling ppv-lite86 v0.2.20
[INFO] [stderr]    Compiling parity-reconstruct v0.1.0 (/opt/rustwide/workdir/parity-reconstruct)
[INFO] [stderr]    Compiling rand_chacha v0.3.1
[INFO] [stderr]    Compiling clap v4.5.23
[INFO] [stderr]    Compiling rand v0.8.5
[INFO] [stderr]    Compiling original-flash-algo v0.2.0 (/opt/rustwide/workdir/original-flash-algo)
[INFO] [stderr]    Compiling flash-algo-new v0.2.1 (/opt/rustwide/workdir/flash-algo-new)
[INFO] [stderr]    Compiling serde v1.0.216
[INFO] [stderr]    Compiling serde_json v1.0.133
[INFO] [stderr]    Compiling parity-robustness-check v0.1.0 (/opt/rustwide/workdir/parity-robustness-check)
[INFO] [stderr]     Finished `test` profile [unoptimized + debuginfo] target(s) in 26.78s
[INFO] running `Command { std: "docker" "inspect" "a03d1f1c46b3d8d2d21cb851435ea37f6bd6d4ed32ee76fa5bff8f9fd40b84b0", kill_on_drop: false }`
[INFO] running `Command { std: "docker" "rm" "-f" "a03d1f1c46b3d8d2d21cb851435ea37f6bd6d4ed32ee76fa5bff8f9fd40b84b0", kill_on_drop: false }`
[INFO] [stdout] a03d1f1c46b3d8d2d21cb851435ea37f6bd6d4ed32ee76fa5bff8f9fd40b84b0
[INFO] running `Command { std: "docker" "create" "-v" "/var/lib/crater-agent-workspace/builds/worker-7-tc1/target:/opt/rustwide/target:rw,Z" "-v" "/var/lib/crater-agent-workspace/builds/worker-7-tc1/source:/opt/rustwide/workdir:ro,Z" "-v" "/var/lib/crater-agent-workspace/cargo-home:/opt/rustwide/cargo-home:ro,Z" "-v" "/var/lib/crater-agent-workspace/rustup-home:/opt/rustwide/rustup-home:ro,Z" "-e" "SOURCE_DIR=/opt/rustwide/workdir" "-e" "CARGO_TARGET_DIR=/opt/rustwide/target" "-e" "CARGO_INCREMENTAL=0" "-e" "RUST_BACKTRACE=full" "-e" "RUSTFLAGS=--cap-lints=warn" "-e" "RUSTDOCFLAGS=--cap-lints=warn" "-e" "CARGO_HOME=/opt/rustwide/cargo-home" "-e" "RUSTUP_HOME=/opt/rustwide/rustup-home" "-w" "/opt/rustwide/workdir" "-m" "1610612736" "--user" "0:0" "--network" "none" "ghcr.io/rust-lang/crates-build-env/linux@sha256:f3a9d4ad9d972b27faf3965f35b62e55ba32bbce8f20bc8fe909558a86702fde" "/opt/rustwide/cargo-home/bin/cargo" "+1.83.0" "test" "--frozen", kill_on_drop: false }`
[INFO] [stdout] 7ad826875752acb0c44572f7b0a74b7ccc9649412531294999520fd51ed5f341
[INFO] running `Command { std: "docker" "start" "-a" "7ad826875752acb0c44572f7b0a74b7ccc9649412531294999520fd51ed5f341", kill_on_drop: false }`
[INFO] [stderr]     Finished `test` profile [unoptimized + debuginfo] target(s) in 0.09s
[INFO] [stderr]      Running unittests src/lib.rs (/opt/rustwide/target/debug/deps/flash_algo_new-591f693781ff00bf)
[INFO] [stdout] 
[INFO] [stdout] running 20 tests
[INFO] [stdout] test manager::layout::test::blank_flash_no_slot ... ok
[INFO] [stdout] test manager::layout::test::check_layout_constants ... ok
[INFO] [stdout] test manager::layout::test::round_trip ... ok
[INFO] [stdout] test manager::layout::test::sanity_check_max_size ... ok
[INFO] [stdout] test manager::layout::test::size_checker ... ok
[INFO] [stdout] test manager::layout::test::sanity_check_max_segments ... ok
[INFO] [stdout] test manager::fs::tests::empty_flash ... ok
[INFO] [stdout] test bitcache::test::smoke ... ok
[INFO] [stdout] test bitcache::test::fill ... ok
[INFO] [stdout] test manager::fs::tests::right_placement ... ok
[INFO] [stdout] test manager::test::bad_data - should panic ... ok
[INFO] [stdout] test manager::layout::test::header_layout ... ok
[INFO] [stdout] test tests::more_real::miss_any_one ... ok
[INFO] [stdout] test testutils::heap_flash::test::write_twice - should panic ... ok
[INFO] [stdout] test tests::more_real::could_it_recover ... FAILED
[INFO] [stdout] test manager::fs::tests::partial_empty ... ok
[INFO] [stdout] test testutils::heap_flash::test::smoke ... ok
[INFO] [stdout] test update::matrix::tests::test_matrix_storage_all_zeros ... ok
[INFO] [stdout] test update::matrix::tests::test_matrix_storage_all_ones ... ok
[INFO] [stdout] test tests::more_real::basics ... FAILED
[INFO] [stdout] 
[INFO] [stdout] failures:
[INFO] [stdout] 
[INFO] [stdout] ---- tests::more_real::could_it_recover stdout ----
[INFO] [stdout] thread 'tests::more_real::could_it_recover' panicked at flash-algo-new/src/tests/more_real.rs:358:9:
[INFO] [stdout] assertion `left == right` failed
[INFO] [stdout]   left: [2, 1, 2, 1, 0]
[INFO] [stdout]  right: [83, 118, 123, 115, 113, 108, 124, 120, 125, 126, 117, 106, 112, 127, 109, 136, 117, 117, 113, 108, 119, 118, 113, 127, 117, 102, 124, 125, 96, 125, 125, 112, 104, 110, 112, 121, 106, 112, 116, 112, 117, 116, 100, 114, 98, 141, 124, 114, 117, 113, 112, 118, 122, 114, 117, 126, 96, 129, 122, 110, 115, 116, 110, 102, 112, 107, 108, 110, 112, 123, 127, 115, 111, 105, 120, 111, 105, 121, 129, 119, 115, 98, 109, 107, 108, 117, 111, 119, 113, 96, 116, 125, 118, 123, 112, 115, 117, 106, 118, 121, 101, 115, 114, 106, 126, 118, 104, 118, 110, 118, 118, 121, 118, 101, 107, 120, 112, 114, 104, 117, 115, 110, 128, 126, 122, 109, 124, 134, 116, 106, 119, 110, 118, 100, 122, 114, 103, 125, 111, 115, 122, 116, 110, 121, 108, 117, 100, 118, 126, 103, 103, 121, 122, 113, 110, 112, 113, 133, 101, 105, 130, 132, 110, 127, 107, 122, 119, 93, 129, 124, 133, 108, 111, 120, 117, 109, 109, 104, 114, 119, 113, 123, 132, 111, 112, 117, 127, 107, 120, 115, 118, 107, 121, 95, 104, 102, 110, 109, 118, 125, 113, 109, 110, 113, 111, 111, 109, 114, 131, 103, 113, 123, 126, 115, 118, 131, 123, 117, 115, 116, 119, 126, 116, 115, 111, 116, 117, 115, 120, 123, 110, 119, 118, 111, 119, 116, 103, 118, 113, 122, 107, 125, 98, 117, 120, 114, 117, 108, 121, 119, 104, 116, 110, 118, 133, 116, 112, 128, 118, 104, 118, 109, 122, 116, 114, 103, 121, 123, 127, 113, 113, 106, 116, 112, 122, 116, 116, 122, 112, 105, 118, 116, 105, 114, 116, 98, 121, 127, 116, 104, 115, 120, 77, 96, 110, 119, 124, 124, 119, 121, 100, 115, 117, 118, 124, 109, 115, 113, 112, 106, 120, 109, 127, 117, 112, 132, 94, 115, 119, 123, 128, 107, 111, 127, 115, 102, 122, 126, 98, 128, 110, 125, 119, 111, 110, 130, 126, 113, 121, 111, 107, 118, 119, 103, 120, 121, 122, 122, 124, 104, 111, 102, 105, 121, 121, 135, 124, 106, 118, 127, 121, 114, 115, 122, 110, 103, 120, 103, 116, 117, 112, 115, 122, 116, 110, 110, 102, 117, 116, 131, 105, 114, 119, 108, 104, 113, 110, 110, 116, 104, 98, 117, 124, 118, 114, 123, 111, 128, 118, 125, 128, 105, 121, 112, 112, 101, 115, 122, 112, 127, 113, 118, 120, 111, 110, 113, 113, 128, 104, 112, 117, 122, 106, 132, 119, 111, 125, 116, 108, 119, 113, 136, 110, 120, 114, 104, 136, 108, 105, 114, 124, 119, 111, 136, 123, 112, 117, 119, 121, 105, 109, 119, 116, 112, 108, 100, 111, 112, 118, 109, 106, 117, 104, 113, 131, 110, 130, 117, 100, 117, 114, 124, 123, 109, 109, 111, 109, 113, 121, 115, 113, 117, 109, 108, 109, 116, 134, 104, 129, 122, 119, 118, 118, 107, 116, 119, 113, 124, 121, 100, 120, 113, 123, 109, 124, 111, 121, 111, 122, 110, 130, 119, 116, 124, 113, 122, 119, 95, 94, 126, 121, 111, 113, 131, 113, 128, 125, 111, 131, 118, 118, 108, 111, 110, 105, 126, 111, 122, 122, 110, 130, 118, 112, 104, 123, 116, 127, 115, 117, 125, 112, 104, 116, 109, 112, 125, 107, 132, 110, 109, 105, 116, 111, 109, 112, 116, 117, 104, 123, 102, 113, 118, 119, 120, 111, 131, 112, 109, 93, 109, 121, 105, 118, 108, 76]
[INFO] [stdout] stack backtrace:
[INFO] [stdout]    0:     0x655373b330ba - std::backtrace_rs::backtrace::libunwind::trace::h5a5b8284f2d0c266
[INFO] [stdout]                                at /rustc/90b35a6239c3d8bdabc530a6a0816f7ff89a0aaf/library/std/src/../../backtrace/src/backtrace/libunwind.rs:116:5
[INFO] [stdout]    1:     0x655373b330ba - std::backtrace_rs::backtrace::trace_unsynchronized::h76d4f1c9b0b875e3
[INFO] [stdout]                                at /rustc/90b35a6239c3d8bdabc530a6a0816f7ff89a0aaf/library/std/src/../../backtrace/src/backtrace/mod.rs:66:5
[INFO] [stdout]    2:     0x655373b330ba - std::sys::backtrace::_print_fmt::hc4546b8364a537c6
[INFO] [stdout]                                at /rustc/90b35a6239c3d8bdabc530a6a0816f7ff89a0aaf/library/std/src/sys/backtrace.rs:66:9
[INFO] [stdout]    3:     0x655373b330ba - <std::sys::backtrace::BacktraceLock::print::DisplayBacktrace as core::fmt::Display>::fmt::h5b6bd5631a6d1f6b
[INFO] [stdout]                                at /rustc/90b35a6239c3d8bdabc530a6a0816f7ff89a0aaf/library/std/src/sys/backtrace.rs:39:26
[INFO] [stdout]    4:     0x655373b5bb33 - core::fmt::rt::Argument::fmt::h270f6602a2b96f62
[INFO] [stdout]                                at /rustc/90b35a6239c3d8bdabc530a6a0816f7ff89a0aaf/library/core/src/fmt/rt.rs:177:76
[INFO] [stdout]    5:     0x655373b5bb33 - core::fmt::write::h7550c97b06c86515
[INFO] [stdout]                                at /rustc/90b35a6239c3d8bdabc530a6a0816f7ff89a0aaf/library/core/src/fmt/mod.rs:1186:21
[INFO] [stdout]    6:     0x655373b2f253 - std::io::Write::write_fmt::h509ff860e5956e5e
[INFO] [stdout]                                at /rustc/90b35a6239c3d8bdabc530a6a0816f7ff89a0aaf/library/std/src/io/mod.rs:1839:15
[INFO] [stdout]    7:     0x655373b32f02 - std::sys::backtrace::BacktraceLock::print::h2395ccd2c84ba3aa
[INFO] [stdout]                                at /rustc/90b35a6239c3d8bdabc530a6a0816f7ff89a0aaf/library/std/src/sys/backtrace.rs:42:9
[INFO] [stdout]    8:     0x655373b3451a - std::panicking::default_hook::{{closure}}::he19d4c7230e07961
[INFO] [stdout]                                at /rustc/90b35a6239c3d8bdabc530a6a0816f7ff89a0aaf/library/std/src/panicking.rs:268:22
[INFO] [stdout]    9:     0x655373b34324 - std::panicking::default_hook::hf614597d3c67bbdb
[INFO] [stdout]                                at /rustc/90b35a6239c3d8bdabc530a6a0816f7ff89a0aaf/library/std/src/panicking.rs:292:9
[INFO] [stdout]   10:     0x6553739cfd99 - <alloc::boxed::Box<F,A> as core::ops::function::Fn<Args>>::call::h39b51ce4599c23d1
[INFO] [stdout]                                at /rustc/90b35a6239c3d8bdabc530a6a0816f7ff89a0aaf/library/alloc/src/boxed.rs:2468:9
[INFO] [stdout]   11:     0x6553739cfd99 - test::test_main::{{closure}}::he977ae839a582784
[INFO] [stdout]                                at /rustc/90b35a6239c3d8bdabc530a6a0816f7ff89a0aaf/library/test/src/lib.rs:133:21
[INFO] [stdout]   12:     0x655373b34bb8 - <alloc::boxed::Box<F,A> as core::ops::function::Fn<Args>>::call::h9455091b6b06f9fb
[INFO] [stdout]                                at /rustc/90b35a6239c3d8bdabc530a6a0816f7ff89a0aaf/library/alloc/src/boxed.rs:2468:9
[INFO] [stdout]   13:     0x655373b34bb8 - std::panicking::rust_panic_with_hook::h8942133a8b252070
[INFO] [stdout]                                at /rustc/90b35a6239c3d8bdabc530a6a0816f7ff89a0aaf/library/std/src/panicking.rs:809:13
[INFO] [stdout]   14:     0x655373b3497a - std::panicking::begin_panic_handler::{{closure}}::hb5f5963570096b29
[INFO] [stdout]                                at /rustc/90b35a6239c3d8bdabc530a6a0816f7ff89a0aaf/library/std/src/panicking.rs:674:13
[INFO] [stdout]   15:     0x655373b33599 - std::sys::backtrace::__rust_end_short_backtrace::h6208cedc1922feda
[INFO] [stdout]                                at /rustc/90b35a6239c3d8bdabc530a6a0816f7ff89a0aaf/library/std/src/sys/backtrace.rs:170:18
[INFO] [stdout]   16:     0x655373b3460c - rust_begin_unwind
[INFO] [stdout]                                at /rustc/90b35a6239c3d8bdabc530a6a0816f7ff89a0aaf/library/std/src/panicking.rs:665:5
[INFO] [stdout]   17:     0x6553738dad00 - core::panicking::panic_fmt::h0c3082644d1bf418
[INFO] [stdout]                                at /rustc/90b35a6239c3d8bdabc530a6a0816f7ff89a0aaf/library/core/src/panicking.rs:74:14
[INFO] [stdout]   18:     0x6553738db165 - core::panicking::assert_failed_inner::h2ddf1fcc067fa858
[INFO] [stdout]   19:     0x6553738f09f1 - core::panicking::assert_failed::hb2b6b276db4f5774
[INFO] [stdout]                                at /rustc/90b35a6239c3d8bdabc530a6a0816f7ff89a0aaf/library/core/src/panicking.rs:367:5
[INFO] [stdout]   20:     0x65537390eb8d - flash_algo_new::tests::more_real::could_it_recover::{{closure}}::h5a90e3ebe70988ee
[INFO] [stdout]                                at /opt/rustwide/workdir/flash-algo-new/src/tests/more_real.rs:358:9
[INFO] [stdout]   21:     0x65537391ce92 - <core::pin::Pin<P> as core::future::future::Future>::poll::hb8110b918aef413f
[INFO] [stdout]                                at /rustc/90b35a6239c3d8bdabc530a6a0816f7ff89a0aaf/library/core/src/future/future.rs:123:9
[INFO] [stdout]   22:     0x65537391cf0d - <core::pin::Pin<P> as core::future::future::Future>::poll::hc111cc101a01aeb5
[INFO] [stdout]                                at /rustc/90b35a6239c3d8bdabc530a6a0816f7ff89a0aaf/library/core/src/future/future.rs:123:9
[INFO] [stdout]   23:     0x65537393d2af - tokio::runtime::scheduler::current_thread::CoreGuard::block_on::{{closure}}::{{closure}}::{{closure}}::h52ad30971e2ea48c
[INFO] [stdout]                                at /opt/rustwide/cargo-home/registry/src/index.crates.io-6f17d22bba15001f/tokio-1.42.0/src/runtime/scheduler/current_thread/mod.rs:729:57
[INFO] [stdout]   24:     0x65537393d195 - tokio::runtime::coop::with_budget::h6d5b22bae8d1fd89
[INFO] [stdout]                                at /opt/rustwide/cargo-home/registry/src/index.crates.io-6f17d22bba15001f/tokio-1.42.0/src/runtime/coop.rs:107:5
[INFO] [stdout]   25:     0x65537393d195 - tokio::runtime::coop::budget::h4fbfed65e16e7b65
[INFO] [stdout]                                at /opt/rustwide/cargo-home/registry/src/index.crates.io-6f17d22bba15001f/tokio-1.42.0/src/runtime/coop.rs:73:5
[INFO] [stdout]   26:     0x65537393d195 - tokio::runtime::scheduler::current_thread::CoreGuard::block_on::{{closure}}::{{closure}}::ha0253a30f2e6c47a
[INFO] [stdout]                                at /opt/rustwide/cargo-home/registry/src/index.crates.io-6f17d22bba15001f/tokio-1.42.0/src/runtime/scheduler/current_thread/mod.rs:729:25
[INFO] [stdout]   27:     0x65537393a540 - tokio::runtime::scheduler::current_thread::Context::enter::h5fce096e31b034cb
[INFO] [stdout]                                at /opt/rustwide/cargo-home/registry/src/index.crates.io-6f17d22bba15001f/tokio-1.42.0/src/runtime/scheduler/current_thread/mod.rs:428:19
[INFO] [stdout]   28:     0x65537393bffb - tokio::runtime::scheduler::current_thread::CoreGuard::block_on::{{closure}}::hc856d013d8867944
[INFO] [stdout]                                at /opt/rustwide/cargo-home/registry/src/index.crates.io-6f17d22bba15001f/tokio-1.42.0/src/runtime/scheduler/current_thread/mod.rs:728:36
[INFO] [stdout]   29:     0x65537393bd14 - tokio::runtime::scheduler::current_thread::CoreGuard::enter::{{closure}}::h647d9a60970d4b8f
[INFO] [stdout]                                at /opt/rustwide/cargo-home/registry/src/index.crates.io-6f17d22bba15001f/tokio-1.42.0/src/runtime/scheduler/current_thread/mod.rs:807:68
[INFO] [stdout]   30:     0x6553739384ab - tokio::runtime::context::scoped::Scoped<T>::set::hdc87076e9e8e1e28
[INFO] [stdout]                                at /opt/rustwide/cargo-home/registry/src/index.crates.io-6f17d22bba15001f/tokio-1.42.0/src/runtime/context/scoped.rs:40:9
[INFO] [stdout]   31:     0x655373926239 - tokio::runtime::context::set_scheduler::{{closure}}::hd3dacd4b276dc6b8
[INFO] [stdout]                                at /opt/rustwide/cargo-home/registry/src/index.crates.io-6f17d22bba15001f/tokio-1.42.0/src/runtime/context.rs:180:26
[INFO] [stdout]   32:     0x65537391282d - std::thread::local::LocalKey<T>::try_with::hadb26901270f1968
[INFO] [stdout]                                at /rustc/90b35a6239c3d8bdabc530a6a0816f7ff89a0aaf/library/std/src/thread/local.rs:283:12
[INFO] [stdout]   33:     0x655373911c0a - std::thread::local::LocalKey<T>::with::h10d758f0604cb498
[INFO] [stdout]                                at /rustc/90b35a6239c3d8bdabc530a6a0816f7ff89a0aaf/library/std/src/thread/local.rs:260:9
[INFO] [stdout]   34:     0x65537392616d - tokio::runtime::context::set_scheduler::h4ce9dfe272d4c2da
[INFO] [stdout]                                at /opt/rustwide/cargo-home/registry/src/index.crates.io-6f17d22bba15001f/tokio-1.42.0/src/runtime/context.rs:180:9
[INFO] [stdout]   35:     0x65537393b680 - tokio::runtime::scheduler::current_thread::CoreGuard::enter::h195d56ef9e47b11f
[INFO] [stdout]                                at /opt/rustwide/cargo-home/registry/src/index.crates.io-6f17d22bba15001f/tokio-1.42.0/src/runtime/scheduler/current_thread/mod.rs:807:27
[INFO] [stdout]   36:     0x65537393bd93 - tokio::runtime::scheduler::current_thread::CoreGuard::block_on::hafc386657fb2a5f0
[INFO] [stdout]                                at /opt/rustwide/cargo-home/registry/src/index.crates.io-6f17d22bba15001f/tokio-1.42.0/src/runtime/scheduler/current_thread/mod.rs:716:19
[INFO] [stdout]   37:     0x655373939fca - tokio::runtime::scheduler::current_thread::CurrentThread::block_on::{{closure}}::hf6f355c60dc660c3
[INFO] [stdout]                                at /opt/rustwide/cargo-home/registry/src/index.crates.io-6f17d22bba15001f/tokio-1.42.0/src/runtime/scheduler/current_thread/mod.rs:196:28
[INFO] [stdout]   38:     0x655373938626 - tokio::runtime::context::runtime::enter_runtime::h02679e532773a0ac
[INFO] [stdout]                                at /opt/rustwide/cargo-home/registry/src/index.crates.io-6f17d22bba15001f/tokio-1.42.0/src/runtime/context/runtime.rs:65:16
[INFO] [stdout]   39:     0x655373939841 - tokio::runtime::scheduler::current_thread::CurrentThread::block_on::h139781705508c9bd
[INFO] [stdout]                                at /opt/rustwide/cargo-home/registry/src/index.crates.io-6f17d22bba15001f/tokio-1.42.0/src/runtime/scheduler/current_thread/mod.rs:184:9
[INFO] [stdout]   40:     0x655373939523 - tokio::runtime::runtime::Runtime::block_on_inner::haaaf3b79e588d1a2
[INFO] [stdout]                                at /opt/rustwide/cargo-home/registry/src/index.crates.io-6f17d22bba15001f/tokio-1.42.0/src/runtime/runtime.rs:368:47
[INFO] [stdout]   41:     0x655373939717 - tokio::runtime::runtime::Runtime::block_on::h530c8f13bd49dd0d
[INFO] [stdout]                                at /opt/rustwide/cargo-home/registry/src/index.crates.io-6f17d22bba15001f/tokio-1.42.0/src/runtime/runtime.rs:342:13
[INFO] [stdout]   42:     0x65537390ca8c - flash_algo_new::tests::more_real::could_it_recover::h58015dfdd83703d5
[INFO] [stdout]                                at /opt/rustwide/workdir/flash-algo-new/src/tests/more_real.rs:473:5
[INFO] [stdout]   43:     0x65537390c8e7 - flash_algo_new::tests::more_real::could_it_recover::{{closure}}::h6abfcb815953f445
[INFO] [stdout]                                at /opt/rustwide/workdir/flash-algo-new/src/tests/more_real.rs:250:28
[INFO] [stdout]   44:     0x6553738dbd16 - core::ops::function::FnOnce::call_once::h72249d187d8dfdd0
[INFO] [stdout]                                at /rustc/90b35a6239c3d8bdabc530a6a0816f7ff89a0aaf/library/core/src/ops/function.rs:250:5
[INFO] [stdout]   45:     0x6553739d475b - core::ops::function::FnOnce::call_once::h109cf8051a59b34e
[INFO] [stdout]                                at /rustc/90b35a6239c3d8bdabc530a6a0816f7ff89a0aaf/library/core/src/ops/function.rs:250:5
[INFO] [stdout]   46:     0x6553739d475b - test::__rust_begin_short_backtrace::hf4fff89d377446ba
[INFO] [stdout]                                at /rustc/90b35a6239c3d8bdabc530a6a0816f7ff89a0aaf/library/test/src/lib.rs:621:18
[INFO] [stdout]   47:     0x6553739d3f97 - test::run_test_in_process::{{closure}}::h0e39181dd7ee5a43
[INFO] [stdout]                                at /rustc/90b35a6239c3d8bdabc530a6a0816f7ff89a0aaf/library/test/src/lib.rs:644:60
[INFO] [stdout]   48:     0x6553739d3f97 - <core::panic::unwind_safe::AssertUnwindSafe<F> as core::ops::function::FnOnce<()>>::call_once::hc5a66a30f0bdfd1f
[INFO] [stdout]                                at /rustc/90b35a6239c3d8bdabc530a6a0816f7ff89a0aaf/library/core/src/panic/unwind_safe.rs:272:9
[INFO] [stdout]   49:     0x6553739d3f97 - std::panicking::try::do_call::h873b7cf639554a5e
[INFO] [stdout]                                at /rustc/90b35a6239c3d8bdabc530a6a0816f7ff89a0aaf/library/std/src/panicking.rs:557:40
[INFO] [stdout]   50:     0x6553739d3f97 - std::panicking::try::hdb19862fad9c8bd1
[INFO] [stdout]                                at /rustc/90b35a6239c3d8bdabc530a6a0816f7ff89a0aaf/library/std/src/panicking.rs:520:19
[INFO] [stdout]   51:     0x6553739d3f97 - std::panic::catch_unwind::h281fe732d236d260
[INFO] [stdout]                                at /rustc/90b35a6239c3d8bdabc530a6a0816f7ff89a0aaf/library/std/src/panic.rs:358:14
[INFO] [stdout]   52:     0x6553739d3f97 - test::run_test_in_process::h949b6df8457ed338
[INFO] [stdout]                                at /rustc/90b35a6239c3d8bdabc530a6a0816f7ff89a0aaf/library/test/src/lib.rs:644:27
[INFO] [stdout]   53:     0x6553739d3f97 - test::run_test::{{closure}}::h52c556a6d4740e10
[INFO] [stdout]                                at /rustc/90b35a6239c3d8bdabc530a6a0816f7ff89a0aaf/library/test/src/lib.rs:565:43
[INFO] [stdout]   54:     0x655373999274 - test::run_test::{{closure}}::h4237f6381c45ccb9
[INFO] [stdout]                                at /rustc/90b35a6239c3d8bdabc530a6a0816f7ff89a0aaf/library/test/src/lib.rs:595:41
[INFO] [stdout]   55:     0x655373999274 - std::sys::backtrace::__rust_begin_short_backtrace::h505c97a579eca628
[INFO] [stdout]                                at /rustc/90b35a6239c3d8bdabc530a6a0816f7ff89a0aaf/library/std/src/sys/backtrace.rs:154:18
[INFO] [stdout]   56:     0x65537399c93e - std::thread::Builder::spawn_unchecked_::{{closure}}::{{closure}}::h9e86b2e2bc107ea3
[INFO] [stdout]                                at /rustc/90b35a6239c3d8bdabc530a6a0816f7ff89a0aaf/library/std/src/thread/mod.rs:538:17
[INFO] [stdout]   57:     0x65537399c93e - <core::panic::unwind_safe::AssertUnwindSafe<F> as core::ops::function::FnOnce<()>>::call_once::h8b06ddb275ff4a25
[INFO] [stdout]                                at /rustc/90b35a6239c3d8bdabc530a6a0816f7ff89a0aaf/library/core/src/panic/unwind_safe.rs:272:9
[INFO] [stdout]   58:     0x65537399c93e - std::panicking::try::do_call::hb26ecd7cd9a9355d
[INFO] [stdout]                                at /rustc/90b35a6239c3d8bdabc530a6a0816f7ff89a0aaf/library/std/src/panicking.rs:557:40
[INFO] [stdout]   59:     0x65537399c93e - std::panicking::try::h8ddeca9d705f9069
[INFO] [stdout]                                at /rustc/90b35a6239c3d8bdabc530a6a0816f7ff89a0aaf/library/std/src/panicking.rs:520:19
[INFO] [stdout]   60:     0x65537399c93e - std::panic::catch_unwind::h49e1c33078844c46
[INFO] [stdout]                                at /rustc/90b35a6239c3d8bdabc530a6a0816f7ff89a0aaf/library/std/src/panic.rs:358:14
[INFO] [stdout]   61:     0x65537399c93e - std::thread::Builder::spawn_unchecked_::{{closure}}::h6073db6ff56ad35d
[INFO] [stdout]                                at /rustc/90b35a6239c3d8bdabc530a6a0816f7ff89a0aaf/library/std/src/thread/mod.rs:537:30
[INFO] [stdout]   62:     0x65537399c93e - core::ops::function::FnOnce::call_once{{vtable.shim}}::h2c5a5f3779c774f1
[INFO] [stdout]                                at /rustc/90b35a6239c3d8bdabc530a6a0816f7ff89a0aaf/library/core/src/ops/function.rs:250:5
[INFO] [stdout]   63:     0x655373b3935b - <alloc::boxed::Box<F,A> as core::ops::function::FnOnce<Args>>::call_once::hf75717d9f28faebf
[INFO] [stdout]                                at /rustc/90b35a6239c3d8bdabc530a6a0816f7ff89a0aaf/library/alloc/src/boxed.rs:2454:9
[INFO] [stdout]   64:     0x655373b3935b - <alloc::boxed::Box<F,A> as core::ops::function::FnOnce<Args>>::call_once::h7bd883a5f3c5f3c1
[INFO] [stdout]                                at /rustc/90b35a6239c3d8bdabc530a6a0816f7ff89a0aaf/library/alloc/src/boxed.rs:2454:9
[INFO] [stdout]   65:     0x655373b3935b - std::sys::pal::unix::thread::Thread::new::thread_start::hcc78f3943333fa94
[INFO] [stdout]                                at /rustc/90b35a6239c3d8bdabc530a6a0816f7ff89a0aaf/library/std/src/sys/pal/unix/thread.rs:105:17
[INFO] [stdout]   66:     0x70fa8be6cac3 - <unknown>
[INFO] [stdout]   67:     0x70fa8befda04 - clone
[INFO] [stdout]   68:                0x0 - <unknown>
[INFO] [stdout] 
[INFO] [stdout] ---- tests::more_real::basics stdout ----
[INFO] [stdout] ━━━━━━━━━━━━━━━━━━━━━━━━━━━━━━━ Snapshot Summary ━━━━━━━━━━━━━━━━━━━━━━━━━━━━━━━
[INFO] [stdout] Snapshot file: flash-algo-new/src/tests/snapshots/flash_algo_new__tests__more_real__basics_blank_to_start_matrix.snap
[INFO] [stdout] Snapshot: basics_blank_to_start_matrix
[INFO] [stdout] Source: flash-algo-new/src/tests/more_real.rs:117
[INFO] [stdout] ────────────────────────────────────────────────────────────────────────────────
[INFO] [stdout] Expression: blank_to_start
[INFO] [stdout] ────────────────────────────────────────────────────────────────────────────────
[INFO] [stdout] -old snapshot
[INFO] [stdout] +new results
[INFO] [stdout] ────────────┬───────────────────────────────────────────────────────────────────
[INFO] [stdout]     0       │-00000000 | 00 00 00 00 00 00 00 00 2D 00 00 00 49 02 00 00 
[INFO] [stdout]           0 │+00000000 | 00 00 00 00 00 00 00 00 2D 00 00 00 05 00 00 00 
[INFO] [stdout]     1     1 │ ...
[INFO] [stdout]     2     2 │ 00040000 | 01 00 00 00 01 00 00 00 2D 00 00 00 70 06 00 00
[INFO] [stdout] ────────────┴───────────────────────────────────────────────────────────────────
[INFO] [stdout] thread 'tests::more_real::basics' panicked at flash-algo-new/src/tests/more_real.rs:117:5:
[INFO] [stdout] called `Result::unwrap()` on an `Err` value: FileIo(Os { code: 30, kind: ReadOnlyFilesystem, message: "Read-only file system" }, "/opt/rustwide/workdir/flash-algo-new/src/tests/snapshots/flash_algo_new__tests__more_real__basics_blank_to_start_matrix.snap.new")
[INFO] [stdout] stack backtrace:
[INFO] [stdout]    0:     0x655373b330ba - std::backtrace_rs::backtrace::libunwind::trace::h5a5b8284f2d0c266
[INFO] [stdout]                                at /rustc/90b35a6239c3d8bdabc530a6a0816f7ff89a0aaf/library/std/src/../../backtrace/src/backtrace/libunwind.rs:116:5
[INFO] [stdout]    1:     0x655373b330ba - std::backtrace_rs::backtrace::trace_unsynchronized::h76d4f1c9b0b875e3
[INFO] [stdout]                                at /rustc/90b35a6239c3d8bdabc530a6a0816f7ff89a0aaf/library/std/src/../../backtrace/src/backtrace/mod.rs:66:5
[INFO] [stdout]    2:     0x655373b330ba - std::sys::backtrace::_print_fmt::hc4546b8364a537c6
[INFO] [stdout]                                at /rustc/90b35a6239c3d8bdabc530a6a0816f7ff89a0aaf/library/std/src/sys/backtrace.rs:66:9
[INFO] [stdout]    3:     0x655373b330ba - <std::sys::backtrace::BacktraceLock::print::DisplayBacktrace as core::fmt::Display>::fmt::h5b6bd5631a6d1f6b
[INFO] [stdout]                                at /rustc/90b35a6239c3d8bdabc530a6a0816f7ff89a0aaf/library/std/src/sys/backtrace.rs:39:26
[INFO] [stdout]    4:     0x655373b5bb33 - core::fmt::rt::Argument::fmt::h270f6602a2b96f62
[INFO] [stdout]                                at /rustc/90b35a6239c3d8bdabc530a6a0816f7ff89a0aaf/library/core/src/fmt/rt.rs:177:76
[INFO] [stdout]    5:     0x655373b5bb33 - core::fmt::write::h7550c97b06c86515
[INFO] [stdout]                                at /rustc/90b35a6239c3d8bdabc530a6a0816f7ff89a0aaf/library/core/src/fmt/mod.rs:1186:21
[INFO] [stdout]    6:     0x655373b2f253 - std::io::Write::write_fmt::h509ff860e5956e5e
[INFO] [stdout]                                at /rustc/90b35a6239c3d8bdabc530a6a0816f7ff89a0aaf/library/std/src/io/mod.rs:1839:15
[INFO] [stdout]    7:     0x655373b32f02 - std::sys::backtrace::BacktraceLock::print::h2395ccd2c84ba3aa
[INFO] [stdout]                                at /rustc/90b35a6239c3d8bdabc530a6a0816f7ff89a0aaf/library/std/src/sys/backtrace.rs:42:9
[INFO] [stdout]    8:     0x655373b3451a - std::panicking::default_hook::{{closure}}::he19d4c7230e07961
[INFO] [stdout]                                at /rustc/90b35a6239c3d8bdabc530a6a0816f7ff89a0aaf/library/std/src/panicking.rs:268:22
[INFO] [stdout]    9:     0x655373b34324 - std::panicking::default_hook::hf614597d3c67bbdb
[INFO] [stdout]                                at /rustc/90b35a6239c3d8bdabc530a6a0816f7ff89a0aaf/library/std/src/panicking.rs:292:9
[INFO] [stdout]   10:     0x6553739cfd99 - <alloc::boxed::Box<F,A> as core::ops::function::Fn<Args>>::call::h39b51ce4599c23d1
[INFO] [stdout]                                at /rustc/90b35a6239c3d8bdabc530a6a0816f7ff89a0aaf/library/alloc/src/boxed.rs:2468:9
[INFO] [stdout]   11:     0x6553739cfd99 - test::test_main::{{closure}}::he977ae839a582784
[INFO] [stdout]                                at /rustc/90b35a6239c3d8bdabc530a6a0816f7ff89a0aaf/library/test/src/lib.rs:133:21
[INFO] [stdout]   12:     0x655373b34bb8 - <alloc::boxed::Box<F,A> as core::ops::function::Fn<Args>>::call::h9455091b6b06f9fb
[INFO] [stdout]                                at /rustc/90b35a6239c3d8bdabc530a6a0816f7ff89a0aaf/library/alloc/src/boxed.rs:2468:9
[INFO] [stdout]   13:     0x655373b34bb8 - std::panicking::rust_panic_with_hook::h8942133a8b252070
[INFO] [stdout]                                at /rustc/90b35a6239c3d8bdabc530a6a0816f7ff89a0aaf/library/std/src/panicking.rs:809:13
[INFO] [stdout]   14:     0x655373b3497a - std::panicking::begin_panic_handler::{{closure}}::hb5f5963570096b29
[INFO] [stdout]                                at /rustc/90b35a6239c3d8bdabc530a6a0816f7ff89a0aaf/library/std/src/panicking.rs:674:13
[INFO] [stdout]   15:     0x655373b33599 - std::sys::backtrace::__rust_end_short_backtrace::h6208cedc1922feda
[INFO] [stdout]                                at /rustc/90b35a6239c3d8bdabc530a6a0816f7ff89a0aaf/library/std/src/sys/backtrace.rs:170:18
[INFO] [stdout]   16:     0x655373b3460c - rust_begin_unwind
[INFO] [stdout]                                at /rustc/90b35a6239c3d8bdabc530a6a0816f7ff89a0aaf/library/std/src/panicking.rs:665:5
[INFO] [stdout]   17:     0x6553738dad00 - core::panicking::panic_fmt::h0c3082644d1bf418
[INFO] [stdout]                                at /rustc/90b35a6239c3d8bdabc530a6a0816f7ff89a0aaf/library/core/src/panicking.rs:74:14
[INFO] [stdout]   18:     0x6553738db1e6 - core::result::unwrap_failed::hd20b4aa073bda1e2
[INFO] [stdout]                                at /rustc/90b35a6239c3d8bdabc530a6a0816f7ff89a0aaf/library/core/src/result.rs:1700:5
[INFO] [stdout]   19:     0x655373908ff0 - core::result::Result<T,E>::unwrap::ha87d11412a7e6d27
[INFO] [stdout]                                at /rustc/90b35a6239c3d8bdabc530a6a0816f7ff89a0aaf/library/core/src/result.rs:1104:23
[INFO] [stdout]   20:     0x655373908ff0 - flash_algo_new::tests::more_real::basics::{{closure}}::h3df23f775456e859
[INFO] [stdout]                                at /opt/rustwide/workdir/flash-algo-new/src/tests/more_real.rs:117:5
[INFO] [stdout]   21:     0x65537391ce92 - <core::pin::Pin<P> as core::future::future::Future>::poll::hb8110b918aef413f
[INFO] [stdout]                                at /rustc/90b35a6239c3d8bdabc530a6a0816f7ff89a0aaf/library/core/src/future/future.rs:123:9
[INFO] [stdout]   22:     0x65537391cf0d - <core::pin::Pin<P> as core::future::future::Future>::poll::hc111cc101a01aeb5
[INFO] [stdout]                                at /rustc/90b35a6239c3d8bdabc530a6a0816f7ff89a0aaf/library/core/src/future/future.rs:123:9
[INFO] [stdout]   23:     0x65537393d2af - tokio::runtime::scheduler::current_thread::CoreGuard::block_on::{{closure}}::{{closure}}::{{closure}}::h52ad30971e2ea48c
[INFO] [stdout]                                at /opt/rustwide/cargo-home/registry/src/index.crates.io-6f17d22bba15001f/tokio-1.42.0/src/runtime/scheduler/current_thread/mod.rs:729:57
[INFO] [stdout]   24:     0x65537393d195 - tokio::runtime::coop::with_budget::h6d5b22bae8d1fd89
[INFO] [stdout]                                at /opt/rustwide/cargo-home/registry/src/index.crates.io-6f17d22bba15001f/tokio-1.42.0/src/runtime/coop.rs:107:5
[INFO] [stdout]   25:     0x65537393d195 - tokio::runtime::coop::budget::h4fbfed65e16e7b65
[INFO] [stdout]                                at /opt/rustwide/cargo-home/registry/src/index.crates.io-6f17d22bba15001f/tokio-1.42.0/src/runtime/coop.rs:73:5
[INFO] [stdout]   26:     0x65537393d195 - tokio::runtime::scheduler::current_thread::CoreGuard::block_on::{{closure}}::{{closure}}::ha0253a30f2e6c47a
[INFO] [stdout]                                at /opt/rustwide/cargo-home/registry/src/index.crates.io-6f17d22bba15001f/tokio-1.42.0/src/runtime/scheduler/current_thread/mod.rs:729:25
[INFO] [stdout]   27:     0x65537393a540 - tokio::runtime::scheduler::current_thread::Context::enter::h5fce096e31b034cb
[INFO] [stdout]                                at /opt/rustwide/cargo-home/registry/src/index.crates.io-6f17d22bba15001f/tokio-1.42.0/src/runtime/scheduler/current_thread/mod.rs:428:19
[INFO] [stdout]   28:     0x65537393bffb - tokio::runtime::scheduler::current_thread::CoreGuard::block_on::{{closure}}::hc856d013d8867944
[INFO] [stdout]                                at /opt/rustwide/cargo-home/registry/src/index.crates.io-6f17d22bba15001f/tokio-1.42.0/src/runtime/scheduler/current_thread/mod.rs:728:36
[INFO] [stdout]   29:     0x65537393bd14 - tokio::runtime::scheduler::current_thread::CoreGuard::enter::{{closure}}::h647d9a60970d4b8f
[INFO] [stdout]                                at /opt/rustwide/cargo-home/registry/src/index.crates.io-6f17d22bba15001f/tokio-1.42.0/src/runtime/scheduler/current_thread/mod.rs:807:68
[INFO] [stdout]   30:     0x6553739384ab - tokio::runtime::context::scoped::Scoped<T>::set::hdc87076e9e8e1e28
[INFO] [stdout]                                at /opt/rustwide/cargo-home/registry/src/index.crates.io-6f17d22bba15001f/tokio-1.42.0/src/runtime/context/scoped.rs:40:9
[INFO] [stdout]   31:     0x655373926239 - tokio::runtime::context::set_scheduler::{{closure}}::hd3dacd4b276dc6b8
[INFO] [stdout]                                at /opt/rustwide/cargo-home/registry/src/index.crates.io-6f17d22bba15001f/tokio-1.42.0/src/runtime/context.rs:180:26
[INFO] [stdout]   32:     0x65537391282d - std::thread::local::LocalKey<T>::try_with::hadb26901270f1968
[INFO] [stdout]                                at /rustc/90b35a6239c3d8bdabc530a6a0816f7ff89a0aaf/library/std/src/thread/local.rs:283:12
[INFO] [stdout]   33:     0x655373911c0a - std::thread::local::LocalKey<T>::with::h10d758f0604cb498
[INFO] [stdout]                                at /rustc/90b35a6239c3d8bdabc530a6a0816f7ff89a0aaf/library/std/src/thread/local.rs:260:9
[INFO] [stdout]   34:     0x65537392616d - tokio::runtime::context::set_scheduler::h4ce9dfe272d4c2da
[INFO] [stdout]                                at /opt/rustwide/cargo-home/registry/src/index.crates.io-6f17d22bba15001f/tokio-1.42.0/src/runtime/context.rs:180:9
[INFO] [stdout]   35:     0x65537393b680 - tokio::runtime::scheduler::current_thread::CoreGuard::enter::h195d56ef9e47b11f
[INFO] [stdout]                                at /opt/rustwide/cargo-home/registry/src/index.crates.io-6f17d22bba15001f/tokio-1.42.0/src/runtime/scheduler/current_thread/mod.rs:807:27
[INFO] [stdout]   36:     0x65537393bd93 - tokio::runtime::scheduler::current_thread::CoreGuard::block_on::hafc386657fb2a5f0
[INFO] [stdout]                                at /opt/rustwide/cargo-home/registry/src/index.crates.io-6f17d22bba15001f/tokio-1.42.0/src/runtime/scheduler/current_thread/mod.rs:716:19
[INFO] [stdout]   37:     0x655373939fca - tokio::runtime::scheduler::current_thread::CurrentThread::block_on::{{closure}}::hf6f355c60dc660c3
[INFO] [stdout]                                at /opt/rustwide/cargo-home/registry/src/index.crates.io-6f17d22bba15001f/tokio-1.42.0/src/runtime/scheduler/current_thread/mod.rs:196:28
[INFO] [stdout]   38:     0x655373938626 - tokio::runtime::context::runtime::enter_runtime::h02679e532773a0ac
[INFO] [stdout]                                at /opt/rustwide/cargo-home/registry/src/index.crates.io-6f17d22bba15001f/tokio-1.42.0/src/runtime/context/runtime.rs:65:16
[INFO] [stdout]   39:     0x655373939841 - tokio::runtime::scheduler::current_thread::CurrentThread::block_on::h139781705508c9bd
[INFO] [stdout]                                at /opt/rustwide/cargo-home/registry/src/index.crates.io-6f17d22bba15001f/tokio-1.42.0/src/runtime/scheduler/current_thread/mod.rs:184:9
[INFO] [stdout]   40:     0x655373939523 - tokio::runtime::runtime::Runtime::block_on_inner::haaaf3b79e588d1a2
[INFO] [stdout]                                at /opt/rustwide/cargo-home/registry/src/index.crates.io-6f17d22bba15001f/tokio-1.42.0/src/runtime/runtime.rs:368:47
[INFO] [stdout]   41:     0x655373939717 - tokio::runtime::runtime::Runtime::block_on::h530c8f13bd49dd0d
[INFO] [stdout]                                at /opt/rustwide/cargo-home/registry/src/index.crates.io-6f17d22bba15001f/tokio-1.42.0/src/runtime/runtime.rs:342:13
[INFO] [stdout]   42:     0x6553739080dc - flash_algo_new::tests::more_real::basics::h270c532f282bfef8
[INFO] [stdout]                                at /opt/rustwide/workdir/flash-algo-new/src/tests/more_real.rs:151:5
[INFO] [stdout]   43:     0x655373907f37 - flash_algo_new::tests::more_real::basics::{{closure}}::he478a59131643d4e
[INFO] [stdout]                                at /opt/rustwide/workdir/flash-algo-new/src/tests/more_real.rs:89:18
[INFO] [stdout]   44:     0x6553738dbe36 - core::ops::function::FnOnce::call_once::h94274ff9a33d52b0
[INFO] [stdout]                                at /rustc/90b35a6239c3d8bdabc530a6a0816f7ff89a0aaf/library/core/src/ops/function.rs:250:5
[INFO] [stdout]   45:     0x6553739d475b - core::ops::function::FnOnce::call_once::h109cf8051a59b34e
[INFO] [stdout]                                at /rustc/90b35a6239c3d8bdabc530a6a0816f7ff89a0aaf/library/core/src/ops/function.rs:250:5
[INFO] [stdout]   46:     0x6553739d475b - test::__rust_begin_short_backtrace::hf4fff89d377446ba
[INFO] [stdout]                                at /rustc/90b35a6239c3d8bdabc530a6a0816f7ff89a0aaf/library/test/src/lib.rs:621:18
[INFO] [stdout]   47:     0x6553739d3f97 - test::run_test_in_process::{{closure}}::h0e39181dd7ee5a43
[INFO] [stdout]                                at /rustc/90b35a6239c3d8bdabc530a6a0816f7ff89a0aaf/library/test/src/lib.rs:644:60
[INFO] [stdout]   48:     0x6553739d3f97 - <core::panic::unwind_safe::AssertUnwindSafe<F> as core::ops::function::FnOnce<()>>::call_once::hc5a66a30f0bdfd1f
[INFO] [stdout]                                at /rustc/90b35a6239c3d8bdabc530a6a0816f7ff89a0aaf/library/core/src/panic/unwind_safe.rs:272:9
[INFO] [stdout]   49:     0x6553739d3f97 - std::panicking::try::do_call::h873b7cf639554a5e
[INFO] [stdout]                                at /rustc/90b35a6239c3d8bdabc530a6a0816f7ff89a0aaf/library/std/src/panicking.rs:557:40
[INFO] [stdout]   50:     0x6553739d3f97 - std::panicking::try::hdb19862fad9c8bd1
[INFO] [stdout]                                at /rustc/90b35a6239c3d8bdabc530a6a0816f7ff89a0aaf/library/std/src/panicking.rs:520:19
[INFO] [stdout]   51:     0x6553739d3f97 - std::panic::catch_unwind::h281fe732d236d260
[INFO] [stdout]                                at /rustc/90b35a6239c3d8bdabc530a6a0816f7ff89a0aaf/library/std/src/panic.rs:358:14
[INFO] [stdout]   52:     0x6553739d3f97 - test::run_test_in_process::h949b6df8457ed338
[INFO] [stdout]                                at /rustc/90b35a6239c3d8bdabc530a6a0816f7ff89a0aaf/library/test/src/lib.rs:644:27
[INFO] [stdout]   53:     0x6553739d3f97 - test::run_test::{{closure}}::h52c556a6d4740e10
[INFO] [stdout]                                at /rustc/90b35a6239c3d8bdabc530a6a0816f7ff89a0aaf/library/test/src/lib.rs:565:43
[INFO] [stdout]   54:     0x655373999274 - test::run_test::{{closure}}::h4237f6381c45ccb9
[INFO] [stdout]                                at /rustc/90b35a6239c3d8bdabc530a6a0816f7ff89a0aaf/library/test/src/lib.rs:595:41
[INFO] [stdout]   55:     0x655373999274 - std::sys::backtrace::__rust_begin_short_backtrace::h505c97a579eca628
[INFO] [stdout]                                at /rustc/90b35a6239c3d8bdabc530a6a0816f7ff89a0aaf/library/std/src/sys/backtrace.rs:154:18
[INFO] [stdout]   56:     0x65537399c93e - std::thread::Builder::spawn_unchecked_::{{closure}}::{{closure}}::h9e86b2e2bc107ea3
[INFO] [stdout]                                at /rustc/90b35a6239c3d8bdabc530a6a0816f7ff89a0aaf/library/std/src/thread/mod.rs:538:17
[INFO] [stdout]   57:     0x65537399c93e - <core::panic::unwind_safe::AssertUnwindSafe<F> as core::ops::function::FnOnce<()>>::call_once::h8b06ddb275ff4a25
[INFO] [stdout]                                at /rustc/90b35a6239c3d8bdabc530a6a0816f7ff89a0aaf/library/core/src/panic/unwind_safe.rs:272:9
[INFO] [stdout]   58:     0x65537399c93e - std::panicking::try::do_call::hb26ecd7cd9a9355d
[INFO] [stdout]                                at /rustc/90b35a6239c3d8bdabc530a6a0816f7ff89a0aaf/library/std/src/panicking.rs:557:40
[INFO] [stdout]   59:     0x65537399c93e - std::panicking::try::h8ddeca9d705f9069
[INFO] [stdout]                                at /rustc/90b35a6239c3d8bdabc530a6a0816f7ff89a0aaf/library/std/src/panicking.rs:520:19
[INFO] [stdout]   60:     0x65537399c93e - std::panic::catch_unwind::h49e1c33078844c46
[INFO] [stdout]                                at /rustc/90b35a6239c3d8bdabc530a6a0816f7ff89a0aaf/library/std/src/panic.rs:358:14
[INFO] [stdout]   61:     0x65537399c93e - std::thread::Builder::spawn_unchecked_::{{closure}}::h6073db6ff56ad35d
[INFO] [stdout]                                at /rustc/90b35a6239c3d8bdabc530a6a0816f7ff89a0aaf/library/std/src/thread/mod.rs:537:30
[INFO] [stdout]   62:     0x65537399c93e - core::ops::function::FnOnce::call_once{{vtable.shim}}::h2c5a5f3779c774f1
[INFO] [stdout]                                at /rustc/90b35a6239c3d8bdabc530a6a0816f7ff89a0aaf/library/core/src/ops/function.rs:250:5
[INFO] [stdout]   63:     0x655373b3935b - <alloc::boxed::Box<F,A> as core::ops::function::FnOnce<Args>>::call_once::hf75717d9f28faebf
[INFO] [stdout]                                at /rustc/90b35a6239c3d8bdabc530a6a0816f7ff89a0aaf/library/alloc/src/boxed.rs:2454:9
[INFO] [stdout]   64:     0x655373b3935b - <alloc::boxed::Box<F,A> as core::ops::function::FnOnce<Args>>::call_once::h7bd883a5f3c5f3c1
[INFO] [stdout]                                at /rustc/90b35a6239c3d8bdabc530a6a0816f7ff89a0aaf/library/alloc/src/boxed.rs:2454:9
[INFO] [stdout]   65:     0x655373b3935b - std::sys::pal::unix::thread::Thread::new::thread_start::hcc78f3943333fa94
[INFO] [stdout]                                at /rustc/90b35a6239c3d8bdabc530a6a0816f7ff89a0aaf/library/std/src/sys/pal/unix/thread.rs:105:17
[INFO] [stdout]   66:     0x70fa8be6cac3 - <unknown>
[INFO] [stdout]   67:     0x70fa8befda04 - clone
[INFO] [stdout]   68:                0x0 - <unknown>
[INFO] [stdout] 
[INFO] [stdout] 
[INFO] [stdout] failures:
[INFO] [stdout]     tests::more_real::basics
[INFO] [stdout]     tests::more_real::could_it_recover
[INFO] [stdout] 
[INFO] [stdout] test result: FAILED. 18 passed; 2 failed; 0 ignored; 0 measured; 0 filtered out; finished in 1.04s
[INFO] [stdout] 
[INFO] [stderr] error: test failed, to rerun pass `-p flash-algo-new --lib`
[INFO] running `Command { std: "docker" "inspect" "7ad826875752acb0c44572f7b0a74b7ccc9649412531294999520fd51ed5f341", kill_on_drop: false }`
[INFO] running `Command { std: "docker" "rm" "-f" "7ad826875752acb0c44572f7b0a74b7ccc9649412531294999520fd51ed5f341", kill_on_drop: false }`
[INFO] [stdout] 7ad826875752acb0c44572f7b0a74b7ccc9649412531294999520fd51ed5f341
