[INFO] cloning repository https://github.com/RGB-WG/rgb-wallet
[INFO] running `Command { std: "git" "-c" "credential.helper=" "-c" "credential.helper=/workspace/cargo-home/bin/git-credential-null" "clone" "--bare" "https://github.com/RGB-WG/rgb-wallet" "/workspace/cache/git-repos/https%3A%2F%2Fgithub.com%2FRGB-WG%2Frgb-wallet", kill_on_drop: false }`
[INFO] [stderr] Cloning into bare repository '/workspace/cache/git-repos/https%3A%2F%2Fgithub.com%2FRGB-WG%2Frgb-wallet'...
[INFO] running `Command { std: "git" "rev-parse" "HEAD", kill_on_drop: false }`
[INFO] [stdout] 2cadb29fb4789d7398168bb83a4f834de5909956
[INFO] testing RGB-WG/rgb-wallet against 1.83.0 for beta-1.84.0-4-retry
[INFO] running `Command { std: "git" "clone" "/workspace/cache/git-repos/https%3A%2F%2Fgithub.com%2FRGB-WG%2Frgb-wallet" "/workspace/builds/worker-4-tc1/source", kill_on_drop: false }`
[INFO] [stderr] Cloning into '/workspace/builds/worker-4-tc1/source'...
[INFO] [stderr] done.
[INFO] validating manifest of git repo https://github.com/RGB-WG/rgb-wallet on toolchain 1.83.0
[INFO] running `Command { std: CARGO_HOME="/workspace/cargo-home" RUSTUP_HOME="/workspace/rustup-home" "/workspace/cargo-home/bin/cargo" "+1.83.0" "metadata" "--manifest-path" "Cargo.toml" "--no-deps", kill_on_drop: false }`
[INFO] removed /workspace/builds/worker-4-tc1/source/rust-toolchain.toml
[INFO] started tweaking git repo https://github.com/RGB-WG/rgb-wallet
[INFO] finished tweaking git repo https://github.com/RGB-WG/rgb-wallet
[INFO] tweaked toml for git repo https://github.com/RGB-WG/rgb-wallet written to /workspace/builds/worker-4-tc1/source/Cargo.toml
[INFO] crate git repo https://github.com/RGB-WG/rgb-wallet already has a lockfile, it will not be regenerated
[INFO] running `Command { std: CARGO_HOME="/workspace/cargo-home" RUSTUP_HOME="/workspace/rustup-home" "/workspace/cargo-home/bin/cargo" "+1.83.0" "fetch" "--manifest-path" "Cargo.toml", kill_on_drop: false }`
[INFO] [stderr]     Updating crates.io index
[INFO] [stderr]  Downloading crates ...
[INFO] [stderr]   Downloaded strict_encoding v2.7.0
[INFO] [stderr]   Downloaded vesper-lang v0.1.0
[INFO] [stderr]   Downloaded wasm-bindgen-test-macro v0.3.45
[INFO] [stderr]   Downloaded amplify_syn v2.0.1
[INFO] [stderr]   Downloaded nonasync v0.1.2
[INFO] [stderr]   Downloaded bp-dbc v0.11.0-beta.9
[INFO] [stderr]   Downloaded bp-invoice v0.11.0-beta.9
[INFO] [stderr]   Downloaded fast32 v1.0.3
[INFO] [stderr]   Downloaded bp-consensus v0.11.0-beta.9
[INFO] [stderr]   Downloaded bp-core v0.11.0-beta.9
[INFO] [stderr]   Downloaded secp256k1 v0.30.0
[INFO] [stderr]   Downloaded minicov v0.3.6
[INFO] [stderr]   Downloaded rgb-core v0.11.0-beta.9
[INFO] [stderr]   Downloaded amplify_apfloat v0.3.1
[INFO] [stderr]   Downloaded fluent-uri v0.1.4
[INFO] [stderr]   Downloaded wasm-bindgen-test v0.3.45
[INFO] [stderr]   Downloaded amplify_derive v4.0.1
[INFO] [stderr]   Downloaded amplify_num v0.5.3
[INFO] [stderr]   Downloaded amplify v4.7.0
[INFO] [stderr]   Downloaded bp-seals v0.11.0-beta.9
[INFO] [stderr]   Downloaded commit_encoding_derive v0.11.0-beta.8
[INFO] [stderr]   Downloaded aluvm v0.11.0-beta.9
[INFO] [stderr]   Downloaded secp256k1-zkp v0.11.0
[INFO] [stderr]   Downloaded single_use_seals v0.11.0-beta.9
[INFO] [stderr]   Downloaded ascii-armor v0.7.2
[INFO] [stderr]   Downloaded mnemonic v1.1.1
[INFO] [stderr]   Downloaded base85 v2.0.0
[INFO] [stderr]   Downloaded baid64 v0.2.2
[INFO] [stderr]   Downloaded strict_types v2.7.2
[INFO] [stderr]   Downloaded strict_encoding_derive v2.7.0
[INFO] [stderr]   Downloaded commit_verify v0.11.0-beta.9
[INFO] [stderr]   Downloaded secp256k1-zkp-sys v0.10.1
[INFO] running `Command { std: "docker" "create" "-v" "/var/lib/crater-agent-workspace/builds/worker-4-tc1/target:/opt/rustwide/target:rw,Z" "-v" "/var/lib/crater-agent-workspace/builds/worker-4-tc1/source:/opt/rustwide/workdir:ro,Z" "-v" "/var/lib/crater-agent-workspace/cargo-home:/opt/rustwide/cargo-home:ro,Z" "-v" "/var/lib/crater-agent-workspace/rustup-home:/opt/rustwide/rustup-home:ro,Z" "-e" "SOURCE_DIR=/opt/rustwide/workdir" "-e" "CARGO_TARGET_DIR=/opt/rustwide/target" "-e" "CARGO_HOME=/opt/rustwide/cargo-home" "-e" "RUSTUP_HOME=/opt/rustwide/rustup-home" "-w" "/opt/rustwide/workdir" "-m" "1610612736" "--user" "0:0" "--network" "none" "ghcr.io/rust-lang/crates-build-env/linux@sha256:f3a9d4ad9d972b27faf3965f35b62e55ba32bbce8f20bc8fe909558a86702fde" "/opt/rustwide/cargo-home/bin/cargo" "+1.83.0" "metadata" "--no-deps" "--format-version=1", kill_on_drop: false }`
[INFO] [stdout] 7746ef6bf8828cd3e38064231e3436ed71647757aa1c1c892be725b0dd02bfbe
[INFO] running `Command { std: "docker" "start" "-a" "7746ef6bf8828cd3e38064231e3436ed71647757aa1c1c892be725b0dd02bfbe", kill_on_drop: false }`
[INFO] running `Command { std: "docker" "inspect" "7746ef6bf8828cd3e38064231e3436ed71647757aa1c1c892be725b0dd02bfbe", kill_on_drop: false }`
[INFO] running `Command { std: "docker" "rm" "-f" "7746ef6bf8828cd3e38064231e3436ed71647757aa1c1c892be725b0dd02bfbe", kill_on_drop: false }`
[INFO] [stdout] 7746ef6bf8828cd3e38064231e3436ed71647757aa1c1c892be725b0dd02bfbe
[INFO] running `Command { std: "docker" "create" "-v" "/var/lib/crater-agent-workspace/builds/worker-4-tc1/target:/opt/rustwide/target:rw,Z" "-v" "/var/lib/crater-agent-workspace/builds/worker-4-tc1/source:/opt/rustwide/workdir:ro,Z" "-v" "/var/lib/crater-agent-workspace/cargo-home:/opt/rustwide/cargo-home:ro,Z" "-v" "/var/lib/crater-agent-workspace/rustup-home:/opt/rustwide/rustup-home:ro,Z" "-e" "SOURCE_DIR=/opt/rustwide/workdir" "-e" "CARGO_TARGET_DIR=/opt/rustwide/target" "-e" "CARGO_INCREMENTAL=0" "-e" "RUST_BACKTRACE=full" "-e" "RUSTFLAGS=--cap-lints=warn" "-e" "RUSTDOCFLAGS=--cap-lints=warn" "-e" "CARGO_HOME=/opt/rustwide/cargo-home" "-e" "RUSTUP_HOME=/opt/rustwide/rustup-home" "-w" "/opt/rustwide/workdir" "-m" "1610612736" "--user" "0:0" "--network" "none" "ghcr.io/rust-lang/crates-build-env/linux@sha256:f3a9d4ad9d972b27faf3965f35b62e55ba32bbce8f20bc8fe909558a86702fde" "/opt/rustwide/cargo-home/bin/cargo" "+1.83.0" "build" "--frozen" "--message-format=json", kill_on_drop: false }`
[INFO] [stdout] 0322f995ff0a6eb457feedb2de2bafdfe38ae62c2a3e73434cdddf31b3b40a8f
[INFO] running `Command { std: "docker" "start" "-a" "0322f995ff0a6eb457feedb2de2bafdfe38ae62c2a3e73434cdddf31b3b40a8f", kill_on_drop: false }`
[INFO] [stderr]    Compiling proc-macro2 v1.0.89
[INFO] [stderr]    Compiling unicode-ident v1.0.13
[INFO] [stderr]    Compiling cfg-if v1.0.0
[INFO] [stderr]    Compiling libc v0.2.161
[INFO] [stderr]    Compiling syn v1.0.109
[INFO] [stderr]    Compiling byteorder v1.5.0
[INFO] [stderr]    Compiling shlex v1.3.0
[INFO] [stderr]    Compiling version_check v0.9.5
[INFO] [stderr]    Compiling typenum v1.17.0
[INFO] [stderr]    Compiling cc v1.1.31
[INFO] [stderr]    Compiling amplify_num v0.5.3
[INFO] [stderr]    Compiling ascii v1.1.0
[INFO] [stderr]    Compiling bitflags v2.6.0
[INFO] [stderr]    Compiling generic-array v0.14.7
[INFO] [stderr]    Compiling heck v0.5.0
[INFO] [stderr]    Compiling thiserror v1.0.65
[INFO] [stderr]    Compiling half v2.4.1
[INFO] [stderr]    Compiling cpufeatures v0.2.14
[INFO] [stderr]    Compiling quote v1.0.37
[INFO] [stderr]    Compiling syn v2.0.85
[INFO] [stderr]    Compiling getrandom v0.2.15
[INFO] [stderr]    Compiling base64 v0.22.1
[INFO] [stderr]    Compiling rand_core v0.6.4
[INFO] [stderr]    Compiling amplify_apfloat v0.3.1
[INFO] [stderr]    Compiling secp256k1-sys v0.10.1
[INFO] [stderr]    Compiling mnemonic v1.1.1
[INFO] [stderr]    Compiling block-buffer v0.10.4
[INFO] [stderr]    Compiling crypto-common v0.1.6
[INFO] [stderr]    Compiling digest v0.10.7
[INFO] [stderr]    Compiling autocfg v1.4.0
[INFO] [stderr]    Compiling sha2 v0.10.8
[INFO] [stderr]    Compiling hashbrown v0.15.0
[INFO] [stderr]    Compiling equivalent v1.0.1
[INFO] [stderr]    Compiling ripemd v0.1.3
[INFO] [stderr]    Compiling num-traits v0.2.19
[INFO] [stderr]    Compiling iana-time-zone v0.1.61
[INFO] [stderr]    Compiling amplify_syn v2.0.1
[INFO] [stderr]    Compiling indexmap v2.6.0
[INFO] [stderr]    Compiling blake3 v1.5.4
[INFO] [stderr]    Compiling zerocopy-derive v0.7.35
[INFO] [stderr]    Compiling thiserror-impl v1.0.65
[INFO] [stderr]    Compiling chrono v0.4.38
[INFO] [stderr]    Compiling secp256k1-zkp-sys v0.10.1
[INFO] [stderr]    Compiling bitcoin-private v0.1.0
[INFO] [stderr]    Compiling paste v1.0.15
[INFO] [stderr]    Compiling zerocopy v0.7.35
[INFO] [stderr]    Compiling constant_time_eq v0.3.1
[INFO] [stderr]    Compiling arrayref v0.3.9
[INFO] [stderr]    Compiling arrayvec v0.7.6
[INFO] [stderr]    Compiling ppv-lite86 v0.2.20
[INFO] [stderr]    Compiling mime v0.3.17
[INFO] [stderr]    Compiling rand_chacha v0.3.1
[INFO] [stderr]    Compiling base85 v2.0.0
[INFO] [stderr]    Compiling amplify_derive v4.0.1
[INFO] [stderr]    Compiling strict_encoding_derive v2.7.0
[INFO] [stderr]    Compiling bech32 v0.9.1
[INFO] [stderr]    Compiling bitflags v1.3.2
[INFO] [stderr]    Compiling rand v0.8.5
[INFO] [stderr]    Compiling fluent-uri v0.1.4
[INFO] [stderr]    Compiling percent-encoding v2.3.1
[INFO] [stderr]    Compiling fast32 v1.0.3
[INFO] [stderr]    Compiling secp256k1 v0.30.0
[INFO] [stderr]    Compiling secp256k1 v0.29.1
[INFO] [stderr]    Compiling amplify v4.7.0
[INFO] [stderr]    Compiling single_use_seals v0.11.0-beta.9
[INFO] [stderr]    Compiling secp256k1-zkp v0.11.0
[INFO] [stderr]    Compiling commit_encoding_derive v0.11.0-beta.8
[INFO] [stderr]    Compiling strict_encoding v2.7.0
[INFO] [stderr]    Compiling baid64 v0.2.2
[INFO] [stderr]    Compiling nonasync v0.1.2
[INFO] [stderr]    Compiling vesper-lang v0.1.0
[INFO] [stderr]    Compiling ascii-armor v0.7.2
[INFO] [stderr]    Compiling strict_types v2.7.2
[INFO] [stderr]    Compiling commit_verify v0.11.0-beta.9
[INFO] [stderr]    Compiling aluvm v0.11.0-beta.9
[INFO] [stderr]    Compiling bp-consensus v0.11.0-beta.9
[INFO] [stderr]    Compiling bp-dbc v0.11.0-beta.9
[INFO] [stderr]    Compiling bp-invoice v0.11.0-beta.9
[INFO] [stderr]    Compiling bp-seals v0.11.0-beta.9
[INFO] [stderr]    Compiling bp-core v0.11.0-beta.9
[INFO] [stderr]    Compiling rgb-core v0.11.0-beta.9
[INFO] [stderr]    Compiling rgb-invoice v0.11.0-beta.9 (/opt/rustwide/workdir/invoice)
[INFO] [stderr]    Compiling rgb-std v0.11.0-beta.9 (/opt/rustwide/workdir)
[INFO] [stdout] warning: elided lifetime has a name
[INFO] [stdout]    --> src/persistence/stock.rs:513:52
[INFO] [stdout]     |
[INFO] [stdout] 509 |     pub fn contracts_by<'a, C: IfaceClass + 'a>(
[INFO] [stdout]     |                         -- lifetime `'a` declared here
[INFO] [stdout] ...
[INFO] [stdout] 513 |                 Item = <C::Wrapper<H::ContractRead<'_>> as IfaceWrapper<H::ContractRead<'_>>>::Info,
[INFO] [stdout]     |                                                    ^^ this elided lifetime gets resolved as `'a`
[INFO] [stdout]     |
[INFO] [stdout]     = note: `#[warn(elided_named_lifetimes)]` on by default
[INFO] [stdout] 
[INFO] [stdout] 
[INFO] [stdout] warning: elided lifetime has a name
[INFO] [stdout]    --> src/persistence/stock.rs:513:89
[INFO] [stdout]     |
[INFO] [stdout] 509 |     pub fn contracts_by<'a, C: IfaceClass + 'a>(
[INFO] [stdout]     |                         -- lifetime `'a` declared here
[INFO] [stdout] ...
[INFO] [stdout] 513 |                 Item = <C::Wrapper<H::ContractRead<'_>> as IfaceWrapper<H::ContractRead<'_>>>::Info,
[INFO] [stdout]     |                                                                                         ^^ this elided lifetime gets resolved as `'a`
[INFO] [stdout] 
[INFO] [stdout] 
[INFO] [stderr]     Finished `dev` profile [unoptimized + debuginfo] target(s) in 2m 42s
[INFO] running `Command { std: "docker" "inspect" "0322f995ff0a6eb457feedb2de2bafdfe38ae62c2a3e73434cdddf31b3b40a8f", kill_on_drop: false }`
[INFO] running `Command { std: "docker" "rm" "-f" "0322f995ff0a6eb457feedb2de2bafdfe38ae62c2a3e73434cdddf31b3b40a8f", kill_on_drop: false }`
[INFO] [stdout] 0322f995ff0a6eb457feedb2de2bafdfe38ae62c2a3e73434cdddf31b3b40a8f
[INFO] running `Command { std: "docker" "create" "-v" "/var/lib/crater-agent-workspace/builds/worker-4-tc1/target:/opt/rustwide/target:rw,Z" "-v" "/var/lib/crater-agent-workspace/builds/worker-4-tc1/source:/opt/rustwide/workdir:ro,Z" "-v" "/var/lib/crater-agent-workspace/cargo-home:/opt/rustwide/cargo-home:ro,Z" "-v" "/var/lib/crater-agent-workspace/rustup-home:/opt/rustwide/rustup-home:ro,Z" "-e" "SOURCE_DIR=/opt/rustwide/workdir" "-e" "CARGO_TARGET_DIR=/opt/rustwide/target" "-e" "CARGO_INCREMENTAL=0" "-e" "RUST_BACKTRACE=full" "-e" "RUSTFLAGS=--cap-lints=warn" "-e" "RUSTDOCFLAGS=--cap-lints=warn" "-e" "CARGO_HOME=/opt/rustwide/cargo-home" "-e" "RUSTUP_HOME=/opt/rustwide/rustup-home" "-w" "/opt/rustwide/workdir" "-m" "1610612736" "--user" "0:0" "--network" "none" "ghcr.io/rust-lang/crates-build-env/linux@sha256:f3a9d4ad9d972b27faf3965f35b62e55ba32bbce8f20bc8fe909558a86702fde" "/opt/rustwide/cargo-home/bin/cargo" "+1.83.0" "test" "--frozen" "--no-run" "--message-format=json", kill_on_drop: false }`
[INFO] [stdout] 04dff8158d13f13c3daaede2f4611115e9d645eaa9213be2303407717de68a0e
[INFO] running `Command { std: "docker" "start" "-a" "04dff8158d13f13c3daaede2f4611115e9d645eaa9213be2303407717de68a0e", kill_on_drop: false }`
[INFO] [stderr]    Compiling rgb-invoice v0.11.0-beta.9 (/opt/rustwide/workdir/invoice)
[INFO] [stdout] warning: elided lifetime has a name
[INFO] [stdout]    --> src/persistence/stock.rs:513:52
[INFO] [stdout]     |
[INFO] [stdout] 509 |     pub fn contracts_by<'a, C: IfaceClass + 'a>(
[INFO] [stdout]     |                         -- lifetime `'a` declared here
[INFO] [stdout] ...
[INFO] [stdout] 513 |                 Item = <C::Wrapper<H::ContractRead<'_>> as IfaceWrapper<H::ContractRead<'_>>>::Info,
[INFO] [stdout]     |                                                    ^^ this elided lifetime gets resolved as `'a`
[INFO] [stdout]     |
[INFO] [stdout]     = note: `#[warn(elided_named_lifetimes)]` on by default
[INFO] [stdout] 
[INFO] [stdout] 
[INFO] [stdout] warning: elided lifetime has a name
[INFO] [stdout]    --> src/persistence/stock.rs:513:89
[INFO] [stdout]     |
[INFO] [stdout] 509 |     pub fn contracts_by<'a, C: IfaceClass + 'a>(
[INFO] [stdout]     |                         -- lifetime `'a` declared here
[INFO] [stdout] ...
[INFO] [stdout] 513 |                 Item = <C::Wrapper<H::ContractRead<'_>> as IfaceWrapper<H::ContractRead<'_>>>::Info,
[INFO] [stdout]     |                                                                                         ^^ this elided lifetime gets resolved as `'a`
[INFO] [stdout] 
[INFO] [stdout] 
[INFO] [stderr]    Compiling rgb-std v0.11.0-beta.9 (/opt/rustwide/workdir)
[INFO] [stdout] warning: elided lifetime has a name
[INFO] [stdout]    --> src/persistence/stock.rs:513:52
[INFO] [stdout]     |
[INFO] [stdout] 509 |     pub fn contracts_by<'a, C: IfaceClass + 'a>(
[INFO] [stdout]     |                         -- lifetime `'a` declared here
[INFO] [stdout] ...
[INFO] [stdout] 513 |                 Item = <C::Wrapper<H::ContractRead<'_>> as IfaceWrapper<H::ContractRead<'_>>>::Info,
[INFO] [stdout]     |                                                    ^^ this elided lifetime gets resolved as `'a`
[INFO] [stdout]     |
[INFO] [stdout]     = note: `#[warn(elided_named_lifetimes)]` on by default
[INFO] [stdout] 
[INFO] [stdout] 
[INFO] [stdout] warning: elided lifetime has a name
[INFO] [stdout]    --> src/persistence/stock.rs:513:89
[INFO] [stdout]     |
[INFO] [stdout] 509 |     pub fn contracts_by<'a, C: IfaceClass + 'a>(
[INFO] [stdout]     |                         -- lifetime `'a` declared here
[INFO] [stdout] ...
[INFO] [stdout] 513 |                 Item = <C::Wrapper<H::ContractRead<'_>> as IfaceWrapper<H::ContractRead<'_>>>::Info,
[INFO] [stdout]     |                                                                                         ^^ this elided lifetime gets resolved as `'a`
[INFO] [stdout] 
[INFO] [stdout] 
[INFO] [stdout] warning: static `DEFAULT_TRANSFER_PATH` is never used
[INFO] [stdout]    --> src/containers/file.rs:211:12
[INFO] [stdout]     |
[INFO] [stdout] 211 |     static DEFAULT_TRANSFER_PATH: &str = "asset/transfer.default";
[INFO] [stdout]     |            ^^^^^^^^^^^^^^^^^^^^^
[INFO] [stdout]     |
[INFO] [stdout]     = note: `#[warn(dead_code)]` on by default
[INFO] [stdout] 
[INFO] [stdout] 
[INFO] [stdout] warning: function `almost_default_transfer` is never used
[INFO] [stdout]    --> src/containers/file.rs:358:8
[INFO] [stdout]     |
[INFO] [stdout] 358 |     fn almost_default_transfer() -> Transfer {
[INFO] [stdout]     |        ^^^^^^^^^^^^^^^^^^^^^^^
[INFO] [stdout] 
[INFO] [stdout] 
[INFO] [stderr]     Finished `test` profile [unoptimized + debuginfo] target(s) in 52.34s
[INFO] running `Command { std: "docker" "inspect" "04dff8158d13f13c3daaede2f4611115e9d645eaa9213be2303407717de68a0e", kill_on_drop: false }`
[INFO] running `Command { std: "docker" "rm" "-f" "04dff8158d13f13c3daaede2f4611115e9d645eaa9213be2303407717de68a0e", kill_on_drop: false }`
[INFO] [stdout] 04dff8158d13f13c3daaede2f4611115e9d645eaa9213be2303407717de68a0e
[INFO] running `Command { std: "docker" "create" "-v" "/var/lib/crater-agent-workspace/builds/worker-4-tc1/target:/opt/rustwide/target:rw,Z" "-v" "/var/lib/crater-agent-workspace/builds/worker-4-tc1/source:/opt/rustwide/workdir:ro,Z" "-v" "/var/lib/crater-agent-workspace/cargo-home:/opt/rustwide/cargo-home:ro,Z" "-v" "/var/lib/crater-agent-workspace/rustup-home:/opt/rustwide/rustup-home:ro,Z" "-e" "SOURCE_DIR=/opt/rustwide/workdir" "-e" "CARGO_TARGET_DIR=/opt/rustwide/target" "-e" "CARGO_INCREMENTAL=0" "-e" "RUST_BACKTRACE=full" "-e" "RUSTFLAGS=--cap-lints=warn" "-e" "RUSTDOCFLAGS=--cap-lints=warn" "-e" "CARGO_HOME=/opt/rustwide/cargo-home" "-e" "RUSTUP_HOME=/opt/rustwide/rustup-home" "-w" "/opt/rustwide/workdir" "-m" "1610612736" "--user" "0:0" "--network" "none" "ghcr.io/rust-lang/crates-build-env/linux@sha256:f3a9d4ad9d972b27faf3965f35b62e55ba32bbce8f20bc8fe909558a86702fde" "/opt/rustwide/cargo-home/bin/cargo" "+1.83.0" "test" "--frozen", kill_on_drop: false }`
[INFO] [stdout] 1b35756f4ca66615954e2ae3c3b52eeff4bb568eb6aa2632cf4872fdb288a253
[INFO] running `Command { std: "docker" "start" "-a" "1b35756f4ca66615954e2ae3c3b52eeff4bb568eb6aa2632cf4872fdb288a253", kill_on_drop: false }`
[INFO] [stderr] warning: elided lifetime has a name
[INFO] [stderr]    --> src/persistence/stock.rs:513:52
[INFO] [stderr]     |
[INFO] [stderr] 509 |     pub fn contracts_by<'a, C: IfaceClass + 'a>(
[INFO] [stderr]     |                         -- lifetime `'a` declared here
[INFO] [stderr] ...
[INFO] [stderr] 513 |                 Item = <C::Wrapper<H::ContractRead<'_>> as IfaceWrapper<H::ContractRead<'_>>>::Info,
[INFO] [stderr]     |                                                    ^^ this elided lifetime gets resolved as `'a`
[INFO] [stderr]     |
[INFO] [stderr]     = note: `#[warn(elided_named_lifetimes)]` on by default
[INFO] [stderr] 
[INFO] [stderr] warning: elided lifetime has a name
[INFO] [stderr]    --> src/persistence/stock.rs:513:89
[INFO] [stderr]     |
[INFO] [stderr] 509 |     pub fn contracts_by<'a, C: IfaceClass + 'a>(
[INFO] [stderr]     |                         -- lifetime `'a` declared here
[INFO] [stderr] ...
[INFO] [stderr] 513 |                 Item = <C::Wrapper<H::ContractRead<'_>> as IfaceWrapper<H::ContractRead<'_>>>::Info,
[INFO] [stderr]     |                                                                                         ^^ this elided lifetime gets resolved as `'a`
[INFO] [stderr] 
[INFO] [stderr] warning: static `DEFAULT_TRANSFER_PATH` is never used
[INFO] [stderr]    --> src/containers/file.rs:211:12
[INFO] [stderr]     |
[INFO] [stderr] 211 |     static DEFAULT_TRANSFER_PATH: &str = "asset/transfer.default";
[INFO] [stderr]     |            ^^^^^^^^^^^^^^^^^^^^^
[INFO] [stderr]     |
[INFO] [stderr]     = note: `#[warn(dead_code)]` on by default
[INFO] [stderr] 
[INFO] [stderr] warning: function `almost_default_transfer` is never used
[INFO] [stderr]    --> src/containers/file.rs:358:8
[INFO] [stderr]     |
[INFO] [stderr] 358 |     fn almost_default_transfer() -> Transfer {
[INFO] [stderr]     |        ^^^^^^^^^^^^^^^^^^^^^^^
[INFO] [stderr] 
[INFO] [stderr] warning: `rgb-std` (lib) generated 2 warnings
[INFO] [stderr] warning: `rgb-std` (lib test) generated 4 warnings (2 duplicates)
[INFO] [stderr]     Finished `test` profile [unoptimized + debuginfo] target(s) in 0.24s
[INFO] [stderr]      Running unittests src/lib.rs (/opt/rustwide/target/debug/deps/rgbinvoice-ef2bcad424e7877d)
[INFO] [stdout] 
[INFO] [stdout] running 12 tests
[INFO] [stdout] test amount::test::sub_fraction ... ok
[INFO] [stdout] test amount::test::zero_fraction ... ok
[INFO] [stdout] test data::test::owned_fraction_from_str ... ok
[INFO] [stdout] test amount::test::small_fraction ... ok
[INFO] [stdout] test data::test::owned_fraction_add_assign ... ok
[INFO] [stdout] test data::test::owned_fraction_from_strict_val ... ok
[INFO] [stdout] test data::test::owned_fraction_sub ... ok
[INFO] [stdout] test data::test::owned_fraction_sub_assign ... ok
[INFO] [stdout] test parse::test::pay2vout_parse ... ok
[INFO] [stdout] test data::test::owned_fraction_add ... ok
[INFO] [stdout] test amount::test::int_trailing_zeros ... ok
[INFO] [stdout] test parse::test::parse ... ok
[INFO] [stdout] 
[INFO] [stdout] test result: ok. 12 passed; 0 failed; 0 ignored; 0 measured; 0 filtered out; finished in 0.04s
[INFO] [stdout] 
[INFO] [stderr]      Running unittests src/lib.rs (/opt/rustwide/target/debug/deps/rgbstd-38cc1bb5fa538d33)
[INFO] [stdout] 
[INFO] [stdout] running 17 tests
[INFO] [stdout] test containers::kit::test::kit_str_round_trip ... ok
[INFO] [stdout] test persistence::stock::test::test_blank_builder_ifaceid ... ok
[INFO] [stdout] test persistence::stock::test::test_blank_builder_ifacename ... ok
[INFO] [stdout] test persistence::stock::test::test_consign ... ok
[INFO] [stdout] test containers::kit::test::error_kit_strs ... ok
[INFO] [stdout] test persistence::stock::test::test_export_contract ... ok
[INFO] [stdout] test containers::consignment::test::error_contract_strs ... ok
[INFO] [stdout] test persistence::stock::test::test_transition_builder ... ok
[INFO] [stdout] test persistence::stock::test::test_export_schema ... ok
[INFO] [stdout] test containers::consignment::test::error_transfer_strs ... ok
[INFO] [stdout] test containers::consignment::test::transfer_str_round_trip ... ok
[INFO] [stdout] test containers::consignment::test::contract_str_round_trip ... ok
[INFO] [stdout] test stl::stl::test::contract_lib_id ... ok
[INFO] [stdout] test containers::file::test::contract_save_load_round_trip ... FAILED
[INFO] [stdout] test containers::file::test::kit_save_load_round_trip ... FAILED
[INFO] [stdout] test stl::stl::test::std_lib_id ... ok
[INFO] [stdout] test stl::stl::test::storage_lib_id ... ok
[INFO] [stdout] 
[INFO] [stdout] failures:
[INFO] [stdout] 
[INFO] [stdout] ---- containers::file::test::contract_save_load_round_trip stdout ----
[INFO] [stdout] thread 'containers::file::test::contract_save_load_round_trip' panicked at src/containers/file.rs:323:14:
[INFO] [stdout] called `Result::unwrap()` on an `Err` value: Os { code: 30, kind: ReadOnlyFilesystem, message: "Read-only file system" }
[INFO] [stdout] stack backtrace:
[INFO] [stdout]    0:     0x643ba8c2fdea - std::backtrace_rs::backtrace::libunwind::trace::h5a5b8284f2d0c266
[INFO] [stdout]                                at /rustc/90b35a6239c3d8bdabc530a6a0816f7ff89a0aaf/library/std/src/../../backtrace/src/backtrace/libunwind.rs:116:5
[INFO] [stdout]    1:     0x643ba8c2fdea - std::backtrace_rs::backtrace::trace_unsynchronized::h76d4f1c9b0b875e3
[INFO] [stdout]                                at /rustc/90b35a6239c3d8bdabc530a6a0816f7ff89a0aaf/library/std/src/../../backtrace/src/backtrace/mod.rs:66:5
[INFO] [stdout]    2:     0x643ba8c2fdea - std::sys::backtrace::_print_fmt::hc4546b8364a537c6
[INFO] [stdout]                                at /rustc/90b35a6239c3d8bdabc530a6a0816f7ff89a0aaf/library/std/src/sys/backtrace.rs:66:9
[INFO] [stdout]    3:     0x643ba8c2fdea - <std::sys::backtrace::BacktraceLock::print::DisplayBacktrace as core::fmt::Display>::fmt::h5b6bd5631a6d1f6b
[INFO] [stdout]                                at /rustc/90b35a6239c3d8bdabc530a6a0816f7ff89a0aaf/library/std/src/sys/backtrace.rs:39:26
[INFO] [stdout]    4:     0x643ba8c55b53 - core::fmt::rt::Argument::fmt::h270f6602a2b96f62
[INFO] [stdout]                                at /rustc/90b35a6239c3d8bdabc530a6a0816f7ff89a0aaf/library/core/src/fmt/rt.rs:177:76
[INFO] [stdout]    5:     0x643ba8c55b53 - core::fmt::write::h7550c97b06c86515
[INFO] [stdout]                                at /rustc/90b35a6239c3d8bdabc530a6a0816f7ff89a0aaf/library/core/src/fmt/mod.rs:1186:21
[INFO] [stdout]    6:     0x643ba8c2cfb3 - std::io::Write::write_fmt::h509ff860e5956e5e
[INFO] [stdout]                                at /rustc/90b35a6239c3d8bdabc530a6a0816f7ff89a0aaf/library/std/src/io/mod.rs:1839:15
[INFO] [stdout]    7:     0x643ba8c2fc32 - std::sys::backtrace::BacktraceLock::print::h2395ccd2c84ba3aa
[INFO] [stdout]                                at /rustc/90b35a6239c3d8bdabc530a6a0816f7ff89a0aaf/library/std/src/sys/backtrace.rs:42:9
[INFO] [stdout]    8:     0x643ba8c3124a - std::panicking::default_hook::{{closure}}::he19d4c7230e07961
[INFO] [stdout]                                at /rustc/90b35a6239c3d8bdabc530a6a0816f7ff89a0aaf/library/std/src/panicking.rs:268:22
[INFO] [stdout]    9:     0x643ba8c31054 - std::panicking::default_hook::hf614597d3c67bbdb
[INFO] [stdout]                                at /rustc/90b35a6239c3d8bdabc530a6a0816f7ff89a0aaf/library/std/src/panicking.rs:292:9
[INFO] [stdout]   10:     0x643ba7fa5dd9 - <alloc::boxed::Box<F,A> as core::ops::function::Fn<Args>>::call::h39b51ce4599c23d1
[INFO] [stdout]                                at /rustc/90b35a6239c3d8bdabc530a6a0816f7ff89a0aaf/library/alloc/src/boxed.rs:2468:9
[INFO] [stdout]   11:     0x643ba7fa5dd9 - test::test_main::{{closure}}::he977ae839a582784
[INFO] [stdout]                                at /rustc/90b35a6239c3d8bdabc530a6a0816f7ff89a0aaf/library/test/src/lib.rs:133:21
[INFO] [stdout]   12:     0x643ba8c318e8 - <alloc::boxed::Box<F,A> as core::ops::function::Fn<Args>>::call::h9455091b6b06f9fb
[INFO] [stdout]                                at /rustc/90b35a6239c3d8bdabc530a6a0816f7ff89a0aaf/library/alloc/src/boxed.rs:2468:9
[INFO] [stdout]   13:     0x643ba8c318e8 - std::panicking::rust_panic_with_hook::h8942133a8b252070
[INFO] [stdout]                                at /rustc/90b35a6239c3d8bdabc530a6a0816f7ff89a0aaf/library/std/src/panicking.rs:809:13
[INFO] [stdout]   14:     0x643ba8c316aa - std::panicking::begin_panic_handler::{{closure}}::hb5f5963570096b29
[INFO] [stdout]                                at /rustc/90b35a6239c3d8bdabc530a6a0816f7ff89a0aaf/library/std/src/panicking.rs:674:13
[INFO] [stdout]   15:     0x643ba8c302c9 - std::sys::backtrace::__rust_end_short_backtrace::h6208cedc1922feda
[INFO] [stdout]                                at /rustc/90b35a6239c3d8bdabc530a6a0816f7ff89a0aaf/library/std/src/sys/backtrace.rs:170:18
[INFO] [stdout]   16:     0x643ba8c3133c - rust_begin_unwind
[INFO] [stdout]                                at /rustc/90b35a6239c3d8bdabc530a6a0816f7ff89a0aaf/library/std/src/panicking.rs:665:5
[INFO] [stdout]   17:     0x643ba70d8030 - core::panicking::panic_fmt::h0c3082644d1bf418
[INFO] [stdout]                                at /rustc/90b35a6239c3d8bdabc530a6a0816f7ff89a0aaf/library/core/src/panicking.rs:74:14
[INFO] [stdout]   18:     0x643ba70d84b6 - core::result::unwrap_failed::hd20b4aa073bda1e2
[INFO] [stdout]                                at /rustc/90b35a6239c3d8bdabc530a6a0816f7ff89a0aaf/library/core/src/result.rs:1700:5
[INFO] [stdout]   19:     0x643ba7b9f205 - core::result::Result<T,E>::unwrap::h3e3a8570bbb99220
[INFO] [stdout]                                at /rustc/90b35a6239c3d8bdabc530a6a0816f7ff89a0aaf/library/core/src/result.rs:1104:23
[INFO] [stdout]   20:     0x643ba7b9f205 - rgbstd::containers::file::test::contract_save_load_round_trip::hde248dc9f32d3aaf
[INFO] [stdout]                                at /opt/rustwide/workdir/src/containers/file.rs:320:25
[INFO] [stdout]   21:     0x643ba7b9eed7 - rgbstd::containers::file::test::contract_save_load_round_trip::{{closure}}::h4c0a792bc819cd18
[INFO] [stdout]                                at /opt/rustwide/workdir/src/containers/file.rs:310:39
[INFO] [stdout]   22:     0x643ba7e71df6 - core::ops::function::FnOnce::call_once::h00d01a1b035168d2
[INFO] [stdout]                                at /rustc/90b35a6239c3d8bdabc530a6a0816f7ff89a0aaf/library/core/src/ops/function.rs:250:5
[INFO] [stdout]   23:     0x643ba7faa79b - core::ops::function::FnOnce::call_once::h109cf8051a59b34e
[INFO] [stdout]                                at /rustc/90b35a6239c3d8bdabc530a6a0816f7ff89a0aaf/library/core/src/ops/function.rs:250:5
[INFO] [stdout]   24:     0x643ba7faa79b - test::__rust_begin_short_backtrace::hf4fff89d377446ba
[INFO] [stdout]                                at /rustc/90b35a6239c3d8bdabc530a6a0816f7ff89a0aaf/library/test/src/lib.rs:621:18
[INFO] [stdout]   25:     0x643ba7fa9fd7 - test::run_test_in_process::{{closure}}::h0e39181dd7ee5a43
[INFO] [stdout]                                at /rustc/90b35a6239c3d8bdabc530a6a0816f7ff89a0aaf/library/test/src/lib.rs:644:60
[INFO] [stdout]   26:     0x643ba7fa9fd7 - <core::panic::unwind_safe::AssertUnwindSafe<F> as core::ops::function::FnOnce<()>>::call_once::hc5a66a30f0bdfd1f
[INFO] [stdout]                                at /rustc/90b35a6239c3d8bdabc530a6a0816f7ff89a0aaf/library/core/src/panic/unwind_safe.rs:272:9
[INFO] [stdout]   27:     0x643ba7fa9fd7 - std::panicking::try::do_call::h873b7cf639554a5e
[INFO] [stdout]                                at /rustc/90b35a6239c3d8bdabc530a6a0816f7ff89a0aaf/library/std/src/panicking.rs:557:40
[INFO] [stdout]   28:     0x643ba7fa9fd7 - std::panicking::try::hdb19862fad9c8bd1
[INFO] [stdout]                                at /rustc/90b35a6239c3d8bdabc530a6a0816f7ff89a0aaf/library/std/src/panicking.rs:520:19
[INFO] [stdout]   29:     0x643ba7fa9fd7 - std::panic::catch_unwind::h281fe732d236d260
[INFO] [stdout]                                at /rustc/90b35a6239c3d8bdabc530a6a0816f7ff89a0aaf/library/std/src/panic.rs:358:14
[INFO] [stdout]   30:     0x643ba7fa9fd7 - test::run_test_in_process::h949b6df8457ed338
[INFO] [stdout]                                at /rustc/90b35a6239c3d8bdabc530a6a0816f7ff89a0aaf/library/test/src/lib.rs:644:27
[INFO] [stdout]   31:     0x643ba7fa9fd7 - test::run_test::{{closure}}::h52c556a6d4740e10
[INFO] [stdout]                                at /rustc/90b35a6239c3d8bdabc530a6a0816f7ff89a0aaf/library/test/src/lib.rs:565:43
[INFO] [stdout]   32:     0x643ba7f6f2b4 - test::run_test::{{closure}}::h4237f6381c45ccb9
[INFO] [stdout]                                at /rustc/90b35a6239c3d8bdabc530a6a0816f7ff89a0aaf/library/test/src/lib.rs:595:41
[INFO] [stdout]   33:     0x643ba7f6f2b4 - std::sys::backtrace::__rust_begin_short_backtrace::h505c97a579eca628
[INFO] [stdout]                                at /rustc/90b35a6239c3d8bdabc530a6a0816f7ff89a0aaf/library/std/src/sys/backtrace.rs:154:18
[INFO] [stdout]   34:     0x643ba7f7297e - std::thread::Builder::spawn_unchecked_::{{closure}}::{{closure}}::h9e86b2e2bc107ea3
[INFO] [stdout]                                at /rustc/90b35a6239c3d8bdabc530a6a0816f7ff89a0aaf/library/std/src/thread/mod.rs:538:17
[INFO] [stdout]   35:     0x643ba7f7297e - <core::panic::unwind_safe::AssertUnwindSafe<F> as core::ops::function::FnOnce<()>>::call_once::h8b06ddb275ff4a25
[INFO] [stdout]                                at /rustc/90b35a6239c3d8bdabc530a6a0816f7ff89a0aaf/library/core/src/panic/unwind_safe.rs:272:9
[INFO] [stdout]   36:     0x643ba7f7297e - std::panicking::try::do_call::hb26ecd7cd9a9355d
[INFO] [stdout]                                at /rustc/90b35a6239c3d8bdabc530a6a0816f7ff89a0aaf/library/std/src/panicking.rs:557:40
[INFO] [stdout]   37:     0x643ba7f7297e - std::panicking::try::h8ddeca9d705f9069
[INFO] [stdout]                                at /rustc/90b35a6239c3d8bdabc530a6a0816f7ff89a0aaf/library/std/src/panicking.rs:520:19
[INFO] [stdout]   38:     0x643ba7f7297e - std::panic::catch_unwind::h49e1c33078844c46
[INFO] [stdout]                                at /rustc/90b35a6239c3d8bdabc530a6a0816f7ff89a0aaf/library/std/src/panic.rs:358:14
[INFO] [stdout]   39:     0x643ba7f7297e - std::thread::Builder::spawn_unchecked_::{{closure}}::h6073db6ff56ad35d
[INFO] [stdout]                                at /rustc/90b35a6239c3d8bdabc530a6a0816f7ff89a0aaf/library/std/src/thread/mod.rs:537:30
[INFO] [stdout]   40:     0x643ba7f7297e - core::ops::function::FnOnce::call_once{{vtable.shim}}::h2c5a5f3779c774f1
[INFO] [stdout]                                at /rustc/90b35a6239c3d8bdabc530a6a0816f7ff89a0aaf/library/core/src/ops/function.rs:250:5
[INFO] [stdout]   41:     0x643ba8c3564b - <alloc::boxed::Box<F,A> as core::ops::function::FnOnce<Args>>::call_once::hf75717d9f28faebf
[INFO] [stdout]                                at /rustc/90b35a6239c3d8bdabc530a6a0816f7ff89a0aaf/library/alloc/src/boxed.rs:2454:9
[INFO] [stdout]   42:     0x643ba8c3564b - <alloc::boxed::Box<F,A> as core::ops::function::FnOnce<Args>>::call_once::h7bd883a5f3c5f3c1
[INFO] [stdout]                                at /rustc/90b35a6239c3d8bdabc530a6a0816f7ff89a0aaf/library/alloc/src/boxed.rs:2454:9
[INFO] [stdout]   43:     0x643ba8c3564b - std::sys::pal::unix::thread::Thread::new::thread_start::hcc78f3943333fa94
[INFO] [stdout]                                at /rustc/90b35a6239c3d8bdabc530a6a0816f7ff89a0aaf/library/std/src/sys/pal/unix/thread.rs:105:17
[INFO] [stdout]   44:     0x7237af6a6ac3 - <unknown>
[INFO] [stdout]   45:     0x7237af737a04 - clone
[INFO] [stdout]   46:                0x0 - <unknown>
[INFO] [stdout] 
[INFO] [stdout] ---- containers::file::test::kit_save_load_round_trip stdout ----
[INFO] [stdout] thread 'containers::file::test::kit_save_load_round_trip' panicked at src/containers/file.rs:228:14:
[INFO] [stdout] called `Result::unwrap()` on an `Err` value: Os { code: 30, kind: ReadOnlyFilesystem, message: "Read-only file system" }
[INFO] [stdout] stack backtrace:
[INFO] [stdout]    0:     0x643ba8c2fdea - std::backtrace_rs::backtrace::libunwind::trace::h5a5b8284f2d0c266
[INFO] [stdout]                                at /rustc/90b35a6239c3d8bdabc530a6a0816f7ff89a0aaf/library/std/src/../../backtrace/src/backtrace/libunwind.rs:116:5
[INFO] [stdout]    1:     0x643ba8c2fdea - std::backtrace_rs::backtrace::trace_unsynchronized::h76d4f1c9b0b875e3
[INFO] [stdout]                                at /rustc/90b35a6239c3d8bdabc530a6a0816f7ff89a0aaf/library/std/src/../../backtrace/src/backtrace/mod.rs:66:5
[INFO] [stdout]    2:     0x643ba8c2fdea - std::sys::backtrace::_print_fmt::hc4546b8364a537c6
[INFO] [stdout]                                at /rustc/90b35a6239c3d8bdabc530a6a0816f7ff89a0aaf/library/std/src/sys/backtrace.rs:66:9
[INFO] [stdout]    3:     0x643ba8c2fdea - <std::sys::backtrace::BacktraceLock::print::DisplayBacktrace as core::fmt::Display>::fmt::h5b6bd5631a6d1f6b
[INFO] [stdout]                                at /rustc/90b35a6239c3d8bdabc530a6a0816f7ff89a0aaf/library/std/src/sys/backtrace.rs:39:26
[INFO] [stdout]    4:     0x643ba8c55b53 - core::fmt::rt::Argument::fmt::h270f6602a2b96f62
[INFO] [stdout]                                at /rustc/90b35a6239c3d8bdabc530a6a0816f7ff89a0aaf/library/core/src/fmt/rt.rs:177:76
[INFO] [stdout]    5:     0x643ba8c55b53 - core::fmt::write::h7550c97b06c86515
[INFO] [stdout]                                at /rustc/90b35a6239c3d8bdabc530a6a0816f7ff89a0aaf/library/core/src/fmt/mod.rs:1186:21
[INFO] [stdout]    6:     0x643ba8c2cfb3 - std::io::Write::write_fmt::h509ff860e5956e5e
[INFO] [stdout]                                at /rustc/90b35a6239c3d8bdabc530a6a0816f7ff89a0aaf/library/std/src/io/mod.rs:1839:15
[INFO] [stdout]    7:     0x643ba8c2fc32 - std::sys::backtrace::BacktraceLock::print::h2395ccd2c84ba3aa
[INFO] [stdout]                                at /rustc/90b35a6239c3d8bdabc530a6a0816f7ff89a0aaf/library/std/src/sys/backtrace.rs:42:9
[INFO] [stdout]    8:     0x643ba8c3124a - std::panicking::default_hook::{{closure}}::he19d4c7230e07961
[INFO] [stdout]                                at /rustc/90b35a6239c3d8bdabc530a6a0816f7ff89a0aaf/library/std/src/panicking.rs:268:22
[INFO] [stdout]    9:     0x643ba8c31054 - std::panicking::default_hook::hf614597d3c67bbdb
[INFO] [stdout]                                at /rustc/90b35a6239c3d8bdabc530a6a0816f7ff89a0aaf/library/std/src/panicking.rs:292:9
[INFO] [stdout]   10:     0x643ba7fa5dd9 - <alloc::boxed::Box<F,A> as core::ops::function::Fn<Args>>::call::h39b51ce4599c23d1
[INFO] [stdout]                                at /rustc/90b35a6239c3d8bdabc530a6a0816f7ff89a0aaf/library/alloc/src/boxed.rs:2468:9
[INFO] [stdout]   11:     0x643ba7fa5dd9 - test::test_main::{{closure}}::he977ae839a582784
[INFO] [stdout]                                at /rustc/90b35a6239c3d8bdabc530a6a0816f7ff89a0aaf/library/test/src/lib.rs:133:21
[INFO] [stdout]   12:     0x643ba8c318e8 - <alloc::boxed::Box<F,A> as core::ops::function::Fn<Args>>::call::h9455091b6b06f9fb
[INFO] [stdout]                                at /rustc/90b35a6239c3d8bdabc530a6a0816f7ff89a0aaf/library/alloc/src/boxed.rs:2468:9
[INFO] [stdout]   13:     0x643ba8c318e8 - std::panicking::rust_panic_with_hook::h8942133a8b252070
[INFO] [stdout]                                at /rustc/90b35a6239c3d8bdabc530a6a0816f7ff89a0aaf/library/std/src/panicking.rs:809:13
[INFO] [stdout]   14:     0x643ba8c316aa - std::panicking::begin_panic_handler::{{closure}}::hb5f5963570096b29
[INFO] [stdout]                                at /rustc/90b35a6239c3d8bdabc530a6a0816f7ff89a0aaf/library/std/src/panicking.rs:674:13
[INFO] [stdout]   15:     0x643ba8c302c9 - std::sys::backtrace::__rust_end_short_backtrace::h6208cedc1922feda
[INFO] [stdout]                                at /rustc/90b35a6239c3d8bdabc530a6a0816f7ff89a0aaf/library/std/src/sys/backtrace.rs:170:18
[INFO] [stdout]   16:     0x643ba8c3133c - rust_begin_unwind
[INFO] [stdout]                                at /rustc/90b35a6239c3d8bdabc530a6a0816f7ff89a0aaf/library/std/src/panicking.rs:665:5
[INFO] [stdout]   17:     0x643ba70d8030 - core::panicking::panic_fmt::h0c3082644d1bf418
[INFO] [stdout]                                at /rustc/90b35a6239c3d8bdabc530a6a0816f7ff89a0aaf/library/core/src/panicking.rs:74:14
[INFO] [stdout]   18:     0x643ba70d84b6 - core::result::unwrap_failed::hd20b4aa073bda1e2
[INFO] [stdout]                                at /rustc/90b35a6239c3d8bdabc530a6a0816f7ff89a0aaf/library/core/src/result.rs:1700:5
[INFO] [stdout]   19:     0x643ba7b9eba3 - core::result::Result<T,E>::unwrap::h3e3a8570bbb99220
[INFO] [stdout]                                at /rustc/90b35a6239c3d8bdabc530a6a0816f7ff89a0aaf/library/core/src/result.rs:1104:23
[INFO] [stdout]   20:     0x643ba7b9eba3 - rgbstd::containers::file::test::kit_save_load_round_trip::h338bc30123eb2f66
[INFO] [stdout]                                at /opt/rustwide/workdir/src/containers/file.rs:225:20
[INFO] [stdout]   21:     0x643ba7b9e8a7 - rgbstd::containers::file::test::kit_save_load_round_trip::{{closure}}::h7ffeb23651d3b20a
[INFO] [stdout]                                at /opt/rustwide/workdir/src/containers/file.rs:216:34
[INFO] [stdout]   22:     0x643ba7e731e6 - core::ops::function::FnOnce::call_once::hc8fb7bacb63c1dc8
[INFO] [stdout]                                at /rustc/90b35a6239c3d8bdabc530a6a0816f7ff89a0aaf/library/core/src/ops/function.rs:250:5
[INFO] [stdout]   23:     0x643ba7faa79b - core::ops::function::FnOnce::call_once::h109cf8051a59b34e
[INFO] [stdout]                                at /rustc/90b35a6239c3d8bdabc530a6a0816f7ff89a0aaf/library/core/src/ops/function.rs:250:5
[INFO] [stdout]   24:     0x643ba7faa79b - test::__rust_begin_short_backtrace::hf4fff89d377446ba
[INFO] [stdout]                                at /rustc/90b35a6239c3d8bdabc530a6a0816f7ff89a0aaf/library/test/src/lib.rs:621:18
[INFO] [stdout]   25:     0x643ba7fa9fd7 - test::run_test_in_process::{{closure}}::h0e39181dd7ee5a43
[INFO] [stdout]                                at /rustc/90b35a6239c3d8bdabc530a6a0816f7ff89a0aaf/library/test/src/lib.rs:644:60
[INFO] [stdout]   26:     0x643ba7fa9fd7 - <core::panic::unwind_safe::AssertUnwindSafe<F> as core::ops::function::FnOnce<()>>::call_once::hc5a66a30f0bdfd1f
[INFO] [stdout]                                at /rustc/90b35a6239c3d8bdabc530a6a0816f7ff89a0aaf/library/core/src/panic/unwind_safe.rs:272:9
[INFO] [stdout]   27:     0x643ba7fa9fd7 - std::panicking::try::do_call::h873b7cf639554a5e
[INFO] [stdout]                                at /rustc/90b35a6239c3d8bdabc530a6a0816f7ff89a0aaf/library/std/src/panicking.rs:557:40
[INFO] [stdout]   28:     0x643ba7fa9fd7 - std::panicking::try::hdb19862fad9c8bd1
[INFO] [stdout]                                at /rustc/90b35a6239c3d8bdabc530a6a0816f7ff89a0aaf/library/std/src/panicking.rs:520:19
[INFO] [stdout]   29:     0x643ba7fa9fd7 - std::panic::catch_unwind::h281fe732d236d260
[INFO] [stdout]                                at /rustc/90b35a6239c3d8bdabc530a6a0816f7ff89a0aaf/library/std/src/panic.rs:358:14
[INFO] [stdout]   30:     0x643ba7fa9fd7 - test::run_test_in_process::h949b6df8457ed338
[INFO] [stdout]                                at /rustc/90b35a6239c3d8bdabc530a6a0816f7ff89a0aaf/library/test/src/lib.rs:644:27
[INFO] [stdout]   31:     0x643ba7fa9fd7 - test::run_test::{{closure}}::h52c556a6d4740e10
[INFO] [stdout]                                at /rustc/90b35a6239c3d8bdabc530a6a0816f7ff89a0aaf/library/test/src/lib.rs:565:43
[INFO] [stdout]   32:     0x643ba7f6f2b4 - test::run_test::{{closure}}::h4237f6381c45ccb9
[INFO] [stdout]                                at /rustc/90b35a6239c3d8bdabc530a6a0816f7ff89a0aaf/library/test/src/lib.rs:595:41
[INFO] [stdout]   33:     0x643ba7f6f2b4 - std::sys::backtrace::__rust_begin_short_backtrace::h505c97a579eca628
[INFO] [stdout]                                at /rustc/90b35a6239c3d8bdabc530a6a0816f7ff89a0aaf/library/std/src/sys/backtrace.rs:154:18
[INFO] [stdout]   34:     0x643ba7f7297e - std::thread::Builder::spawn_unchecked_::{{closure}}::{{closure}}::h9e86b2e2bc107ea3
[INFO] [stdout]                                at /rustc/90b35a6239c3d8bdabc530a6a0816f7ff89a0aaf/library/std/src/thread/mod.rs:538:17
[INFO] [stdout]   35:     0x643ba7f7297e - <core::panic::unwind_safe::AssertUnwindSafe<F> as core::ops::function::FnOnce<()>>::call_once::h8b06ddb275ff4a25
[INFO] [stdout]                                at /rustc/90b35a6239c3d8bdabc530a6a0816f7ff89a0aaf/library/core/src/panic/unwind_safe.rs:272:9
[INFO] [stdout]   36:     0x643ba7f7297e - std::panicking::try::do_call::hb26ecd7cd9a9355d
[INFO] [stdout]                                at /rustc/90b35a6239c3d8bdabc530a6a0816f7ff89a0aaf/library/std/src/panicking.rs:557:40
[INFO] [stdout]   37:     0x643ba7f7297e - std::panicking::try::h8ddeca9d705f9069
[INFO] [stdout]                                at /rustc/90b35a6239c3d8bdabc530a6a0816f7ff89a0aaf/library/std/src/panicking.rs:520:19
[INFO] [stdout]   38:     0x643ba7f7297e - std::panic::catch_unwind::h49e1c33078844c46
[INFO] [stdout]                                at /rustc/90b35a6239c3d8bdabc530a6a0816f7ff89a0aaf/library/std/src/panic.rs:358:14
[INFO] [stdout]   39:     0x643ba7f7297e - std::thread::Builder::spawn_unchecked_::{{closure}}::h6073db6ff56ad35d
[INFO] [stdout]                                at /rustc/90b35a6239c3d8bdabc530a6a0816f7ff89a0aaf/library/std/src/thread/mod.rs:537:30
[INFO] [stdout]   40:     0x643ba7f7297e - core::ops::function::FnOnce::call_once{{vtable.shim}}::h2c5a5f3779c774f1
[INFO] [stdout]                                at /rustc/90b35a6239c3d8bdabc530a6a0816f7ff89a0aaf/library/core/src/ops/function.rs:250:5
[INFO] [stdout]   41:     0x643ba8c3564b - <alloc::boxed::Box<F,A> as core::ops::function::FnOnce<Args>>::call_once::hf75717d9f28faebf
[INFO] [stdout]                                at /rustc/90b35a6239c3d8bdabc530a6a0816f7ff89a0aaf/library/alloc/src/boxed.rs:2454:9
[INFO] [stdout]   42:     0x643ba8c3564b - <alloc::boxed::Box<F,A> as core::ops::function::FnOnce<Args>>::call_once::h7bd883a5f3c5f3c1
[INFO] [stdout]                                at /rustc/90b35a6239c3d8bdabc530a6a0816f7ff89a0aaf/library/alloc/src/boxed.rs:2454:9
[INFO] [stdout]   43:     0x643ba8c3564b - std::sys::pal::unix::thread::Thread::new::thread_start::hcc78f3943333fa94
[INFO] [stdout]                                at /rustc/90b35a6239c3d8bdabc530a6a0816f7ff89a0aaf/library/std/src/sys/pal/unix/thread.rs:105:17
[INFO] [stdout]   44:     0x7237af6a6ac3 - <unknown>
[INFO] [stdout]   45:     0x7237af737a04 - clone
[INFO] [stdout]   46:                0x0 - <unknown>
[INFO] [stdout] 
[INFO] [stdout] 
[INFO] [stdout] failures:
[INFO] [stdout]     containers::file::test::contract_save_load_round_trip
[INFO] [stdout]     containers::file::test::kit_save_load_round_trip
[INFO] [stdout] 
[INFO] [stdout] test result: FAILED. 15 passed; 2 failed; 0 ignored; 0 measured; 0 filtered out; finished in 5.49s
[INFO] [stdout] 
[INFO] [stderr] error: test failed, to rerun pass `-p rgb-std --lib`
[INFO] running `Command { std: "docker" "inspect" "1b35756f4ca66615954e2ae3c3b52eeff4bb568eb6aa2632cf4872fdb288a253", kill_on_drop: false }`
[INFO] running `Command { std: "docker" "rm" "-f" "1b35756f4ca66615954e2ae3c3b52eeff4bb568eb6aa2632cf4872fdb288a253", kill_on_drop: false }`
[INFO] [stdout] 1b35756f4ca66615954e2ae3c3b52eeff4bb568eb6aa2632cf4872fdb288a253
