[INFO] cloning repository https://github.com/ProfNuru/catr
[INFO] running `Command { std: "git" "-c" "credential.helper=" "-c" "credential.helper=/workspace/cargo-home/bin/git-credential-null" "clone" "--bare" "https://github.com/ProfNuru/catr" "/workspace/cache/git-repos/https%3A%2F%2Fgithub.com%2FProfNuru%2Fcatr", kill_on_drop: false }`
[INFO] [stderr] Cloning into bare repository '/workspace/cache/git-repos/https%3A%2F%2Fgithub.com%2FProfNuru%2Fcatr'...
[INFO] running `Command { std: "git" "rev-parse" "HEAD", kill_on_drop: false }`
[INFO] [stdout] 329a1817bd21a750aae782abe034a4223fe5fbd5
[INFO] testing ProfNuru/catr against 1.83.0 for beta-1.84.0-4-retry
[INFO] running `Command { std: "git" "clone" "/workspace/cache/git-repos/https%3A%2F%2Fgithub.com%2FProfNuru%2Fcatr" "/workspace/builds/worker-1-tc1/source", kill_on_drop: false }`
[INFO] [stderr] Cloning into '/workspace/builds/worker-1-tc1/source'...
[INFO] [stderr] done.
[INFO] validating manifest of git repo https://github.com/ProfNuru/catr on toolchain 1.83.0
[INFO] running `Command { std: CARGO_HOME="/workspace/cargo-home" RUSTUP_HOME="/workspace/rustup-home" "/workspace/cargo-home/bin/cargo" "+1.83.0" "metadata" "--manifest-path" "Cargo.toml" "--no-deps", kill_on_drop: false }`
[INFO] started tweaking git repo https://github.com/ProfNuru/catr
[INFO] finished tweaking git repo https://github.com/ProfNuru/catr
[INFO] tweaked toml for git repo https://github.com/ProfNuru/catr written to /workspace/builds/worker-1-tc1/source/Cargo.toml
[INFO] crate git repo https://github.com/ProfNuru/catr already has a lockfile, it will not be regenerated
[INFO] running `Command { std: CARGO_HOME="/workspace/cargo-home" RUSTUP_HOME="/workspace/rustup-home" "/workspace/cargo-home/bin/cargo" "+1.83.0" "fetch" "--manifest-path" "Cargo.toml", kill_on_drop: false }`
[INFO] [stderr]  Downloading crates ...
[INFO] [stderr]   Downloaded assert_cmd v1.0.8
[INFO] running `Command { std: "docker" "create" "-v" "/var/lib/crater-agent-workspace/builds/worker-1-tc1/target:/opt/rustwide/target:rw,Z" "-v" "/var/lib/crater-agent-workspace/builds/worker-1-tc1/source:/opt/rustwide/workdir:ro,Z" "-v" "/var/lib/crater-agent-workspace/cargo-home:/opt/rustwide/cargo-home:ro,Z" "-v" "/var/lib/crater-agent-workspace/rustup-home:/opt/rustwide/rustup-home:ro,Z" "-e" "SOURCE_DIR=/opt/rustwide/workdir" "-e" "CARGO_TARGET_DIR=/opt/rustwide/target" "-e" "CARGO_HOME=/opt/rustwide/cargo-home" "-e" "RUSTUP_HOME=/opt/rustwide/rustup-home" "-w" "/opt/rustwide/workdir" "-m" "1610612736" "--user" "0:0" "--network" "none" "ghcr.io/rust-lang/crates-build-env/linux@sha256:f3a9d4ad9d972b27faf3965f35b62e55ba32bbce8f20bc8fe909558a86702fde" "/opt/rustwide/cargo-home/bin/cargo" "+1.83.0" "metadata" "--no-deps" "--format-version=1", kill_on_drop: false }`
[INFO] [stdout] 979706d261bfce958e3c4b6f4fb9d99f591153170e9be56ed4bc8efaec5f8366
[INFO] running `Command { std: "docker" "start" "-a" "979706d261bfce958e3c4b6f4fb9d99f591153170e9be56ed4bc8efaec5f8366", kill_on_drop: false }`
[INFO] running `Command { std: "docker" "inspect" "979706d261bfce958e3c4b6f4fb9d99f591153170e9be56ed4bc8efaec5f8366", kill_on_drop: false }`
[INFO] running `Command { std: "docker" "rm" "-f" "979706d261bfce958e3c4b6f4fb9d99f591153170e9be56ed4bc8efaec5f8366", kill_on_drop: false }`
[INFO] [stdout] 979706d261bfce958e3c4b6f4fb9d99f591153170e9be56ed4bc8efaec5f8366
[INFO] running `Command { std: "docker" "create" "-v" "/var/lib/crater-agent-workspace/builds/worker-1-tc1/target:/opt/rustwide/target:rw,Z" "-v" "/var/lib/crater-agent-workspace/builds/worker-1-tc1/source:/opt/rustwide/workdir:ro,Z" "-v" "/var/lib/crater-agent-workspace/cargo-home:/opt/rustwide/cargo-home:ro,Z" "-v" "/var/lib/crater-agent-workspace/rustup-home:/opt/rustwide/rustup-home:ro,Z" "-e" "SOURCE_DIR=/opt/rustwide/workdir" "-e" "CARGO_TARGET_DIR=/opt/rustwide/target" "-e" "CARGO_INCREMENTAL=0" "-e" "RUST_BACKTRACE=full" "-e" "RUSTFLAGS=--cap-lints=warn" "-e" "RUSTDOCFLAGS=--cap-lints=warn" "-e" "CARGO_HOME=/opt/rustwide/cargo-home" "-e" "RUSTUP_HOME=/opt/rustwide/rustup-home" "-w" "/opt/rustwide/workdir" "-m" "1610612736" "--user" "0:0" "--network" "none" "ghcr.io/rust-lang/crates-build-env/linux@sha256:f3a9d4ad9d972b27faf3965f35b62e55ba32bbce8f20bc8fe909558a86702fde" "/opt/rustwide/cargo-home/bin/cargo" "+1.83.0" "build" "--frozen" "--message-format=json", kill_on_drop: false }`
[INFO] [stdout] 1a776e1dfab4dd30e39da3079c5602099f08169140585b593213fd71e3c73b3f
[INFO] running `Command { std: "docker" "start" "-a" "1a776e1dfab4dd30e39da3079c5602099f08169140585b593213fd71e3c73b3f", kill_on_drop: false }`
[INFO] [stderr]    Compiling libc v0.2.140
[INFO] [stderr]    Compiling unicode-width v0.1.10
[INFO] [stderr]    Compiling strsim v0.8.0
[INFO] [stderr]    Compiling vec_map v0.8.2
[INFO] [stderr]    Compiling ansi_term v0.12.1
[INFO] [stderr]    Compiling bitflags v1.3.2
[INFO] [stderr]    Compiling textwrap v0.11.0
[INFO] [stderr]    Compiling atty v0.2.14
[INFO] [stderr]    Compiling clap v2.34.0
[INFO] [stderr]    Compiling catr v0.1.0 (/opt/rustwide/workdir)
[INFO] [stderr]     Finished `dev` profile [unoptimized + debuginfo] target(s) in 6.76s
[INFO] running `Command { std: "docker" "inspect" "1a776e1dfab4dd30e39da3079c5602099f08169140585b593213fd71e3c73b3f", kill_on_drop: false }`
[INFO] running `Command { std: "docker" "rm" "-f" "1a776e1dfab4dd30e39da3079c5602099f08169140585b593213fd71e3c73b3f", kill_on_drop: false }`
[INFO] [stdout] 1a776e1dfab4dd30e39da3079c5602099f08169140585b593213fd71e3c73b3f
[INFO] running `Command { std: "docker" "create" "-v" "/var/lib/crater-agent-workspace/builds/worker-1-tc1/target:/opt/rustwide/target:rw,Z" "-v" "/var/lib/crater-agent-workspace/builds/worker-1-tc1/source:/opt/rustwide/workdir:ro,Z" "-v" "/var/lib/crater-agent-workspace/cargo-home:/opt/rustwide/cargo-home:ro,Z" "-v" "/var/lib/crater-agent-workspace/rustup-home:/opt/rustwide/rustup-home:ro,Z" "-e" "SOURCE_DIR=/opt/rustwide/workdir" "-e" "CARGO_TARGET_DIR=/opt/rustwide/target" "-e" "CARGO_INCREMENTAL=0" "-e" "RUST_BACKTRACE=full" "-e" "RUSTFLAGS=--cap-lints=warn" "-e" "RUSTDOCFLAGS=--cap-lints=warn" "-e" "CARGO_HOME=/opt/rustwide/cargo-home" "-e" "RUSTUP_HOME=/opt/rustwide/rustup-home" "-w" "/opt/rustwide/workdir" "-m" "1610612736" "--user" "0:0" "--network" "none" "ghcr.io/rust-lang/crates-build-env/linux@sha256:f3a9d4ad9d972b27faf3965f35b62e55ba32bbce8f20bc8fe909558a86702fde" "/opt/rustwide/cargo-home/bin/cargo" "+1.83.0" "test" "--frozen" "--no-run" "--message-format=json", kill_on_drop: false }`
[INFO] [stdout] 63b9f0073b2c721da6314a529c61efef1e14234fd7cf8f4df5eafca362028a71
[INFO] running `Command { std: "docker" "start" "-a" "63b9f0073b2c721da6314a529c61efef1e14234fd7cf8f4df5eafca362028a71", kill_on_drop: false }`
[INFO] [stderr]    Compiling libc v0.2.140
[INFO] [stderr]    Compiling memchr v2.5.0
[INFO] [stderr]    Compiling predicates-core v1.0.6
[INFO] [stderr]    Compiling either v1.8.1
[INFO] [stderr]    Compiling doc-comment v0.3.3
[INFO] [stderr]    Compiling regex-automata v0.1.10
[INFO] [stderr]    Compiling termtree v0.4.1
[INFO] [stderr]    Compiling difflib v0.4.0
[INFO] [stderr]    Compiling num-traits v0.2.15
[INFO] [stderr]    Compiling lazy_static v1.4.0
[INFO] [stderr]    Compiling difference v2.0.0
[INFO] [stderr]    Compiling normalize-line-endings v0.3.0
[INFO] [stderr]    Compiling predicates-tree v1.0.9
[INFO] [stderr]    Compiling itertools v0.10.5
[INFO] [stderr]    Compiling aho-corasick v0.7.20
[INFO] [stderr]    Compiling bstr v0.2.17
[INFO] [stderr]    Compiling atty v0.2.14
[INFO] [stderr]    Compiling getrandom v0.2.8
[INFO] [stderr]    Compiling wait-timeout v0.2.0
[INFO] [stderr]    Compiling clap v2.34.0
[INFO] [stderr]    Compiling rand_core v0.6.4
[INFO] [stderr]    Compiling rand_chacha v0.3.1
[INFO] [stderr]    Compiling float-cmp v0.8.0
[INFO] [stderr]    Compiling rand v0.8.5
[INFO] [stderr]    Compiling predicates v2.1.5
[INFO] [stderr]    Compiling regex v1.7.3
[INFO] [stderr]    Compiling assert_cmd v1.0.8
[INFO] [stderr]    Compiling predicates v1.0.8
[INFO] [stderr]    Compiling catr v0.1.0 (/opt/rustwide/workdir)
[INFO] [stderr]     Finished `test` profile [unoptimized + debuginfo] target(s) in 14.20s
[INFO] running `Command { std: "docker" "inspect" "63b9f0073b2c721da6314a529c61efef1e14234fd7cf8f4df5eafca362028a71", kill_on_drop: false }`
[INFO] running `Command { std: "docker" "rm" "-f" "63b9f0073b2c721da6314a529c61efef1e14234fd7cf8f4df5eafca362028a71", kill_on_drop: false }`
[INFO] [stdout] 63b9f0073b2c721da6314a529c61efef1e14234fd7cf8f4df5eafca362028a71
[INFO] running `Command { std: "docker" "create" "-v" "/var/lib/crater-agent-workspace/builds/worker-1-tc1/target:/opt/rustwide/target:rw,Z" "-v" "/var/lib/crater-agent-workspace/builds/worker-1-tc1/source:/opt/rustwide/workdir:ro,Z" "-v" "/var/lib/crater-agent-workspace/cargo-home:/opt/rustwide/cargo-home:ro,Z" "-v" "/var/lib/crater-agent-workspace/rustup-home:/opt/rustwide/rustup-home:ro,Z" "-e" "SOURCE_DIR=/opt/rustwide/workdir" "-e" "CARGO_TARGET_DIR=/opt/rustwide/target" "-e" "CARGO_INCREMENTAL=0" "-e" "RUST_BACKTRACE=full" "-e" "RUSTFLAGS=--cap-lints=warn" "-e" "RUSTDOCFLAGS=--cap-lints=warn" "-e" "CARGO_HOME=/opt/rustwide/cargo-home" "-e" "RUSTUP_HOME=/opt/rustwide/rustup-home" "-w" "/opt/rustwide/workdir" "-m" "1610612736" "--user" "0:0" "--network" "none" "ghcr.io/rust-lang/crates-build-env/linux@sha256:f3a9d4ad9d972b27faf3965f35b62e55ba32bbce8f20bc8fe909558a86702fde" "/opt/rustwide/cargo-home/bin/cargo" "+1.83.0" "test" "--frozen", kill_on_drop: false }`
[INFO] [stdout] 562cced154edf2bf285071850b765a456044ad3f493ed5049bc2194e61e3a47a
[INFO] running `Command { std: "docker" "start" "-a" "562cced154edf2bf285071850b765a456044ad3f493ed5049bc2194e61e3a47a", kill_on_drop: false }`
[INFO] [stderr]     Finished `test` profile [unoptimized + debuginfo] target(s) in 0.07s
[INFO] [stderr]      Running unittests src/lib.rs (/opt/rustwide/target/debug/deps/catr-4fac9ab61a77fc8e)
[INFO] [stdout] 
[INFO] [stdout] running 0 tests
[INFO] [stdout] 
[INFO] [stdout] test result: ok. 0 passed; 0 failed; 0 ignored; 0 measured; 0 filtered out; finished in 0.00s
[INFO] [stdout] 
[INFO] [stdout] 
[INFO] [stdout] running 0 tests
[INFO] [stdout] 
[INFO] [stdout] test result: ok. 0 passed; 0 failed; 0 ignored; 0 measured; 0 filtered out; finished in 0.00s
[INFO] [stdout] 
[INFO] [stderr]      Running unittests src/main.rs (/opt/rustwide/target/debug/deps/catr-eb786f99d3df9f9b)
[INFO] [stderr]      Running tests/cli.rs (/opt/rustwide/target/debug/deps/cli-d83549a9bab90aef)
[INFO] [stdout] 
[INFO] [stdout] running 17 tests
[INFO] [stdout] test non_existent_file ... ok
[INFO] [stdout] test empty ... ok
[INFO] [stdout] test emptyn ... ok
[INFO] [stdout] test foxn ... ok
[INFO] [stdout] test spidersb ... ok
[INFO] [stdout] test thebustle ... ok
[INFO] [stdout] test emptyb ... ok
[INFO] [stdout] test thebustlen ... ok
[INFO] [stdout] test foxb ... ok
[INFO] [stdout] test spidersn ... ok
[INFO] [stdout] test thebustleb ... ok
[INFO] [stdout] test spiders ... ok
[INFO] [stdout] test fox ... ok
[INFO] [stdout] test skips_bad_file ... FAILED
[INFO] [stdout] test alln ... FAILED
[INFO] [stdout] test all ... FAILED
[INFO] [stdout] test allb ... FAILED
[INFO] [stdout] 
[INFO] [stdout] failures:
[INFO] [stdout] 
[INFO] [stdout] ---- skips_bad_file stdout ----
[INFO] [stdout] thread 'skips_bad_file' panicked at /opt/rustwide/cargo-home/registry/src/index.crates.io-6f17d22bba15001f/assert_cmd-1.0.8/src/assert.rs:124:9:
[INFO] [stdout] Unexpected stderr, failed var.contains("Permission denied")
[INFO] [stdout] └── var as str: catr: cant-touch-this: No such file or directory (os error 2)
[INFO] [stdout] 
[INFO] [stdout] command=`"/opt/rustwide/target/debug/catr" "cant-touch-this"`
[INFO] [stdout] code=1
[INFO] [stdout] stdout=```""```
[INFO] [stdout] stderr=```"catr: cant-touch-this: No such file or directory (os error 2)\n"```
[INFO] [stdout] 
[INFO] [stdout] stack backtrace:
[INFO] [stdout]    0:     0x6542f704565a - std::backtrace_rs::backtrace::libunwind::trace::h5a5b8284f2d0c266
[INFO] [stdout]                                at /rustc/90b35a6239c3d8bdabc530a6a0816f7ff89a0aaf/library/std/src/../../backtrace/src/backtrace/libunwind.rs:116:5
[INFO] [stdout]    1:     0x6542f704565a - std::backtrace_rs::backtrace::trace_unsynchronized::h76d4f1c9b0b875e3
[INFO] [stdout]                                at /rustc/90b35a6239c3d8bdabc530a6a0816f7ff89a0aaf/library/std/src/../../backtrace/src/backtrace/mod.rs:66:5
[INFO] [stdout]    2:     0x6542f704565a - std::sys::backtrace::_print_fmt::hc4546b8364a537c6
[INFO] [stdout]                                at /rustc/90b35a6239c3d8bdabc530a6a0816f7ff89a0aaf/library/std/src/sys/backtrace.rs:66:9
[INFO] [stdout]    3:     0x6542f704565a - <std::sys::backtrace::BacktraceLock::print::DisplayBacktrace as core::fmt::Display>::fmt::h5b6bd5631a6d1f6b
[INFO] [stdout]                                at /rustc/90b35a6239c3d8bdabc530a6a0816f7ff89a0aaf/library/std/src/sys/backtrace.rs:39:26
[INFO] [stdout]    4:     0x6542f706bba3 - core::fmt::rt::Argument::fmt::h270f6602a2b96f62
[INFO] [stdout]                                at /rustc/90b35a6239c3d8bdabc530a6a0816f7ff89a0aaf/library/core/src/fmt/rt.rs:177:76
[INFO] [stdout]    5:     0x6542f706bba3 - core::fmt::write::h7550c97b06c86515
[INFO] [stdout]                                at /rustc/90b35a6239c3d8bdabc530a6a0816f7ff89a0aaf/library/core/src/fmt/mod.rs:1186:21
[INFO] [stdout]    6:     0x6542f7042173 - std::io::Write::write_fmt::h509ff860e5956e5e
[INFO] [stdout]                                at /rustc/90b35a6239c3d8bdabc530a6a0816f7ff89a0aaf/library/std/src/io/mod.rs:1839:15
[INFO] [stdout]    7:     0x6542f70454a2 - std::sys::backtrace::BacktraceLock::print::h2395ccd2c84ba3aa
[INFO] [stdout]                                at /rustc/90b35a6239c3d8bdabc530a6a0816f7ff89a0aaf/library/std/src/sys/backtrace.rs:42:9
[INFO] [stdout]    8:     0x6542f7046b3a - std::panicking::default_hook::{{closure}}::he19d4c7230e07961
[INFO] [stdout]                                at /rustc/90b35a6239c3d8bdabc530a6a0816f7ff89a0aaf/library/std/src/panicking.rs:268:22
[INFO] [stdout]    9:     0x6542f7046944 - std::panicking::default_hook::hf614597d3c67bbdb
[INFO] [stdout]                                at /rustc/90b35a6239c3d8bdabc530a6a0816f7ff89a0aaf/library/std/src/panicking.rs:292:9
[INFO] [stdout]   10:     0x6542f6fb4239 - <alloc::boxed::Box<F,A> as core::ops::function::Fn<Args>>::call::h39b51ce4599c23d1
[INFO] [stdout]                                at /rustc/90b35a6239c3d8bdabc530a6a0816f7ff89a0aaf/library/alloc/src/boxed.rs:2468:9
[INFO] [stdout]   11:     0x6542f6fb4239 - test::test_main::{{closure}}::he977ae839a582784
[INFO] [stdout]                                at /rustc/90b35a6239c3d8bdabc530a6a0816f7ff89a0aaf/library/test/src/lib.rs:133:21
[INFO] [stdout]   12:     0x6542f70471d8 - <alloc::boxed::Box<F,A> as core::ops::function::Fn<Args>>::call::h9455091b6b06f9fb
[INFO] [stdout]                                at /rustc/90b35a6239c3d8bdabc530a6a0816f7ff89a0aaf/library/alloc/src/boxed.rs:2468:9
[INFO] [stdout]   13:     0x6542f70471d8 - std::panicking::rust_panic_with_hook::h8942133a8b252070
[INFO] [stdout]                                at /rustc/90b35a6239c3d8bdabc530a6a0816f7ff89a0aaf/library/std/src/panicking.rs:809:13
[INFO] [stdout]   14:     0x6542f7046f9a - std::panicking::begin_panic_handler::{{closure}}::hb5f5963570096b29
[INFO] [stdout]                                at /rustc/90b35a6239c3d8bdabc530a6a0816f7ff89a0aaf/library/std/src/panicking.rs:674:13
[INFO] [stdout]   15:     0x6542f7045b39 - std::sys::backtrace::__rust_end_short_backtrace::h6208cedc1922feda
[INFO] [stdout]                                at /rustc/90b35a6239c3d8bdabc530a6a0816f7ff89a0aaf/library/std/src/sys/backtrace.rs:170:18
[INFO] [stdout]   16:     0x6542f7046c2c - rust_begin_unwind
[INFO] [stdout]                                at /rustc/90b35a6239c3d8bdabc530a6a0816f7ff89a0aaf/library/std/src/panicking.rs:665:5
[INFO] [stdout]   17:     0x6542f6f77b00 - core::panicking::panic_fmt::h0c3082644d1bf418
[INFO] [stdout]                                at /rustc/90b35a6239c3d8bdabc530a6a0816f7ff89a0aaf/library/core/src/panicking.rs:74:14
[INFO] [stdout]   18:     0x6542f6fcf733 - core::panicking::panic_display::ha74b450ada7fe26a
[INFO] [stdout]                                at /rustc/90b35a6239c3d8bdabc530a6a0816f7ff89a0aaf/library/core/src/panicking.rs:264:5
[INFO] [stdout]   19:     0x6542f6fd0e3e - assert_cmd::assert::AssertError::panic::h3f7738517f5eea9c
[INFO] [stdout]                                at /opt/rustwide/cargo-home/registry/src/index.crates.io-6f17d22bba15001f/assert_cmd-1.0.8/src/assert.rs:124:9
[INFO] [stdout]   20:     0x6542f6fc5cc0 - core::ops::function::FnOnce::call_once::hfd459435216c2b5e
[INFO] [stdout]                                at /rustc/90b35a6239c3d8bdabc530a6a0816f7ff89a0aaf/library/core/src/ops/function.rs:250:5
[INFO] [stdout]   21:     0x6542f6fc81ff - core::result::Result<T,E>::unwrap_or_else::h2d2c466e01366803
[INFO] [stdout]                                at /rustc/90b35a6239c3d8bdabc530a6a0816f7ff89a0aaf/library/core/src/result.rs:1458:23
[INFO] [stdout]   22:     0x6542f6f78d60 - assert_cmd::assert::Assert::stderr::hedf20d7d54c48ba3
[INFO] [stdout]                                at /opt/rustwide/cargo-home/registry/src/index.crates.io-6f17d22bba15001f/assert_cmd-1.0.8/src/assert.rs:546:9
[INFO] [stdout]   23:     0x6542f6f7b96e - cli::fail::hd4b4bb5232c3e884
[INFO] [stdout]                                at /opt/rustwide/workdir/tests/cli.rs:18:5
[INFO] [stdout]   24:     0x6542f6f7ba2e - cli::skips_bad_file::h1b82b77ed736df14
[INFO] [stdout]                                at /opt/rustwide/workdir/tests/cli.rs:28:5
[INFO] [stdout]   25:     0x6542f6f7b9f7 - cli::skips_bad_file::{{closure}}::h2b97c1b2a54b7724
[INFO] [stdout]                                at /opt/rustwide/workdir/tests/cli.rs:27:22
[INFO] [stdout]   26:     0x6542f6f79ba6 - core::ops::function::FnOnce::call_once::h2beb8498383c03b6
[INFO] [stdout]                                at /rustc/90b35a6239c3d8bdabc530a6a0816f7ff89a0aaf/library/core/src/ops/function.rs:250:5
[INFO] [stdout]   27:     0x6542f6fb8bfb - core::ops::function::FnOnce::call_once::h109cf8051a59b34e
[INFO] [stdout]                                at /rustc/90b35a6239c3d8bdabc530a6a0816f7ff89a0aaf/library/core/src/ops/function.rs:250:5
[INFO] [stdout]   28:     0x6542f6fb8bfb - test::__rust_begin_short_backtrace::hf4fff89d377446ba
[INFO] [stdout]                                at /rustc/90b35a6239c3d8bdabc530a6a0816f7ff89a0aaf/library/test/src/lib.rs:621:18
[INFO] [stdout]   29:     0x6542f6fb8437 - test::run_test_in_process::{{closure}}::h0e39181dd7ee5a43
[INFO] [stdout]                                at /rustc/90b35a6239c3d8bdabc530a6a0816f7ff89a0aaf/library/test/src/lib.rs:644:60
[INFO] [stdout]   30:     0x6542f6fb8437 - <core::panic::unwind_safe::AssertUnwindSafe<F> as core::ops::function::FnOnce<()>>::call_once::hc5a66a30f0bdfd1f
[INFO] [stdout]                                at /rustc/90b35a6239c3d8bdabc530a6a0816f7ff89a0aaf/library/core/src/panic/unwind_safe.rs:272:9
[INFO] [stdout]   31:     0x6542f6fb8437 - std::panicking::try::do_call::h873b7cf639554a5e
[INFO] [stdout]                                at /rustc/90b35a6239c3d8bdabc530a6a0816f7ff89a0aaf/library/std/src/panicking.rs:557:40
[INFO] [stdout]   32:     0x6542f6fb8437 - std::panicking::try::hdb19862fad9c8bd1
[INFO] [stdout]                                at /rustc/90b35a6239c3d8bdabc530a6a0816f7ff89a0aaf/library/std/src/panicking.rs:520:19
[INFO] [stdout]   33:     0x6542f6fb8437 - std::panic::catch_unwind::h281fe732d236d260
[INFO] [stdout]                                at /rustc/90b35a6239c3d8bdabc530a6a0816f7ff89a0aaf/library/std/src/panic.rs:358:14
[INFO] [stdout]   34:     0x6542f6fb8437 - test::run_test_in_process::h949b6df8457ed338
[INFO] [stdout]                                at /rustc/90b35a6239c3d8bdabc530a6a0816f7ff89a0aaf/library/test/src/lib.rs:644:27
[INFO] [stdout]   35:     0x6542f6fb8437 - test::run_test::{{closure}}::h52c556a6d4740e10
[INFO] [stdout]                                at /rustc/90b35a6239c3d8bdabc530a6a0816f7ff89a0aaf/library/test/src/lib.rs:565:43
[INFO] [stdout]   36:     0x6542f6f7d714 - test::run_test::{{closure}}::h4237f6381c45ccb9
[INFO] [stdout]                                at /rustc/90b35a6239c3d8bdabc530a6a0816f7ff89a0aaf/library/test/src/lib.rs:595:41
[INFO] [stdout]   37:     0x6542f6f7d714 - std::sys::backtrace::__rust_begin_short_backtrace::h505c97a579eca628
[INFO] [stdout]                                at /rustc/90b35a6239c3d8bdabc530a6a0816f7ff89a0aaf/library/std/src/sys/backtrace.rs:154:18
[INFO] [stdout]   38:     0x6542f6f80dde - std::thread::Builder::spawn_unchecked_::{{closure}}::{{closure}}::h9e86b2e2bc107ea3
[INFO] [stdout]                                at /rustc/90b35a6239c3d8bdabc530a6a0816f7ff89a0aaf/library/std/src/thread/mod.rs:538:17
[INFO] [stdout]   39:     0x6542f6f80dde - <core::panic::unwind_safe::AssertUnwindSafe<F> as core::ops::function::FnOnce<()>>::call_once::h8b06ddb275ff4a25
[INFO] [stdout]                                at /rustc/90b35a6239c3d8bdabc530a6a0816f7ff89a0aaf/library/core/src/panic/unwind_safe.rs:272:9
[INFO] [stdout]   40:     0x6542f6f80dde - std::panicking::try::do_call::hb26ecd7cd9a9355d
[INFO] [stdout]                                at /rustc/90b35a6239c3d8bdabc530a6a0816f7ff89a0aaf/library/std/src/panicking.rs:557:40
[INFO] [stdout]   41:     0x6542f6f80dde - std::panicking::try::h8ddeca9d705f9069
[INFO] [stdout]                                at /rustc/90b35a6239c3d8bdabc530a6a0816f7ff89a0aaf/library/std/src/panicking.rs:520:19
[INFO] [stdout]   42:     0x6542f6f80dde - std::panic::catch_unwind::h49e1c33078844c46
[INFO] [stdout]                                at /rustc/90b35a6239c3d8bdabc530a6a0816f7ff89a0aaf/library/std/src/panic.rs:358:14
[INFO] [stdout]   43:     0x6542f6f80dde - std::thread::Builder::spawn_unchecked_::{{closure}}::h6073db6ff56ad35d
[INFO] [stdout]                                at /rustc/90b35a6239c3d8bdabc530a6a0816f7ff89a0aaf/library/std/src/thread/mod.rs:537:30
[INFO] [stdout]   44:     0x6542f6f80dde - core::ops::function::FnOnce::call_once{{vtable.shim}}::h2c5a5f3779c774f1
[INFO] [stdout]                                at /rustc/90b35a6239c3d8bdabc530a6a0816f7ff89a0aaf/library/core/src/ops/function.rs:250:5
[INFO] [stdout]   45:     0x6542f704ba7b - <alloc::boxed::Box<F,A> as core::ops::function::FnOnce<Args>>::call_once::hf75717d9f28faebf
[INFO] [stdout]                                at /rustc/90b35a6239c3d8bdabc530a6a0816f7ff89a0aaf/library/alloc/src/boxed.rs:2454:9
[INFO] [stdout]   46:     0x6542f704ba7b - <alloc::boxed::Box<F,A> as core::ops::function::FnOnce<Args>>::call_once::h7bd883a5f3c5f3c1
[INFO] [stdout]                                at /rustc/90b35a6239c3d8bdabc530a6a0816f7ff89a0aaf/library/alloc/src/boxed.rs:2454:9
[INFO] [stdout]   47:     0x6542f704ba7b - std::sys::pal::unix::thread::Thread::new::thread_start::hcc78f3943333fa94
[INFO] [stdout]                                at /rustc/90b35a6239c3d8bdabc530a6a0816f7ff89a0aaf/library/std/src/sys/pal/unix/thread.rs:105:17
[INFO] [stdout]   48:     0x717f5bb04ac3 - <unknown>
[INFO] [stdout]   49:     0x717f5bb95a04 - clone
[INFO] [stdout]   50:                0x0 - <unknown>
[INFO] [stdout] 
[INFO] [stdout] ---- alln stdout ----
[INFO] [stdout] thread 'alln' panicked at /opt/rustwide/cargo-home/registry/src/index.crates.io-6f17d22bba15001f/assert_cmd-1.0.8/src/assert.rs:124:9:
[INFO] [stdout] Unexpected stdout, failed diff original var
[INFO] [stdout] ├── original:      1	The Bustle in a House
[INFO] [stdout] │        2	The Morning after Death
[INFO] [stdout] │        3	Is solemnest of industries
[INFO] [stdout] │        4	Enacted upon Earth—
[INFO] [stdout] │        5	
[INFO] [stdout] │        6	The Sweeping up the Heart
[INFO] [stdout] │        7	And putting Love away
[INFO] [stdout] │        8	We shall not want to use again
[INFO] [stdout] │        9	Until Eternity.
[INFO] [stdout] ├── diff: 
[INFO] [stdout] │   --- 	orig
[INFO] [stdout] │   +++ 	var
[INFO] [stdout] │   @@ -0,0 +1,4 @@
[INFO] [stdout] │   +     1	The quick brown fox jumps over the lazy dog
[INFO] [stdout] │   +     1	First line
[INFO] [stdout] │   +     2	Second line
[INFO] [stdout] │   +     3	Third line
[INFO] [stdout] └── var as str:      1	The quick brown fox jumps over the lazy dog
[INFO] [stdout]          1	First line
[INFO] [stdout]          2	Second line
[INFO] [stdout]          3	Third line
[INFO] [stdout]          1	The Bustle in a House
[INFO] [stdout]          2	The Morning after Death
[INFO] [stdout]          3	Is solemnest of industries
[INFO] [stdout]          4	Enacted upon Earth—
[INFO] [stdout]          5	
[INFO] [stdout]          6	The Sweeping up the Heart
[INFO] [stdout]          7	And putting Love away
[INFO] [stdout]          8	We shall not want to use again
[INFO] [stdout]          9	Until Eternity.
[INFO] [stdout] 
[INFO] [stdout] command=`"/opt/rustwide/target/debug/catr" "-n" "tests/inputs/fox.txt" "tests/inputs/spiders.txt" "tests/inputs/the-bustle.txt"`
[INFO] [stdout] code=0
[INFO] [stdout] stdout=```"     1\tThe quick brown fox jumps over the lazy dog\n     1\tFirst line\n     2\tSecond line\n     3\tThird line\n     1\tThe Bustle in a House\n     2\tThe Morning after Death\n     3\tIs solemnest of industries\n     4\tEnacted upon Earth—\n     5\t\n     6\tThe Sweeping up the Heart\n     7\tAnd putting Love away\n     8\tWe shall not want to use again\n     9\tUntil Eternity.\n"```
[INFO] [stdout] stderr=```""```
[INFO] [stdout] 
[INFO] [stdout] stack backtrace:
[INFO] [stdout]    0:     0x6542f704565a - std::backtrace_rs::backtrace::libunwind::trace::h5a5b8284f2d0c266
[INFO] [stdout]                                at /rustc/90b35a6239c3d8bdabc530a6a0816f7ff89a0aaf/library/std/src/../../backtrace/src/backtrace/libunwind.rs:116:5
[INFO] [stdout]    1:     0x6542f704565a - std::backtrace_rs::backtrace::trace_unsynchronized::h76d4f1c9b0b875e3
[INFO] [stdout]                                at /rustc/90b35a6239c3d8bdabc530a6a0816f7ff89a0aaf/library/std/src/../../backtrace/src/backtrace/mod.rs:66:5
[INFO] [stdout]    2:     0x6542f704565a - std::sys::backtrace::_print_fmt::hc4546b8364a537c6
[INFO] [stdout]                                at /rustc/90b35a6239c3d8bdabc530a6a0816f7ff89a0aaf/library/std/src/sys/backtrace.rs:66:9
[INFO] [stdout]    3:     0x6542f704565a - <std::sys::backtrace::BacktraceLock::print::DisplayBacktrace as core::fmt::Display>::fmt::h5b6bd5631a6d1f6b
[INFO] [stdout]                                at /rustc/90b35a6239c3d8bdabc530a6a0816f7ff89a0aaf/library/std/src/sys/backtrace.rs:39:26
[INFO] [stdout]    4:     0x6542f706bba3 - core::fmt::rt::Argument::fmt::h270f6602a2b96f62
[INFO] [stdout]                                at /rustc/90b35a6239c3d8bdabc530a6a0816f7ff89a0aaf/library/core/src/fmt/rt.rs:177:76
[INFO] [stdout]    5:     0x6542f706bba3 - core::fmt::write::h7550c97b06c86515
[INFO] [stdout]                                at /rustc/90b35a6239c3d8bdabc530a6a0816f7ff89a0aaf/library/core/src/fmt/mod.rs:1186:21
[INFO] [stdout]    6:     0x6542f7042173 - std::io::Write::write_fmt::h509ff860e5956e5e
[INFO] [stdout]                                at /rustc/90b35a6239c3d8bdabc530a6a0816f7ff89a0aaf/library/std/src/io/mod.rs:1839:15
[INFO] [stdout]    7:     0x6542f70454a2 - std::sys::backtrace::BacktraceLock::print::h2395ccd2c84ba3aa
[INFO] [stdout]                                at /rustc/90b35a6239c3d8bdabc530a6a0816f7ff89a0aaf/library/std/src/sys/backtrace.rs:42:9
[INFO] [stdout]    8:     0x6542f7046b3a - std::panicking::default_hook::{{closure}}::he19d4c7230e07961
[INFO] [stdout]                                at /rustc/90b35a6239c3d8bdabc530a6a0816f7ff89a0aaf/library/std/src/panicking.rs:268:22
[INFO] [stdout]    9:     0x6542f7046944 - std::panicking::default_hook::hf614597d3c67bbdb
[INFO] [stdout]                                at /rustc/90b35a6239c3d8bdabc530a6a0816f7ff89a0aaf/library/std/src/panicking.rs:292:9
[INFO] [stdout]   10:     0x6542f6fb4239 - <alloc::boxed::Box<F,A> as core::ops::function::Fn<Args>>::call::h39b51ce4599c23d1
[INFO] [stdout]                                at /rustc/90b35a6239c3d8bdabc530a6a0816f7ff89a0aaf/library/alloc/src/boxed.rs:2468:9
[INFO] [stdout]   11:     0x6542f6fb4239 - test::test_main::{{closure}}::he977ae839a582784
[INFO] [stdout]                                at /rustc/90b35a6239c3d8bdabc530a6a0816f7ff89a0aaf/library/test/src/lib.rs:133:21
[INFO] [stdout]   12:     0x6542f70471d8 - <alloc::boxed::Box<F,A> as core::ops::function::Fn<Args>>::call::h9455091b6b06f9fb
[INFO] [stdout]                                at /rustc/90b35a6239c3d8bdabc530a6a0816f7ff89a0aaf/library/alloc/src/boxed.rs:2468:9
[INFO] [stdout]   13:     0x6542f70471d8 - std::panicking::rust_panic_with_hook::h8942133a8b252070
[INFO] [stdout]                                at /rustc/90b35a6239c3d8bdabc530a6a0816f7ff89a0aaf/library/std/src/panicking.rs:809:13
[INFO] [stdout]   14:     0x6542f7046f9a - std::panicking::begin_panic_handler::{{closure}}::hb5f5963570096b29
[INFO] [stdout]                                at /rustc/90b35a6239c3d8bdabc530a6a0816f7ff89a0aaf/library/std/src/panicking.rs:674:13
[INFO] [stdout]   15:     0x6542f7045b39 - std::sys::backtrace::__rust_end_short_backtrace::h6208cedc1922feda
[INFO] [stdout]                                at /rustc/90b35a6239c3d8bdabc530a6a0816f7ff89a0aaf/library/std/src/sys/backtrace.rs:170:18
[INFO] [stdout]   16:     0x6542f7046c2c - rust_begin_unwind
[INFO] [stdout]                                at /rustc/90b35a6239c3d8bdabc530a6a0816f7ff89a0aaf/library/std/src/panicking.rs:665:5
[INFO] [stdout]   17:     0x6542f6f77b00 - core::panicking::panic_fmt::h0c3082644d1bf418
[INFO] [stdout]                                at /rustc/90b35a6239c3d8bdabc530a6a0816f7ff89a0aaf/library/core/src/panicking.rs:74:14
[INFO] [stdout]   18:     0x6542f6fcf733 - core::panicking::panic_display::ha74b450ada7fe26a
[INFO] [stdout]                                at /rustc/90b35a6239c3d8bdabc530a6a0816f7ff89a0aaf/library/core/src/panicking.rs:264:5
[INFO] [stdout]   19:     0x6542f6fd0e3e - assert_cmd::assert::AssertError::panic::h3f7738517f5eea9c
[INFO] [stdout]                                at /opt/rustwide/cargo-home/registry/src/index.crates.io-6f17d22bba15001f/assert_cmd-1.0.8/src/assert.rs:124:9
[INFO] [stdout]   20:     0x6542f6fc5cc0 - core::ops::function::FnOnce::call_once::hfd459435216c2b5e
[INFO] [stdout]                                at /rustc/90b35a6239c3d8bdabc530a6a0816f7ff89a0aaf/library/core/src/ops/function.rs:250:5
[INFO] [stdout]   21:     0x6542f6fc81ff - core::result::Result<T,E>::unwrap_or_else::h2d2c466e01366803
[INFO] [stdout]                                at /rustc/90b35a6239c3d8bdabc530a6a0816f7ff89a0aaf/library/core/src/result.rs:1458:23
[INFO] [stdout]   22:     0x6542f6f78da0 - assert_cmd::assert::Assert::stdout::hb83e76be74dc87d2
[INFO] [stdout]                                at /opt/rustwide/cargo-home/registry/src/index.crates.io-6f17d22bba15001f/assert_cmd-1.0.8/src/assert.rs:451:9
[INFO] [stdout]   23:     0x6542f6f7b6d4 - cli::run::h2bd559e6bc127643
[INFO] [stdout]                                at /opt/rustwide/workdir/tests/cli.rs:9:5
[INFO] [stdout]   24:     0x6542f6f7bede - cli::alln::h9cab437f529db642
[INFO] [stdout]                                at /opt/rustwide/workdir/tests/cli.rs:107:5
[INFO] [stdout]   25:     0x6542f6f7bea7 - cli::alln::{{closure}}::h8b5b284b2428595f
[INFO] [stdout]                                at /opt/rustwide/workdir/tests/cli.rs:106:12
[INFO] [stdout]   26:     0x6542f6f79966 - core::ops::function::FnOnce::call_once::h00683730c62039f0
[INFO] [stdout]                                at /rustc/90b35a6239c3d8bdabc530a6a0816f7ff89a0aaf/library/core/src/ops/function.rs:250:5
[INFO] [stdout]   27:     0x6542f6fb8bfb - core::ops::function::FnOnce::call_once::h109cf8051a59b34e
[INFO] [stdout]                                at /rustc/90b35a6239c3d8bdabc530a6a0816f7ff89a0aaf/library/core/src/ops/function.rs:250:5
[INFO] [stdout]   28:     0x6542f6fb8bfb - test::__rust_begin_short_backtrace::hf4fff89d377446ba
[INFO] [stdout]                                at /rustc/90b35a6239c3d8bdabc530a6a0816f7ff89a0aaf/library/test/src/lib.rs:621:18
[INFO] [stdout]   29:     0x6542f6fb8437 - test::run_test_in_process::{{closure}}::h0e39181dd7ee5a43
[INFO] [stdout]                                at /rustc/90b35a6239c3d8bdabc530a6a0816f7ff89a0aaf/library/test/src/lib.rs:644:60
[INFO] [stdout]   30:     0x6542f6fb8437 - <core::panic::unwind_safe::AssertUnwindSafe<F> as core::ops::function::FnOnce<()>>::call_once::hc5a66a30f0bdfd1f
[INFO] [stdout]                                at /rustc/90b35a6239c3d8bdabc530a6a0816f7ff89a0aaf/library/core/src/panic/unwind_safe.rs:272:9
[INFO] [stdout]   31:     0x6542f6fb8437 - std::panicking::try::do_call::h873b7cf639554a5e
[INFO] [stdout]                                at /rustc/90b35a6239c3d8bdabc530a6a0816f7ff89a0aaf/library/std/src/panicking.rs:557:40
[INFO] [stdout]   32:     0x6542f6fb8437 - std::panicking::try::hdb19862fad9c8bd1
[INFO] [stdout]                                at /rustc/90b35a6239c3d8bdabc530a6a0816f7ff89a0aaf/library/std/src/panicking.rs:520:19
[INFO] [stdout]   33:     0x6542f6fb8437 - std::panic::catch_unwind::h281fe732d236d260
[INFO] [stdout]                                at /rustc/90b35a6239c3d8bdabc530a6a0816f7ff89a0aaf/library/std/src/panic.rs:358:14
[INFO] [stdout]   34:     0x6542f6fb8437 - test::run_test_in_process::h949b6df8457ed338
[INFO] [stdout]                                at /rustc/90b35a6239c3d8bdabc530a6a0816f7ff89a0aaf/library/test/src/lib.rs:644:27
[INFO] [stdout]   35:     0x6542f6fb8437 - test::run_test::{{closure}}::h52c556a6d4740e10
[INFO] [stdout]                                at /rustc/90b35a6239c3d8bdabc530a6a0816f7ff89a0aaf/library/test/src/lib.rs:565:43
[INFO] [stdout]   36:     0x6542f6f7d714 - test::run_test::{{closure}}::h4237f6381c45ccb9
[INFO] [stdout]                                at /rustc/90b35a6239c3d8bdabc530a6a0816f7ff89a0aaf/library/test/src/lib.rs:595:41
[INFO] [stdout]   37:     0x6542f6f7d714 - std::sys::backtrace::__rust_begin_short_backtrace::h505c97a579eca628
[INFO] [stdout]                                at /rustc/90b35a6239c3d8bdabc530a6a0816f7ff89a0aaf/library/std/src/sys/backtrace.rs:154:18
[INFO] [stdout]   38:     0x6542f6f80dde - std::thread::Builder::spawn_unchecked_::{{closure}}::{{closure}}::h9e86b2e2bc107ea3
[INFO] [stdout]                                at /rustc/90b35a6239c3d8bdabc530a6a0816f7ff89a0aaf/library/std/src/thread/mod.rs:538:17
[INFO] [stdout]   39:     0x6542f6f80dde - <core::panic::unwind_safe::AssertUnwindSafe<F> as core::ops::function::FnOnce<()>>::call_once::h8b06ddb275ff4a25
[INFO] [stdout]                                at /rustc/90b35a6239c3d8bdabc530a6a0816f7ff89a0aaf/library/core/src/panic/unwind_safe.rs:272:9
[INFO] [stdout]   40:     0x6542f6f80dde - std::panicking::try::do_call::hb26ecd7cd9a9355d
[INFO] [stdout]                                at /rustc/90b35a6239c3d8bdabc530a6a0816f7ff89a0aaf/library/std/src/panicking.rs:557:40
[INFO] [stdout]   41:     0x6542f6f80dde - std::panicking::try::h8ddeca9d705f9069
[INFO] [stdout]                                at /rustc/90b35a6239c3d8bdabc530a6a0816f7ff89a0aaf/library/std/src/panicking.rs:520:19
[INFO] [stdout]   42:     0x6542f6f80dde - std::panic::catch_unwind::h49e1c33078844c46
[INFO] [stdout]                                at /rustc/90b35a6239c3d8bdabc530a6a0816f7ff89a0aaf/library/std/src/panic.rs:358:14
[INFO] [stdout]   43:     0x6542f6f80dde - std::thread::Builder::spawn_unchecked_::{{closure}}::h6073db6ff56ad35d
[INFO] [stdout]                                at /rustc/90b35a6239c3d8bdabc530a6a0816f7ff89a0aaf/library/std/src/thread/mod.rs:537:30
[INFO] [stdout]   44:     0x6542f6f80dde - core::ops::function::FnOnce::call_once{{vtable.shim}}::h2c5a5f3779c774f1
[INFO] [stdout]                                at /rustc/90b35a6239c3d8bdabc530a6a0816f7ff89a0aaf/library/core/src/ops/function.rs:250:5
[INFO] [stdout]   45:     0x6542f704ba7b - <alloc::boxed::Box<F,A> as core::ops::function::FnOnce<Args>>::call_once::hf75717d9f28faebf
[INFO] [stdout]                                at /rustc/90b35a6239c3d8bdabc530a6a0816f7ff89a0aaf/library/alloc/src/boxed.rs:2454:9
[INFO] [stdout]   46:     0x6542f704ba7b - <alloc::boxed::Box<F,A> as core::ops::function::FnOnce<Args>>::call_once::h7bd883a5f3c5f3c1
[INFO] [stdout]                                at /rustc/90b35a6239c3d8bdabc530a6a0816f7ff89a0aaf/library/alloc/src/boxed.rs:2454:9
[INFO] [stdout]   47:     0x6542f704ba7b - std::sys::pal::unix::thread::Thread::new::thread_start::hcc78f3943333fa94
[INFO] [stdout]                                at /rustc/90b35a6239c3d8bdabc530a6a0816f7ff89a0aaf/library/std/src/sys/pal/unix/thread.rs:105:17
[INFO] [stdout]   48:     0x717f5bb04ac3 - <unknown>
[INFO] [stdout]   49:     0x717f5bb95a04 - clone
[INFO] [stdout]   50:                0x0 - <unknown>
[INFO] [stdout] 
[INFO] [stdout] ---- all stdout ----
[INFO] [stdout] thread 'all' panicked at /opt/rustwide/cargo-home/registry/src/index.crates.io-6f17d22bba15001f/assert_cmd-1.0.8/src/assert.rs:124:9:
[INFO] [stdout] Unexpected stdout, failed diff original var
[INFO] [stdout] ├── original: The Bustle in a House
[INFO] [stdout] │   The Morning after Death
[INFO] [stdout] │   Is solemnest of industries
[INFO] [stdout] │   Enacted upon Earth—
[INFO] [stdout] │   
[INFO] [stdout] │   The Sweeping up the Heart
[INFO] [stdout] │   And putting Love away
[INFO] [stdout] │   We shall not want to use again
[INFO] [stdout] │   Until Eternity.
[INFO] [stdout] ├── diff: 
[INFO] [stdout] │   --- 	orig
[INFO] [stdout] │   +++ 	var
[INFO] [stdout] │   @@ -0,0 +1,4 @@
[INFO] [stdout] │   +The quick brown fox jumps over the lazy dog
[INFO] [stdout] │   +First line
[INFO] [stdout] │   +Second line
[INFO] [stdout] │   +Third line
[INFO] [stdout] └── var as str: The quick brown fox jumps over the lazy dog
[INFO] [stdout]     First line
[INFO] [stdout]     Second line
[INFO] [stdout]     Third line
[INFO] [stdout]     The Bustle in a House
[INFO] [stdout]     The Morning after Death
[INFO] [stdout]     Is solemnest of industries
[INFO] [stdout]     Enacted upon Earth—
[INFO] [stdout]     
[INFO] [stdout]     The Sweeping up the Heart
[INFO] [stdout]     And putting Love away
[INFO] [stdout]     We shall not want to use again
[INFO] [stdout]     Until Eternity.
[INFO] [stdout] 
[INFO] [stdout] command=`"/opt/rustwide/target/debug/catr" "tests/inputs/fox.txt" "tests/inputs/spiders.txt" "tests/inputs/the-bustle.txt"`
[INFO] [stdout] code=0
[INFO] [stdout] stdout=```"The quick brown fox jumps over the lazy dog\nFirst line\nSecond line\nThird line\nThe Bustle in a House\nThe Morning after Death\nIs solemnest of industries\nEnacted upon Earth—\n\nThe Sweeping up the Heart\nAnd putting Love away\nWe shall not want to use again\nUntil Eternity.\n"```
[INFO] [stdout] stderr=```""```
[INFO] [stdout] 
[INFO] [stdout] stack backtrace:
[INFO] [stdout]    0:     0x6542f704565a - std::backtrace_rs::backtrace::libunwind::trace::h5a5b8284f2d0c266
[INFO] [stdout]                                at /rustc/90b35a6239c3d8bdabc530a6a0816f7ff89a0aaf/library/std/src/../../backtrace/src/backtrace/libunwind.rs:116:5
[INFO] [stderr] error: test failed, to rerun pass `--test cli`
[INFO] [stdout]    1:     0x6542f704565a - std::backtrace_rs::backtrace::trace_unsynchronized::h76d4f1c9b0b875e3
[INFO] [stdout]                                at /rustc/90b35a6239c3d8bdabc530a6a0816f7ff89a0aaf/library/std/src/../../backtrace/src/backtrace/mod.rs:66:5
[INFO] [stdout]    2:     0x6542f704565a - std::sys::backtrace::_print_fmt::hc4546b8364a537c6
[INFO] [stdout]                                at /rustc/90b35a6239c3d8bdabc530a6a0816f7ff89a0aaf/library/std/src/sys/backtrace.rs:66:9
[INFO] [stdout]    3:     0x6542f704565a - <std::sys::backtrace::BacktraceLock::print::DisplayBacktrace as core::fmt::Display>::fmt::h5b6bd5631a6d1f6b
[INFO] [stdout]                                at /rustc/90b35a6239c3d8bdabc530a6a0816f7ff89a0aaf/library/std/src/sys/backtrace.rs:39:26
[INFO] [stdout]    4:     0x6542f706bba3 - core::fmt::rt::Argument::fmt::h270f6602a2b96f62
[INFO] [stdout]                                at /rustc/90b35a6239c3d8bdabc530a6a0816f7ff89a0aaf/library/core/src/fmt/rt.rs:177:76
[INFO] [stdout]    5:     0x6542f706bba3 - core::fmt::write::h7550c97b06c86515
[INFO] [stdout]                                at /rustc/90b35a6239c3d8bdabc530a6a0816f7ff89a0aaf/library/core/src/fmt/mod.rs:1186:21
[INFO] [stdout]    6:     0x6542f7042173 - std::io::Write::write_fmt::h509ff860e5956e5e
[INFO] [stdout]                                at /rustc/90b35a6239c3d8bdabc530a6a0816f7ff89a0aaf/library/std/src/io/mod.rs:1839:15
[INFO] [stdout]    7:     0x6542f70454a2 - std::sys::backtrace::BacktraceLock::print::h2395ccd2c84ba3aa
[INFO] [stdout]                                at /rustc/90b35a6239c3d8bdabc530a6a0816f7ff89a0aaf/library/std/src/sys/backtrace.rs:42:9
[INFO] [stdout]    8:     0x6542f7046b3a - std::panicking::default_hook::{{closure}}::he19d4c7230e07961
[INFO] [stdout]                                at /rustc/90b35a6239c3d8bdabc530a6a0816f7ff89a0aaf/library/std/src/panicking.rs:268:22
[INFO] [stdout]    9:     0x6542f7046944 - std::panicking::default_hook::hf614597d3c67bbdb
[INFO] [stdout]                                at /rustc/90b35a6239c3d8bdabc530a6a0816f7ff89a0aaf/library/std/src/panicking.rs:292:9
[INFO] [stdout]   10:     0x6542f6fb4239 - <alloc::boxed::Box<F,A> as core::ops::function::Fn<Args>>::call::h39b51ce4599c23d1
[INFO] [stdout]                                at /rustc/90b35a6239c3d8bdabc530a6a0816f7ff89a0aaf/library/alloc/src/boxed.rs:2468:9
[INFO] [stdout]   11:     0x6542f6fb4239 - test::test_main::{{closure}}::he977ae839a582784
[INFO] [stdout]                                at /rustc/90b35a6239c3d8bdabc530a6a0816f7ff89a0aaf/library/test/src/lib.rs:133:21
[INFO] [stdout]   12:     0x6542f70471d8 - <alloc::boxed::Box<F,A> as core::ops::function::Fn<Args>>::call::h9455091b6b06f9fb
[INFO] [stdout]                                at /rustc/90b35a6239c3d8bdabc530a6a0816f7ff89a0aaf/library/alloc/src/boxed.rs:2468:9
[INFO] [stdout]   13:     0x6542f70471d8 - std::panicking::rust_panic_with_hook::h8942133a8b252070
[INFO] [stdout]                                at /rustc/90b35a6239c3d8bdabc530a6a0816f7ff89a0aaf/library/std/src/panicking.rs:809:13
[INFO] [stdout]   14:     0x6542f7046f9a - std::panicking::begin_panic_handler::{{closure}}::hb5f5963570096b29
[INFO] [stdout]                                at /rustc/90b35a6239c3d8bdabc530a6a0816f7ff89a0aaf/library/std/src/panicking.rs:674:13
[INFO] [stdout]   15:     0x6542f7045b39 - std::sys::backtrace::__rust_end_short_backtrace::h6208cedc1922feda
[INFO] [stdout]                                at /rustc/90b35a6239c3d8bdabc530a6a0816f7ff89a0aaf/library/std/src/sys/backtrace.rs:170:18
[INFO] [stdout]   16:     0x6542f7046c2c - rust_begin_unwind
[INFO] [stdout]                                at /rustc/90b35a6239c3d8bdabc530a6a0816f7ff89a0aaf/library/std/src/panicking.rs:665:5
[INFO] [stdout]   17:     0x6542f6f77b00 - core::panicking::panic_fmt::h0c3082644d1bf418
[INFO] [stdout]                                at /rustc/90b35a6239c3d8bdabc530a6a0816f7ff89a0aaf/library/core/src/panicking.rs:74:14
[INFO] [stdout]   18:     0x6542f6fcf733 - core::panicking::panic_display::ha74b450ada7fe26a
[INFO] [stdout]                                at /rustc/90b35a6239c3d8bdabc530a6a0816f7ff89a0aaf/library/core/src/panicking.rs:264:5
[INFO] [stdout]   19:     0x6542f6fd0e3e - assert_cmd::assert::AssertError::panic::h3f7738517f5eea9c
[INFO] [stdout]                                at /opt/rustwide/cargo-home/registry/src/index.crates.io-6f17d22bba15001f/assert_cmd-1.0.8/src/assert.rs:124:9
[INFO] [stdout]   20:     0x6542f6fc5cc0 - core::ops::function::FnOnce::call_once::hfd459435216c2b5e
[INFO] [stdout]                                at /rustc/90b35a6239c3d8bdabc530a6a0816f7ff89a0aaf/library/core/src/ops/function.rs:250:5
[INFO] [stdout]   21:     0x6542f6fc81ff - core::result::Result<T,E>::unwrap_or_else::h2d2c466e01366803
[INFO] [stdout]                                at /rustc/90b35a6239c3d8bdabc530a6a0816f7ff89a0aaf/library/core/src/result.rs:1458:23
[INFO] [stdout]   22:     0x6542f6f78da0 - assert_cmd::assert::Assert::stdout::hb83e76be74dc87d2
[INFO] [stdout]                                at /opt/rustwide/cargo-home/registry/src/index.crates.io-6f17d22bba15001f/assert_cmd-1.0.8/src/assert.rs:451:9
[INFO] [stdout]   23:     0x6542f6f7b6d4 - cli::run::h2bd559e6bc127643
[INFO] [stdout]                                at /opt/rustwide/workdir/tests/cli.rs:9:5
[INFO] [stdout]   24:     0x6542f6f7be8e - cli::all::hd5c741806a73014f
[INFO] [stdout]                                at /opt/rustwide/workdir/tests/cli.rs:102:5
[INFO] [stdout]   25:     0x6542f6f7be57 - cli::all::{{closure}}::hd44b6216fcfdac48
[INFO] [stdout]                                at /opt/rustwide/workdir/tests/cli.rs:101:11
[INFO] [stdout]   26:     0x6542f6f79ae6 - core::ops::function::FnOnce::call_once::h14e7fd27e25d8bfc
[INFO] [stdout]                                at /rustc/90b35a6239c3d8bdabc530a6a0816f7ff89a0aaf/library/core/src/ops/function.rs:250:5
[INFO] [stdout]   27:     0x6542f6fb8bfb - core::ops::function::FnOnce::call_once::h109cf8051a59b34e
[INFO] [stdout]                                at /rustc/90b35a6239c3d8bdabc530a6a0816f7ff89a0aaf/library/core/src/ops/function.rs:250:5
[INFO] [stdout]   28:     0x6542f6fb8bfb - test::__rust_begin_short_backtrace::hf4fff89d377446ba
[INFO] [stdout]                                at /rustc/90b35a6239c3d8bdabc530a6a0816f7ff89a0aaf/library/test/src/lib.rs:621:18
[INFO] [stdout]   29:     0x6542f6fb8437 - test::run_test_in_process::{{closure}}::h0e39181dd7ee5a43
[INFO] [stdout]                                at /rustc/90b35a6239c3d8bdabc530a6a0816f7ff89a0aaf/library/test/src/lib.rs:644:60
[INFO] [stdout]   30:     0x6542f6fb8437 - <core::panic::unwind_safe::AssertUnwindSafe<F> as core::ops::function::FnOnce<()>>::call_once::hc5a66a30f0bdfd1f
[INFO] [stdout]                                at /rustc/90b35a6239c3d8bdabc530a6a0816f7ff89a0aaf/library/core/src/panic/unwind_safe.rs:272:9
[INFO] [stdout]   31:     0x6542f6fb8437 - std::panicking::try::do_call::h873b7cf639554a5e
[INFO] [stdout]                                at /rustc/90b35a6239c3d8bdabc530a6a0816f7ff89a0aaf/library/std/src/panicking.rs:557:40
[INFO] [stdout]   32:     0x6542f6fb8437 - std::panicking::try::hdb19862fad9c8bd1
[INFO] [stdout]                                at /rustc/90b35a6239c3d8bdabc530a6a0816f7ff89a0aaf/library/std/src/panicking.rs:520:19
[INFO] [stdout]   33:     0x6542f6fb8437 - std::panic::catch_unwind::h281fe732d236d260
[INFO] [stdout]                                at /rustc/90b35a6239c3d8bdabc530a6a0816f7ff89a0aaf/library/std/src/panic.rs:358:14
[INFO] [stdout]   34:     0x6542f6fb8437 - test::run_test_in_process::h949b6df8457ed338
[INFO] [stdout]                                at /rustc/90b35a6239c3d8bdabc530a6a0816f7ff89a0aaf/library/test/src/lib.rs:644:27
[INFO] [stdout]   35:     0x6542f6fb8437 - test::run_test::{{closure}}::h52c556a6d4740e10
[INFO] [stdout]                                at /rustc/90b35a6239c3d8bdabc530a6a0816f7ff89a0aaf/library/test/src/lib.rs:565:43
[INFO] [stdout]   36:     0x6542f6f7d714 - test::run_test::{{closure}}::h4237f6381c45ccb9
[INFO] [stdout]                                at /rustc/90b35a6239c3d8bdabc530a6a0816f7ff89a0aaf/library/test/src/lib.rs:595:41
[INFO] [stdout]   37:     0x6542f6f7d714 - std::sys::backtrace::__rust_begin_short_backtrace::h505c97a579eca628
[INFO] [stdout]                                at /rustc/90b35a6239c3d8bdabc530a6a0816f7ff89a0aaf/library/std/src/sys/backtrace.rs:154:18
[INFO] [stdout]   38:     0x6542f6f80dde - std::thread::Builder::spawn_unchecked_::{{closure}}::{{closure}}::h9e86b2e2bc107ea3
[INFO] [stdout]                                at /rustc/90b35a6239c3d8bdabc530a6a0816f7ff89a0aaf/library/std/src/thread/mod.rs:538:17
[INFO] [stdout]   39:     0x6542f6f80dde - <core::panic::unwind_safe::AssertUnwindSafe<F> as core::ops::function::FnOnce<()>>::call_once::h8b06ddb275ff4a25
[INFO] [stdout]                                at /rustc/90b35a6239c3d8bdabc530a6a0816f7ff89a0aaf/library/core/src/panic/unwind_safe.rs:272:9
[INFO] [stdout]   40:     0x6542f6f80dde - std::panicking::try::do_call::hb26ecd7cd9a9355d
[INFO] [stdout]                                at /rustc/90b35a6239c3d8bdabc530a6a0816f7ff89a0aaf/library/std/src/panicking.rs:557:40
[INFO] [stdout]   41:     0x6542f6f80dde - std::panicking::try::h8ddeca9d705f9069
[INFO] [stdout]                                at /rustc/90b35a6239c3d8bdabc530a6a0816f7ff89a0aaf/library/std/src/panicking.rs:520:19
[INFO] [stdout]   42:     0x6542f6f80dde - std::panic::catch_unwind::h49e1c33078844c46
[INFO] [stdout]                                at /rustc/90b35a6239c3d8bdabc530a6a0816f7ff89a0aaf/library/std/src/panic.rs:358:14
[INFO] [stdout]   43:     0x6542f6f80dde - std::thread::Builder::spawn_unchecked_::{{closure}}::h6073db6ff56ad35d
[INFO] [stdout]                                at /rustc/90b35a6239c3d8bdabc530a6a0816f7ff89a0aaf/library/std/src/thread/mod.rs:537:30
[INFO] [stdout]   44:     0x6542f6f80dde - core::ops::function::FnOnce::call_once{{vtable.shim}}::h2c5a5f3779c774f1
[INFO] [stdout]                                at /rustc/90b35a6239c3d8bdabc530a6a0816f7ff89a0aaf/library/core/src/ops/function.rs:250:5
[INFO] [stdout]   45:     0x6542f704ba7b - <alloc::boxed::Box<F,A> as core::ops::function::FnOnce<Args>>::call_once::hf75717d9f28faebf
[INFO] [stdout]                                at /rustc/90b35a6239c3d8bdabc530a6a0816f7ff89a0aaf/library/alloc/src/boxed.rs:2454:9
[INFO] [stdout]   46:     0x6542f704ba7b - <alloc::boxed::Box<F,A> as core::ops::function::FnOnce<Args>>::call_once::h7bd883a5f3c5f3c1
[INFO] [stdout]                                at /rustc/90b35a6239c3d8bdabc530a6a0816f7ff89a0aaf/library/alloc/src/boxed.rs:2454:9
[INFO] [stdout]   47:     0x6542f704ba7b - std::sys::pal::unix::thread::Thread::new::thread_start::hcc78f3943333fa94
[INFO] [stdout]                                at /rustc/90b35a6239c3d8bdabc530a6a0816f7ff89a0aaf/library/std/src/sys/pal/unix/thread.rs:105:17
[INFO] [stdout]   48:     0x717f5bb04ac3 - <unknown>
[INFO] [stdout]   49:     0x717f5bb95a04 - clone
[INFO] [stdout]   50:                0x0 - <unknown>
[INFO] [stdout] 
[INFO] [stdout] ---- allb stdout ----
[INFO] [stdout] thread 'allb' panicked at /opt/rustwide/cargo-home/registry/src/index.crates.io-6f17d22bba15001f/assert_cmd-1.0.8/src/assert.rs:124:9:
[INFO] [stdout] Unexpected stdout, failed diff original var
[INFO] [stdout] ├── original:      1	The Bustle in a House
[INFO] [stdout] │        2	The Morning after Death
[INFO] [stdout] │        3	Is solemnest of industries
[INFO] [stdout] │        4	Enacted upon Earth—
[INFO] [stdout] │   
[INFO] [stdout] │        5	The Sweeping up the Heart
[INFO] [stdout] │        6	And putting Love away
[INFO] [stdout] │        7	We shall not want to use again
[INFO] [stdout] │        8	Until Eternity.
[INFO] [stdout] ├── diff: 
[INFO] [stdout] │   --- 	orig
[INFO] [stdout] │   +++ 	var
[INFO] [stdout] │   @@ -0,0 +1,4 @@
[INFO] [stdout] │   +     1	The quick brown fox jumps over the lazy dog
[INFO] [stdout] │   +     1	First line
[INFO] [stdout] │   +     2	Second line
[INFO] [stdout] │   +     3	Third line
[INFO] [stdout] └── var as str:      1	The quick brown fox jumps over the lazy dog
[INFO] [stdout]          1	First line
[INFO] [stdout]          2	Second line
[INFO] [stdout]          3	Third line
[INFO] [stdout]          1	The Bustle in a House
[INFO] [stdout]          2	The Morning after Death
[INFO] [stdout]          3	Is solemnest of industries
[INFO] [stdout]          4	Enacted upon Earth—
[INFO] [stdout]     
[INFO] [stdout]          5	The Sweeping up the Heart
[INFO] [stdout]          6	And putting Love away
[INFO] [stdout]          7	We shall not want to use again
[INFO] [stdout]          8	Until Eternity.
[INFO] [stdout] 
[INFO] [stdout] command=`"/opt/rustwide/target/debug/catr" "-b" "tests/inputs/fox.txt" "tests/inputs/spiders.txt" "tests/inputs/the-bustle.txt"`
[INFO] [stdout] code=0
[INFO] [stdout] stdout=```"     1\tThe quick brown fox jumps over the lazy dog\n     1\tFirst line\n     2\tSecond line\n     3\tThird line\n     1\tThe Bustle in a House\n     2\tThe Morning after Death\n     3\tIs solemnest of industries\n     4\tEnacted upon Earth—\n\n     5\tThe Sweeping up the Heart\n     6\tAnd putting Love away\n     7\tWe shall not want to use again\n     8\tUntil Eternity.\n"```
[INFO] [stdout] stderr=```""```
[INFO] [stdout] 
[INFO] [stdout] stack backtrace:
[INFO] [stdout]    0:     0x6542f704565a - std::backtrace_rs::backtrace::libunwind::trace::h5a5b8284f2d0c266
[INFO] [stdout]                                at /rustc/90b35a6239c3d8bdabc530a6a0816f7ff89a0aaf/library/std/src/../../backtrace/src/backtrace/libunwind.rs:116:5
[INFO] [stdout]    1:     0x6542f704565a - std::backtrace_rs::backtrace::trace_unsynchronized::h76d4f1c9b0b875e3
[INFO] [stdout]                                at /rustc/90b35a6239c3d8bdabc530a6a0816f7ff89a0aaf/library/std/src/../../backtrace/src/backtrace/mod.rs:66:5
[INFO] [stdout]    2:     0x6542f704565a - std::sys::backtrace::_print_fmt::hc4546b8364a537c6
[INFO] [stdout]                                at /rustc/90b35a6239c3d8bdabc530a6a0816f7ff89a0aaf/library/std/src/sys/backtrace.rs:66:9
[INFO] [stdout]    3:     0x6542f704565a - <std::sys::backtrace::BacktraceLock::print::DisplayBacktrace as core::fmt::Display>::fmt::h5b6bd5631a6d1f6b
[INFO] [stdout]                                at /rustc/90b35a6239c3d8bdabc530a6a0816f7ff89a0aaf/library/std/src/sys/backtrace.rs:39:26
[INFO] [stdout]    4:     0x6542f706bba3 - core::fmt::rt::Argument::fmt::h270f6602a2b96f62
[INFO] [stdout]                                at /rustc/90b35a6239c3d8bdabc530a6a0816f7ff89a0aaf/library/core/src/fmt/rt.rs:177:76
[INFO] [stdout]    5:     0x6542f706bba3 - core::fmt::write::h7550c97b06c86515
[INFO] [stdout]                                at /rustc/90b35a6239c3d8bdabc530a6a0816f7ff89a0aaf/library/core/src/fmt/mod.rs:1186:21
[INFO] [stdout]    6:     0x6542f7042173 - std::io::Write::write_fmt::h509ff860e5956e5e
[INFO] [stdout]                                at /rustc/90b35a6239c3d8bdabc530a6a0816f7ff89a0aaf/library/std/src/io/mod.rs:1839:15
[INFO] [stdout]    7:     0x6542f70454a2 - std::sys::backtrace::BacktraceLock::print::h2395ccd2c84ba3aa
[INFO] [stdout]                                at /rustc/90b35a6239c3d8bdabc530a6a0816f7ff89a0aaf/library/std/src/sys/backtrace.rs:42:9
[INFO] [stdout]    8:     0x6542f7046b3a - std::panicking::default_hook::{{closure}}::he19d4c7230e07961
[INFO] [stdout]                                at /rustc/90b35a6239c3d8bdabc530a6a0816f7ff89a0aaf/library/std/src/panicking.rs:268:22
[INFO] [stdout]    9:     0x6542f7046944 - std::panicking::default_hook::hf614597d3c67bbdb
[INFO] [stdout]                                at /rustc/90b35a6239c3d8bdabc530a6a0816f7ff89a0aaf/library/std/src/panicking.rs:292:9
[INFO] [stdout]   10:     0x6542f6fb4239 - <alloc::boxed::Box<F,A> as core::ops::function::Fn<Args>>::call::h39b51ce4599c23d1
[INFO] [stdout]                                at /rustc/90b35a6239c3d8bdabc530a6a0816f7ff89a0aaf/library/alloc/src/boxed.rs:2468:9
[INFO] [stdout]   11:     0x6542f6fb4239 - test::test_main::{{closure}}::he977ae839a582784
[INFO] [stdout]                                at /rustc/90b35a6239c3d8bdabc530a6a0816f7ff89a0aaf/library/test/src/lib.rs:133:21
[INFO] [stdout]   12:     0x6542f70471d8 - <alloc::boxed::Box<F,A> as core::ops::function::Fn<Args>>::call::h9455091b6b06f9fb
[INFO] [stdout]                                at /rustc/90b35a6239c3d8bdabc530a6a0816f7ff89a0aaf/library/alloc/src/boxed.rs:2468:9
[INFO] [stdout]   13:     0x6542f70471d8 - std::panicking::rust_panic_with_hook::h8942133a8b252070
[INFO] [stdout]                                at /rustc/90b35a6239c3d8bdabc530a6a0816f7ff89a0aaf/library/std/src/panicking.rs:809:13
[INFO] [stdout]   14:     0x6542f7046f9a - std::panicking::begin_panic_handler::{{closure}}::hb5f5963570096b29
[INFO] [stdout]                                at /rustc/90b35a6239c3d8bdabc530a6a0816f7ff89a0aaf/library/std/src/panicking.rs:674:13
[INFO] [stdout]   15:     0x6542f7045b39 - std::sys::backtrace::__rust_end_short_backtrace::h6208cedc1922feda
[INFO] [stdout]                                at /rustc/90b35a6239c3d8bdabc530a6a0816f7ff89a0aaf/library/std/src/sys/backtrace.rs:170:18
[INFO] [stdout]   16:     0x6542f7046c2c - rust_begin_unwind
[INFO] [stdout]                                at /rustc/90b35a6239c3d8bdabc530a6a0816f7ff89a0aaf/library/std/src/panicking.rs:665:5
[INFO] [stdout]   17:     0x6542f6f77b00 - core::panicking::panic_fmt::h0c3082644d1bf418
[INFO] [stdout]                                at /rustc/90b35a6239c3d8bdabc530a6a0816f7ff89a0aaf/library/core/src/panicking.rs:74:14
[INFO] [stdout]   18:     0x6542f6fcf733 - core::panicking::panic_display::ha74b450ada7fe26a
[INFO] [stdout]                                at /rustc/90b35a6239c3d8bdabc530a6a0816f7ff89a0aaf/library/core/src/panicking.rs:264:5
[INFO] [stdout]   19:     0x6542f6fd0e3e - assert_cmd::assert::AssertError::panic::h3f7738517f5eea9c
[INFO] [stdout]                                at /opt/rustwide/cargo-home/registry/src/index.crates.io-6f17d22bba15001f/assert_cmd-1.0.8/src/assert.rs:124:9
[INFO] [stdout]   20:     0x6542f6fc5cc0 - core::ops::function::FnOnce::call_once::hfd459435216c2b5e
[INFO] [stdout]                                at /rustc/90b35a6239c3d8bdabc530a6a0816f7ff89a0aaf/library/core/src/ops/function.rs:250:5
[INFO] [stdout]   21:     0x6542f6fc81ff - core::result::Result<T,E>::unwrap_or_else::h2d2c466e01366803
[INFO] [stdout]                                at /rustc/90b35a6239c3d8bdabc530a6a0816f7ff89a0aaf/library/core/src/result.rs:1458:23
[INFO] [stdout]   22:     0x6542f6f78da0 - assert_cmd::assert::Assert::stdout::hb83e76be74dc87d2
[INFO] [stdout]                                at /opt/rustwide/cargo-home/registry/src/index.crates.io-6f17d22bba15001f/assert_cmd-1.0.8/src/assert.rs:451:9
[INFO] [stdout]   23:     0x6542f6f7b6d4 - cli::run::h2bd559e6bc127643
[INFO] [stdout]                                at /opt/rustwide/workdir/tests/cli.rs:9:5
[INFO] [stdout]   24:     0x6542f6f7bf2e - cli::allb::hb4f95457c386b00d
[INFO] [stdout]                                at /opt/rustwide/workdir/tests/cli.rs:112:5
[INFO] [stdout]   25:     0x6542f6f7bef7 - cli::allb::{{closure}}::h83da52d15fb2057d
[INFO] [stdout]                                at /opt/rustwide/workdir/tests/cli.rs:111:12
[INFO] [stdout]   26:     0x6542f6f79b26 - core::ops::function::FnOnce::call_once::h18344b4e3fb9f471
[INFO] [stdout]                                at /rustc/90b35a6239c3d8bdabc530a6a0816f7ff89a0aaf/library/core/src/ops/function.rs:250:5
[INFO] [stdout]   27:     0x6542f6fb8bfb - core::ops::function::FnOnce::call_once::h109cf8051a59b34e
[INFO] [stdout]                                at /rustc/90b35a6239c3d8bdabc530a6a0816f7ff89a0aaf/library/core/src/ops/function.rs:250:5
[INFO] [stdout]   28:     0x6542f6fb8bfb - test::__rust_begin_short_backtrace::hf4fff89d377446ba
[INFO] [stdout]                                at /rustc/90b35a6239c3d8bdabc530a6a0816f7ff89a0aaf/library/test/src/lib.rs:621:18
[INFO] [stdout]   29:     0x6542f6fb8437 - test::run_test_in_process::{{closure}}::h0e39181dd7ee5a43
[INFO] [stdout]                                at /rustc/90b35a6239c3d8bdabc530a6a0816f7ff89a0aaf/library/test/src/lib.rs:644:60
[INFO] [stdout]   30:     0x6542f6fb8437 - <core::panic::unwind_safe::AssertUnwindSafe<F> as core::ops::function::FnOnce<()>>::call_once::hc5a66a30f0bdfd1f
[INFO] [stdout]                                at /rustc/90b35a6239c3d8bdabc530a6a0816f7ff89a0aaf/library/core/src/panic/unwind_safe.rs:272:9
[INFO] [stdout]   31:     0x6542f6fb8437 - std::panicking::try::do_call::h873b7cf639554a5e
[INFO] [stdout]                                at /rustc/90b35a6239c3d8bdabc530a6a0816f7ff89a0aaf/library/std/src/panicking.rs:557:40
[INFO] [stdout]   32:     0x6542f6fb8437 - std::panicking::try::hdb19862fad9c8bd1
[INFO] [stdout]                                at /rustc/90b35a6239c3d8bdabc530a6a0816f7ff89a0aaf/library/std/src/panicking.rs:520:19
[INFO] [stdout]   33:     0x6542f6fb8437 - std::panic::catch_unwind::h281fe732d236d260
[INFO] [stdout]                                at /rustc/90b35a6239c3d8bdabc530a6a0816f7ff89a0aaf/library/std/src/panic.rs:358:14
[INFO] [stdout]   34:     0x6542f6fb8437 - test::run_test_in_process::h949b6df8457ed338
[INFO] [stdout]                                at /rustc/90b35a6239c3d8bdabc530a6a0816f7ff89a0aaf/library/test/src/lib.rs:644:27
[INFO] [stdout]   35:     0x6542f6fb8437 - test::run_test::{{closure}}::h52c556a6d4740e10
[INFO] [stdout]                                at /rustc/90b35a6239c3d8bdabc530a6a0816f7ff89a0aaf/library/test/src/lib.rs:565:43
[INFO] [stdout]   36:     0x6542f6f7d714 - test::run_test::{{closure}}::h4237f6381c45ccb9
[INFO] [stdout]                                at /rustc/90b35a6239c3d8bdabc530a6a0816f7ff89a0aaf/library/test/src/lib.rs:595:41
[INFO] [stdout]   37:     0x6542f6f7d714 - std::sys::backtrace::__rust_begin_short_backtrace::h505c97a579eca628
[INFO] [stdout]                                at /rustc/90b35a6239c3d8bdabc530a6a0816f7ff89a0aaf/library/std/src/sys/backtrace.rs:154:18
[INFO] [stdout]   38:     0x6542f6f80dde - std::thread::Builder::spawn_unchecked_::{{closure}}::{{closure}}::h9e86b2e2bc107ea3
[INFO] [stdout]                                at /rustc/90b35a6239c3d8bdabc530a6a0816f7ff89a0aaf/library/std/src/thread/mod.rs:538:17
[INFO] [stdout]   39:     0x6542f6f80dde - <core::panic::unwind_safe::AssertUnwindSafe<F> as core::ops::function::FnOnce<()>>::call_once::h8b06ddb275ff4a25
[INFO] [stdout]                                at /rustc/90b35a6239c3d8bdabc530a6a0816f7ff89a0aaf/library/core/src/panic/unwind_safe.rs:272:9
[INFO] [stdout]   40:     0x6542f6f80dde - std::panicking::try::do_call::hb26ecd7cd9a9355d
[INFO] [stdout]                                at /rustc/90b35a6239c3d8bdabc530a6a0816f7ff89a0aaf/library/std/src/panicking.rs:557:40
[INFO] [stdout]   41:     0x6542f6f80dde - std::panicking::try::h8ddeca9d705f9069
[INFO] [stdout]                                at /rustc/90b35a6239c3d8bdabc530a6a0816f7ff89a0aaf/library/std/src/panicking.rs:520:19
[INFO] [stdout]   42:     0x6542f6f80dde - std::panic::catch_unwind::h49e1c33078844c46
[INFO] [stdout]                                at /rustc/90b35a6239c3d8bdabc530a6a0816f7ff89a0aaf/library/std/src/panic.rs:358:14
[INFO] [stdout]   43:     0x6542f6f80dde - std::thread::Builder::spawn_unchecked_::{{closure}}::h6073db6ff56ad35d
[INFO] [stdout]                                at /rustc/90b35a6239c3d8bdabc530a6a0816f7ff89a0aaf/library/std/src/thread/mod.rs:537:30
[INFO] [stdout]   44:     0x6542f6f80dde - core::ops::function::FnOnce::call_once{{vtable.shim}}::h2c5a5f3779c774f1
[INFO] [stdout]                                at /rustc/90b35a6239c3d8bdabc530a6a0816f7ff89a0aaf/library/core/src/ops/function.rs:250:5
[INFO] [stdout]   45:     0x6542f704ba7b - <alloc::boxed::Box<F,A> as core::ops::function::FnOnce<Args>>::call_once::hf75717d9f28faebf
[INFO] [stdout]                                at /rustc/90b35a6239c3d8bdabc530a6a0816f7ff89a0aaf/library/alloc/src/boxed.rs:2454:9
[INFO] [stdout]   46:     0x6542f704ba7b - <alloc::boxed::Box<F,A> as core::ops::function::FnOnce<Args>>::call_once::h7bd883a5f3c5f3c1
[INFO] [stdout]                                at /rustc/90b35a6239c3d8bdabc530a6a0816f7ff89a0aaf/library/alloc/src/boxed.rs:2454:9
[INFO] [stdout]   47:     0x6542f704ba7b - std::sys::pal::unix::thread::Thread::new::thread_start::hcc78f3943333fa94
[INFO] [stdout]                                at /rustc/90b35a6239c3d8bdabc530a6a0816f7ff89a0aaf/library/std/src/sys/pal/unix/thread.rs:105:17
[INFO] [stdout]   48:     0x717f5bb04ac3 - <unknown>
[INFO] [stdout]   49:     0x717f5bb95a04 - clone
[INFO] [stdout]   50:                0x0 - <unknown>
[INFO] [stdout] 
[INFO] [stdout] 
[INFO] [stdout] failures:
[INFO] [stdout]     all
[INFO] [stdout]     allb
[INFO] [stdout]     alln
[INFO] [stdout]     skips_bad_file
[INFO] [stdout] 
[INFO] [stdout] test result: FAILED. 13 passed; 4 failed; 0 ignored; 0 measured; 0 filtered out; finished in 0.10s
[INFO] [stdout] 
[INFO] running `Command { std: "docker" "inspect" "562cced154edf2bf285071850b765a456044ad3f493ed5049bc2194e61e3a47a", kill_on_drop: false }`
[INFO] running `Command { std: "docker" "rm" "-f" "562cced154edf2bf285071850b765a456044ad3f493ed5049bc2194e61e3a47a", kill_on_drop: false }`
[INFO] [stdout] 562cced154edf2bf285071850b765a456044ad3f493ed5049bc2194e61e3a47a
