[INFO] cloning repository https://github.com/Pretty-Good-RISC-V/dolly
[INFO] running `Command { std: "git" "-c" "credential.helper=" "-c" "credential.helper=/workspace/cargo-home/bin/git-credential-null" "clone" "--bare" "https://github.com/Pretty-Good-RISC-V/dolly" "/workspace/cache/git-repos/https%3A%2F%2Fgithub.com%2FPretty-Good-RISC-V%2Fdolly", kill_on_drop: false }`
[INFO] [stderr] Cloning into bare repository '/workspace/cache/git-repos/https%3A%2F%2Fgithub.com%2FPretty-Good-RISC-V%2Fdolly'...
[INFO] running `Command { std: "git" "rev-parse" "HEAD", kill_on_drop: false }`
[INFO] [stdout] 9eb9784c278938cd51f4d1ed91963c4edef57248
[INFO] testing Pretty-Good-RISC-V/dolly against beta-2024-12-08 for beta-1.84.0-4-retry
[INFO] running `Command { std: "git" "clone" "/workspace/cache/git-repos/https%3A%2F%2Fgithub.com%2FPretty-Good-RISC-V%2Fdolly" "/workspace/builds/worker-6-tc2/source", kill_on_drop: false }`
[INFO] [stderr] Cloning into '/workspace/builds/worker-6-tc2/source'...
[INFO] [stderr] done.
[INFO] validating manifest of git repo https://github.com/Pretty-Good-RISC-V/dolly on toolchain beta-2024-12-08
[INFO] running `Command { std: CARGO_HOME="/workspace/cargo-home" RUSTUP_HOME="/workspace/rustup-home" "/workspace/cargo-home/bin/cargo" "+beta-2024-12-08" "metadata" "--manifest-path" "Cargo.toml" "--no-deps", kill_on_drop: false }`
[INFO] started tweaking git repo https://github.com/Pretty-Good-RISC-V/dolly
[INFO] finished tweaking git repo https://github.com/Pretty-Good-RISC-V/dolly
[INFO] tweaked toml for git repo https://github.com/Pretty-Good-RISC-V/dolly written to /workspace/builds/worker-6-tc2/source/Cargo.toml
[INFO] crate git repo https://github.com/Pretty-Good-RISC-V/dolly already has a lockfile, it will not be regenerated
[INFO] running `Command { std: CARGO_HOME="/workspace/cargo-home" RUSTUP_HOME="/workspace/rustup-home" "/workspace/cargo-home/bin/cargo" "+beta-2024-12-08" "fetch" "--manifest-path" "Cargo.toml", kill_on_drop: false }`
[INFO] running `Command { std: "docker" "create" "-v" "/var/lib/crater-agent-workspace/builds/worker-6-tc2/target:/opt/rustwide/target:rw,Z" "-v" "/var/lib/crater-agent-workspace/builds/worker-6-tc2/source:/opt/rustwide/workdir:ro,Z" "-v" "/var/lib/crater-agent-workspace/cargo-home:/opt/rustwide/cargo-home:ro,Z" "-v" "/var/lib/crater-agent-workspace/rustup-home:/opt/rustwide/rustup-home:ro,Z" "-e" "SOURCE_DIR=/opt/rustwide/workdir" "-e" "CARGO_TARGET_DIR=/opt/rustwide/target" "-e" "CARGO_HOME=/opt/rustwide/cargo-home" "-e" "RUSTUP_HOME=/opt/rustwide/rustup-home" "-w" "/opt/rustwide/workdir" "-m" "1610612736" "--user" "0:0" "--network" "none" "ghcr.io/rust-lang/crates-build-env/linux@sha256:f3a9d4ad9d972b27faf3965f35b62e55ba32bbce8f20bc8fe909558a86702fde" "/opt/rustwide/cargo-home/bin/cargo" "+beta-2024-12-08" "metadata" "--no-deps" "--format-version=1", kill_on_drop: false }`
[INFO] [stdout] 3fcadf7ef9c1b5942df25d535c5f05334354e7f6e2c4bba382f82ee5d533dde4
[INFO] running `Command { std: "docker" "start" "-a" "3fcadf7ef9c1b5942df25d535c5f05334354e7f6e2c4bba382f82ee5d533dde4", kill_on_drop: false }`
[INFO] running `Command { std: "docker" "inspect" "3fcadf7ef9c1b5942df25d535c5f05334354e7f6e2c4bba382f82ee5d533dde4", kill_on_drop: false }`
[INFO] running `Command { std: "docker" "rm" "-f" "3fcadf7ef9c1b5942df25d535c5f05334354e7f6e2c4bba382f82ee5d533dde4", kill_on_drop: false }`
[INFO] [stdout] 3fcadf7ef9c1b5942df25d535c5f05334354e7f6e2c4bba382f82ee5d533dde4
[INFO] running `Command { std: "docker" "create" "-v" "/var/lib/crater-agent-workspace/builds/worker-6-tc2/target:/opt/rustwide/target:rw,Z" "-v" "/var/lib/crater-agent-workspace/builds/worker-6-tc2/source:/opt/rustwide/workdir:ro,Z" "-v" "/var/lib/crater-agent-workspace/cargo-home:/opt/rustwide/cargo-home:ro,Z" "-v" "/var/lib/crater-agent-workspace/rustup-home:/opt/rustwide/rustup-home:ro,Z" "-e" "SOURCE_DIR=/opt/rustwide/workdir" "-e" "CARGO_TARGET_DIR=/opt/rustwide/target" "-e" "CARGO_INCREMENTAL=0" "-e" "RUST_BACKTRACE=full" "-e" "RUSTFLAGS=--cap-lints=warn" "-e" "RUSTDOCFLAGS=--cap-lints=warn" "-e" "CARGO_HOME=/opt/rustwide/cargo-home" "-e" "RUSTUP_HOME=/opt/rustwide/rustup-home" "-w" "/opt/rustwide/workdir" "-m" "1610612736" "--user" "0:0" "--network" "none" "ghcr.io/rust-lang/crates-build-env/linux@sha256:f3a9d4ad9d972b27faf3965f35b62e55ba32bbce8f20bc8fe909558a86702fde" "/opt/rustwide/cargo-home/bin/cargo" "+beta-2024-12-08" "build" "--frozen" "--message-format=json", kill_on_drop: false }`
[INFO] [stdout] 2024421a2dd82b228cb793e5ddaa8464068a7371a1eba7801a8393a79fcb521c
[INFO] running `Command { std: "docker" "start" "-a" "2024421a2dd82b228cb793e5ddaa8464068a7371a1eba7801a8393a79fcb521c", kill_on_drop: false }`
[INFO] [stderr]    Compiling proc-macro2 v1.0.51
[INFO] [stderr]    Compiling unicode-ident v1.0.6
[INFO] [stderr]    Compiling quote v1.0.23
[INFO] [stderr]    Compiling syn v1.0.107
[INFO] [stderr]    Compiling libc v0.2.139
[INFO] [stderr]    Compiling io-lifetimes v1.0.5
[INFO] [stderr]    Compiling serde_derive v1.0.152
[INFO] [stderr]    Compiling rustix v0.36.8
[INFO] [stderr]    Compiling memchr v2.5.0
[INFO] [stderr]    Compiling serde v1.0.152
[INFO] [stderr]    Compiling linux-raw-sys v0.1.4
[INFO] [stderr]    Compiling log v0.4.17
[INFO] [stderr]    Compiling equivalent v1.0.1
[INFO] [stderr]    Compiling regex-syntax v0.6.28
[INFO] [stderr]    Compiling proc-macro-error-attr v1.0.4
[INFO] [stderr]    Compiling proc-macro-error v1.0.4
[INFO] [stderr]    Compiling hashbrown v0.14.3
[INFO] [stderr]    Compiling termcolor v1.2.0
[INFO] [stderr]    Compiling heck v0.4.1
[INFO] [stderr]    Compiling os_str_bytes v6.4.1
[INFO] [stderr]    Compiling humantime v2.1.0
[INFO] [stderr]    Compiling winnow v0.5.34
[INFO] [stderr]    Compiling strsim v0.10.0
[INFO] [stderr]    Compiling unicode-segmentation v1.10.1
[INFO] [stderr]    Compiling clap_lex v0.3.1
[INFO] [stderr]    Compiling either v1.8.1
[INFO] [stderr]    Compiling once_cell v1.17.0
[INFO] [stderr]    Compiling aho-corasick v0.7.20
[INFO] [stderr]    Compiling indexmap v2.1.0
[INFO] [stderr]    Compiling convert_case v0.6.0
[INFO] [stderr]    Compiling itertools v0.12.0
[INFO] [stderr]    Compiling atty v0.2.14
[INFO] [stderr]    Compiling colored v2.0.0
[INFO] [stderr]    Compiling regex v1.7.1
[INFO] [stderr]    Compiling is-terminal v0.4.3
[INFO] [stderr]    Compiling env_logger v0.10.2
[INFO] [stderr]    Compiling pretty_env_logger v0.5.0
[INFO] [stderr]    Compiling clap_derive v4.1.0
[INFO] [stderr]    Compiling clap v4.1.4
[INFO] [stderr]    Compiling toml_datetime v0.6.5
[INFO] [stderr]    Compiling serde_spanned v0.6.5
[INFO] [stderr]    Compiling toml_edit v0.21.0
[INFO] [stderr]    Compiling toml v0.8.8
[INFO] [stderr]    Compiling dolly v0.1.1 (/opt/rustwide/workdir)
[INFO] [stdout] warning: field `version` is never read
[INFO] [stdout]   --> src/project.rs:17:9
[INFO] [stdout]    |
[INFO] [stdout] 15 | pub struct Package {
[INFO] [stdout]    |            ------- field in this struct
[INFO] [stdout] 16 |     pub name: String,
[INFO] [stdout] 17 |     pub version: String,
[INFO] [stdout]    |         ^^^^^^^
[INFO] [stdout]    |
[INFO] [stdout]    = note: `Package` has a derived impl for the trait `Debug`, but this is intentionally ignored during dead code analysis
[INFO] [stdout]    = note: `#[warn(dead_code)]` on by default
[INFO] [stdout] 
[INFO] [stdout] 
[INFO] [stderr]     Finished `dev` profile [unoptimized + debuginfo] target(s) in 31.63s
[INFO] running `Command { std: "docker" "inspect" "2024421a2dd82b228cb793e5ddaa8464068a7371a1eba7801a8393a79fcb521c", kill_on_drop: false }`
[INFO] running `Command { std: "docker" "rm" "-f" "2024421a2dd82b228cb793e5ddaa8464068a7371a1eba7801a8393a79fcb521c", kill_on_drop: false }`
[INFO] [stdout] 2024421a2dd82b228cb793e5ddaa8464068a7371a1eba7801a8393a79fcb521c
[INFO] running `Command { std: "docker" "create" "-v" "/var/lib/crater-agent-workspace/builds/worker-6-tc2/target:/opt/rustwide/target:rw,Z" "-v" "/var/lib/crater-agent-workspace/builds/worker-6-tc2/source:/opt/rustwide/workdir:ro,Z" "-v" "/var/lib/crater-agent-workspace/cargo-home:/opt/rustwide/cargo-home:ro,Z" "-v" "/var/lib/crater-agent-workspace/rustup-home:/opt/rustwide/rustup-home:ro,Z" "-e" "SOURCE_DIR=/opt/rustwide/workdir" "-e" "CARGO_TARGET_DIR=/opt/rustwide/target" "-e" "CARGO_INCREMENTAL=0" "-e" "RUST_BACKTRACE=full" "-e" "RUSTFLAGS=--cap-lints=warn" "-e" "RUSTDOCFLAGS=--cap-lints=warn" "-e" "CARGO_HOME=/opt/rustwide/cargo-home" "-e" "RUSTUP_HOME=/opt/rustwide/rustup-home" "-w" "/opt/rustwide/workdir" "-m" "1610612736" "--user" "0:0" "--network" "none" "ghcr.io/rust-lang/crates-build-env/linux@sha256:f3a9d4ad9d972b27faf3965f35b62e55ba32bbce8f20bc8fe909558a86702fde" "/opt/rustwide/cargo-home/bin/cargo" "+beta-2024-12-08" "test" "--frozen" "--no-run" "--message-format=json", kill_on_drop: false }`
[INFO] [stdout] 9cf87e470273d84ae992a4534514246be8898cd284db7efceffd59eb720fe50c
[INFO] running `Command { std: "docker" "start" "-a" "9cf87e470273d84ae992a4534514246be8898cd284db7efceffd59eb720fe50c", kill_on_drop: false }`
[INFO] [stderr]    Compiling dolly v0.1.1 (/opt/rustwide/workdir)
[INFO] [stdout] warning: field `version` is never read
[INFO] [stdout]   --> src/project.rs:17:9
[INFO] [stdout]    |
[INFO] [stdout] 15 | pub struct Package {
[INFO] [stdout]    |            ------- field in this struct
[INFO] [stdout] 16 |     pub name: String,
[INFO] [stdout] 17 |     pub version: String,
[INFO] [stdout]    |         ^^^^^^^
[INFO] [stdout]    |
[INFO] [stdout]    = note: `Package` has a derived impl for the trait `Debug`, but this is intentionally ignored during dead code analysis
[INFO] [stdout]    = note: `#[warn(dead_code)]` on by default
[INFO] [stdout] 
[INFO] [stdout] 
[INFO] [stderr]     Finished `test` profile [unoptimized + debuginfo] target(s) in 2.78s
[INFO] running `Command { std: "docker" "inspect" "9cf87e470273d84ae992a4534514246be8898cd284db7efceffd59eb720fe50c", kill_on_drop: false }`
[INFO] running `Command { std: "docker" "rm" "-f" "9cf87e470273d84ae992a4534514246be8898cd284db7efceffd59eb720fe50c", kill_on_drop: false }`
[INFO] [stdout] 9cf87e470273d84ae992a4534514246be8898cd284db7efceffd59eb720fe50c
[INFO] running `Command { std: "docker" "create" "-v" "/var/lib/crater-agent-workspace/builds/worker-6-tc2/target:/opt/rustwide/target:rw,Z" "-v" "/var/lib/crater-agent-workspace/builds/worker-6-tc2/source:/opt/rustwide/workdir:ro,Z" "-v" "/var/lib/crater-agent-workspace/cargo-home:/opt/rustwide/cargo-home:ro,Z" "-v" "/var/lib/crater-agent-workspace/rustup-home:/opt/rustwide/rustup-home:ro,Z" "-e" "SOURCE_DIR=/opt/rustwide/workdir" "-e" "CARGO_TARGET_DIR=/opt/rustwide/target" "-e" "CARGO_INCREMENTAL=0" "-e" "RUST_BACKTRACE=full" "-e" "RUSTFLAGS=--cap-lints=warn" "-e" "RUSTDOCFLAGS=--cap-lints=warn" "-e" "CARGO_HOME=/opt/rustwide/cargo-home" "-e" "RUSTUP_HOME=/opt/rustwide/rustup-home" "-w" "/opt/rustwide/workdir" "-m" "1610612736" "--user" "0:0" "--network" "none" "ghcr.io/rust-lang/crates-build-env/linux@sha256:f3a9d4ad9d972b27faf3965f35b62e55ba32bbce8f20bc8fe909558a86702fde" "/opt/rustwide/cargo-home/bin/cargo" "+beta-2024-12-08" "test" "--frozen", kill_on_drop: false }`
[INFO] [stdout] ce2017a52ce19802c6e6c6c2e28c1b2ebf98c620b160f416b8b277ef7db5824f
[INFO] running `Command { std: "docker" "start" "-a" "ce2017a52ce19802c6e6c6c2e28c1b2ebf98c620b160f416b8b277ef7db5824f", kill_on_drop: false }`
[INFO] [stderr] warning: field `version` is never read
[INFO] [stderr]   --> src/project.rs:17:9
[INFO] [stderr]    |
[INFO] [stderr] 15 | pub struct Package {
[INFO] [stderr]    |            ------- field in this struct
[INFO] [stderr] 16 |     pub name: String,
[INFO] [stderr] 17 |     pub version: String,
[INFO] [stderr]    |         ^^^^^^^
[INFO] [stderr]    |
[INFO] [stderr]    = note: `Package` has a derived impl for the trait `Debug`, but this is intentionally ignored during dead code analysis
[INFO] [stderr]    = note: `#[warn(dead_code)]` on by default
[INFO] [stderr] 
[INFO] [stderr] warning: `dolly` (bin "dolly" test) generated 1 warning
[INFO] [stderr]     Finished `test` profile [unoptimized + debuginfo] target(s) in 0.07s
[INFO] [stderr]      Running unittests src/main.rs (/opt/rustwide/target/debug/deps/dolly-cfc3b5b526a41b9f)
[INFO] [stdout] 
[INFO] [stdout] running 3 tests
[INFO] [stdout] test test::bdpi_test ... FAILED
[INFO] [stdout] test test::simple_dot_bsv_build ... FAILED
[INFO] [stdout] test test::simple_dot_bsv_test ... FAILED
[INFO] [stdout] 
[INFO] [stdout] failures:
[INFO] [stdout] 
[INFO] [stdout] ---- test::bdpi_test stdout ----
[INFO] [stdout] Error: Os { code: 30, kind: ReadOnlyFilesystem, message: "Read-only file system" }
[INFO] [stdout] 
[INFO] [stdout] ---- test::simple_dot_bsv_build stdout ----
[INFO] [stdout] Error: Os { code: 30, kind: ReadOnlyFilesystem, message: "Read-only file system" }
[INFO] [stdout] 
[INFO] [stdout] ---- test::simple_dot_bsv_test stdout ----
[INFO] [stdout] Error: Os { code: 30, kind: ReadOnlyFilesystem, message: "Read-only file system" }
[INFO] [stdout] 
[INFO] [stdout] 
[INFO] [stdout] failures:
[INFO] [stdout]     test::bdpi_test
[INFO] [stdout]     test::simple_dot_bsv_build
[INFO] [stdout]     test::simple_dot_bsv_test
[INFO] [stdout] 
[INFO] [stdout] test result: FAILED. 0 passed; 3 failed; 0 ignored; 0 measured; 0 filtered out; finished in 0.07s
[INFO] [stdout] 
[INFO] [stderr] error: test failed, to rerun pass `--bin dolly`
[INFO] running `Command { std: "docker" "inspect" "ce2017a52ce19802c6e6c6c2e28c1b2ebf98c620b160f416b8b277ef7db5824f", kill_on_drop: false }`
[INFO] running `Command { std: "docker" "rm" "-f" "ce2017a52ce19802c6e6c6c2e28c1b2ebf98c620b160f416b8b277ef7db5824f", kill_on_drop: false }`
[INFO] [stdout] ce2017a52ce19802c6e6c6c2e28c1b2ebf98c620b160f416b8b277ef7db5824f
