[INFO] cloning repository https://github.com/PolymeshAssociation/polymesh-api
[INFO] running `Command { std: "git" "-c" "credential.helper=" "-c" "credential.helper=/workspace/cargo-home/bin/git-credential-null" "clone" "--bare" "https://github.com/PolymeshAssociation/polymesh-api" "/workspace/cache/git-repos/https%3A%2F%2Fgithub.com%2FPolymeshAssociation%2Fpolymesh-api", kill_on_drop: false }`
[INFO] [stderr] Cloning into bare repository '/workspace/cache/git-repos/https%3A%2F%2Fgithub.com%2FPolymeshAssociation%2Fpolymesh-api'...
[INFO] running `Command { std: "git" "rev-parse" "HEAD", kill_on_drop: false }`
[INFO] [stdout] 674ac16754ffc789025c27d1399dac06edb11c07
[INFO] testing PolymeshAssociation/polymesh-api against beta-2024-12-08 for beta-1.84.0-4-retry
[INFO] running `Command { std: "git" "clone" "/workspace/cache/git-repos/https%3A%2F%2Fgithub.com%2FPolymeshAssociation%2Fpolymesh-api" "/workspace/builds/worker-7-tc2/source", kill_on_drop: false }`
[INFO] [stderr] Cloning into '/workspace/builds/worker-7-tc2/source'...
[INFO] [stderr] done.
[INFO] validating manifest of git repo https://github.com/PolymeshAssociation/polymesh-api on toolchain beta-2024-12-08
[INFO] running `Command { std: CARGO_HOME="/workspace/cargo-home" RUSTUP_HOME="/workspace/rustup-home" "/workspace/cargo-home/bin/cargo" "+beta-2024-12-08" "metadata" "--manifest-path" "Cargo.toml" "--no-deps", kill_on_drop: false }`
[INFO] started tweaking git repo https://github.com/PolymeshAssociation/polymesh-api
[INFO] finished tweaking git repo https://github.com/PolymeshAssociation/polymesh-api
[INFO] tweaked toml for git repo https://github.com/PolymeshAssociation/polymesh-api written to /workspace/builds/worker-7-tc2/source/Cargo.toml
[INFO] crate git repo https://github.com/PolymeshAssociation/polymesh-api already has a lockfile, it will not be regenerated
[INFO] running `Command { std: CARGO_HOME="/workspace/cargo-home" RUSTUP_HOME="/workspace/rustup-home" "/workspace/cargo-home/bin/cargo" "+beta-2024-12-08" "fetch" "--manifest-path" "Cargo.toml", kill_on_drop: false }`
[INFO] running `Command { std: "docker" "create" "-v" "/var/lib/crater-agent-workspace/builds/worker-7-tc2/target:/opt/rustwide/target:rw,Z" "-v" "/var/lib/crater-agent-workspace/builds/worker-7-tc2/source:/opt/rustwide/workdir:ro,Z" "-v" "/var/lib/crater-agent-workspace/cargo-home:/opt/rustwide/cargo-home:ro,Z" "-v" "/var/lib/crater-agent-workspace/rustup-home:/opt/rustwide/rustup-home:ro,Z" "-e" "SOURCE_DIR=/opt/rustwide/workdir" "-e" "CARGO_TARGET_DIR=/opt/rustwide/target" "-e" "CARGO_HOME=/opt/rustwide/cargo-home" "-e" "RUSTUP_HOME=/opt/rustwide/rustup-home" "-w" "/opt/rustwide/workdir" "-m" "1610612736" "--user" "0:0" "--network" "none" "ghcr.io/rust-lang/crates-build-env/linux@sha256:f3a9d4ad9d972b27faf3965f35b62e55ba32bbce8f20bc8fe909558a86702fde" "/opt/rustwide/cargo-home/bin/cargo" "+beta-2024-12-08" "metadata" "--no-deps" "--format-version=1", kill_on_drop: false }`
[INFO] [stdout] 04c64d993d6c23478eb578247d8b54dd96a2b07511cc6d25bc221ef2586ced99
[INFO] running `Command { std: "docker" "start" "-a" "04c64d993d6c23478eb578247d8b54dd96a2b07511cc6d25bc221ef2586ced99", kill_on_drop: false }`
[INFO] running `Command { std: "docker" "inspect" "04c64d993d6c23478eb578247d8b54dd96a2b07511cc6d25bc221ef2586ced99", kill_on_drop: false }`
[INFO] running `Command { std: "docker" "rm" "-f" "04c64d993d6c23478eb578247d8b54dd96a2b07511cc6d25bc221ef2586ced99", kill_on_drop: false }`
[INFO] [stdout] 04c64d993d6c23478eb578247d8b54dd96a2b07511cc6d25bc221ef2586ced99
[INFO] running `Command { std: "docker" "create" "-v" "/var/lib/crater-agent-workspace/builds/worker-7-tc2/target:/opt/rustwide/target:rw,Z" "-v" "/var/lib/crater-agent-workspace/builds/worker-7-tc2/source:/opt/rustwide/workdir:ro,Z" "-v" "/var/lib/crater-agent-workspace/cargo-home:/opt/rustwide/cargo-home:ro,Z" "-v" "/var/lib/crater-agent-workspace/rustup-home:/opt/rustwide/rustup-home:ro,Z" "-e" "SOURCE_DIR=/opt/rustwide/workdir" "-e" "CARGO_TARGET_DIR=/opt/rustwide/target" "-e" "CARGO_INCREMENTAL=0" "-e" "RUST_BACKTRACE=full" "-e" "RUSTFLAGS=--cap-lints=warn" "-e" "RUSTDOCFLAGS=--cap-lints=warn" "-e" "CARGO_HOME=/opt/rustwide/cargo-home" "-e" "RUSTUP_HOME=/opt/rustwide/rustup-home" "-w" "/opt/rustwide/workdir" "-m" "1610612736" "--user" "0:0" "--network" "none" "ghcr.io/rust-lang/crates-build-env/linux@sha256:f3a9d4ad9d972b27faf3965f35b62e55ba32bbce8f20bc8fe909558a86702fde" "/opt/rustwide/cargo-home/bin/cargo" "+beta-2024-12-08" "build" "--frozen" "--message-format=json", kill_on_drop: false }`
[INFO] [stdout] 96f89fb3a931b6c1193b96dc82450dd37ee1ff7712fc20170925020bfc0efe1d
[INFO] running `Command { std: "docker" "start" "-a" "96f89fb3a931b6c1193b96dc82450dd37ee1ff7712fc20170925020bfc0efe1d", kill_on_drop: false }`
[INFO] [stderr]    Compiling proc-macro2 v1.0.81
[INFO] [stderr]    Compiling libc v0.2.154
[INFO] [stderr]    Compiling once_cell v1.19.0
[INFO] [stderr]    Compiling serde v1.0.200
[INFO] [stderr]    Compiling typenum v1.17.0
[INFO] [stderr]    Compiling generic-array v0.14.7
[INFO] [stderr]    Compiling equivalent v1.0.1
[INFO] [stderr]    Compiling hashbrown v0.14.5
[INFO] [stderr]    Compiling shlex v1.3.0
[INFO] [stderr]    Compiling ppv-lite86 v0.2.17
[INFO] [stderr]    Compiling cc v1.1.18
[INFO] [stderr]    Compiling bytes v1.6.0
[INFO] [stderr]    Compiling syn v1.0.109
[INFO] [stderr]    Compiling indexmap v2.2.6
[INFO] [stderr]    Compiling subtle v2.4.1
[INFO] [stderr]    Compiling memchr v2.7.2
[INFO] [stderr]    Compiling pin-project-lite v0.2.14
[INFO] [stderr]    Compiling toml_datetime v0.6.5
[INFO] [stderr]    Compiling winnow v0.5.40
[INFO] [stderr]    Compiling itoa v1.0.11
[INFO] [stderr]    Compiling quote v1.0.36
[INFO] [stderr]    Compiling cpufeatures v0.2.12
[INFO] [stderr]    Compiling futures-core v0.3.30
[INFO] [stderr]    Compiling syn v2.0.60
[INFO] [stderr]    Compiling futures-sink v0.3.30
[INFO] [stderr]    Compiling tinyvec_macros v0.1.1
[INFO] [stderr]    Compiling arrayvec v0.7.4
[INFO] [stderr]    Compiling parking_lot_core v0.9.10
[INFO] [stderr]    Compiling tinyvec v1.6.0
[INFO] [stderr]    Compiling tracing-core v0.1.32
[INFO] [stderr]    Compiling lock_api v0.4.12
[INFO] [stderr]    Compiling byte-slice-cast v1.2.2
[INFO] [stderr]    Compiling getrandom v0.2.14
[INFO] [stderr]    Compiling block-buffer v0.10.4
[INFO] [stderr]    Compiling crypto-common v0.1.6
[INFO] [stderr]    Compiling rand_core v0.6.4
[INFO] [stderr]    Compiling thiserror v1.0.59
[INFO] [stderr]    Compiling smallvec v1.13.2
[INFO] [stderr]    Compiling rand_chacha v0.3.1
[INFO] [stderr]    Compiling futures-channel v0.3.30
[INFO] [stderr]    Compiling unicode-normalization v0.1.22
[INFO] [stderr]    Compiling scopeguard v1.2.0
[INFO] [stderr]    Compiling ryu v1.0.17
[INFO] [stderr]    Compiling rand v0.8.5
[INFO] [stderr]    Compiling slab v0.4.9
[INFO] [stderr]    Compiling toml_edit v0.20.7
[INFO] [stderr]    Compiling ahash v0.7.8
[INFO] [stderr]    Compiling byteorder v1.5.0
[INFO] [stderr]    Compiling num_cpus v1.16.0
[INFO] [stderr]    Compiling digest v0.9.0
[INFO] [stderr]    Compiling futures-io v0.3.30
[INFO] [stderr]    Compiling anyhow v1.0.82
[INFO] [stderr]    Compiling unicode-bidi v0.3.15
[INFO] [stderr]    Compiling percent-encoding v2.3.1
[INFO] [stderr]    Compiling form_urlencoded v1.2.1
[INFO] [stderr]    Compiling serde_json v1.0.116
[INFO] [stderr]    Compiling futures-task v0.3.30
[INFO] [stderr]    Compiling pin-utils v0.1.0
[INFO] [stderr]    Compiling hashbrown v0.12.3
[INFO] [stderr]    Compiling idna v0.5.0
[INFO] [stderr]    Compiling toml_edit v0.19.15
[INFO] [stderr]    Compiling indexmap v1.9.3
[INFO] [stderr]    Compiling url v2.5.0
[INFO] [stderr]    Compiling parking_lot v0.12.2
[INFO] [stderr]    Compiling digest v0.10.7
[INFO] [stderr]    Compiling ahash v0.8.11
[INFO] [stderr]    Compiling static_assertions v1.1.0
[INFO] [stderr]    Compiling keccak v0.1.5
[INFO] [stderr]    Compiling proc-macro-crate v2.0.0
[INFO] [stderr]    Compiling arrayref v0.3.7
[INFO] [stderr]    Compiling log v0.4.21
[INFO] [stderr]    Compiling wasm-bindgen-shared v0.2.92
[INFO] [stderr]    Compiling zerocopy v0.7.32
[INFO] [stderr]    Compiling block-buffer v0.9.0
[INFO] [stderr]    Compiling getrandom v0.1.16
[INFO] [stderr]    Compiling opaque-debug v0.3.1
[INFO] [stderr]    Compiling semver v1.0.22
[INFO] [stderr]    Compiling proc-macro-crate v1.3.1
[INFO] [stderr]    Compiling crc32fast v1.4.0
[INFO] [stderr]    Compiling bumpalo v3.16.0
[INFO] [stderr]    Compiling hashbrown v0.13.2
[INFO] [stderr]    Compiling wasm-bindgen-backend v0.2.92
[INFO] [stderr]    Compiling num-traits v0.2.18
[INFO] [stderr]    Compiling stable_deref_trait v1.2.0
[INFO] [stderr]    Compiling crunchy v0.2.2
[INFO] [stderr]    Compiling io-lifetimes v1.0.11
[INFO] [stderr]    Compiling aho-corasick v1.1.3
[INFO] [stderr]    Compiling fallible-iterator v0.2.0
[INFO] [stderr]    Compiling target-lexicon v0.12.14
[INFO] [stderr]    Compiling rustix v0.38.34
[INFO] [stderr]    Compiling wasm-bindgen-macro-support v0.2.92
[INFO] [stderr]    Compiling rand_core v0.5.1
[INFO] [stderr]    Compiling rustc_version v0.4.0
[INFO] [stderr]    Compiling parity-scale-codec-derive v3.6.9
[INFO] [stderr]    Compiling impl-trait-for-tuples v0.2.2
[INFO] [stderr]    Compiling derive_more v0.99.17
[INFO] [stderr]    Compiling scale-info-derive v2.11.2
[INFO] [stderr]    Compiling serde_derive v1.0.200
[INFO] [stderr]    Compiling thiserror-impl v1.0.59
[INFO] [stderr]    Compiling tracing-attributes v0.1.27
[INFO] [stderr]    Compiling futures-macro v0.3.30
[INFO] [stderr]    Compiling zeroize_derive v1.4.2
[INFO] [stderr]    Compiling regex-automata v0.4.6
[INFO] [stderr]    Compiling memoffset v0.8.0
[INFO] [stderr]    Compiling rustix v0.36.17
[INFO] [stderr]    Compiling zeroize v1.7.0
[INFO] [stderr]    Compiling bitflags v2.5.0
[INFO] [stderr]    Compiling tracing v0.1.40
[INFO] [stderr]    Compiling linux-raw-sys v0.4.13
[INFO] [stderr]    Compiling futures-util v0.3.30
[INFO] [stderr]    Compiling wasm-bindgen v0.2.92
[INFO] [stderr]    Compiling constant_time_eq v0.3.0
[INFO] [stderr]    Compiling paste v1.0.14
[INFO] [stderr]    Compiling platforms v3.4.0
[INFO] [stderr]    Compiling curve25519-dalek v4.1.2
[INFO] [stderr]    Compiling wasm-bindgen-macro v0.2.92
[INFO] [stderr]    Compiling tokio-macros v2.2.0
[INFO] [stderr]    Compiling regex v1.10.4
[INFO] [stderr]    Compiling wasmtime-runtime v8.0.1
[INFO] [stderr]    Compiling sp-std v12.0.0
[INFO] [stderr]    Compiling cpp_demangle v0.3.5
[INFO] [stderr]    Compiling linux-raw-sys v0.1.4
[INFO] [stderr]    Compiling futures-executor v0.3.30
[INFO] [stderr]    Compiling bitflags v1.3.2
[INFO] [stderr]    Compiling base64 v0.13.1
[INFO] [stderr]    Compiling rustc-demangle v0.1.23
[INFO] [stderr]    Compiling futures v0.3.30
[INFO] [stderr]    Compiling libsecp256k1-core v0.3.0
[INFO] [stderr]    Compiling memfd v0.6.4
[INFO] [stderr]    Compiling Inflector v0.11.4
[INFO] [stderr]    Compiling curve25519-dalek-derive v0.1.1
[INFO] [stderr]    Compiling sha2 v0.10.8
[INFO] [stderr]    Compiling psm v0.1.21
[INFO] [stderr]    Compiling ring v0.17.8
[INFO] [stderr]    Compiling generic-array v0.12.4
[INFO] [stderr]    Compiling wasmtime-jit-debug v8.0.1
[INFO] [stderr]    Compiling wasmtime-asm-macros v8.0.1
[INFO] [stderr]    Compiling regex-syntax v0.6.29
[INFO] [stderr]    Compiling ref-cast v1.0.22
[INFO] [stderr]    Compiling js-sys v0.3.69
[INFO] [stderr]    Compiling ref-cast-impl v1.0.22
[INFO] [stderr]    Compiling wasmtime-jit-icache-coherence v8.0.1
[INFO] [stderr]    Compiling signal-hook-registry v1.4.2
[INFO] [stderr]    Compiling parity-scale-codec v3.6.9
[INFO] [stderr]    Compiling wasmparser v0.102.0
[INFO] [stderr]    Compiling gimli v0.27.3
[INFO] [stderr]    Compiling cranelift-entity v0.95.1
[INFO] [stderr]    Compiling object v0.30.4
[INFO] [stderr]    Compiling scale-info v2.11.2
[INFO] [stderr]    Compiling hex v0.4.3
[INFO] [stderr]    Compiling regex-automata v0.1.10
[INFO] [stderr]    Compiling bincode v1.3.3
[INFO] [stderr]    Compiling impl-serde v0.4.0
[INFO] [stderr]    Compiling mio v0.8.11
[INFO] [stderr]    Compiling socket2 v0.5.7
[INFO] [stderr]    Compiling wasmtime v8.0.1
[INFO] [stderr]    Compiling byte-tools v0.3.1
[INFO] [stderr]    Compiling rustc-hex v2.1.0
[INFO] [stderr]    Compiling chrono v0.4.38
[INFO] [stderr]    Compiling block-padding v0.1.5
[INFO] [stderr]    Compiling tokio v1.37.0
[INFO] [stderr]    Compiling matchers v0.0.1
[INFO] [stderr]    Compiling tracing-serde v0.1.3
[INFO] [stderr]    Compiling serde_bytes v0.11.14
[INFO] [stderr]    Compiling addr2line v0.19.0
[INFO] [stderr]    Compiling digest v0.8.1
[INFO] [stderr]    Compiling libsecp256k1-gen-genmult v0.3.0
[INFO] [stderr]    Compiling libsecp256k1-gen-ecmult v0.3.0
[INFO] [stderr]    Compiling merlin v3.0.0
[INFO] [stderr]    Compiling sp-debug-derive v12.0.0
[INFO] [stderr]    Compiling http v0.2.12
[INFO] [stderr]    Compiling wasmtime-types v8.0.1
[INFO] [stderr]    Compiling sha2 v0.9.9
[INFO] [stderr]    Compiling wasmtime-environ v8.0.1
[INFO] [stderr]    Compiling sharded-slab v0.1.7
[INFO] [stderr]    Compiling getrandom_or_panic v0.0.3
[INFO] [stderr]    Compiling tracing-log v0.1.4
[INFO] [stderr]    Compiling crypto-mac v0.8.0
[INFO] [stderr]    Compiling crypto-mac v0.11.1
[INFO] [stderr]    Compiling secp256k1-sys v0.6.1
[INFO] [stderr]    Compiling thread_local v1.1.8
[INFO] [stderr]    Compiling httparse v1.8.0
[INFO] [stderr]    Compiling hash-db v0.16.0
[INFO] [stderr]    Compiling unicode-xid v0.2.4
[INFO] [stderr]    Compiling untrusted v0.9.0
[INFO] [stderr]    Compiling spin v0.9.8
[INFO] [stderr]    Compiling ansi_term v0.12.1
[INFO] [stderr]    Compiling ss58-registry v1.47.0
[INFO] [stderr]    Compiling hmac v0.8.1
[INFO] [stderr]    Compiling schnorrkel v0.11.4
[INFO] [stderr]    Compiling tracing-subscriber v0.2.25
[INFO] [stderr]    Compiling sp-storage v17.0.0
[INFO] [stderr]    Compiling libsecp256k1 v0.7.1
[INFO] [stderr]    Compiling block-buffer v0.7.3
[INFO] [stderr]    Compiling fixed-hash v0.8.0
[INFO] [stderr]    Compiling uint v0.9.5
[INFO] [stderr]    Compiling impl-codec v0.6.0
[INFO] [stderr]    Compiling blake2b_simd v1.0.2
[INFO] [stderr]    Compiling rand_chacha v0.2.2
[INFO] [stderr]    Compiling sha3 v0.10.8
[INFO] [stderr]    Compiling twox-hash v1.6.3
[INFO] [stderr]    Compiling wasmtime-jit v8.0.1
[INFO] [stderr]    Compiling bitcoin_hashes v0.11.0
[INFO] [stderr]    Compiling fake-simd v0.1.2
[INFO] [stderr]    Compiling opaque-debug v0.2.3
[INFO] [stderr]    Compiling environmental v1.1.4
[INFO] [stderr]    Compiling sp-externalities v0.23.0
[INFO] [stderr]    Compiling sha2 v0.8.2
[INFO] [stderr]    Compiling tokio-util v0.7.10
[INFO] [stderr]    Compiling bip39 v2.0.0
[INFO] [stderr]    Compiling sp-core-hashing v13.0.0
[INFO] [stderr]    Compiling rand v0.7.3
[INFO] [stderr]    Compiling primitive-types v0.12.2
[INFO] [stderr]    Compiling sp-tracing v14.0.0
[INFO] [stderr]    Compiling hmac-drbg v0.3.0
[INFO] [stderr]    Compiling hmac v0.11.0
[INFO] [stderr]    Compiling pbkdf2 v0.8.0
[INFO] [stderr]    Compiling curve25519-dalek v2.1.3
[INFO] [stderr]    Compiling sp-runtime-interface-proc-macro v15.0.0
[INFO] [stderr]    Compiling curve25519-dalek v3.2.0
[INFO] [stderr]    Compiling secrecy v0.8.0
[INFO] [stderr]    Compiling merlin v2.0.1
[INFO] [stderr]    Compiling dyn-clonable-impl v0.9.0
[INFO] [stderr]    Compiling sp-wasm-interface v18.0.0
[INFO] [stderr]    Compiling num-format v0.4.4
[INFO] [stderr]    Compiling tower-service v0.3.2
[INFO] [stderr]    Compiling arrayvec v0.5.2
[INFO] [stderr]    Compiling try-lock v0.2.5
[INFO] [stderr]    Compiling dyn-clone v1.0.17
[INFO] [stderr]    Compiling either v1.11.0
[INFO] [stderr]    Compiling rustls v0.21.12
[INFO] [stderr]    Compiling itertools v0.10.5
[INFO] [stderr]    Compiling schnorrkel v0.9.1
[INFO] [stderr]    Compiling dyn-clonable v0.9.0
[INFO] [stderr]    Compiling want v0.3.1
[INFO] [stderr]    Compiling ed25519-zebra v3.1.0
[INFO] [stderr]    Compiling substrate-bip39 v0.4.6
[INFO] [stderr]    Compiling h2 v0.3.26
[INFO] [stderr]    Compiling secp256k1 v0.24.3
[INFO] [stderr]    Compiling sct v0.7.1
[INFO] [stderr]    Compiling rustls-webpki v0.101.7
[INFO] [stderr]    Compiling http-body v0.4.6
[INFO] [stderr]    Compiling bounded-collections v0.1.9
[INFO] [stderr]    Compiling sp-runtime-interface v22.0.0
[INFO] [stderr]    Compiling hash256-std-hasher v0.15.2
[INFO] [stderr]    Compiling pin-project-internal v1.1.5
[INFO] [stderr]    Compiling blake2 v0.10.6
[INFO] [stderr]    Compiling array-bytes v6.2.2
[INFO] [stderr]    Compiling httpdate v1.0.3
[INFO] [stderr]    Compiling bs58 v0.5.1
[INFO] [stderr]    Compiling base64 v0.21.7
[INFO] [stderr]    Compiling rustls-pemfile v1.0.4
[INFO] [stderr]    Compiling wasm-bindgen-futures v0.4.42
[INFO] [stderr]    Compiling gloo-timers v0.2.6
[INFO] [stderr]    Compiling beef v0.5.2
[INFO] [stderr]    Compiling backtrace v0.3.71
[INFO] [stderr]    Compiling rustversion v1.0.15
[INFO] [stderr]    Compiling openssl-probe v0.1.5
[INFO] [stderr]    Compiling adler v1.0.2
[INFO] [stderr]    Compiling send_wrapper v0.4.0
[INFO] [stderr]    Compiling gimli v0.28.1
[INFO] [stderr]    Compiling event-listener v2.5.3
[INFO] [stderr]    Compiling futures-timer v3.0.3
[INFO] [stderr]    Compiling async-lock v2.8.0
[INFO] [stderr]    Compiling miniz_oxide v0.7.2
[INFO] [stderr]    Compiling pin-project v1.1.5
[INFO] [stderr]    Compiling rustls-native-certs v0.6.3
[INFO] [stderr]    Compiling jsonrpsee-types v0.20.3
[INFO] [stderr]    Compiling web-sys v0.3.69
[INFO] [stderr]    Compiling async-trait v0.1.80
[INFO] [stderr]    Compiling object v0.32.2
[INFO] [stderr]    Compiling rustc-hash v1.1.0
[INFO] [stderr]    Compiling sp-core v26.0.0
[INFO] [stderr]    Compiling tokio-rustls v0.24.1
[INFO] [stderr]    Compiling trie-root v0.18.0
[INFO] [stderr]    Compiling memory-db v0.32.0
[INFO] [stderr]    Compiling trie-db v0.28.0
[INFO] [stderr]    Compiling schnellru v0.2.1
[INFO] [stderr]    Compiling addr2line v0.21.0
[INFO] [stderr]    Compiling sha-1 v0.9.8
[INFO] [stderr]    Compiling hyper v0.14.28
[INFO] [stderr]    Compiling signature v2.2.0
[INFO] [stderr]    Compiling nohash-hasher v0.2.0
[INFO] [stderr]    Compiling ed25519 v2.2.3
[INFO] [stderr]    Compiling soketto v0.7.1
[INFO] [stderr]    Compiling sp-io v28.0.0
[INFO] [stderr]    Compiling secp256k1-sys v0.9.2
[INFO] [stderr]    Compiling webpki-roots v0.25.4
[INFO] [stderr]    Compiling sp-trie v27.0.0
[INFO] [stderr]    Compiling sp-keystore v0.32.0
[INFO] [stderr]    Compiling sp-panic-handler v12.0.0
[INFO] [stderr]    Compiling sp-state-machine v0.33.0
[INFO] [stderr]    Compiling ed25519-dalek v2.1.1
[INFO] [stderr]    Compiling gloo-utils v0.2.0
[INFO] [stderr]    Compiling gloo-net v0.4.0
[INFO] [stderr]    Compiling integer-sqrt v0.1.5
[INFO] [stderr]    Compiling proc-macro-error-attr v1.0.4
[INFO] [stderr]    Compiling strsim v0.10.0
[INFO] [stderr]    Compiling tower-layer v0.3.2
[INFO] [stderr]    Compiling ident_case v1.0.1
[INFO] [stderr]    Compiling tower v0.4.13
[INFO] [stderr]    Compiling jsonrpsee-core v0.20.3
[INFO] [stderr]    Compiling hyper-rustls v0.24.2
[INFO] [stderr]    Compiling darling_core v0.14.4
[INFO] [stderr]    Compiling sp-arithmetic v21.0.0
[INFO] [stderr]    Compiling jsonrpsee-client-transport v0.20.3
[INFO] [stderr]    Compiling serde-big-array v0.4.1
[INFO] [stderr]    Compiling proc-macro-error v1.0.4
[INFO] [stderr]    Compiling darling_macro v0.14.4
[INFO] [stderr]    Compiling frame-metadata v15.1.0
[INFO] [stderr]    Compiling jsonrpsee-wasm-client v0.20.3
[INFO] [stderr]    Compiling jsonrpsee-ws-client v0.20.3
[INFO] [stderr]    Compiling sp-weights v25.0.0
[INFO] [stderr]    Compiling jsonrpsee-http-client v0.20.3
[INFO] [stderr]    Compiling secp256k1 v0.28.2
[INFO] [stderr]    Compiling async-stream-impl v0.3.5
[INFO] [stderr]    Compiling pbkdf2 v0.12.2
[INFO] [stderr]    Compiling hmac v0.12.1
[INFO] [stderr]    Compiling heck v0.4.1
[INFO] [stderr]    Compiling subxt-signer v0.33.0
[INFO] [stderr]    Compiling jsonrpsee v0.20.3
[INFO] [stderr]    Compiling polymesh-api-codegen v3.6.1 (/opt/rustwide/workdir/crates/polymesh-api-codegen)
[INFO] [stderr]    Compiling darling v0.14.4
[INFO] [stderr]    Compiling uuid v1.11.0
[INFO] [stderr]    Compiling async-stream v0.3.5
[INFO] [stderr]    Compiling sp-application-crypto v28.0.0
[INFO] [stderr]    Compiling impl-serde v0.3.2
[INFO] [stderr]    Compiling sp-runtime v29.0.0
[INFO] [stderr]    Compiling polymesh-api-client v3.8.1 (/opt/rustwide/workdir/crates/polymesh-api-client)
[INFO] [stderr]    Compiling polymesh-api-codegen-macro v3.6.1 (/opt/rustwide/workdir/crates/polymesh-api-codegen-macro)
[INFO] [stderr]    Compiling polymesh-api v3.9.1 (/opt/rustwide/workdir)
[INFO] [stderr]     Finished `dev` profile [unoptimized + debuginfo] target(s) in 7m 10s
[INFO] running `Command { std: "docker" "inspect" "96f89fb3a931b6c1193b96dc82450dd37ee1ff7712fc20170925020bfc0efe1d", kill_on_drop: false }`
[INFO] running `Command { std: "docker" "rm" "-f" "96f89fb3a931b6c1193b96dc82450dd37ee1ff7712fc20170925020bfc0efe1d", kill_on_drop: false }`
[INFO] [stdout] 96f89fb3a931b6c1193b96dc82450dd37ee1ff7712fc20170925020bfc0efe1d
[INFO] running `Command { std: "docker" "create" "-v" "/var/lib/crater-agent-workspace/builds/worker-7-tc2/target:/opt/rustwide/target:rw,Z" "-v" "/var/lib/crater-agent-workspace/builds/worker-7-tc2/source:/opt/rustwide/workdir:ro,Z" "-v" "/var/lib/crater-agent-workspace/cargo-home:/opt/rustwide/cargo-home:ro,Z" "-v" "/var/lib/crater-agent-workspace/rustup-home:/opt/rustwide/rustup-home:ro,Z" "-e" "SOURCE_DIR=/opt/rustwide/workdir" "-e" "CARGO_TARGET_DIR=/opt/rustwide/target" "-e" "CARGO_INCREMENTAL=0" "-e" "RUST_BACKTRACE=full" "-e" "RUSTFLAGS=--cap-lints=warn" "-e" "RUSTDOCFLAGS=--cap-lints=warn" "-e" "CARGO_HOME=/opt/rustwide/cargo-home" "-e" "RUSTUP_HOME=/opt/rustwide/rustup-home" "-w" "/opt/rustwide/workdir" "-m" "1610612736" "--user" "0:0" "--network" "none" "ghcr.io/rust-lang/crates-build-env/linux@sha256:f3a9d4ad9d972b27faf3965f35b62e55ba32bbce8f20bc8fe909558a86702fde" "/opt/rustwide/cargo-home/bin/cargo" "+beta-2024-12-08" "test" "--frozen" "--no-run" "--message-format=json", kill_on_drop: false }`
[INFO] [stdout] 179545e9c22621191ba18033e25bb05db173202d54093939d07e0eebf8943e34
[INFO] running `Command { std: "docker" "start" "-a" "179545e9c22621191ba18033e25bb05db173202d54093939d07e0eebf8943e34", kill_on_drop: false }`
[INFO] [stderr]    Compiling atty v0.2.14
[INFO] [stderr]    Compiling humantime v2.1.0
[INFO] [stderr]    Compiling termcolor v1.4.1
[INFO] [stderr]    Compiling dotenv v0.15.0
[INFO] [stderr]    Compiling env_logger v0.9.3
[INFO] [stderr]    Compiling polymesh-api v3.9.1 (/opt/rustwide/workdir)
[INFO] [stderr]     Finished `test` profile [unoptimized + debuginfo] target(s) in 1m 10s
[INFO] running `Command { std: "docker" "inspect" "179545e9c22621191ba18033e25bb05db173202d54093939d07e0eebf8943e34", kill_on_drop: false }`
[INFO] running `Command { std: "docker" "rm" "-f" "179545e9c22621191ba18033e25bb05db173202d54093939d07e0eebf8943e34", kill_on_drop: false }`
[INFO] [stdout] 179545e9c22621191ba18033e25bb05db173202d54093939d07e0eebf8943e34
[INFO] running `Command { std: "docker" "create" "-v" "/var/lib/crater-agent-workspace/builds/worker-7-tc2/target:/opt/rustwide/target:rw,Z" "-v" "/var/lib/crater-agent-workspace/builds/worker-7-tc2/source:/opt/rustwide/workdir:ro,Z" "-v" "/var/lib/crater-agent-workspace/cargo-home:/opt/rustwide/cargo-home:ro,Z" "-v" "/var/lib/crater-agent-workspace/rustup-home:/opt/rustwide/rustup-home:ro,Z" "-e" "SOURCE_DIR=/opt/rustwide/workdir" "-e" "CARGO_TARGET_DIR=/opt/rustwide/target" "-e" "CARGO_INCREMENTAL=0" "-e" "RUST_BACKTRACE=full" "-e" "RUSTFLAGS=--cap-lints=warn" "-e" "RUSTDOCFLAGS=--cap-lints=warn" "-e" "CARGO_HOME=/opt/rustwide/cargo-home" "-e" "RUSTUP_HOME=/opt/rustwide/rustup-home" "-w" "/opt/rustwide/workdir" "-m" "1610612736" "--user" "0:0" "--network" "none" "ghcr.io/rust-lang/crates-build-env/linux@sha256:f3a9d4ad9d972b27faf3965f35b62e55ba32bbce8f20bc8fe909558a86702fde" "/opt/rustwide/cargo-home/bin/cargo" "+beta-2024-12-08" "test" "--frozen", kill_on_drop: false }`
[INFO] [stdout] 1fa97a73a0125f83ba765c20013de5c7dbd26b79c037bc90324d346e8bbcdff5
[INFO] running `Command { std: "docker" "start" "-a" "1fa97a73a0125f83ba765c20013de5c7dbd26b79c037bc90324d346e8bbcdff5", kill_on_drop: false }`
[INFO] [stderr]     Finished `test` profile [unoptimized + debuginfo] target(s) in 0.57s
[INFO] [stderr]      Running unittests src/lib.rs (/opt/rustwide/target/debug/deps/polymesh_api-94bd31bef43c8106)
[INFO] [stdout] 
[INFO] [stdout] running 0 tests
[INFO] [stdout] 
[INFO] [stderr]    Doc-tests polymesh_api
[INFO] [stdout] test result: ok. 0 passed; 0 failed; 0 ignored; 0 measured; 0 filtered out; finished in 0.00s
[INFO] [stdout] 
[INFO] [stdout] 
[INFO] [stdout] running 4 tests
[INFO] [stdout] test src/lib.rs - polymesh::types::pallet_identity::IdentityCall::add_secondary_keys_with_authorization (line 20) ... FAILED
[INFO] [stdout] test src/lib.rs - polymesh::types::pallet_identity::IdentityCall::add_secondary_keys_with_authorization (line 14) ... FAILED
[INFO] [stdout] test src/lib.rs - polymesh::api::identity::IdentityCallApi<'api>::add_secondary_keys_with_authorization (line 14) ... FAILED
[INFO] [stdout] test src/lib.rs - polymesh::api::identity::IdentityCallApi<'api>::add_secondary_keys_with_authorization (line 20) ... FAILED
[INFO] [stdout] 
[INFO] [stdout] failures:
[INFO] [stdout] 
[INFO] [stdout] ---- src/lib.rs - polymesh::types::pallet_identity::IdentityCall::add_secondary_keys_with_authorization (line 20) stdout ----
[INFO] [stdout] error: expected one of `!`, `.`, `::`, `;`, `?`, `{`, `}`, or an operator, found `only`
[INFO] [stdout]  --> src/lib.rs:21:7
[INFO] [stdout]   |
[INFO] [stdout] 3 | - Can only called by primary key owner.
[INFO] [stdout]   |       ^^^^ expected one of 8 possible tokens
[INFO] [stdout] 
[INFO] [stdout] error: aborting due to 1 previous error
[INFO] [stdout] 
[INFO] [stdout] Couldn't compile the test.
[INFO] [stdout] ---- src/lib.rs - polymesh::types::pallet_identity::IdentityCall::add_secondary_keys_with_authorization (line 14) stdout ----
[INFO] [stdout] error: unknown start of token: `
[INFO] [stdout]  --> src/lib.rs:15:3
[INFO] [stdout]   |
[INFO] [stdout] 3 | - `origin` which must be the primary key of the identity `id`.
[INFO] [stdout]   |   ^
[INFO] [stdout]   |
[INFO] [stdout] help: Unicode character '`' (Grave Accent) looks like ''' (Single Quote), but it is not
[INFO] [stdout]   |
[INFO] [stdout] 3 | - 'origin` which must be the primary key of the identity `id`.
[INFO] [stdout]   |   ~
[INFO] [stdout] 
[INFO] [stdout] error: unknown start of token: `
[INFO] [stdout]  --> src/lib.rs:15:10
[INFO] [stdout]   |
[INFO] [stdout] 3 | - `origin` which must be the primary key of the identity `id`.
[INFO] [stdout]   |          ^
[INFO] [stdout]   |
[INFO] [stdout] help: Unicode character '`' (Grave Accent) looks like ''' (Single Quote), but it is not
[INFO] [stdout]   |
[INFO] [stdout] 3 | - `origin' which must be the primary key of the identity `id`.
[INFO] [stdout]   |          ~
[INFO] [stdout] 
[INFO] [stdout] error: unknown start of token: `
[INFO] [stdout]  --> src/lib.rs:15:58
[INFO] [stdout]   |
[INFO] [stdout] 3 | - `origin` which must be the primary key of the identity `id`.
[INFO] [stdout]   |                                                          ^
[INFO] [stdout]   |
[INFO] [stdout] help: Unicode character '`' (Grave Accent) looks like ''' (Single Quote), but it is not
[INFO] [stdout]   |
[INFO] [stdout] 3 | - `origin` which must be the primary key of the identity 'id`.
[INFO] [stdout]   |                                                          ~
[INFO] [stdout] 
[INFO] [stdout] error: unknown start of token: `
[INFO] [stdout]  --> src/lib.rs:15:61
[INFO] [stdout]   |
[INFO] [stdout] 3 | - `origin` which must be the primary key of the identity `id`.
[INFO] [stdout]   |                                                             ^
[INFO] [stdout]   |
[INFO] [stdout] help: Unicode character '`' (Grave Accent) looks like ''' (Single Quote), but it is not
[INFO] [stdout]   |
[INFO] [stdout] 3 | - `origin` which must be the primary key of the identity `id'.
[INFO] [stdout]   |                                                             ~
[INFO] [stdout] 
[INFO] [stdout] error: unknown start of token: `
[INFO] [stdout]  --> src/lib.rs:16:3
[INFO] [stdout]   |
[INFO] [stdout] 4 | - `id` to which new secondary keys will be added.
[INFO] [stdout]   |   ^
[INFO] [stdout]   |
[INFO] [stdout] help: Unicode character '`' (Grave Accent) looks like ''' (Single Quote), but it is not
[INFO] [stdout]   |
[INFO] [stdout] 4 | - 'id` to which new secondary keys will be added.
[INFO] [stdout]   |   ~
[INFO] [stdout] 
[INFO] [stdout] error: unknown start of token: `
[INFO] [stdout]  --> src/lib.rs:16:6
[INFO] [stdout]   |
[INFO] [stdout] 4 | - `id` to which new secondary keys will be added.
[INFO] [stdout]   |      ^
[INFO] [stdout]   |
[INFO] [stdout] help: Unicode character '`' (Grave Accent) looks like ''' (Single Quote), but it is not
[INFO] [stdout]   |
[INFO] [stdout] 4 | - `id' to which new secondary keys will be added.
[INFO] [stdout]   |      ~
[INFO] [stdout] 
[INFO] [stdout] error: unknown start of token: `
[INFO] [stdout]  --> src/lib.rs:17:3
[INFO] [stdout]   |
[INFO] [stdout] 5 | - `additional_keys` which includes secondary keys,
[INFO] [stdout]   |   ^
[INFO] [stdout]   |
[INFO] [stdout] help: Unicode character '`' (Grave Accent) looks like ''' (Single Quote), but it is not
[INFO] [stdout]   |
[INFO] [stdout] 5 | - 'additional_keys` which includes secondary keys,
[INFO] [stdout]   |   ~
[INFO] [stdout] 
[INFO] [stdout] error: unknown start of token: `
[INFO] [stdout]  --> src/lib.rs:17:19
[INFO] [stdout]   |
[INFO] [stdout] 5 | - `additional_keys` which includes secondary keys,
[INFO] [stdout]   |                   ^
[INFO] [stdout]   |
[INFO] [stdout] help: Unicode character '`' (Grave Accent) looks like ''' (Single Quote), but it is not
[INFO] [stdout]   |
[INFO] [stdout] 5 | - `additional_keys' which includes secondary keys,
[INFO] [stdout]   |                   ~
[INFO] [stdout] 
[INFO] [stdout] error: expected one of `!`, `.`, `::`, `;`, `?`, `{`, `}`, or an operator, found `which`
[INFO] [stdout]  --> src/lib.rs:15:12
[INFO] [stdout]   |
[INFO] [stdout] 3 | - `origin` which must be the primary key of the identity `id`.
[INFO] [stdout]   |            ^^^^^ expected one of 8 possible tokens
[INFO] [stdout] 
[INFO] [stdout] error: aborting due to 9 previous errors
[INFO] [stdout] 
[INFO] [stdout] Couldn't compile the test.
[INFO] [stdout] ---- src/lib.rs - polymesh::api::identity::IdentityCallApi<'api>::add_secondary_keys_with_authorization (line 14) stdout ----
[INFO] [stdout] error: unknown start of token: `
[INFO] [stdout]  --> src/lib.rs:15:3
[INFO] [stdout]   |
[INFO] [stdout] 3 | - `origin` which must be the primary key of the identity `id`.
[INFO] [stdout]   |   ^
[INFO] [stdout]   |
[INFO] [stdout] help: Unicode character '`' (Grave Accent) looks like ''' (Single Quote), but it is not
[INFO] [stdout]   |
[INFO] [stdout] 3 | - 'origin` which must be the primary key of the identity `id`.
[INFO] [stdout]   |   ~
[INFO] [stdout] 
[INFO] [stdout] error: unknown start of token: `
[INFO] [stdout]  --> src/lib.rs:15:10
[INFO] [stdout]   |
[INFO] [stdout] 3 | - `origin` which must be the primary key of the identity `id`.
[INFO] [stdout]   |          ^
[INFO] [stdout]   |
[INFO] [stdout] help: Unicode character '`' (Grave Accent) looks like ''' (Single Quote), but it is not
[INFO] [stdout]   |
[INFO] [stdout] 3 | - `origin' which must be the primary key of the identity `id`.
[INFO] [stdout]   |          ~
[INFO] [stdout] 
[INFO] [stdout] error: unknown start of token: `
[INFO] [stdout]  --> src/lib.rs:15:58
[INFO] [stdout]   |
[INFO] [stdout] 3 | - `origin` which must be the primary key of the identity `id`.
[INFO] [stdout]   |                                                          ^
[INFO] [stdout]   |
[INFO] [stdout] help: Unicode character '`' (Grave Accent) looks like ''' (Single Quote), but it is not
[INFO] [stdout]   |
[INFO] [stdout] 3 | - `origin` which must be the primary key of the identity 'id`.
[INFO] [stdout]   |                                                          ~
[INFO] [stdout] 
[INFO] [stdout] error: unknown start of token: `
[INFO] [stdout]  --> src/lib.rs:15:61
[INFO] [stdout]   |
[INFO] [stdout] 3 | - `origin` which must be the primary key of the identity `id`.
[INFO] [stdout]   |                                                             ^
[INFO] [stdout]   |
[INFO] [stdout] help: Unicode character '`' (Grave Accent) looks like ''' (Single Quote), but it is not
[INFO] [stdout]   |
[INFO] [stdout] 3 | - `origin` which must be the primary key of the identity `id'.
[INFO] [stdout]   |                                                             ~
[INFO] [stdout] 
[INFO] [stdout] error: unknown start of token: `
[INFO] [stdout]  --> src/lib.rs:16:3
[INFO] [stdout]   |
[INFO] [stdout] 4 | - `id` to which new secondary keys will be added.
[INFO] [stdout]   |   ^
[INFO] [stdout]   |
[INFO] [stdout] help: Unicode character '`' (Grave Accent) looks like ''' (Single Quote), but it is not
[INFO] [stdout]   |
[INFO] [stdout] 4 | - 'id` to which new secondary keys will be added.
[INFO] [stdout]   |   ~
[INFO] [stdout] 
[INFO] [stdout] error: unknown start of token: `
[INFO] [stdout]  --> src/lib.rs:16:6
[INFO] [stdout]   |
[INFO] [stdout] 4 | - `id` to which new secondary keys will be added.
[INFO] [stdout]   |      ^
[INFO] [stdout]   |
[INFO] [stdout] help: Unicode character '`' (Grave Accent) looks like ''' (Single Quote), but it is not
[INFO] [stdout]   |
[INFO] [stdout] 4 | - `id' to which new secondary keys will be added.
[INFO] [stdout]   |      ~
[INFO] [stdout] 
[INFO] [stdout] error: unknown start of token: `
[INFO] [stdout]  --> src/lib.rs:17:3
[INFO] [stdout]   |
[INFO] [stdout] 5 | - `additional_keys` which includes secondary keys,
[INFO] [stdout]   |   ^
[INFO] [stdout]   |
[INFO] [stdout] help: Unicode character '`' (Grave Accent) looks like ''' (Single Quote), but it is not
[INFO] [stdout]   |
[INFO] [stdout] 5 | - 'additional_keys` which includes secondary keys,
[INFO] [stdout]   |   ~
[INFO] [stdout] 
[INFO] [stdout] error: unknown start of token: `
[INFO] [stdout]  --> src/lib.rs:17:19
[INFO] [stdout]   |
[INFO] [stdout] 5 | - `additional_keys` which includes secondary keys,
[INFO] [stdout]   |                   ^
[INFO] [stdout]   |
[INFO] [stdout] help: Unicode character '`' (Grave Accent) looks like ''' (Single Quote), but it is not
[INFO] [stdout]   |
[INFO] [stdout] 5 | - `additional_keys' which includes secondary keys,
[INFO] [stdout]   |                   ~
[INFO] [stdout] 
[INFO] [stdout] error: expected one of `!`, `.`, `::`, `;`, `?`, `{`, `}`, or an operator, found `which`
[INFO] [stdout]  --> src/lib.rs:15:12
[INFO] [stdout]   |
[INFO] [stdout] 3 | - `origin` which must be the primary key of the identity `id`.
[INFO] [stdout]   |            ^^^^^ expected one of 8 possible tokens
[INFO] [stdout] 
[INFO] [stdout] error: aborting due to 9 previous errors
[INFO] [stdout] 
[INFO] [stdout] Couldn't compile the test.
[INFO] [stdout] ---- src/lib.rs - polymesh::api::identity::IdentityCallApi<'api>::add_secondary_keys_with_authorization (line 20) stdout ----
[INFO] [stdout] error: expected one of `!`, `.`, `::`, `;`, `?`, `{`, `}`, or an operator, found `only`
[INFO] [stdout]  --> src/lib.rs:21:7
[INFO] [stdout]   |
[INFO] [stdout] 3 | - Can only called by primary key owner.
[INFO] [stdout]   |       ^^^^ expected one of 8 possible tokens
[INFO] [stdout] 
[INFO] [stdout] error: aborting due to 1 previous error
[INFO] [stdout] 
[INFO] [stdout] Couldn't compile the test.
[INFO] [stdout] 
[INFO] [stdout] failures:
[INFO] [stdout]     src/lib.rs - polymesh::api::identity::IdentityCallApi<'api>::add_secondary_keys_with_authorization (line 14)
[INFO] [stdout]     src/lib.rs - polymesh::api::identity::IdentityCallApi<'api>::add_secondary_keys_with_authorization (line 20)
[INFO] [stdout]     src/lib.rs - polymesh::types::pallet_identity::IdentityCall::add_secondary_keys_with_authorization (line 14)
[INFO] [stdout]     src/lib.rs - polymesh::types::pallet_identity::IdentityCall::add_secondary_keys_with_authorization (line 20)
[INFO] [stdout] 
[INFO] [stdout] test result: FAILED. 0 passed; 4 failed; 0 ignored; 0 measured; 0 filtered out; finished in 0.16s
[INFO] [stdout] 
[INFO] [stderr] error: doctest failed, to rerun pass `--doc`
[INFO] running `Command { std: "docker" "inspect" "1fa97a73a0125f83ba765c20013de5c7dbd26b79c037bc90324d346e8bbcdff5", kill_on_drop: false }`
[INFO] running `Command { std: "docker" "rm" "-f" "1fa97a73a0125f83ba765c20013de5c7dbd26b79c037bc90324d346e8bbcdff5", kill_on_drop: false }`
[INFO] [stdout] 1fa97a73a0125f83ba765c20013de5c7dbd26b79c037bc90324d346e8bbcdff5
