[INFO] cloning repository https://github.com/PinkP4nther/SSLRelay-lib
[INFO] running `Command { std: "git" "-c" "credential.helper=" "-c" "credential.helper=/workspace/cargo-home/bin/git-credential-null" "clone" "--bare" "https://github.com/PinkP4nther/SSLRelay-lib" "/workspace/cache/git-repos/https%3A%2F%2Fgithub.com%2FPinkP4nther%2FSSLRelay-lib", kill_on_drop: false }`
[INFO] [stderr] Cloning into bare repository '/workspace/cache/git-repos/https%3A%2F%2Fgithub.com%2FPinkP4nther%2FSSLRelay-lib'...
[INFO] running `Command { std: "git" "rev-parse" "HEAD", kill_on_drop: false }`
[INFO] [stdout] 0e9b4feaf733d21dbcb561c23b9bd37b7ee5c8d7
[INFO] testing PinkP4nther/SSLRelay-lib against beta-2024-12-08 for beta-1.84.0-4-retry
[INFO] running `Command { std: "git" "clone" "/workspace/cache/git-repos/https%3A%2F%2Fgithub.com%2FPinkP4nther%2FSSLRelay-lib" "/workspace/builds/worker-2-tc2/source", kill_on_drop: false }`
[INFO] [stderr] Cloning into '/workspace/builds/worker-2-tc2/source'...
[INFO] [stderr] done.
[INFO] validating manifest of git repo https://github.com/PinkP4nther/SSLRelay-lib on toolchain beta-2024-12-08
[INFO] running `Command { std: CARGO_HOME="/workspace/cargo-home" RUSTUP_HOME="/workspace/rustup-home" "/workspace/cargo-home/bin/cargo" "+beta-2024-12-08" "metadata" "--manifest-path" "Cargo.toml" "--no-deps", kill_on_drop: false }`
[INFO] started tweaking git repo https://github.com/PinkP4nther/SSLRelay-lib
[INFO] finished tweaking git repo https://github.com/PinkP4nther/SSLRelay-lib
[INFO] tweaked toml for git repo https://github.com/PinkP4nther/SSLRelay-lib written to /workspace/builds/worker-2-tc2/source/Cargo.toml
[INFO] running `Command { std: CARGO_HOME="/workspace/cargo-home" RUSTUP_HOME="/workspace/rustup-home" "/workspace/cargo-home/bin/cargo" "+beta-2024-12-08" "generate-lockfile" "--manifest-path" "Cargo.toml", kill_on_drop: false }`
[INFO] [stderr]     Updating crates.io index
[INFO] [stderr]      Locking 17 packages to latest compatible versions
[INFO] running `Command { std: CARGO_HOME="/workspace/cargo-home" RUSTUP_HOME="/workspace/rustup-home" "/workspace/cargo-home/bin/cargo" "+beta-2024-12-08" "fetch" "--manifest-path" "Cargo.toml", kill_on_drop: false }`
[INFO] running `Command { std: "docker" "create" "-v" "/var/lib/crater-agent-workspace/builds/worker-2-tc2/target:/opt/rustwide/target:rw,Z" "-v" "/var/lib/crater-agent-workspace/builds/worker-2-tc2/source:/opt/rustwide/workdir:ro,Z" "-v" "/var/lib/crater-agent-workspace/cargo-home:/opt/rustwide/cargo-home:ro,Z" "-v" "/var/lib/crater-agent-workspace/rustup-home:/opt/rustwide/rustup-home:ro,Z" "-e" "SOURCE_DIR=/opt/rustwide/workdir" "-e" "CARGO_TARGET_DIR=/opt/rustwide/target" "-e" "CARGO_HOME=/opt/rustwide/cargo-home" "-e" "RUSTUP_HOME=/opt/rustwide/rustup-home" "-w" "/opt/rustwide/workdir" "-m" "1610612736" "--user" "0:0" "--network" "none" "ghcr.io/rust-lang/crates-build-env/linux@sha256:f3a9d4ad9d972b27faf3965f35b62e55ba32bbce8f20bc8fe909558a86702fde" "/opt/rustwide/cargo-home/bin/cargo" "+beta-2024-12-08" "metadata" "--no-deps" "--format-version=1", kill_on_drop: false }`
[INFO] [stdout] aabfb36158e90c3ac61144d512ee4e57764f4bdcdaab8d8e8084afb22b153bc1
[INFO] running `Command { std: "docker" "start" "-a" "aabfb36158e90c3ac61144d512ee4e57764f4bdcdaab8d8e8084afb22b153bc1", kill_on_drop: false }`
[INFO] running `Command { std: "docker" "inspect" "aabfb36158e90c3ac61144d512ee4e57764f4bdcdaab8d8e8084afb22b153bc1", kill_on_drop: false }`
[INFO] running `Command { std: "docker" "rm" "-f" "aabfb36158e90c3ac61144d512ee4e57764f4bdcdaab8d8e8084afb22b153bc1", kill_on_drop: false }`
[INFO] [stdout] aabfb36158e90c3ac61144d512ee4e57764f4bdcdaab8d8e8084afb22b153bc1
[INFO] running `Command { std: "docker" "create" "-v" "/var/lib/crater-agent-workspace/builds/worker-2-tc2/target:/opt/rustwide/target:rw,Z" "-v" "/var/lib/crater-agent-workspace/builds/worker-2-tc2/source:/opt/rustwide/workdir:ro,Z" "-v" "/var/lib/crater-agent-workspace/cargo-home:/opt/rustwide/cargo-home:ro,Z" "-v" "/var/lib/crater-agent-workspace/rustup-home:/opt/rustwide/rustup-home:ro,Z" "-e" "SOURCE_DIR=/opt/rustwide/workdir" "-e" "CARGO_TARGET_DIR=/opt/rustwide/target" "-e" "CARGO_INCREMENTAL=0" "-e" "RUST_BACKTRACE=full" "-e" "RUSTFLAGS=--cap-lints=warn" "-e" "RUSTDOCFLAGS=--cap-lints=warn" "-e" "CARGO_HOME=/opt/rustwide/cargo-home" "-e" "RUSTUP_HOME=/opt/rustwide/rustup-home" "-w" "/opt/rustwide/workdir" "-m" "1610612736" "--user" "0:0" "--network" "none" "ghcr.io/rust-lang/crates-build-env/linux@sha256:f3a9d4ad9d972b27faf3965f35b62e55ba32bbce8f20bc8fe909558a86702fde" "/opt/rustwide/cargo-home/bin/cargo" "+beta-2024-12-08" "build" "--frozen" "--message-format=json", kill_on_drop: false }`
[INFO] [stdout] 374dd68c5526c590d360ed9548cdf13b3a079e2e513ef4f23f6b89d36acad7cd
[INFO] running `Command { std: "docker" "start" "-a" "374dd68c5526c590d360ed9548cdf13b3a079e2e513ef4f23f6b89d36acad7cd", kill_on_drop: false }`
[INFO] [stderr]    Compiling shlex v1.3.0
[INFO] [stderr]    Compiling proc-macro2 v1.0.92
[INFO] [stderr]    Compiling pkg-config v0.3.31
[INFO] [stderr]    Compiling unicode-ident v1.0.14
[INFO] [stderr]    Compiling vcpkg v0.2.15
[INFO] [stderr]    Compiling libc v0.2.168
[INFO] [stderr]    Compiling openssl v0.10.68
[INFO] [stderr]    Compiling foreign-types-shared v0.1.1
[INFO] [stderr]    Compiling bitflags v2.6.0
[INFO] [stderr]    Compiling once_cell v1.20.2
[INFO] [stderr]    Compiling foreign-types v0.3.2
[INFO] [stderr]    Compiling cc v1.2.4
[INFO] [stderr]    Compiling quote v1.0.37
[INFO] [stderr]    Compiling syn v2.0.90
[INFO] [stderr]    Compiling openssl-sys v0.9.104
[INFO] [stderr]    Compiling openssl-macros v0.1.1
[INFO] [stderr]    Compiling sslrelay v0.6.2 (/opt/rustwide/workdir)
[INFO] [stderr]     Finished `dev` profile [unoptimized + debuginfo] target(s) in 14.90s
[INFO] running `Command { std: "docker" "inspect" "374dd68c5526c590d360ed9548cdf13b3a079e2e513ef4f23f6b89d36acad7cd", kill_on_drop: false }`
[INFO] running `Command { std: "docker" "rm" "-f" "374dd68c5526c590d360ed9548cdf13b3a079e2e513ef4f23f6b89d36acad7cd", kill_on_drop: false }`
[INFO] [stdout] 374dd68c5526c590d360ed9548cdf13b3a079e2e513ef4f23f6b89d36acad7cd
[INFO] running `Command { std: "docker" "create" "-v" "/var/lib/crater-agent-workspace/builds/worker-2-tc2/target:/opt/rustwide/target:rw,Z" "-v" "/var/lib/crater-agent-workspace/builds/worker-2-tc2/source:/opt/rustwide/workdir:ro,Z" "-v" "/var/lib/crater-agent-workspace/cargo-home:/opt/rustwide/cargo-home:ro,Z" "-v" "/var/lib/crater-agent-workspace/rustup-home:/opt/rustwide/rustup-home:ro,Z" "-e" "SOURCE_DIR=/opt/rustwide/workdir" "-e" "CARGO_TARGET_DIR=/opt/rustwide/target" "-e" "CARGO_INCREMENTAL=0" "-e" "RUST_BACKTRACE=full" "-e" "RUSTFLAGS=--cap-lints=warn" "-e" "RUSTDOCFLAGS=--cap-lints=warn" "-e" "CARGO_HOME=/opt/rustwide/cargo-home" "-e" "RUSTUP_HOME=/opt/rustwide/rustup-home" "-w" "/opt/rustwide/workdir" "-m" "1610612736" "--user" "0:0" "--network" "none" "ghcr.io/rust-lang/crates-build-env/linux@sha256:f3a9d4ad9d972b27faf3965f35b62e55ba32bbce8f20bc8fe909558a86702fde" "/opt/rustwide/cargo-home/bin/cargo" "+beta-2024-12-08" "test" "--frozen" "--no-run" "--message-format=json", kill_on_drop: false }`
[INFO] [stdout] e47813feefbdc14dafc7acf61883f8193b91001096ec56ea4fa2267e81b4b7a0
[INFO] running `Command { std: "docker" "start" "-a" "e47813feefbdc14dafc7acf61883f8193b91001096ec56ea4fa2267e81b4b7a0", kill_on_drop: false }`
[INFO] [stderr]    Compiling sslrelay v0.6.2 (/opt/rustwide/workdir)
[INFO] [stderr]     Finished `test` profile [unoptimized + debuginfo] target(s) in 0.53s
[INFO] running `Command { std: "docker" "inspect" "e47813feefbdc14dafc7acf61883f8193b91001096ec56ea4fa2267e81b4b7a0", kill_on_drop: false }`
[INFO] running `Command { std: "docker" "rm" "-f" "e47813feefbdc14dafc7acf61883f8193b91001096ec56ea4fa2267e81b4b7a0", kill_on_drop: false }`
[INFO] [stdout] e47813feefbdc14dafc7acf61883f8193b91001096ec56ea4fa2267e81b4b7a0
[INFO] running `Command { std: "docker" "create" "-v" "/var/lib/crater-agent-workspace/builds/worker-2-tc2/target:/opt/rustwide/target:rw,Z" "-v" "/var/lib/crater-agent-workspace/builds/worker-2-tc2/source:/opt/rustwide/workdir:ro,Z" "-v" "/var/lib/crater-agent-workspace/cargo-home:/opt/rustwide/cargo-home:ro,Z" "-v" "/var/lib/crater-agent-workspace/rustup-home:/opt/rustwide/rustup-home:ro,Z" "-e" "SOURCE_DIR=/opt/rustwide/workdir" "-e" "CARGO_TARGET_DIR=/opt/rustwide/target" "-e" "CARGO_INCREMENTAL=0" "-e" "RUST_BACKTRACE=full" "-e" "RUSTFLAGS=--cap-lints=warn" "-e" "RUSTDOCFLAGS=--cap-lints=warn" "-e" "CARGO_HOME=/opt/rustwide/cargo-home" "-e" "RUSTUP_HOME=/opt/rustwide/rustup-home" "-w" "/opt/rustwide/workdir" "-m" "1610612736" "--user" "0:0" "--network" "none" "ghcr.io/rust-lang/crates-build-env/linux@sha256:f3a9d4ad9d972b27faf3965f35b62e55ba32bbce8f20bc8fe909558a86702fde" "/opt/rustwide/cargo-home/bin/cargo" "+beta-2024-12-08" "test" "--frozen", kill_on_drop: false }`
[INFO] [stdout] 12fcd14b937f4ab8e3adf9b835c99fb22ee74a79292f3b0862c3a8a98bdaff19
[INFO] running `Command { std: "docker" "start" "-a" "12fcd14b937f4ab8e3adf9b835c99fb22ee74a79292f3b0862c3a8a98bdaff19", kill_on_drop: false }`
[INFO] [stderr]     Finished `test` profile [unoptimized + debuginfo] target(s) in 0.03s
[INFO] [stderr]      Running unittests src/lib.rs (/opt/rustwide/target/debug/deps/sslrelay-eb18959f1fc4c5d2)
[INFO] [stdout] 
[INFO] [stdout] running 0 tests
[INFO] [stdout] 
[INFO] [stdout] test result: ok. 0 passed; 0 failed; 0 ignored; 0 measured; 0 filtered out; finished in 0.00s
[INFO] [stdout] 
[INFO] [stderr]    Doc-tests sslrelay
[INFO] [stdout] 
[INFO] [stdout] running 3 tests
[INFO] [stdout] test src/lib.rs - (line 5) ... FAILED
[INFO] [stdout] test src/lib.rs - (line 24) ... FAILED
[INFO] [stdout] test src/lib.rs - (line 15) ... ok
[INFO] [stdout] 
[INFO] [stdout] failures:
[INFO] [stdout] 
[INFO] [stdout] ---- src/lib.rs - (line 5) stdout ----
[INFO] [stdout] error[E0412]: cannot find type `CallbackRet` in this scope
[INFO] [stdout]  --> src/lib.rs:7:55
[INFO] [stdout]   |
[INFO] [stdout] 4 |     fn ds_b_callback(&mut self, _in_data: Vec<u8>) -> CallbackRet {CallbackRet::Relay(_in_data)}
[INFO] [stdout]   |                                                       ^^^^^^^^^^^ not found in this scope
[INFO] [stdout]   |
[INFO] [stdout] help: consider importing this enum
[INFO] [stdout]   |
[INFO] [stdout] 2 + use sslrelay::CallbackRet;
[INFO] [stdout]   |
[INFO] [stdout] 
[INFO] [stdout] error[E0433]: failed to resolve: use of undeclared type `CallbackRet`
[INFO] [stdout]  --> src/lib.rs:7:68
[INFO] [stdout]   |
[INFO] [stdout] 4 |     fn ds_b_callback(&mut self, _in_data: Vec<u8>) -> CallbackRet {CallbackRet::Relay(_in_data)}
[INFO] [stdout]   |                                                                    ^^^^^^^^^^^ use of undeclared type `CallbackRet`
[INFO] [stdout]   |
[INFO] [stdout] help: consider importing this enum
[INFO] [stdout]   |
[INFO] [stdout] 2 + use sslrelay::CallbackRet;
[INFO] [stdout]   |
[INFO] [stdout] 
[INFO] [stdout] error[E0412]: cannot find type `CallbackRet` in this scope
[INFO] [stdout]  --> src/lib.rs:9:55
[INFO] [stdout]   |
[INFO] [stdout] 6 |     fn us_b_callback(&mut self, _in_data: Vec<u8>) -> CallbackRet {CallbackRet::Relay(_in_data)}
[INFO] [stdout]   |                                                       ^^^^^^^^^^^ not found in this scope
[INFO] [stdout]   |
[INFO] [stdout] help: consider importing this enum
[INFO] [stdout]   |
[INFO] [stdout] 2 + use sslrelay::CallbackRet;
[INFO] [stdout]   |
[INFO] [stdout] 
[INFO] [stdout] error[E0433]: failed to resolve: use of undeclared type `CallbackRet`
[INFO] [stdout]  --> src/lib.rs:9:68
[INFO] [stdout]   |
[INFO] [stdout] 6 |     fn us_b_callback(&mut self, _in_data: Vec<u8>) -> CallbackRet {CallbackRet::Relay(_in_data)}
[INFO] [stdout]   |                                                                    ^^^^^^^^^^^ use of undeclared type `CallbackRet`
[INFO] [stdout]   |
[INFO] [stdout] help: consider importing this enum
[INFO] [stdout]   |
[INFO] [stdout] 2 + use sslrelay::CallbackRet;
[INFO] [stdout]   |
[INFO] [stdout] 
[INFO] [stdout] error: aborting due to 4 previous errors
[INFO] [stdout] 
[INFO] [stdout] Some errors have detailed explanations: E0412, E0433.
[INFO] [stdout] For more information about an error, try `rustc --explain E0412`.
[INFO] [stdout] Couldn't compile the test.
[INFO] [stdout] ---- src/lib.rs - (line 24) stdout ----
[INFO] [stdout] error[E0254]: the name `sslrelay` is defined multiple times
[INFO] [stdout]  --> src/lib.rs:26:16
[INFO] [stdout]   |
[INFO] [stdout] 3 | extern crate r#sslrelay;
[INFO] [stdout]   | ------------------------ previous import of the extern crate `sslrelay` here
[INFO] [stdout] 4 | use sslrelay::{self, RelayConfig, HandlerCallbacks, CallbackRet, TCPDataType, TLSConfig};
[INFO] [stdout]   |                ^^^^--
[INFO] [stdout]   |                |
[INFO] [stdout]   |                `sslrelay` reimported here
[INFO] [stdout]   |                help: remove unnecessary import
[INFO] [stdout]   |
[INFO] [stdout]   = note: `sslrelay` must be defined only once in the type namespace of this module
[INFO] [stdout] 
[INFO] [stdout] error: aborting due to 1 previous error
[INFO] [stdout] 
[INFO] [stdout] For more information about this error, try `rustc --explain E0254`.
[INFO] [stdout] Couldn't compile the test.
[INFO] [stdout] 
[INFO] [stdout] failures:
[INFO] [stdout]     src/lib.rs - (line 24)
[INFO] [stdout]     src/lib.rs - (line 5)
[INFO] [stdout] 
[INFO] [stdout] test result: FAILED. 1 passed; 2 failed; 0 ignored; 0 measured; 0 filtered out; finished in 0.29s
[INFO] [stdout] 
[INFO] [stderr] error: doctest failed, to rerun pass `--doc`
[INFO] running `Command { std: "docker" "inspect" "12fcd14b937f4ab8e3adf9b835c99fb22ee74a79292f3b0862c3a8a98bdaff19", kill_on_drop: false }`
[INFO] running `Command { std: "docker" "rm" "-f" "12fcd14b937f4ab8e3adf9b835c99fb22ee74a79292f3b0862c3a8a98bdaff19", kill_on_drop: false }`
[INFO] [stdout] 12fcd14b937f4ab8e3adf9b835c99fb22ee74a79292f3b0862c3a8a98bdaff19
