[INFO] cloning repository https://github.com/PiNengShaoNian/rcli
[INFO] running `Command { std: "git" "-c" "credential.helper=" "-c" "credential.helper=/workspace/cargo-home/bin/git-credential-null" "clone" "--bare" "https://github.com/PiNengShaoNian/rcli" "/workspace/cache/git-repos/https%3A%2F%2Fgithub.com%2FPiNengShaoNian%2Frcli", kill_on_drop: false }`
[INFO] [stderr] Cloning into bare repository '/workspace/cache/git-repos/https%3A%2F%2Fgithub.com%2FPiNengShaoNian%2Frcli'...
[INFO] running `Command { std: "git" "rev-parse" "HEAD", kill_on_drop: false }`
[INFO] [stdout] 714c6cbfe9dde77db7cf0ea93789e6b9bb70604f
[INFO] testing PiNengShaoNian/rcli against beta-2024-12-08 for beta-1.84.0-4-retry
[INFO] running `Command { std: "git" "clone" "/workspace/cache/git-repos/https%3A%2F%2Fgithub.com%2FPiNengShaoNian%2Frcli" "/workspace/builds/worker-0-tc2/source", kill_on_drop: false }`
[INFO] [stderr] Cloning into '/workspace/builds/worker-0-tc2/source'...
[INFO] [stderr] done.
[INFO] validating manifest of git repo https://github.com/PiNengShaoNian/rcli on toolchain beta-2024-12-08
[INFO] running `Command { std: CARGO_HOME="/workspace/cargo-home" RUSTUP_HOME="/workspace/rustup-home" "/workspace/cargo-home/bin/cargo" "+beta-2024-12-08" "metadata" "--manifest-path" "Cargo.toml" "--no-deps", kill_on_drop: false }`
[INFO] started tweaking git repo https://github.com/PiNengShaoNian/rcli
[INFO] finished tweaking git repo https://github.com/PiNengShaoNian/rcli
[INFO] tweaked toml for git repo https://github.com/PiNengShaoNian/rcli written to /workspace/builds/worker-0-tc2/source/Cargo.toml
[INFO] crate git repo https://github.com/PiNengShaoNian/rcli already has a lockfile, it will not be regenerated
[INFO] running `Command { std: CARGO_HOME="/workspace/cargo-home" RUSTUP_HOME="/workspace/rustup-home" "/workspace/cargo-home/bin/cargo" "+beta-2024-12-08" "fetch" "--manifest-path" "Cargo.toml", kill_on_drop: false }`
[INFO] [stderr]     Blocking waiting for file lock on package cache
[INFO] running `Command { std: "docker" "create" "-v" "/var/lib/crater-agent-workspace/builds/worker-0-tc2/target:/opt/rustwide/target:rw,Z" "-v" "/var/lib/crater-agent-workspace/builds/worker-0-tc2/source:/opt/rustwide/workdir:ro,Z" "-v" "/var/lib/crater-agent-workspace/cargo-home:/opt/rustwide/cargo-home:ro,Z" "-v" "/var/lib/crater-agent-workspace/rustup-home:/opt/rustwide/rustup-home:ro,Z" "-e" "SOURCE_DIR=/opt/rustwide/workdir" "-e" "CARGO_TARGET_DIR=/opt/rustwide/target" "-e" "CARGO_HOME=/opt/rustwide/cargo-home" "-e" "RUSTUP_HOME=/opt/rustwide/rustup-home" "-w" "/opt/rustwide/workdir" "-m" "1610612736" "--user" "0:0" "--network" "none" "ghcr.io/rust-lang/crates-build-env/linux@sha256:f3a9d4ad9d972b27faf3965f35b62e55ba32bbce8f20bc8fe909558a86702fde" "/opt/rustwide/cargo-home/bin/cargo" "+beta-2024-12-08" "metadata" "--no-deps" "--format-version=1", kill_on_drop: false }`
[INFO] [stdout] 4220bafa6f51cdcb5bc6df1bb14412a385c8da02975512bf6aa36d47af9792c2
[INFO] running `Command { std: "docker" "start" "-a" "4220bafa6f51cdcb5bc6df1bb14412a385c8da02975512bf6aa36d47af9792c2", kill_on_drop: false }`
[INFO] running `Command { std: "docker" "inspect" "4220bafa6f51cdcb5bc6df1bb14412a385c8da02975512bf6aa36d47af9792c2", kill_on_drop: false }`
[INFO] running `Command { std: "docker" "rm" "-f" "4220bafa6f51cdcb5bc6df1bb14412a385c8da02975512bf6aa36d47af9792c2", kill_on_drop: false }`
[INFO] [stdout] 4220bafa6f51cdcb5bc6df1bb14412a385c8da02975512bf6aa36d47af9792c2
[INFO] running `Command { std: "docker" "create" "-v" "/var/lib/crater-agent-workspace/builds/worker-0-tc2/target:/opt/rustwide/target:rw,Z" "-v" "/var/lib/crater-agent-workspace/builds/worker-0-tc2/source:/opt/rustwide/workdir:ro,Z" "-v" "/var/lib/crater-agent-workspace/cargo-home:/opt/rustwide/cargo-home:ro,Z" "-v" "/var/lib/crater-agent-workspace/rustup-home:/opt/rustwide/rustup-home:ro,Z" "-e" "SOURCE_DIR=/opt/rustwide/workdir" "-e" "CARGO_TARGET_DIR=/opt/rustwide/target" "-e" "CARGO_INCREMENTAL=0" "-e" "RUST_BACKTRACE=full" "-e" "RUSTFLAGS=--cap-lints=warn" "-e" "RUSTDOCFLAGS=--cap-lints=warn" "-e" "CARGO_HOME=/opt/rustwide/cargo-home" "-e" "RUSTUP_HOME=/opt/rustwide/rustup-home" "-w" "/opt/rustwide/workdir" "-m" "1610612736" "--user" "0:0" "--network" "none" "ghcr.io/rust-lang/crates-build-env/linux@sha256:f3a9d4ad9d972b27faf3965f35b62e55ba32bbce8f20bc8fe909558a86702fde" "/opt/rustwide/cargo-home/bin/cargo" "+beta-2024-12-08" "build" "--frozen" "--message-format=json", kill_on_drop: false }`
[INFO] [stdout] f6f8cbc707156318afcf41f04b68898897c0ec829d7529cc0410122e1c60f918
[INFO] running `Command { std: "docker" "start" "-a" "f6f8cbc707156318afcf41f04b68898897c0ec829d7529cc0410122e1c60f918", kill_on_drop: false }`
[INFO] [stderr]    Compiling proc-macro2 v1.0.86
[INFO] [stderr]    Compiling unicode-ident v1.0.13
[INFO] [stderr]    Compiling libc v0.2.159
[INFO] [stderr]    Compiling version_check v0.9.5
[INFO] [stderr]    Compiling itoa v1.0.11
[INFO] [stderr]    Compiling pin-project-lite v0.2.14
[INFO] [stderr]    Compiling bytes v1.7.2
[INFO] [stderr]    Compiling once_cell v1.20.1
[INFO] [stderr]    Compiling shlex v1.3.0
[INFO] [stderr]    Compiling memchr v2.7.4
[INFO] [stderr]    Compiling log v0.4.22
[INFO] [stderr]    Compiling typenum v1.17.0
[INFO] [stderr]    Compiling strsim v0.11.1
[INFO] [stderr]    Compiling serde v1.0.210
[INFO] [stderr]    Compiling pkg-config v0.3.31
[INFO] [stderr]    Compiling ident_case v1.0.1
[INFO] [stderr]    Compiling futures-util v0.3.30
[INFO] [stderr]    Compiling semver v1.0.23
[INFO] [stderr]    Compiling autocfg v1.4.0
[INFO] [stderr]    Compiling hashbrown v0.14.5
[INFO] [stderr]    Compiling tracing-core v0.1.32
[INFO] [stderr]    Compiling alloc-no-stdlib v2.0.4
[INFO] [stderr]    Compiling ryu v1.0.18
[INFO] [stderr]    Compiling generic-array v0.14.7
[INFO] [stderr]    Compiling unicase v2.7.0
[INFO] [stderr]    Compiling httparse v1.9.5
[INFO] [stderr]    Compiling zstd-safe v7.2.1
[INFO] [stderr]    Compiling aho-corasick v1.1.3
[INFO] [stderr]    Compiling tower-service v0.3.3
[INFO] [stderr]    Compiling slab v0.4.9
[INFO] [stderr]    Compiling regex-syntax v0.8.5
[INFO] [stderr]    Compiling rustc_version v0.4.1
[INFO] [stderr]    Compiling alloc-stdlib v0.2.2
[INFO] [stderr]    Compiling http v1.1.0
[INFO] [stderr]    Compiling atomic-waker v1.1.2
[INFO] [stderr]    Compiling jobserver v0.1.32
[INFO] [stderr]    Compiling mio v1.0.2
[INFO] [stderr]    Compiling socket2 v0.5.7
[INFO] [stderr]    Compiling indexmap v2.5.0
[INFO] [stderr]    Compiling getrandom v0.2.15
[INFO] [stderr]    Compiling mime v0.3.17
[INFO] [stderr]    Compiling utf8parse v0.2.2
[INFO] [stderr]    Compiling rustversion v1.0.17
[INFO] [stderr]    Compiling smallvec v1.13.2
[INFO] [stderr]    Compiling byteorder v1.5.0
[INFO] [stderr]    Compiling quote v1.0.37
[INFO] [stderr]    Compiling cc v1.1.23
[INFO] [stderr]    Compiling tower-layer v0.3.3
[INFO] [stderr]    Compiling percent-encoding v2.3.1
[INFO] [stderr]    Compiling syn v2.0.79
[INFO] [stderr]    Compiling adler2 v2.0.0
[INFO] [stderr]    Compiling miniz_oxide v0.8.0
[INFO] [stderr]    Compiling rand_core v0.6.4
[INFO] [stderr]    Compiling anstyle-parse v0.2.5
[INFO] [stderr]    Compiling curve25519-dalek v4.1.3
[INFO] [stderr]    Compiling brotli-decompressor v4.0.1
[INFO] [stderr]    Compiling mime_guess v2.0.5
[INFO] [stderr]    Compiling crc32fast v1.4.2
[INFO] [stderr]    Compiling colorchoice v1.0.2
[INFO] [stderr]    Compiling bit-vec v0.6.3
[INFO] [stderr]    Compiling anstyle-query v1.1.1
[INFO] [stderr]    Compiling cpufeatures v0.2.14
[INFO] [stderr]    Compiling regex-syntax v0.6.29
[INFO] [stderr]    Compiling lazy_static v1.5.0
[INFO] [stderr]    Compiling serde_json v1.0.128
[INFO] [stderr]    Compiling anstyle v1.0.8
[INFO] [stderr]    Compiling is_terminal_polyfill v1.70.1
[INFO] [stderr]    Compiling bit-set v0.5.3
[INFO] [stderr]    Compiling flate2 v1.0.34
[INFO] [stderr]    Compiling form_urlencoded v1.2.1
[INFO] [stderr]    Compiling crypto-common v0.1.6
[INFO] [stderr]    Compiling block-buffer v0.10.4
[INFO] [stderr]    Compiling http-body v1.0.1
[INFO] [stderr]    Compiling sync_wrapper v0.1.2
[INFO] [stderr]    Compiling digest v0.10.7
[INFO] [stderr]    Compiling anstream v0.6.15
[INFO] [stderr]    Compiling signature v2.2.0
[INFO] [stderr]    Compiling either v1.13.0
[INFO] [stderr]    Compiling zeroize v1.8.1
[INFO] [stderr]    Compiling sync_wrapper v1.0.1
[INFO] [stderr]    Compiling subtle v2.6.1
[INFO] [stderr]    Compiling clap_lex v0.7.2
[INFO] [stderr]    Compiling anyhow v1.0.89
[INFO] [stderr]    Compiling heck v0.5.0
[INFO] [stderr]    Compiling sha2 v0.10.8
[INFO] [stderr]    Compiling time v0.3.36
[INFO] [stderr]    Compiling regex-automata v0.4.8
[INFO] [stderr]    Compiling clap_builder v4.5.18
[INFO] [stderr]    Compiling itertools v0.13.0
[INFO] [stderr]    Compiling ed25519 v2.2.3
[INFO] [stderr]    Compiling sharded-slab v0.1.7
[INFO] [stderr]    Compiling tracing-log v0.2.0
[INFO] [stderr]    Compiling csv-core v0.1.11
[INFO] [stderr]    Compiling thread_local v1.1.8
[INFO] [stderr]    Compiling brotli v7.0.0
[INFO] [stderr]    Compiling matchit v0.7.3
[INFO] [stderr]    Compiling arrayvec v0.7.6
[INFO] [stderr]    Compiling unsafe-libyaml v0.2.11
[INFO] [stderr]    Compiling zstd-sys v2.0.13+zstd.1.5.6
[INFO] [stderr]    Compiling http-body-util v0.1.2
[INFO] [stderr]    Compiling blake3 v1.5.4
[INFO] [stderr]    Compiling bitflags v2.6.0
[INFO] [stderr]    Compiling http-range-header v0.4.1
[INFO] [stderr]    Compiling regex-automata v0.1.10
[INFO] [stderr]    Compiling arrayref v0.3.9
[INFO] [stderr]    Compiling constant_time_eq v0.3.1
[INFO] [stderr]    Compiling base64 v0.22.1
[INFO] [stderr]    Compiling matchers v0.1.0
[INFO] [stderr]    Compiling regex v1.11.0
[INFO] [stderr]    Compiling fancy-regex v0.13.0
[INFO] [stderr]    Compiling darling_core v0.20.10
[INFO] [stderr]    Compiling tracing-attributes v0.1.27
[INFO] [stderr]    Compiling tokio-macros v2.4.0
[INFO] [stderr]    Compiling serde_derive v1.0.210
[INFO] [stderr]    Compiling zerocopy-derive v0.7.35
[INFO] [stderr]    Compiling curve25519-dalek-derive v0.1.1
[INFO] [stderr]    Compiling async-trait v0.1.83
[INFO] [stderr]    Compiling clap_derive v4.5.18
[INFO] [stderr]    Compiling enum_dispatch v0.3.13
[INFO] [stderr]    Compiling zerocopy v0.7.35
[INFO] [stderr]    Compiling tokio v1.40.0
[INFO] [stderr]    Compiling darling_macro v0.20.10
[INFO] [stderr]    Compiling zstd v0.13.2
[INFO] [stderr]    Compiling tracing v0.1.40
[INFO] [stderr]    Compiling axum-core v0.4.5
[INFO] [stderr]    Compiling tracing-subscriber v0.3.18
[INFO] [stderr]    Compiling ppv-lite86 v0.2.20
[INFO] [stderr]    Compiling darling v0.20.10
[INFO] [stderr]    Compiling derive_builder_core v0.20.1
[INFO] [stderr]    Compiling rand_chacha v0.3.1
[INFO] [stderr]    Compiling clap v4.5.18
[INFO] [stderr]    Compiling rand v0.8.5
[INFO] [stderr]    Compiling derive_builder_macro v0.20.1
[INFO] [stderr]    Compiling ed25519-dalek v2.1.1
[INFO] [stderr]    Compiling derive_builder v0.20.1
[INFO] [stderr]    Compiling zxcvbn v3.1.0
[INFO] [stderr]    Compiling serde_urlencoded v0.7.1
[INFO] [stderr]    Compiling serde_path_to_error v0.1.16
[INFO] [stderr]    Compiling csv v1.3.0
[INFO] [stderr]    Compiling serde_yaml v0.9.34+deprecated
[INFO] [stderr]    Compiling tokio-util v0.7.12
[INFO] [stderr]    Compiling tower v0.5.1
[INFO] [stderr]    Compiling async-compression v0.4.13
[INFO] [stderr]    Compiling h2 v0.4.6
[INFO] [stderr]    Compiling tower-http v0.6.1
[INFO] [stderr]    Compiling hyper v1.4.1
[INFO] [stderr]    Compiling hyper-util v0.1.9
[INFO] [stderr]    Compiling axum v0.7.7
[INFO] [stderr]    Compiling rcli v0.1.0 (/opt/rustwide/workdir)
[INFO] [stderr]     Finished `dev` profile [unoptimized + debuginfo] target(s) in 1m 25s
[INFO] running `Command { std: "docker" "inspect" "f6f8cbc707156318afcf41f04b68898897c0ec829d7529cc0410122e1c60f918", kill_on_drop: false }`
[INFO] running `Command { std: "docker" "rm" "-f" "f6f8cbc707156318afcf41f04b68898897c0ec829d7529cc0410122e1c60f918", kill_on_drop: false }`
[INFO] [stdout] f6f8cbc707156318afcf41f04b68898897c0ec829d7529cc0410122e1c60f918
[INFO] running `Command { std: "docker" "create" "-v" "/var/lib/crater-agent-workspace/builds/worker-0-tc2/target:/opt/rustwide/target:rw,Z" "-v" "/var/lib/crater-agent-workspace/builds/worker-0-tc2/source:/opt/rustwide/workdir:ro,Z" "-v" "/var/lib/crater-agent-workspace/cargo-home:/opt/rustwide/cargo-home:ro,Z" "-v" "/var/lib/crater-agent-workspace/rustup-home:/opt/rustwide/rustup-home:ro,Z" "-e" "SOURCE_DIR=/opt/rustwide/workdir" "-e" "CARGO_TARGET_DIR=/opt/rustwide/target" "-e" "CARGO_INCREMENTAL=0" "-e" "RUST_BACKTRACE=full" "-e" "RUSTFLAGS=--cap-lints=warn" "-e" "RUSTDOCFLAGS=--cap-lints=warn" "-e" "CARGO_HOME=/opt/rustwide/cargo-home" "-e" "RUSTUP_HOME=/opt/rustwide/rustup-home" "-w" "/opt/rustwide/workdir" "-m" "1610612736" "--user" "0:0" "--network" "none" "ghcr.io/rust-lang/crates-build-env/linux@sha256:f3a9d4ad9d972b27faf3965f35b62e55ba32bbce8f20bc8fe909558a86702fde" "/opt/rustwide/cargo-home/bin/cargo" "+beta-2024-12-08" "test" "--frozen" "--no-run" "--message-format=json", kill_on_drop: false }`
[INFO] [stdout] af817860d38eda7a4f2d5bd729834c2aba41d2a9b6b8d9d37b9ec2885417f3c9
[INFO] running `Command { std: "docker" "start" "-a" "af817860d38eda7a4f2d5bd729834c2aba41d2a9b6b8d9d37b9ec2885417f3c9", kill_on_drop: false }`
[INFO] [stderr]    Compiling rcli v0.1.0 (/opt/rustwide/workdir)
[INFO] [stderr]     Finished `test` profile [unoptimized + debuginfo] target(s) in 4.09s
[INFO] running `Command { std: "docker" "inspect" "af817860d38eda7a4f2d5bd729834c2aba41d2a9b6b8d9d37b9ec2885417f3c9", kill_on_drop: false }`
[INFO] running `Command { std: "docker" "rm" "-f" "af817860d38eda7a4f2d5bd729834c2aba41d2a9b6b8d9d37b9ec2885417f3c9", kill_on_drop: false }`
[INFO] [stdout] af817860d38eda7a4f2d5bd729834c2aba41d2a9b6b8d9d37b9ec2885417f3c9
[INFO] running `Command { std: "docker" "create" "-v" "/var/lib/crater-agent-workspace/builds/worker-0-tc2/target:/opt/rustwide/target:rw,Z" "-v" "/var/lib/crater-agent-workspace/builds/worker-0-tc2/source:/opt/rustwide/workdir:ro,Z" "-v" "/var/lib/crater-agent-workspace/cargo-home:/opt/rustwide/cargo-home:ro,Z" "-v" "/var/lib/crater-agent-workspace/rustup-home:/opt/rustwide/rustup-home:ro,Z" "-e" "SOURCE_DIR=/opt/rustwide/workdir" "-e" "CARGO_TARGET_DIR=/opt/rustwide/target" "-e" "CARGO_INCREMENTAL=0" "-e" "RUST_BACKTRACE=full" "-e" "RUSTFLAGS=--cap-lints=warn" "-e" "RUSTDOCFLAGS=--cap-lints=warn" "-e" "CARGO_HOME=/opt/rustwide/cargo-home" "-e" "RUSTUP_HOME=/opt/rustwide/rustup-home" "-w" "/opt/rustwide/workdir" "-m" "1610612736" "--user" "0:0" "--network" "none" "ghcr.io/rust-lang/crates-build-env/linux@sha256:f3a9d4ad9d972b27faf3965f35b62e55ba32bbce8f20bc8fe909558a86702fde" "/opt/rustwide/cargo-home/bin/cargo" "+beta-2024-12-08" "test" "--frozen", kill_on_drop: false }`
[INFO] [stdout] aad085947676ed580924bc5cbac0fae8ebe3f811bf27eb67a5b0a3729279342f
[INFO] running `Command { std: "docker" "start" "-a" "aad085947676ed580924bc5cbac0fae8ebe3f811bf27eb67a5b0a3729279342f", kill_on_drop: false }`
[INFO] [stderr]     Finished `test` profile [unoptimized + debuginfo] target(s) in 0.19s
[INFO] [stderr]      Running unittests src/lib.rs (/opt/rustwide/target/debug/deps/rcli-006455cc0b062927)
[INFO] [stdout] 
[INFO] [stdout] running 6 tests
[INFO] [stdout] test process::b64::tests::test_process_encode ... ok
[INFO] [stdout] test cli::tests::test_verify_input_file ... ok
[INFO] [stdout] test process::b64::tests::test_process_decode ... ok
[INFO] [stdout] test process::text::tests::test_blake3_sign_verify ... ok
[INFO] [stdout] test process::text::tests::test_ed25519_sign_verify ... ok
[INFO] [stdout] test process::http_serve::tests::test_file_handler ... FAILED
[INFO] [stdout] 
[INFO] [stdout] failures:
[INFO] [stdout] 
[INFO] [stdout] ---- process::http_serve::tests::test_file_handler stdout ----
[INFO] [stdout] thread 'process::http_serve::tests::test_file_handler' panicked at src/process/http_serve.rs:74:9:
[INFO] [stdout] assertion failed: content.trim().starts_with("[package]")
[INFO] [stdout] stack backtrace:
[INFO] [stdout]    0:     0x637f1338949a - std::backtrace_rs::backtrace::libunwind::trace::h8810477743020387
[INFO] [stdout]                                at /rustc/202008a1b8de96d2e5b6bc02d379db03a877d34d/library/std/src/../../backtrace/src/backtrace/libunwind.rs:116:5
[INFO] [stdout]    1:     0x637f1338949a - std::backtrace_rs::backtrace::trace_unsynchronized::h3aa55355dd6c54a6
[INFO] [stdout]                                at /rustc/202008a1b8de96d2e5b6bc02d379db03a877d34d/library/std/src/../../backtrace/src/backtrace/mod.rs:66:5
[INFO] [stdout]    2:     0x637f1338949a - std::sys::backtrace::_print_fmt::h8588b0f62410823f
[INFO] [stdout]                                at /rustc/202008a1b8de96d2e5b6bc02d379db03a877d34d/library/std/src/sys/backtrace.rs:66:9
[INFO] [stdout]    3:     0x637f1338949a - <std::sys::backtrace::BacktraceLock::print::DisplayBacktrace as core::fmt::Display>::fmt::h98c26ac25ffe89bb
[INFO] [stdout]                                at /rustc/202008a1b8de96d2e5b6bc02d379db03a877d34d/library/std/src/sys/backtrace.rs:39:26
[INFO] [stdout]    4:     0x637f133afd03 - core::fmt::rt::Argument::fmt::hf95377f4aebd453b
[INFO] [stdout]                                at /rustc/202008a1b8de96d2e5b6bc02d379db03a877d34d/library/core/src/fmt/rt.rs:177:76
[INFO] [stdout]    5:     0x637f133afd03 - core::fmt::write::h0dd5f6e2238c7982
[INFO] [stdout]                                at /rustc/202008a1b8de96d2e5b6bc02d379db03a877d34d/library/core/src/fmt/mod.rs:1189:21
[INFO] [stdout]    6:     0x637f13386103 - std::io::Write::write_fmt::h03bb0ca26e6faf8c
[INFO] [stdout]                                at /rustc/202008a1b8de96d2e5b6bc02d379db03a877d34d/library/std/src/io/mod.rs:1884:15
[INFO] [stdout]    7:     0x637f133892e2 - std::sys::backtrace::BacktraceLock::print::h5c19c1c038ee186d
[INFO] [stdout]                                at /rustc/202008a1b8de96d2e5b6bc02d379db03a877d34d/library/std/src/sys/backtrace.rs:42:9
[INFO] [stdout]    8:     0x637f1338a91d - std::panicking::default_hook::{{closure}}::h77172f079a1fcb13
[INFO] [stdout]                                at /rustc/202008a1b8de96d2e5b6bc02d379db03a877d34d/library/std/src/panicking.rs:268:22
[INFO] [stdout]    9:     0x637f1338a727 - std::panicking::default_hook::he5f8e3b203ccddba
[INFO] [stdout]                                at /rustc/202008a1b8de96d2e5b6bc02d379db03a877d34d/library/std/src/panicking.rs:292:9
[INFO] [stdout]   10:     0x637f132771e7 - <alloc::boxed::Box<F,A> as core::ops::function::Fn<Args>>::call::h7a3c7b4a1ae77f2f
[INFO] [stdout]                                at /rustc/202008a1b8de96d2e5b6bc02d379db03a877d34d/library/alloc/src/boxed.rs:1986:9
[INFO] [stdout]   11:     0x637f132771e7 - test::test_main::{{closure}}::hf0d3b69ae9b353d1
[INFO] [stdout]                                at /rustc/202008a1b8de96d2e5b6bc02d379db03a877d34d/library/test/src/lib.rs:134:21
[INFO] [stdout]   12:     0x637f1338afc8 - <alloc::boxed::Box<F,A> as core::ops::function::Fn<Args>>::call::h6332e82e7b189abd
[INFO] [stdout]                                at /rustc/202008a1b8de96d2e5b6bc02d379db03a877d34d/library/alloc/src/boxed.rs:1986:9
[INFO] [stdout]   13:     0x637f1338afc8 - std::panicking::rust_panic_with_hook::h53863d4e9018df39
[INFO] [stdout]                                at /rustc/202008a1b8de96d2e5b6bc02d379db03a877d34d/library/std/src/panicking.rs:809:13
[INFO] [stdout]   14:     0x637f1338ad56 - std::panicking::begin_panic_handler::{{closure}}::h67280e6fa0757873
[INFO] [stdout]                                at /rustc/202008a1b8de96d2e5b6bc02d379db03a877d34d/library/std/src/panicking.rs:667:13
[INFO] [stdout]   15:     0x637f13389979 - std::sys::backtrace::__rust_end_short_backtrace::h1dac3f54d6fbbeb2
[INFO] [stdout]                                at /rustc/202008a1b8de96d2e5b6bc02d379db03a877d34d/library/std/src/sys/backtrace.rs:170:18
[INFO] [stdout]   16:     0x637f1338aa1c - rust_begin_unwind
[INFO] [stdout]                                at /rustc/202008a1b8de96d2e5b6bc02d379db03a877d34d/library/std/src/panicking.rs:665:5
[INFO] [stdout]   17:     0x637f131fb140 - core::panicking::panic_fmt::h6792bd1b2bf01041
[INFO] [stdout]                                at /rustc/202008a1b8de96d2e5b6bc02d379db03a877d34d/library/core/src/panicking.rs:76:14
[INFO] [stdout]   18:     0x637f131fb1cc - core::panicking::panic::hbb5c236a846c507c
[INFO] [stdout]                                at /rustc/202008a1b8de96d2e5b6bc02d379db03a877d34d/library/core/src/panicking.rs:148:5
[INFO] [stdout]   19:     0x637f1320d45b - rcli::process::http_serve::tests::test_file_handler::{{closure}}::hd34751dd66014012
[INFO] [stdout]                                at /opt/rustwide/workdir/src/process/http_serve.rs:74:9
[INFO] [stdout]   20:     0x637f132018a2 - <core::pin::Pin<P> as core::future::future::Future>::poll::hc632ad01ffe69a33
[INFO] [stdout]                                at /rustc/202008a1b8de96d2e5b6bc02d379db03a877d34d/library/core/src/future/future.rs:124:9
[INFO] [stdout]   21:     0x637f1320185d - <core::pin::Pin<P> as core::future::future::Future>::poll::h793ef1ab25179ef2
[INFO] [stdout]                                at /rustc/202008a1b8de96d2e5b6bc02d379db03a877d34d/library/core/src/future/future.rs:124:9
[INFO] [stdout]   22:     0x637f132015df - tokio::runtime::scheduler::current_thread::CoreGuard::block_on::{{closure}}::{{closure}}::{{closure}}::had99f9f8169895f3
[INFO] [stdout]                                at /opt/rustwide/cargo-home/registry/src/index.crates.io-6f17d22bba15001f/tokio-1.40.0/src/runtime/scheduler/current_thread/mod.rs:696:57
[INFO] [stdout]   23:     0x637f13201375 - tokio::runtime::coop::with_budget::ha662fc61760c52e0
[INFO] [stdout]                                at /opt/rustwide/cargo-home/registry/src/index.crates.io-6f17d22bba15001f/tokio-1.40.0/src/runtime/coop.rs:107:5
[INFO] [stdout]   24:     0x637f13201375 - tokio::runtime::coop::budget::hb8c9d4907d2d7a3e
[INFO] [stdout]                                at /opt/rustwide/cargo-home/registry/src/index.crates.io-6f17d22bba15001f/tokio-1.40.0/src/runtime/coop.rs:73:5
[INFO] [stdout]   25:     0x637f13201375 - tokio::runtime::scheduler::current_thread::CoreGuard::block_on::{{closure}}::{{closure}}::h6d9d51c331e1dadf
[INFO] [stdout]                                at /opt/rustwide/cargo-home/registry/src/index.crates.io-6f17d22bba15001f/tokio-1.40.0/src/runtime/scheduler/current_thread/mod.rs:696:25
[INFO] [stdout]   26:     0x637f131fe8b0 - tokio::runtime::scheduler::current_thread::Context::enter::h24f056d5bd006d84
[INFO] [stdout]                                at /opt/rustwide/cargo-home/registry/src/index.crates.io-6f17d22bba15001f/tokio-1.40.0/src/runtime/scheduler/current_thread/mod.rs:423:19
[INFO] [stdout]   27:     0x637f1320036b - tokio::runtime::scheduler::current_thread::CoreGuard::block_on::{{closure}}::h20184ee87ef321b6
[INFO] [stdout]                                at /opt/rustwide/cargo-home/registry/src/index.crates.io-6f17d22bba15001f/tokio-1.40.0/src/runtime/scheduler/current_thread/mod.rs:695:36
[INFO] [stdout]   28:     0x637f13200064 - tokio::runtime::scheduler::current_thread::CoreGuard::enter::{{closure}}::h73a16f9c55252ab6
[INFO] [stdout]                                at /opt/rustwide/cargo-home/registry/src/index.crates.io-6f17d22bba15001f/tokio-1.40.0/src/runtime/scheduler/current_thread/mod.rs:774:68
[INFO] [stdout]   29:     0x637f131fd92b - tokio::runtime::context::scoped::Scoped<T>::set::h48ef9840331fd0fc
[INFO] [stdout]                                at /opt/rustwide/cargo-home/registry/src/index.crates.io-6f17d22bba15001f/tokio-1.40.0/src/runtime/context/scoped.rs:40:9
[INFO] [stdout]   30:     0x637f13217da9 - tokio::runtime::context::set_scheduler::{{closure}}::h4d18d2ee5c29e795
[INFO] [stdout]                                at /opt/rustwide/cargo-home/registry/src/index.crates.io-6f17d22bba15001f/tokio-1.40.0/src/runtime/context.rs:180:26
[INFO] [stdout]   31:     0x637f131fc5cd - std::thread::local::LocalKey<T>::try_with::h0ab0f33c5c7a3ef1
[INFO] [stdout]                                at /rustc/202008a1b8de96d2e5b6bc02d379db03a877d34d/library/std/src/thread/local.rs:283:12
[INFO] [stdout]   32:     0x637f131fc21a - std::thread::local::LocalKey<T>::with::h70b6bcb14ce145aa
[INFO] [stdout]                                at /rustc/202008a1b8de96d2e5b6bc02d379db03a877d34d/library/std/src/thread/local.rs:260:9
[INFO] [stdout]   33:     0x637f13217d5d - tokio::runtime::context::set_scheduler::hb0fb0fde3eeabb8d
[INFO] [stdout]                                at /opt/rustwide/cargo-home/registry/src/index.crates.io-6f17d22bba15001f/tokio-1.40.0/src/runtime/context.rs:180:9
[INFO] [stdout]   34:     0x637f131ffe10 - tokio::runtime::scheduler::current_thread::CoreGuard::enter::hd6b6188a318ee861
[INFO] [stdout]                                at /opt/rustwide/cargo-home/registry/src/index.crates.io-6f17d22bba15001f/tokio-1.40.0/src/runtime/scheduler/current_thread/mod.rs:774:27
[INFO] [stdout]   35:     0x637f13200103 - tokio::runtime::scheduler::current_thread::CoreGuard::block_on::hf97b971ccc2e884f
[INFO] [stdout]                                at /opt/rustwide/cargo-home/registry/src/index.crates.io-6f17d22bba15001f/tokio-1.40.0/src/runtime/scheduler/current_thread/mod.rs:683:19
[INFO] [stdout]   36:     0x637f131fde7f - tokio::runtime::scheduler::current_thread::CurrentThread::block_on::{{closure}}::h65935fb8b483a3bb
[INFO] [stdout]                                at /opt/rustwide/cargo-home/registry/src/index.crates.io-6f17d22bba15001f/tokio-1.40.0/src/runtime/scheduler/current_thread/mod.rs:191:28
[INFO] [stdout]   37:     0x637f1320ac96 - tokio::runtime::context::runtime::enter_runtime::ha414f6505b59fb1e
[INFO] [stdout]                                at /opt/rustwide/cargo-home/registry/src/index.crates.io-6f17d22bba15001f/tokio-1.40.0/src/runtime/context/runtime.rs:65:16
[INFO] [stdout]   38:     0x637f131fdb71 - tokio::runtime::scheduler::current_thread::CurrentThread::block_on::h890c1278acf5acc1
[INFO] [stdout]                                at /opt/rustwide/cargo-home/registry/src/index.crates.io-6f17d22bba15001f/tokio-1.40.0/src/runtime/scheduler/current_thread/mod.rs:179:9
[INFO] [stdout]   39:     0x637f1320b51d - tokio::runtime::runtime::Runtime::block_on_inner::h2ff43c83df8e0bed
[INFO] [stdout]                                at /opt/rustwide/cargo-home/registry/src/index.crates.io-6f17d22bba15001f/tokio-1.40.0/src/runtime/runtime.rs:361:47
[INFO] [stdout]   40:     0x637f1320b745 - tokio::runtime::runtime::Runtime::block_on::ha22afabb3cc2c9ad
[INFO] [stdout]                                at /opt/rustwide/cargo-home/registry/src/index.crates.io-6f17d22bba15001f/tokio-1.40.0/src/runtime/runtime.rs:335:13
[INFO] [stdout]   41:     0x637f1320cfb1 - rcli::process::http_serve::tests::test_file_handler::h2f5f8f24956beac7
[INFO] [stdout]                                at /opt/rustwide/workdir/src/process/http_serve.rs:74:9
[INFO] [stdout]   42:     0x637f1320ce57 - rcli::process::http_serve::tests::test_file_handler::{{closure}}::h2f482acc0242adb8
[INFO] [stdout]                                at /opt/rustwide/workdir/src/process/http_serve.rs:68:33
[INFO] [stdout]   43:     0x637f1320e0e6 - core::ops::function::FnOnce::call_once::h094d40a5033a4fe7
[INFO] [stdout]                                at /rustc/202008a1b8de96d2e5b6bc02d379db03a877d34d/library/core/src/ops/function.rs:250:5
[INFO] [stdout]   44:     0x637f1327bd0b - core::ops::function::FnOnce::call_once::h871bf86719ec9aa4
[INFO] [stdout]                                at /rustc/202008a1b8de96d2e5b6bc02d379db03a877d34d/library/core/src/ops/function.rs:250:5
[INFO] [stdout]   45:     0x637f1327bd0b - test::__rust_begin_short_backtrace::h2167df1e2b7d76fd
[INFO] [stdout]                                at /rustc/202008a1b8de96d2e5b6bc02d379db03a877d34d/library/test/src/lib.rs:632:18
[INFO] [stdout]   46:     0x637f1327b6f8 - test::run_test_in_process::{{closure}}::h15d92f75a3adfb79
[INFO] [stdout]                                at /rustc/202008a1b8de96d2e5b6bc02d379db03a877d34d/library/test/src/lib.rs:655:60
[INFO] [stdout]   47:     0x637f1327b6f8 - <core::panic::unwind_safe::AssertUnwindSafe<F> as core::ops::function::FnOnce<()>>::call_once::hb6c8955835a8dbbb
[INFO] [stdout]                                at /rustc/202008a1b8de96d2e5b6bc02d379db03a877d34d/library/core/src/panic/unwind_safe.rs:272:9
[INFO] [stdout]   48:     0x637f1327b6f8 - std::panicking::try::do_call::hc79d0fc888a0bd30
[INFO] [stdout]                                at /rustc/202008a1b8de96d2e5b6bc02d379db03a877d34d/library/std/src/panicking.rs:557:40
[INFO] [stdout]   49:     0x637f1327b6f8 - std::panicking::try::hb8a7878e3a8589d6
[INFO] [stdout]                                at /rustc/202008a1b8de96d2e5b6bc02d379db03a877d34d/library/std/src/panicking.rs:520:19
[INFO] [stdout]   50:     0x637f1327b6f8 - std::panic::catch_unwind::hb8e4600ff0ff5cfa
[INFO] [stdout]                                at /rustc/202008a1b8de96d2e5b6bc02d379db03a877d34d/library/std/src/panic.rs:358:14
[INFO] [stdout]   51:     0x637f1327b6f8 - test::run_test_in_process::hc2900b0b18688dd6
[INFO] [stdout]                                at /rustc/202008a1b8de96d2e5b6bc02d379db03a877d34d/library/test/src/lib.rs:655:27
[INFO] [stdout]   52:     0x637f1327b6f8 - test::run_test::{{closure}}::hac2a9cb07be3d48d
[INFO] [stdout]                                at /rustc/202008a1b8de96d2e5b6bc02d379db03a877d34d/library/test/src/lib.rs:576:43
[INFO] [stdout]   53:     0x637f1323f19a - test::run_test::{{closure}}::h4a5b729e66a38cd8
[INFO] [stdout]                                at /rustc/202008a1b8de96d2e5b6bc02d379db03a877d34d/library/test/src/lib.rs:606:41
[INFO] [stdout]   54:     0x637f1323f19a - std::sys::backtrace::__rust_begin_short_backtrace::h0496fb742492f573
[INFO] [stdout]                                at /rustc/202008a1b8de96d2e5b6bc02d379db03a877d34d/library/std/src/sys/backtrace.rs:154:18
[INFO] [stdout]   55:     0x637f13242b14 - std::thread::Builder::spawn_unchecked_::{{closure}}::{{closure}}::hbb6d257c550a54bd
[INFO] [stdout]                                at /rustc/202008a1b8de96d2e5b6bc02d379db03a877d34d/library/std/src/thread/mod.rs:561:17
[INFO] [stdout]   56:     0x637f13242b14 - <core::panic::unwind_safe::AssertUnwindSafe<F> as core::ops::function::FnOnce<()>>::call_once::h46696fe4a6832328
[INFO] [stdout]                                at /rustc/202008a1b8de96d2e5b6bc02d379db03a877d34d/library/core/src/panic/unwind_safe.rs:272:9
[INFO] [stdout]   57:     0x637f13242b14 - std::panicking::try::do_call::h2625a51b667bfb64
[INFO] [stdout]                                at /rustc/202008a1b8de96d2e5b6bc02d379db03a877d34d/library/std/src/panicking.rs:557:40
[INFO] [stdout]   58:     0x637f13242b14 - std::panicking::try::hb956a59a1973aa4c
[INFO] [stdout]                                at /rustc/202008a1b8de96d2e5b6bc02d379db03a877d34d/library/std/src/panicking.rs:520:19
[INFO] [stdout]   59:     0x637f13242b14 - std::panic::catch_unwind::h64f3b9d1067ef6a0
[INFO] [stdout]                                at /rustc/202008a1b8de96d2e5b6bc02d379db03a877d34d/library/std/src/panic.rs:358:14
[INFO] [stdout]   60:     0x637f13242b14 - std::thread::Builder::spawn_unchecked_::{{closure}}::h42b2841295b6c0b2
[INFO] [stdout]                                at /rustc/202008a1b8de96d2e5b6bc02d379db03a877d34d/library/std/src/thread/mod.rs:559:30
[INFO] [stdout]   61:     0x637f13242b14 - core::ops::function::FnOnce::call_once{{vtable.shim}}::h6127de71b8124639
[INFO] [stdout]                                at /rustc/202008a1b8de96d2e5b6bc02d379db03a877d34d/library/core/src/ops/function.rs:250:5
[INFO] [stdout]   62:     0x637f1338effb - <alloc::boxed::Box<F,A> as core::ops::function::FnOnce<Args>>::call_once::h42f0ba71002a1b2c
[INFO] [stdout]                                at /rustc/202008a1b8de96d2e5b6bc02d379db03a877d34d/library/alloc/src/boxed.rs:1972:9
[INFO] [stdout]   63:     0x637f1338effb - <alloc::boxed::Box<F,A> as core::ops::function::FnOnce<Args>>::call_once::had9e47d7a3dcecb8
[INFO] [stdout]                                at /rustc/202008a1b8de96d2e5b6bc02d379db03a877d34d/library/alloc/src/boxed.rs:1972:9
[INFO] [stdout]   64:     0x637f1338effb - std::sys::pal::unix::thread::Thread::new::thread_start::h48cf765408f6f5f2
[INFO] [stdout]                                at /rustc/202008a1b8de96d2e5b6bc02d379db03a877d34d/library/std/src/sys/pal/unix/thread.rs:105:17
[INFO] [stdout]   65:     0x7bcaeab7aac3 - <unknown>
[INFO] [stdout]   66:     0x7bcaeac0ba04 - clone
[INFO] [stdout]   67:                0x0 - <unknown>
[INFO] [stdout] 
[INFO] [stdout] 
[INFO] [stdout] failures:
[INFO] [stdout]     process::http_serve::tests::test_file_handler
[INFO] [stdout] 
[INFO] [stdout] test result: FAILED. 5 passed; 1 failed; 0 ignored; 0 measured; 0 filtered out; finished in 0.14s
[INFO] [stdout] 
[INFO] [stderr] error: test failed, to rerun pass `--lib`
[INFO] running `Command { std: "docker" "inspect" "aad085947676ed580924bc5cbac0fae8ebe3f811bf27eb67a5b0a3729279342f", kill_on_drop: false }`
[INFO] running `Command { std: "docker" "rm" "-f" "aad085947676ed580924bc5cbac0fae8ebe3f811bf27eb67a5b0a3729279342f", kill_on_drop: false }`
[INFO] [stdout] aad085947676ed580924bc5cbac0fae8ebe3f811bf27eb67a5b0a3729279342f
