[INFO] cloning repository https://github.com/PhoenixGS/RustOJ
[INFO] running `Command { std: "git" "-c" "credential.helper=" "-c" "credential.helper=/workspace/cargo-home/bin/git-credential-null" "clone" "--bare" "https://github.com/PhoenixGS/RustOJ" "/workspace/cache/git-repos/https%3A%2F%2Fgithub.com%2FPhoenixGS%2FRustOJ", kill_on_drop: false }`
[INFO] [stderr] Cloning into bare repository '/workspace/cache/git-repos/https%3A%2F%2Fgithub.com%2FPhoenixGS%2FRustOJ'...
[INFO] running `Command { std: "git" "rev-parse" "HEAD", kill_on_drop: false }`
[INFO] [stdout] 751f8af95d45081f6d0c9d856f2ca10854964607
[INFO] testing PhoenixGS/RustOJ against 1.83.0 for beta-1.84.0-4-retry
[INFO] running `Command { std: "git" "clone" "/workspace/cache/git-repos/https%3A%2F%2Fgithub.com%2FPhoenixGS%2FRustOJ" "/workspace/builds/worker-3-tc1/source", kill_on_drop: false }`
[INFO] [stderr] Cloning into '/workspace/builds/worker-3-tc1/source'...
[INFO] [stderr] done.
[INFO] validating manifest of git repo https://github.com/PhoenixGS/RustOJ on toolchain 1.83.0
[INFO] running `Command { std: CARGO_HOME="/workspace/cargo-home" RUSTUP_HOME="/workspace/rustup-home" "/workspace/cargo-home/bin/cargo" "+1.83.0" "metadata" "--manifest-path" "Cargo.toml" "--no-deps", kill_on_drop: false }`
[INFO] started tweaking git repo https://github.com/PhoenixGS/RustOJ
[INFO] finished tweaking git repo https://github.com/PhoenixGS/RustOJ
[INFO] tweaked toml for git repo https://github.com/PhoenixGS/RustOJ written to /workspace/builds/worker-3-tc1/source/Cargo.toml
[INFO] crate git repo https://github.com/PhoenixGS/RustOJ already has a lockfile, it will not be regenerated
[INFO] running `Command { std: CARGO_HOME="/workspace/cargo-home" RUSTUP_HOME="/workspace/rustup-home" "/workspace/cargo-home/bin/cargo" "+1.83.0" "fetch" "--manifest-path" "Cargo.toml", kill_on_drop: false }`
[INFO] [stderr]     Updating crates.io index
[INFO] [stderr]  Downloading crates ...
[INFO] [stderr]   Downloaded output_vt100 v0.1.3
[INFO] [stderr]   Downloaded cpufeatures v0.2.4
[INFO] [stderr]   Downloaded assert-json-diff v2.0.2
[INFO] [stderr]   Downloaded text_io v0.1.12
[INFO] [stderr]   Downloaded wait-timeout v0.1.5
[INFO] [stderr]   Downloaded pretty_assertions v1.2.1
[INFO] running `Command { std: "docker" "create" "-v" "/var/lib/crater-agent-workspace/builds/worker-3-tc1/target:/opt/rustwide/target:rw,Z" "-v" "/var/lib/crater-agent-workspace/builds/worker-3-tc1/source:/opt/rustwide/workdir:ro,Z" "-v" "/var/lib/crater-agent-workspace/cargo-home:/opt/rustwide/cargo-home:ro,Z" "-v" "/var/lib/crater-agent-workspace/rustup-home:/opt/rustwide/rustup-home:ro,Z" "-e" "SOURCE_DIR=/opt/rustwide/workdir" "-e" "CARGO_TARGET_DIR=/opt/rustwide/target" "-e" "CARGO_HOME=/opt/rustwide/cargo-home" "-e" "RUSTUP_HOME=/opt/rustwide/rustup-home" "-w" "/opt/rustwide/workdir" "-m" "1610612736" "--user" "0:0" "--network" "none" "ghcr.io/rust-lang/crates-build-env/linux@sha256:f3a9d4ad9d972b27faf3965f35b62e55ba32bbce8f20bc8fe909558a86702fde" "/opt/rustwide/cargo-home/bin/cargo" "+1.83.0" "metadata" "--no-deps" "--format-version=1", kill_on_drop: false }`
[INFO] [stdout] d9d2e9248c409601d2981c88bf546f0a705e6ad49f6c04d053e45164107444de
[INFO] running `Command { std: "docker" "start" "-a" "d9d2e9248c409601d2981c88bf546f0a705e6ad49f6c04d053e45164107444de", kill_on_drop: false }`
[INFO] running `Command { std: "docker" "inspect" "d9d2e9248c409601d2981c88bf546f0a705e6ad49f6c04d053e45164107444de", kill_on_drop: false }`
[INFO] running `Command { std: "docker" "rm" "-f" "d9d2e9248c409601d2981c88bf546f0a705e6ad49f6c04d053e45164107444de", kill_on_drop: false }`
[INFO] [stdout] d9d2e9248c409601d2981c88bf546f0a705e6ad49f6c04d053e45164107444de
[INFO] running `Command { std: "docker" "create" "-v" "/var/lib/crater-agent-workspace/builds/worker-3-tc1/target:/opt/rustwide/target:rw,Z" "-v" "/var/lib/crater-agent-workspace/builds/worker-3-tc1/source:/opt/rustwide/workdir:ro,Z" "-v" "/var/lib/crater-agent-workspace/cargo-home:/opt/rustwide/cargo-home:ro,Z" "-v" "/var/lib/crater-agent-workspace/rustup-home:/opt/rustwide/rustup-home:ro,Z" "-e" "SOURCE_DIR=/opt/rustwide/workdir" "-e" "CARGO_TARGET_DIR=/opt/rustwide/target" "-e" "CARGO_INCREMENTAL=0" "-e" "RUST_BACKTRACE=full" "-e" "RUSTFLAGS=--cap-lints=warn" "-e" "RUSTDOCFLAGS=--cap-lints=warn" "-e" "CARGO_HOME=/opt/rustwide/cargo-home" "-e" "RUSTUP_HOME=/opt/rustwide/rustup-home" "-w" "/opt/rustwide/workdir" "-m" "1610612736" "--user" "0:0" "--network" "none" "ghcr.io/rust-lang/crates-build-env/linux@sha256:f3a9d4ad9d972b27faf3965f35b62e55ba32bbce8f20bc8fe909558a86702fde" "/opt/rustwide/cargo-home/bin/cargo" "+1.83.0" "build" "--frozen" "--message-format=json", kill_on_drop: false }`
[INFO] [stdout] af429775eeeaf9b9092bd62c55c6f169cf52d4097004e6366e7a63cb915a916e
[INFO] running `Command { std: "docker" "start" "-a" "af429775eeeaf9b9092bd62c55c6f169cf52d4097004e6366e7a63cb915a916e", kill_on_drop: false }`
[INFO] [stderr]    Compiling libc v0.2.132
[INFO] [stderr]    Compiling autocfg v1.1.0
[INFO] [stderr]    Compiling proc-macro2 v1.0.43
[INFO] [stderr]    Compiling unicode-ident v1.0.3
[INFO] [stderr]    Compiling quote v1.0.21
[INFO] [stderr]    Compiling memchr v2.5.0
[INFO] [stderr]    Compiling syn v1.0.99
[INFO] [stderr]    Compiling log v0.4.17
[INFO] [stderr]    Compiling pin-project-lite v0.2.9
[INFO] [stderr]    Compiling bytes v1.2.1
[INFO] [stderr]    Compiling once_cell v1.13.1
[INFO] [stderr]    Compiling futures-core v0.3.23
[INFO] [stderr]    Compiling itoa v1.0.3
[INFO] [stderr]    Compiling parking_lot_core v0.9.3
[INFO] [stderr]    Compiling smallvec v1.9.0
[INFO] [stderr]    Compiling futures-task v0.3.23
[INFO] [stderr]    Compiling futures-util v0.3.23
[INFO] [stderr]    Compiling pkg-config v0.3.25
[INFO] [stderr]    Compiling tracing-core v0.1.29
[INFO] [stderr]    Compiling bitflags v1.3.2
[INFO] [stderr]    Compiling futures-sink v0.3.23
[INFO] [stderr]    Compiling typenum v1.15.0
[INFO] [stderr]    Compiling futures-io v0.3.23
[INFO] [stderr]    Compiling generic-array v0.14.6
[INFO] [stderr]    Compiling serde_derive v1.0.144
[INFO] [stderr]    Compiling lock_api v0.4.8
[INFO] [stderr]    Compiling tokio v1.20.1
[INFO] [stderr]    Compiling slab v0.4.7
[INFO] [stderr]    Compiling indexmap v1.9.1
[INFO] [stderr]    Compiling httparse v1.7.1
[INFO] [stderr]    Compiling hashbrown v0.12.3
[INFO] [stderr]    Compiling serde v1.0.144
[INFO] [stderr]    Compiling regex-syntax v0.6.27
[INFO] [stderr]    Compiling matches v0.1.9
[INFO] [stderr]    Compiling tinyvec_macros v0.1.0
[INFO] [stderr]    Compiling openssl v0.10.41
[INFO] [stderr]    Compiling tinyvec v1.6.0
[INFO] [stderr]    Compiling jobserver v0.1.24
[INFO] [stderr]    Compiling signal-hook-registry v1.4.0
[INFO] [stderr]    Compiling num_cpus v1.13.1
[INFO] [stderr]    Compiling socket2 v0.4.6
[INFO] [stderr]    Compiling mio v0.8.4
[INFO] [stderr]    Compiling http v0.2.8
[INFO] [stderr]    Compiling cc v1.0.73
[INFO] [stderr]    Compiling tracing v0.1.36
[INFO] [stderr]    Compiling parking_lot v0.12.1
[INFO] [stderr]    Compiling aho-corasick v0.7.18
[INFO] [stderr]    Compiling getrandom v0.2.7
[INFO] [stderr]    Compiling bytestring v1.1.0
[INFO] [stderr]    Compiling proc-macro-error-attr v1.0.4
[INFO] [stderr]    Compiling httpdate v1.0.2
[INFO] [stderr]    Compiling alloc-no-stdlib v2.0.3
[INFO] [stderr]    Compiling crc32fast v1.3.2
[INFO] [stderr]    Compiling futures-channel v0.3.23
[INFO] [stderr]    Compiling encoding_rs v0.8.31
[INFO] [stderr]    Compiling native-tls v0.2.10
[INFO] [stderr]    Compiling zstd-safe v5.0.2+zstd.1.5.2
[INFO] [stderr]    Compiling local-waker v0.1.3
[INFO] [stderr]    Compiling unicode-normalization v0.1.21
[INFO] [stderr]    Compiling alloc-stdlib v0.2.1
[INFO] [stderr]    Compiling rand_core v0.6.3
[INFO] [stderr]    Compiling form_urlencoded v1.0.1
[INFO] [stderr]    Compiling num-traits v0.2.15
[INFO] [stderr]    Compiling ahash v0.7.6
[INFO] [stderr]    Compiling proc-macro-error v1.0.4
[INFO] [stderr]    Compiling ppv-lite86 v0.2.16
[INFO] [stderr]    Compiling regex v1.6.0
[INFO] [stderr]    Compiling firestorm v0.5.1
[INFO] [stderr]    Compiling ryu v1.0.11
[INFO] [stderr]    Compiling try-lock v0.2.3
[INFO] [stderr]    Compiling paste v1.0.8
[INFO] [stderr]    Compiling unicode-bidi v0.3.8
[INFO] [stderr]    Compiling serde_json v1.0.85
[INFO] [stderr]    Compiling want v0.3.0
[INFO] [stderr]    Compiling miniz_oxide v0.5.3
[INFO] [stderr]    Compiling block-buffer v0.10.2
[INFO] [stderr]    Compiling openssl-sys v0.9.75
[INFO] [stderr]    Compiling zstd-sys v2.0.1+zstd.1.5.2
[INFO] [stderr]    Compiling crypto-common v0.1.6
[INFO] [stderr]    Compiling rand_chacha v0.3.1
[INFO] [stderr]    Compiling idna v0.2.3
[INFO] [stderr]    Compiling actix-service v2.0.2
[INFO] [stderr]    Compiling digest v0.10.3
[INFO] [stderr]    Compiling brotli-decompressor v2.3.2
[INFO] [stderr]    Compiling http-body v0.4.5
[INFO] [stderr]    Compiling actix-utils v3.0.0
[INFO] [stderr]    Compiling num-integer v0.1.45
[INFO] [stderr]    Compiling cookie v0.16.0
[INFO] [stderr]    Compiling time-macros v0.2.4
[INFO] [stderr]    Compiling unicode-width v0.1.9
[INFO] [stderr]    Compiling num_threads v0.1.6
[INFO] [stderr]    Compiling unicode-segmentation v1.9.0
[INFO] [stderr]    Compiling cpufeatures v0.2.4
[INFO] [stderr]    Compiling base64 v0.13.0
[INFO] [stderr]    Compiling convert_case v0.4.0
[INFO] [stderr]    Compiling mime v0.3.16
[INFO] [stderr]    Compiling sha1 v0.10.1
[INFO] [stderr]    Compiling textwrap v0.11.0
[INFO] [stderr]    Compiling heck v0.3.3
[INFO] [stderr]    Compiling local-channel v0.1.3
[INFO] [stderr]    Compiling brotli v3.3.4
[INFO] [stderr]    Compiling flate2 v1.0.24
[INFO] [stderr]    Compiling url v2.2.2
[INFO] [stderr]    Compiling rand v0.8.5
[INFO] [stderr]    Compiling language-tags v0.3.2
[INFO] [stderr]    Compiling clap v2.34.0
[INFO] [stderr]    Compiling time v0.1.44
[INFO] [stderr]    Compiling atty v0.2.14
[INFO] [stderr]    Compiling humantime v2.1.0
[INFO] [stderr]    Compiling iana-time-zone v0.1.47
[INFO] [stderr]    Compiling ipnet v2.5.0
[INFO] [stderr]    Compiling termcolor v1.1.3
[INFO] [stderr]    Compiling wait-timeout v0.1.5
[INFO] [stderr]    Compiling text_io v0.1.12
[INFO] [stderr]    Compiling tokio-util v0.7.3
[INFO] [stderr]    Compiling actix-rt v2.7.0
[INFO] [stderr]    Compiling time v0.3.14
[INFO] [stderr]    Compiling env_logger v0.9.0
[INFO] [stderr]    Compiling actix-server v2.1.1
[INFO] [stderr]    Compiling chrono v0.4.22
[INFO] [stderr]    Compiling h2 v0.3.14
[INFO] [stderr]    Compiling actix-codec v0.5.0
[INFO] [stderr]    Compiling actix-router v0.5.0
[INFO] [stderr]    Compiling openssl-macros v0.1.0
[INFO] [stderr]    Compiling derive_more v0.99.17
[INFO] [stderr]    Compiling structopt-derive v0.4.18
[INFO] [stderr]    Compiling actix-macros v0.2.3
[INFO] [stderr]    Compiling actix-web-codegen v4.0.1
[INFO] [stderr]    Compiling structopt v0.3.26
[INFO] [stderr]    Compiling tokio-native-tls v0.3.0
[INFO] [stderr]    Compiling hyper v0.14.20
[INFO] [stderr]    Compiling serde_urlencoded v0.7.1
[INFO] [stderr]    Compiling hyper-tls v0.5.0
[INFO] [stderr]    Compiling reqwest v0.11.11
[INFO] [stderr]    Compiling zstd v0.11.2+zstd.1.5.2
[INFO] [stderr]    Compiling actix-http v3.2.1
[INFO] [stderr]    Compiling actix-web v4.1.0
[INFO] [stderr]    Compiling oj v0.1.0 (/opt/rustwide/workdir)
[INFO] [stdout] warning: unused import: `std::error::Error`
[INFO] [stdout]  --> src/structs/mod.rs:2:5
[INFO] [stdout]   |
[INFO] [stdout] 2 | use std::error::Error;
[INFO] [stdout]   |     ^^^^^^^^^^^^^^^^^
[INFO] [stdout]   |
[INFO] [stdout]   = note: `#[warn(unused_imports)]` on by default
[INFO] [stdout] 
[INFO] [stdout] 
[INFO] [stdout] warning: unused import: `actix_web::web::JsonBody`
[INFO] [stdout]  --> src/client.rs:3:5
[INFO] [stdout]   |
[INFO] [stdout] 3 | use actix_web::web::JsonBody;
[INFO] [stdout]   |     ^^^^^^^^^^^^^^^^^^^^^^^^
[INFO] [stdout] 
[INFO] [stdout] 
[INFO] [stdout] warning: unused imports: `HttpRequest`, `post`, and `web`
[INFO] [stdout]  --> src/client.rs:6:17
[INFO] [stdout]   |
[INFO] [stdout] 6 | use actix_web::{post, web, HttpRequest};
[INFO] [stdout]   |                 ^^^^  ^^^  ^^^^^^^^^^^
[INFO] [stdout] 
[INFO] [stdout] 
[INFO] [stdout] warning: unused import: `std::process::Command`
[INFO] [stdout]   --> src/client.rs:12:5
[INFO] [stdout]    |
[INFO] [stdout] 12 | use std::process::Command;
[INFO] [stdout]    |     ^^^^^^^^^^^^^^^^^^^^^
[INFO] [stdout] 
[INFO] [stdout] 
[INFO] [stdout] warning: denote infinite loops with `loop { ... }`
[INFO] [stdout]   --> src/client.rs:76:5
[INFO] [stdout]    |
[INFO] [stdout] 76 |     while true {
[INFO] [stdout]    |     ^^^^^^^^^^ help: use `loop`
[INFO] [stdout]    |
[INFO] [stdout]    = note: `#[warn(while_true)]` on by default
[INFO] [stdout] 
[INFO] [stdout] 
[INFO] [stdout] warning: unused import: `std::error::Error`
[INFO] [stdout]  --> src/structs/mod.rs:2:5
[INFO] [stdout]   |
[INFO] [stdout] 2 | use std::error::Error;
[INFO] [stdout]   |     ^^^^^^^^^^^^^^^^^
[INFO] [stdout]   |
[INFO] [stdout]   = note: `#[warn(unused_imports)]` on by default
[INFO] [stdout] 
[INFO] [stdout] 
[INFO] [stdout] warning: unused imports: `HttpRequest`, `HttpResponse`, and `http::StatusCode`
[INFO] [stdout]  --> src/main.rs:4:86
[INFO] [stdout]   |
[INFO] [stdout] 4 | use actix_web::{get, put, middleware::Logger, post, web, App, HttpServer, Responder, HttpRequest, HttpResponse, http::StatusCode};
[INFO] [stdout]   |                                                                                      ^^^^^^^^^^^  ^^^^^^^^^^^^  ^^^^^^^^^^^^^^^^
[INFO] [stdout] 
[INFO] [stdout] 
[INFO] [stdout] warning: unused imports: `i64::MAX` and `path::PathBuf`
[INFO] [stdout]  --> src/main.rs:9:11
[INFO] [stdout]   |
[INFO] [stdout] 9 | use std::{path::PathBuf, i64::MAX};
[INFO] [stdout]   |           ^^^^^^^^^^^^^  ^^^^^^^^
[INFO] [stdout] 
[INFO] [stdout] 
[INFO] [stdout] warning: unused imports: `mem::swap` and `self`
[INFO] [stdout]   --> src/main.rs:11:34
[INFO] [stdout]    |
[INFO] [stdout] 11 | use std::{fs::{self, File}, io::{self, Write}, vec, mem::swap, cmp::Ordering};
[INFO] [stdout]    |                                  ^^^^               ^^^^^^^^^
[INFO] [stdout] 
[INFO] [stdout] 
[INFO] [stdout] warning: unused import: `Stdio`
[INFO] [stdout]   --> src/main.rs:12:29
[INFO] [stdout]    |
[INFO] [stdout] 12 | use std::process::{Command, Stdio};
[INFO] [stdout]    |                             ^^^^^
[INFO] [stdout] 
[INFO] [stdout] 
[INFO] [stdout] warning: unused import: `wait_timeout::ChildExt`
[INFO] [stdout]   --> src/main.rs:13:5
[INFO] [stdout]    |
[INFO] [stdout] 13 | use wait_timeout::ChildExt;
[INFO] [stdout]    |     ^^^^^^^^^^^^^^^^^^^^^^
[INFO] [stdout] 
[INFO] [stdout] 
[INFO] [stdout] warning: unused import: `std::time::Duration`
[INFO] [stdout]   --> src/main.rs:14:5
[INFO] [stdout]    |
[INFO] [stdout] 14 | use std::time::Duration;
[INFO] [stdout]    |     ^^^^^^^^^^^^^^^^^^^
[INFO] [stdout] 
[INFO] [stdout] 
[INFO] [stdout] warning: unused imports: `FixedOffset`, `NaiveDate`, and `offset::LocalResult`
[INFO] [stdout]   --> src/main.rs:17:31
[INFO] [stdout]    |
[INFO] [stdout] 17 | use chrono::{Local, DateTime, FixedOffset, NaiveDate, prelude::*, offset::LocalResult};
[INFO] [stdout]    |                               ^^^^^^^^^^^  ^^^^^^^^^              ^^^^^^^^^^^^^^^^^^^
[INFO] [stdout] 
[INFO] [stdout] 
[INFO] [stdout] warning: variant `latest` should have an upper camel case name
[INFO] [stdout]    --> src/main.rs:577:5
[INFO] [stdout]     |
[INFO] [stdout] 577 |     latest,
[INFO] [stdout]     |     ^^^^^^ help: convert the identifier to upper camel case: `Latest`
[INFO] [stdout]     |
[INFO] [stdout]     = note: `#[warn(non_camel_case_types)]` on by default
[INFO] [stdout] 
[INFO] [stdout] 
[INFO] [stdout] warning: variant `highest` should have an upper camel case name
[INFO] [stdout]    --> src/main.rs:578:5
[INFO] [stdout]     |
[INFO] [stdout] 578 |     highest,
[INFO] [stdout]     |     ^^^^^^^ help: convert the identifier to upper camel case: `Highest`
[INFO] [stdout] 
[INFO] [stdout] 
[INFO] [stdout] warning: variant `submission_time` should have an upper camel case name
[INFO] [stdout]    --> src/main.rs:583:5
[INFO] [stdout]     |
[INFO] [stdout] 583 |     submission_time,
[INFO] [stdout]     |     ^^^^^^^^^^^^^^^ help: convert the identifier to upper camel case: `SubmissionTime`
[INFO] [stdout] 
[INFO] [stdout] 
[INFO] [stdout] warning: variant `submission_count` should have an upper camel case name
[INFO] [stdout]    --> src/main.rs:584:5
[INFO] [stdout]     |
[INFO] [stdout] 584 |     submission_count,
[INFO] [stdout]     |     ^^^^^^^^^^^^^^^^ help: convert the identifier to upper camel case: `SubmissionCount`
[INFO] [stdout] 
[INFO] [stdout] 
[INFO] [stdout] warning: variant `user_id` should have an upper camel case name
[INFO] [stdout]    --> src/main.rs:585:5
[INFO] [stdout]     |
[INFO] [stdout] 585 |     user_id,
[INFO] [stdout]     |     ^^^^^^^ help: convert the identifier to upper camel case: `UserId`
[INFO] [stdout] 
[INFO] [stdout] 
[INFO] [stdout] warning: variable does not need to be mutable
[INFO] [stdout]    --> src/main.rs:298:9
[INFO] [stdout]     |
[INFO] [stdout] 298 |     let mut users = USER.lock().unwrap();
[INFO] [stdout]     |         ----^^^^^
[INFO] [stdout]     |         |
[INFO] [stdout]     |         help: remove this `mut`
[INFO] [stdout]     |
[INFO] [stdout]     = note: `#[warn(unused_mut)]` on by default
[INFO] [stdout] 
[INFO] [stdout] 
[INFO] [stdout] warning: variable does not need to be mutable
[INFO] [stdout]    --> src/main.rs:306:13
[INFO] [stdout]     |
[INFO] [stdout] 306 |         let mut contests = CONTEST.lock().unwrap();
[INFO] [stdout]     |             ----^^^^^^^^
[INFO] [stdout]     |             |
[INFO] [stdout]     |             help: remove this `mut`
[INFO] [stdout] 
[INFO] [stdout] 
[INFO] [stdout] warning: variable does not need to be mutable
[INFO] [stdout]    --> src/main.rs:366:9
[INFO] [stdout]     |
[INFO] [stdout] 366 |     let mut judge = Judge{id, created_time: now.clone(), updated_time: now.clone(), submission: body.clone(), state: "Queueing".to_string...
[INFO] [stdout]     |         ----^^^^^
[INFO] [stdout]     |         |
[INFO] [stdout]     |         help: remove this `mut`
[INFO] [stdout] 
[INFO] [stdout] 
[INFO] [stdout] warning: unused variable: `config`
[INFO] [stdout]    --> src/main.rs:479:48
[INFO] [stdout]     |
[INFO] [stdout] 479 | async fn get_jobs_id(index: web::Path<String>, config: web::Data<Config>) -> impl Responder {
[INFO] [stdout]     |                                                ^^^^^^ help: if this is intentional, prefix it with an underscore: `_config`
[INFO] [stdout]     |
[INFO] [stdout]     = note: `#[warn(unused_variables)]` on by default
[INFO] [stdout] 
[INFO] [stdout] 
[INFO] [stdout] warning: variable does not need to be mutable
[INFO] [stdout]    --> src/main.rs:480:9
[INFO] [stdout]     |
[INFO] [stdout] 480 |     let mut id;
[INFO] [stdout]     |         ----^^
[INFO] [stdout]     |         |
[INFO] [stdout]     |         help: remove this `mut`
[INFO] [stdout] 
[INFO] [stdout] 
[INFO] [stdout] warning: variable does not need to be mutable
[INFO] [stdout]    --> src/main.rs:486:9
[INFO] [stdout]     |
[INFO] [stdout] 486 |     let mut res: Result<Judge, Errors>;
[INFO] [stdout]     |         ----^^^
[INFO] [stdout]     |         |
[INFO] [stdout]     |         help: remove this `mut`
[INFO] [stdout] 
[INFO] [stdout] 
[INFO] [stdout] warning: variable does not need to be mutable
[INFO] [stdout]    --> src/main.rs:497:9
[INFO] [stdout]     |
[INFO] [stdout] 497 |     let mut id;
[INFO] [stdout]     |         ----^^
[INFO] [stdout]     |         |
[INFO] [stdout]     |         help: remove this `mut`
[INFO] [stdout] 
[INFO] [stdout] 
[INFO] [stdout] warning: variable does not need to be mutable
[INFO] [stdout]    --> src/main.rs:503:9
[INFO] [stdout]     |
[INFO] [stdout] 503 |     let mut res: Result<Judge, Errors>;
[INFO] [stdout]     |         ----^^^
[INFO] [stdout]     |         |
[INFO] [stdout]     |         help: remove this `mut`
[INFO] [stdout] 
[INFO] [stdout] 
[INFO] [stdout] warning: unused variable: `config`
[INFO] [stdout]    --> src/main.rs:522:47
[INFO] [stdout]     |
[INFO] [stdout] 522 | async fn post_users(body: web::Json<AddUser>, config: web::Data<Config>) -> impl Responder {
[INFO] [stdout]     |                                               ^^^^^^ help: if this is intentional, prefix it with an underscore: `_config`
[INFO] [stdout] 
[INFO] [stdout] 
[INFO] [stdout] warning: variable does not need to be mutable
[INFO] [stdout]    --> src/main.rs:540:13
[INFO] [stdout]     |
[INFO] [stdout] 540 |         let mut id_c = body.id.as_ref().unwrap().parse::<u64>();
[INFO] [stdout]     |             ----^^^^
[INFO] [stdout]     |             |
[INFO] [stdout]     |             help: remove this `mut`
[INFO] [stdout] 
[INFO] [stdout] 
[INFO] [stdout] warning: variable does not need to be mutable
[INFO] [stdout]    --> src/main.rs:541:13
[INFO] [stdout]     |
[INFO] [stdout] 541 |         let mut id;
[INFO] [stdout]     |             ----^^
[INFO] [stdout]     |             |
[INFO] [stdout]     |             help: remove this `mut`
[INFO] [stdout] 
[INFO] [stdout] 
[INFO] [stdout] warning: unused variable: `config`
[INFO] [stdout]    --> src/main.rs:568:20
[INFO] [stdout]     |
[INFO] [stdout] 568 | async fn get_users(config: web::Data<Config>) -> impl Responder {
[INFO] [stdout]     |                    ^^^^^^ help: if this is intentional, prefix it with an underscore: `_config`
[INFO] [stdout] 
[INFO] [stdout] 
[INFO] [stdout] warning: variable does not need to be mutable
[INFO] [stdout]    --> src/main.rs:569:9
[INFO] [stdout]     |
[INFO] [stdout] 569 |     let mut users = USER.lock().unwrap();
[INFO] [stdout]     |         ----^^^^^
[INFO] [stdout]     |         |
[INFO] [stdout]     |         help: remove this `mut`
[INFO] [stdout] 
[INFO] [stdout] 
[INFO] [stdout] warning: variable does not need to be mutable
[INFO] [stdout]    --> src/main.rs:597:9
[INFO] [stdout]     |
[INFO] [stdout] 597 |     let mut users = USER.lock().unwrap();
[INFO] [stdout]     |         ----^^^^^
[INFO] [stdout]     |         |
[INFO] [stdout]     |         help: remove this `mut`
[INFO] [stdout] 
[INFO] [stdout] 
[INFO] [stdout] warning: unused variable: `config`
[INFO] [stdout]    --> src/main.rs:631:23
[INFO] [stdout]     |
[INFO] [stdout] 631 | async fn get_contests(config: web::Data<Config>) -> impl Responder {
[INFO] [stdout]     |                       ^^^^^^ help: if this is intentional, prefix it with an underscore: `_config`
[INFO] [stdout] 
[INFO] [stdout] 
[INFO] [stdout] warning: variable does not need to be mutable
[INFO] [stdout]    --> src/main.rs:632:9
[INFO] [stdout]     |
[INFO] [stdout] 632 |     let mut contests = CONTEST.lock().unwrap();
[INFO] [stdout]     |         ----^^^^^^^^
[INFO] [stdout]     |         |
[INFO] [stdout]     |         help: remove this `mut`
[INFO] [stdout] 
[INFO] [stdout] 
[INFO] [stdout] warning: unused variable: `info`
[INFO] [stdout]    --> src/main.rs:641:52
[INFO] [stdout]     |
[INFO] [stdout] 641 | async fn get_contests_id(index: web::Path<String>, info: web::Query<Rule>, config: web::Data<Config>) -> impl Responder {
[INFO] [stdout]     |                                                    ^^^^ help: if this is intentional, prefix it with an underscore: `_info`
[INFO] [stdout] 
[INFO] [stdout] 
[INFO] [stdout] warning: unused variable: `config`
[INFO] [stdout]    --> src/main.rs:641:76
[INFO] [stdout]     |
[INFO] [stdout] 641 | async fn get_contests_id(index: web::Path<String>, info: web::Query<Rule>, config: web::Data<Config>) -> impl Responder {
[INFO] [stdout]     |                                                                            ^^^^^^ help: if this is intentional, prefix it with an underscore: `_config`
[INFO] [stdout] 
[INFO] [stdout] 
[INFO] [stdout] warning: variable does not need to be mutable
[INFO] [stdout]    --> src/main.rs:642:9
[INFO] [stdout]     |
[INFO] [stdout] 642 |     let mut id;
[INFO] [stdout]     |         ----^^
[INFO] [stdout]     |         |
[INFO] [stdout]     |         help: remove this `mut`
[INFO] [stdout] 
[INFO] [stdout] 
[INFO] [stdout] warning: variable does not need to be mutable
[INFO] [stdout]    --> src/main.rs:647:9
[INFO] [stdout]     |
[INFO] [stdout] 647 |     let mut contests = CONTEST.lock().unwrap();
[INFO] [stdout]     |         ----^^^^^^^^
[INFO] [stdout]     |         |
[INFO] [stdout]     |         help: remove this `mut`
[INFO] [stdout] 
[INFO] [stdout] 
[INFO] [stdout] warning: unused variable: `i`
[INFO] [stdout]    --> src/main.rs:739:9
[INFO] [stdout]     |
[INFO] [stdout] 739 |     for i in 0..users.len() {
[INFO] [stdout]     |         ^ help: if this is intentional, prefix it with an underscore: `_i`
[INFO] [stdout] 
[INFO] [stdout] 
[INFO] [stdout] warning: unused variable: `err`
[INFO] [stdout]    --> src/structs/mod.rs:157:13
[INFO] [stdout]     |
[INFO] [stdout] 157 |     fn from(err: std::io::Error) -> Self {
[INFO] [stdout]     |             ^^^ help: if this is intentional, prefix it with an underscore: `_err`
[INFO] [stdout]     |
[INFO] [stdout]     = note: `#[warn(unused_variables)]` on by default
[INFO] [stdout] 
[INFO] [stdout] 
[INFO] [stdout] warning: unused variable: `err`
[INFO] [stdout]    --> src/structs/mod.rs:163:13
[INFO] [stdout]     |
[INFO] [stdout] 163 |     fn from(err: ParseIntError) -> Self {
[INFO] [stdout]     |             ^^^ help: if this is intentional, prefix it with an underscore: `_err`
[INFO] [stdout] 
[INFO] [stdout] 
[INFO] [stdout] warning: unused variable: `err`
[INFO] [stdout]    --> src/structs/mod.rs:169:13
[INFO] [stdout]     |
[INFO] [stdout] 169 |     fn from(err: chrono::ParseError) -> Self {
[INFO] [stdout]     |             ^^^ help: if this is intentional, prefix it with an underscore: `_err`
[INFO] [stdout] 
[INFO] [stdout] 
[INFO] [stdout] warning: variable does not need to be mutable
[INFO] [stdout]    --> src/main.rs:702:9
[INFO] [stdout]     |
[INFO] [stdout] 702 |     let mut contest_id;
[INFO] [stdout]     |         ----^^^^^^^^^^
[INFO] [stdout]     |         |
[INFO] [stdout]     |         help: remove this `mut`
[INFO] [stdout] 
[INFO] [stdout] 
[INFO] [stdout] warning: variable does not need to be mutable
[INFO] [stdout]    --> src/main.rs:709:9
[INFO] [stdout]     |
[INFO] [stdout] 709 |     let mut users = USER.lock().unwrap();
[INFO] [stdout]     |         ----^^^^^
[INFO] [stdout]     |         |
[INFO] [stdout]     |         help: remove this `mut`
[INFO] [stdout] 
[INFO] [stdout] 
[INFO] [stdout] warning: unused variable: `err`
[INFO] [stdout]    --> src/client.rs:115:29
[INFO] [stdout]     |
[INFO] [stdout] 115 |                         Err(err) => (),
[INFO] [stdout]     |                             ^^^ help: if this is intentional, prefix it with an underscore: `_err`
[INFO] [stdout] 
[INFO] [stdout] 
[INFO] [stdout] warning: method `score_sum` is never used
[INFO] [stdout]   --> src/structs/mod.rs:41:16
[INFO] [stdout]    |
[INFO] [stdout] 40 |     impl Problem {
[INFO] [stdout]    |     ------------ method in this implementation
[INFO] [stdout] 41 |         pub fn score_sum(&self) -> f64 {
[INFO] [stdout]    |                ^^^^^^^^^
[INFO] [stdout]    |
[INFO] [stdout]    = note: `#[warn(dead_code)]` on by default
[INFO] [stdout] 
[INFO] [stdout] 
[INFO] [stdout] warning: method `to_index` is never used
[INFO] [stdout]   --> src/structs/mod.rs:65:16
[INFO] [stdout]    |
[INFO] [stdout] 64 |     impl Config {
[INFO] [stdout]    |     ----------- method in this implementation
[INFO] [stdout] 65 |         pub fn to_index(&self, id: u64) -> Option<usize> {
[INFO] [stdout]    |                ^^^^^^^^
[INFO] [stdout] 
[INFO] [stdout] 
[INFO] [stdout] warning: method `to_index` is never used
[INFO] [stdout]    --> src/structs/mod.rs:135:16
[INFO] [stdout]     |
[INFO] [stdout] 134 |     impl Contest {
[INFO] [stdout]     |     ------------ method in this implementation
[INFO] [stdout] 135 |         pub fn to_index(&self, id: u64) -> Option<usize> {
[INFO] [stdout]     |                ^^^^^^^^
[INFO] [stdout] 
[INFO] [stdout] 
[INFO] [stdout] warning: unused `Result` that must be used
[INFO] [stdout]    --> src/client.rs:127:17
[INFO] [stdout]     |
[INFO] [stdout] 127 |                 query(contest_id);
[INFO] [stdout]     |                 ^^^^^^^^^^^^^^^^^
[INFO] [stdout]     |
[INFO] [stdout]     = note: this `Result` may be an `Err` variant, which should be handled
[INFO] [stdout]     = note: `#[warn(unused_must_use)]` on by default
[INFO] [stdout] help: use `let _ = ...` to ignore the resulting value
[INFO] [stdout]     |
[INFO] [stdout] 127 |                 let _ = query(contest_id);
[INFO] [stdout]     |                 +++++++
[INFO] [stdout] 
[INFO] [stdout] 
[INFO] [stdout] warning: unused variable: `err`
[INFO] [stdout]    --> src/structs/mod.rs:157:13
[INFO] [stdout]     |
[INFO] [stdout] 157 |     fn from(err: std::io::Error) -> Self {
[INFO] [stdout]     |             ^^^ help: if this is intentional, prefix it with an underscore: `_err`
[INFO] [stdout] 
[INFO] [stdout] 
[INFO] [stdout] warning: unused variable: `err`
[INFO] [stdout]    --> src/structs/mod.rs:163:13
[INFO] [stdout]     |
[INFO] [stdout] 163 |     fn from(err: ParseIntError) -> Self {
[INFO] [stdout]     |             ^^^ help: if this is intentional, prefix it with an underscore: `_err`
[INFO] [stdout] 
[INFO] [stdout] 
[INFO] [stdout] warning: unused variable: `err`
[INFO] [stdout]    --> src/structs/mod.rs:169:13
[INFO] [stdout]     |
[INFO] [stdout] 169 |     fn from(err: chrono::ParseError) -> Self {
[INFO] [stdout]     |             ^^^ help: if this is intentional, prefix it with an underscore: `_err`
[INFO] [stdout] 
[INFO] [stdout] 
[INFO] [stdout] warning: value assigned to `limit` is never read
[INFO] [stdout]   --> src/func/mod.rs:57:9
[INFO] [stdout]    |
[INFO] [stdout] 57 |         limit = std::u64::MAX;
[INFO] [stdout]    |         ^^^^^
[INFO] [stdout]    |
[INFO] [stdout]    = help: maybe it is overwritten before being read?
[INFO] [stdout]    = note: `#[warn(unused_assignments)]` on by default
[INFO] [stdout] 
[INFO] [stdout] 
[INFO] [stdout] warning: unused variable: `ret`
[INFO] [stdout]   --> src/func/mod.rs:99:17
[INFO] [stdout]    |
[INFO] [stdout] 99 |             let ret = Command::new(&comm[0])
[INFO] [stdout]    |                 ^^^ help: if this is intentional, prefix it with an underscore: `_ret`
[INFO] [stdout] 
[INFO] [stdout] 
[INFO] [stdout] warning: variable does not need to be mutable
[INFO] [stdout]    --> src/func/mod.rs:112:17
[INFO] [stdout]     |
[INFO] [stdout] 112 |             let mut ret;
[INFO] [stdout]     |                 ----^^^
[INFO] [stdout]     |                 |
[INFO] [stdout]     |                 help: remove this `mut`
[INFO] [stdout] 
[INFO] [stdout] 
[INFO] [stdout] warning: unused variable: `error`
[INFO] [stdout]   --> src/main.rs:64:13
[INFO] [stdout]    |
[INFO] [stdout] 64 |         Err(error) => (),
[INFO] [stdout]    |             ^^^^^ help: if this is intentional, prefix it with an underscore: `_error`
[INFO] [stdout] 
[INFO] [stdout] 
[INFO] [stdout] warning: variable does not need to be mutable
[INFO] [stdout]   --> src/main.rs:71:9
[INFO] [stdout]    |
[INFO] [stdout] 71 |     let mut judges = JUDGE.lock().unwrap();
[INFO] [stdout]    |         ----^^^^^^
[INFO] [stdout]    |         |
[INFO] [stdout]    |         help: remove this `mut`
[INFO] [stdout] 
[INFO] [stdout] 
[INFO] [stdout] warning: variable does not need to be mutable
[INFO] [stdout]   --> src/main.rs:72:9
[INFO] [stdout]    |
[INFO] [stdout] 72 |     let mut users = USER.lock().unwrap();
[INFO] [stdout]    |         ----^^^^^
[INFO] [stdout]    |         |
[INFO] [stdout]    |         help: remove this `mut`
[INFO] [stdout] 
[INFO] [stdout] 
[INFO] [stdout] warning: variable does not need to be mutable
[INFO] [stdout]   --> src/main.rs:73:9
[INFO] [stdout]    |
[INFO] [stdout] 73 |     let mut contests = CONTEST.lock().unwrap();
[INFO] [stdout]    |         ----^^^^^^^^
[INFO] [stdout]    |         |
[INFO] [stdout]    |         help: remove this `mut`
[INFO] [stdout] 
[INFO] [stdout] 
[INFO] [stdout] warning: unused variable: `cas`
[INFO] [stdout]    --> src/main.rs:129:9
[INFO] [stdout]     |
[INFO] [stdout] 129 |     for cas in &prob.cases
[INFO] [stdout]     |         ^^^ help: if this is intentional, prefix it with an underscore: `_cas`
[INFO] [stdout] 
[INFO] [stdout] 
[INFO] [stdout] warning: variable does not need to be mutable
[INFO] [stdout]   --> src/main.rs:98:9
[INFO] [stdout]    |
[INFO] [stdout] 98 |     let mut lang: Language;
[INFO] [stdout]    |         ----^^^^
[INFO] [stdout]    |         |
[INFO] [stdout]    |         help: remove this `mut`
[INFO] [stdout] 
[INFO] [stdout] 
[INFO] [stdout] warning: variable does not need to be mutable
[INFO] [stdout]    --> src/main.rs:111:9
[INFO] [stdout]     |
[INFO] [stdout] 111 |     let mut prob: Problem;
[INFO] [stdout]     |         ----^^^^
[INFO] [stdout]     |         |
[INFO] [stdout]     |         help: remove this `mut`
[INFO] [stdout] 
[INFO] [stdout] 
[INFO] [stdout] warning: unused variable: `config`
[INFO] [stdout]    --> src/main.rs:389:23
[INFO] [stdout]     |
[INFO] [stdout] 389 | fn ask(info: &AskJob, config: &Config) -> Result<Vec<Judge>, Errors> {
[INFO] [stdout]     |                       ^^^^^^ help: if this is intentional, prefix it with an underscore: `_config`
[INFO] [stdout] 
[INFO] [stdout] 
[INFO] [stdout] warning: variable does not need to be mutable
[INFO] [stdout]    --> src/main.rs:414:9
[INFO] [stdout]     |
[INFO] [stdout] 414 |     let mut lock = JUDGE.lock().unwrap();
[INFO] [stdout]     |         ----^^^^
[INFO] [stdout]     |         |
[INFO] [stdout]     |         help: remove this `mut`
[INFO] [stdout] 
[INFO] [stdout] 
[INFO] [stdout] warning: variable does not need to be mutable
[INFO] [stdout]    --> src/main.rs:415:9
[INFO] [stdout]     |
[INFO] [stdout] 415 |     let mut users = USER.lock().unwrap();
[INFO] [stdout]     |         ----^^^^^
[INFO] [stdout]     |         |
[INFO] [stdout]     |         help: remove this `mut`
[INFO] [stdout] 
[INFO] [stdout] 
[INFO] [stdout] warning: unused variable: `res`
[INFO] [stdout]    --> src/main.rs:939:13
[INFO] [stdout]     |
[INFO] [stdout] 939 |         let res = Command::new("rm")
[INFO] [stdout]     |             ^^^ help: if this is intentional, prefix it with an underscore: `_res`
[INFO] [stdout] 
[INFO] [stdout] 
[INFO] [stdout] warning: variable `TMPDIR` should have a snake case name
[INFO] [stdout]    --> src/main.rs:135:9
[INFO] [stdout]     |
[INFO] [stdout] 135 |     let TMPDIR = get_tmpdir();
[INFO] [stdout]     |         ^^^^^^ help: convert the identifier to snake case: `tmpdir`
[INFO] [stdout]     |
[INFO] [stdout]     = note: `#[warn(non_snake_case)]` on by default
[INFO] [stdout] 
[INFO] [stdout] 
[INFO] [stdout] warning: variable `Er` should have a snake case name
[INFO] [stdout]   --> src/func/mod.rs:23:13
[INFO] [stdout]    |
[INFO] [stdout] 23 |         Err(Er) => {
[INFO] [stdout]    |             ^^ help: convert the identifier to snake case: `er`
[INFO] [stdout] 
[INFO] [stdout] 
[INFO] [stdout] warning: constant `len` should have an upper case name
[INFO] [stdout]   --> src/func/mod.rs:34:11
[INFO] [stdout]    |
[INFO] [stdout] 34 |     const len: usize = 5;
[INFO] [stdout]    |           ^^^ help: convert the identifier to upper case: `LEN`
[INFO] [stdout]    |
[INFO] [stdout]    = note: `#[warn(non_upper_case_globals)]` on by default
[INFO] [stdout] 
[INFO] [stdout] 
[INFO] [stderr]     Finished `dev` profile [unoptimized + debuginfo] target(s) in 1m 10s
[INFO] running `Command { std: "docker" "inspect" "af429775eeeaf9b9092bd62c55c6f169cf52d4097004e6366e7a63cb915a916e", kill_on_drop: false }`
[INFO] running `Command { std: "docker" "rm" "-f" "af429775eeeaf9b9092bd62c55c6f169cf52d4097004e6366e7a63cb915a916e", kill_on_drop: false }`
[INFO] [stdout] af429775eeeaf9b9092bd62c55c6f169cf52d4097004e6366e7a63cb915a916e
[INFO] running `Command { std: "docker" "create" "-v" "/var/lib/crater-agent-workspace/builds/worker-3-tc1/target:/opt/rustwide/target:rw,Z" "-v" "/var/lib/crater-agent-workspace/builds/worker-3-tc1/source:/opt/rustwide/workdir:ro,Z" "-v" "/var/lib/crater-agent-workspace/cargo-home:/opt/rustwide/cargo-home:ro,Z" "-v" "/var/lib/crater-agent-workspace/rustup-home:/opt/rustwide/rustup-home:ro,Z" "-e" "SOURCE_DIR=/opt/rustwide/workdir" "-e" "CARGO_TARGET_DIR=/opt/rustwide/target" "-e" "CARGO_INCREMENTAL=0" "-e" "RUST_BACKTRACE=full" "-e" "RUSTFLAGS=--cap-lints=warn" "-e" "RUSTDOCFLAGS=--cap-lints=warn" "-e" "CARGO_HOME=/opt/rustwide/cargo-home" "-e" "RUSTUP_HOME=/opt/rustwide/rustup-home" "-w" "/opt/rustwide/workdir" "-m" "1610612736" "--user" "0:0" "--network" "none" "ghcr.io/rust-lang/crates-build-env/linux@sha256:f3a9d4ad9d972b27faf3965f35b62e55ba32bbce8f20bc8fe909558a86702fde" "/opt/rustwide/cargo-home/bin/cargo" "+1.83.0" "test" "--frozen" "--no-run" "--message-format=json", kill_on_drop: false }`
[INFO] [stdout] d6299613de469760f0dd3a35950751a73b120594add54e35d228b4cc0e79ffad
[INFO] running `Command { std: "docker" "start" "-a" "d6299613de469760f0dd3a35950751a73b120594add54e35d228b4cc0e79ffad", kill_on_drop: false }`
[INFO] [stderr]    Compiling ansi_term v0.12.1
[INFO] [stderr]    Compiling diff v0.1.13
[INFO] [stderr]    Compiling assert-json-diff v2.0.2
[INFO] [stdout] warning: unused import: `std::error::Error`
[INFO] [stdout]  --> src/structs/mod.rs:2:5
[INFO] [stdout]   |
[INFO] [stdout] 2 | use std::error::Error;
[INFO] [stdout]   |     ^^^^^^^^^^^^^^^^^
[INFO] [stdout]   |
[INFO] [stdout]   = note: `#[warn(unused_imports)]` on by default
[INFO] [stdout] 
[INFO] [stdout] 
[INFO] [stdout] warning: unused imports: `HttpRequest`, `HttpResponse`, and `http::StatusCode`
[INFO] [stdout]  --> src/main.rs:4:86
[INFO] [stdout]   |
[INFO] [stdout] 4 | use actix_web::{get, put, middleware::Logger, post, web, App, HttpServer, Responder, HttpRequest, HttpResponse, http::StatusCode};
[INFO] [stdout]   |                                                                                      ^^^^^^^^^^^  ^^^^^^^^^^^^  ^^^^^^^^^^^^^^^^
[INFO] [stdout] 
[INFO] [stdout] 
[INFO] [stdout] warning: unused imports: `i64::MAX` and `path::PathBuf`
[INFO] [stdout]  --> src/main.rs:9:11
[INFO] [stdout]   |
[INFO] [stdout] 9 | use std::{path::PathBuf, i64::MAX};
[INFO] [stdout]   |           ^^^^^^^^^^^^^  ^^^^^^^^
[INFO] [stdout] 
[INFO] [stdout] 
[INFO] [stdout] warning: unused imports: `mem::swap` and `self`
[INFO] [stdout]   --> src/main.rs:11:34
[INFO] [stdout]    |
[INFO] [stdout] 11 | use std::{fs::{self, File}, io::{self, Write}, vec, mem::swap, cmp::Ordering};
[INFO] [stdout]    |                                  ^^^^               ^^^^^^^^^
[INFO] [stdout] 
[INFO] [stdout] 
[INFO] [stdout] warning: unused import: `Stdio`
[INFO] [stdout]   --> src/main.rs:12:29
[INFO] [stdout]    |
[INFO] [stdout] 12 | use std::process::{Command, Stdio};
[INFO] [stdout]    |                             ^^^^^
[INFO] [stdout] 
[INFO] [stdout] 
[INFO] [stdout] warning: unused import: `wait_timeout::ChildExt`
[INFO] [stdout]   --> src/main.rs:13:5
[INFO] [stdout]    |
[INFO] [stdout] 13 | use wait_timeout::ChildExt;
[INFO] [stdout]    |     ^^^^^^^^^^^^^^^^^^^^^^
[INFO] [stdout] 
[INFO] [stdout] 
[INFO] [stdout] warning: unused import: `std::time::Duration`
[INFO] [stdout]   --> src/main.rs:14:5
[INFO] [stdout]    |
[INFO] [stdout] 14 | use std::time::Duration;
[INFO] [stdout]    |     ^^^^^^^^^^^^^^^^^^^
[INFO] [stdout] 
[INFO] [stdout] 
[INFO] [stdout] warning: unused imports: `FixedOffset`, `NaiveDate`, and `offset::LocalResult`
[INFO] [stdout]   --> src/main.rs:17:31
[INFO] [stdout]    |
[INFO] [stdout] 17 | use chrono::{Local, DateTime, FixedOffset, NaiveDate, prelude::*, offset::LocalResult};
[INFO] [stdout]    |                               ^^^^^^^^^^^  ^^^^^^^^^              ^^^^^^^^^^^^^^^^^^^
[INFO] [stdout] 
[INFO] [stdout] 
[INFO] [stdout] warning: variant `latest` should have an upper camel case name
[INFO] [stdout]    --> src/main.rs:577:5
[INFO] [stdout]     |
[INFO] [stdout] 577 |     latest,
[INFO] [stdout]     |     ^^^^^^ help: convert the identifier to upper camel case: `Latest`
[INFO] [stdout]     |
[INFO] [stdout]     = note: `#[warn(non_camel_case_types)]` on by default
[INFO] [stdout] 
[INFO] [stdout] 
[INFO] [stdout] warning: variant `highest` should have an upper camel case name
[INFO] [stdout]    --> src/main.rs:578:5
[INFO] [stdout]     |
[INFO] [stdout] 578 |     highest,
[INFO] [stdout]     |     ^^^^^^^ help: convert the identifier to upper camel case: `Highest`
[INFO] [stdout] 
[INFO] [stdout] 
[INFO] [stdout] warning: variant `submission_time` should have an upper camel case name
[INFO] [stdout]    --> src/main.rs:583:5
[INFO] [stdout]     |
[INFO] [stdout] 583 |     submission_time,
[INFO] [stdout]     |     ^^^^^^^^^^^^^^^ help: convert the identifier to upper camel case: `SubmissionTime`
[INFO] [stdout] 
[INFO] [stdout] 
[INFO] [stdout] warning: variant `submission_count` should have an upper camel case name
[INFO] [stdout]    --> src/main.rs:584:5
[INFO] [stdout]     |
[INFO] [stdout] 584 |     submission_count,
[INFO] [stdout]     |     ^^^^^^^^^^^^^^^^ help: convert the identifier to upper camel case: `SubmissionCount`
[INFO] [stdout] 
[INFO] [stdout] 
[INFO] [stdout] warning: variant `user_id` should have an upper camel case name
[INFO] [stdout]    --> src/main.rs:585:5
[INFO] [stdout]     |
[INFO] [stdout] 585 |     user_id,
[INFO] [stdout]     |     ^^^^^^^ help: convert the identifier to upper camel case: `UserId`
[INFO] [stdout] 
[INFO] [stdout] 
[INFO] [stdout] warning: variable does not need to be mutable
[INFO] [stdout]    --> src/main.rs:298:9
[INFO] [stdout]     |
[INFO] [stdout] 298 |     let mut users = USER.lock().unwrap();
[INFO] [stdout]     |         ----^^^^^
[INFO] [stdout]     |         |
[INFO] [stdout]     |         help: remove this `mut`
[INFO] [stdout]     |
[INFO] [stdout]     = note: `#[warn(unused_mut)]` on by default
[INFO] [stdout] 
[INFO] [stdout] 
[INFO] [stdout] warning: variable does not need to be mutable
[INFO] [stdout]    --> src/main.rs:306:13
[INFO] [stdout]     |
[INFO] [stdout] 306 |         let mut contests = CONTEST.lock().unwrap();
[INFO] [stdout]     |             ----^^^^^^^^
[INFO] [stdout]     |             |
[INFO] [stdout]     |             help: remove this `mut`
[INFO] [stdout] 
[INFO] [stdout] 
[INFO] [stdout] warning: variable does not need to be mutable
[INFO] [stdout]    --> src/main.rs:366:9
[INFO] [stdout]     |
[INFO] [stdout] 366 |     let mut judge = Judge{id, created_time: now.clone(), updated_time: now.clone(), submission: body.clone(), state: "Queueing".to_string...
[INFO] [stdout]     |         ----^^^^^
[INFO] [stdout]     |         |
[INFO] [stdout]     |         help: remove this `mut`
[INFO] [stdout] 
[INFO] [stdout] 
[INFO] [stdout] warning: unused variable: `config`
[INFO] [stdout]    --> src/main.rs:479:48
[INFO] [stdout]     |
[INFO] [stdout] 479 | async fn get_jobs_id(index: web::Path<String>, config: web::Data<Config>) -> impl Responder {
[INFO] [stdout]     |                                                ^^^^^^ help: if this is intentional, prefix it with an underscore: `_config`
[INFO] [stdout]     |
[INFO] [stdout]     = note: `#[warn(unused_variables)]` on by default
[INFO] [stdout] 
[INFO] [stdout] 
[INFO] [stdout] warning: variable does not need to be mutable
[INFO] [stdout]    --> src/main.rs:480:9
[INFO] [stdout]     |
[INFO] [stdout] 480 |     let mut id;
[INFO] [stdout]     |         ----^^
[INFO] [stdout]     |         |
[INFO] [stdout]     |         help: remove this `mut`
[INFO] [stdout] 
[INFO] [stdout] 
[INFO] [stdout] warning: variable does not need to be mutable
[INFO] [stdout]    --> src/main.rs:486:9
[INFO] [stdout]     |
[INFO] [stdout] 486 |     let mut res: Result<Judge, Errors>;
[INFO] [stdout]     |         ----^^^
[INFO] [stdout]     |         |
[INFO] [stdout]     |         help: remove this `mut`
[INFO] [stdout] 
[INFO] [stdout] 
[INFO] [stdout] warning: variable does not need to be mutable
[INFO] [stdout]    --> src/main.rs:497:9
[INFO] [stdout]     |
[INFO] [stdout] 497 |     let mut id;
[INFO] [stdout]     |         ----^^
[INFO] [stdout]     |         |
[INFO] [stdout]     |         help: remove this `mut`
[INFO] [stdout] 
[INFO] [stdout] 
[INFO] [stdout] warning: variable does not need to be mutable
[INFO] [stdout]    --> src/main.rs:503:9
[INFO] [stdout]     |
[INFO] [stdout] 503 |     let mut res: Result<Judge, Errors>;
[INFO] [stdout]     |         ----^^^
[INFO] [stdout]     |         |
[INFO] [stdout]     |         help: remove this `mut`
[INFO] [stdout] 
[INFO] [stdout] 
[INFO] [stdout] warning: unused variable: `config`
[INFO] [stdout]    --> src/main.rs:522:47
[INFO] [stdout]     |
[INFO] [stdout] 522 | async fn post_users(body: web::Json<AddUser>, config: web::Data<Config>) -> impl Responder {
[INFO] [stdout]     |                                               ^^^^^^ help: if this is intentional, prefix it with an underscore: `_config`
[INFO] [stdout] 
[INFO] [stdout] 
[INFO] [stdout] warning: variable does not need to be mutable
[INFO] [stdout]    --> src/main.rs:540:13
[INFO] [stdout]     |
[INFO] [stdout] 540 |         let mut id_c = body.id.as_ref().unwrap().parse::<u64>();
[INFO] [stdout]     |             ----^^^^
[INFO] [stdout]     |             |
[INFO] [stdout]     |             help: remove this `mut`
[INFO] [stdout] 
[INFO] [stdout] 
[INFO] [stdout] warning: variable does not need to be mutable
[INFO] [stdout]    --> src/main.rs:541:13
[INFO] [stdout]     |
[INFO] [stdout] 541 |         let mut id;
[INFO] [stdout]     |             ----^^
[INFO] [stdout]     |             |
[INFO] [stdout]     |             help: remove this `mut`
[INFO] [stdout] 
[INFO] [stdout] 
[INFO] [stdout] warning: unused variable: `config`
[INFO] [stdout]    --> src/main.rs:568:20
[INFO] [stdout]     |
[INFO] [stdout] 568 | async fn get_users(config: web::Data<Config>) -> impl Responder {
[INFO] [stdout]     |                    ^^^^^^ help: if this is intentional, prefix it with an underscore: `_config`
[INFO] [stdout] 
[INFO] [stdout] 
[INFO] [stdout] warning: variable does not need to be mutable
[INFO] [stdout]    --> src/main.rs:569:9
[INFO] [stdout]     |
[INFO] [stdout] 569 |     let mut users = USER.lock().unwrap();
[INFO] [stdout]     |         ----^^^^^
[INFO] [stdout]     |         |
[INFO] [stdout]     |         help: remove this `mut`
[INFO] [stdout] 
[INFO] [stdout] 
[INFO] [stdout] warning: variable does not need to be mutable
[INFO] [stdout]    --> src/main.rs:597:9
[INFO] [stdout]     |
[INFO] [stdout] 597 |     let mut users = USER.lock().unwrap();
[INFO] [stdout]     |         ----^^^^^
[INFO] [stdout]     |         |
[INFO] [stdout]     |         help: remove this `mut`
[INFO] [stdout] 
[INFO] [stdout] 
[INFO] [stdout] warning: unused variable: `config`
[INFO] [stdout]    --> src/main.rs:631:23
[INFO] [stdout]     |
[INFO] [stdout] 631 | async fn get_contests(config: web::Data<Config>) -> impl Responder {
[INFO] [stdout]     |                       ^^^^^^ help: if this is intentional, prefix it with an underscore: `_config`
[INFO] [stdout] 
[INFO] [stdout] 
[INFO] [stdout] warning: variable does not need to be mutable
[INFO] [stdout]    --> src/main.rs:632:9
[INFO] [stdout]     |
[INFO] [stdout] 632 |     let mut contests = CONTEST.lock().unwrap();
[INFO] [stdout]     |         ----^^^^^^^^
[INFO] [stdout]     |         |
[INFO] [stdout]     |         help: remove this `mut`
[INFO] [stdout] 
[INFO] [stdout] 
[INFO] [stdout] warning: unused variable: `info`
[INFO] [stdout]    --> src/main.rs:641:52
[INFO] [stdout]     |
[INFO] [stdout] 641 | async fn get_contests_id(index: web::Path<String>, info: web::Query<Rule>, config: web::Data<Config>) -> impl Responder {
[INFO] [stdout]     |                                                    ^^^^ help: if this is intentional, prefix it with an underscore: `_info`
[INFO] [stdout] 
[INFO] [stdout] 
[INFO] [stdout] warning: unused variable: `config`
[INFO] [stdout]    --> src/main.rs:641:76
[INFO] [stdout]     |
[INFO] [stdout] 641 | async fn get_contests_id(index: web::Path<String>, info: web::Query<Rule>, config: web::Data<Config>) -> impl Responder {
[INFO] [stdout]     |                                                                            ^^^^^^ help: if this is intentional, prefix it with an underscore: `_config`
[INFO] [stdout] 
[INFO] [stdout] 
[INFO] [stdout] warning: variable does not need to be mutable
[INFO] [stdout]    --> src/main.rs:642:9
[INFO] [stdout]     |
[INFO] [stdout] 642 |     let mut id;
[INFO] [stdout]     |         ----^^
[INFO] [stdout]     |         |
[INFO] [stdout]     |         help: remove this `mut`
[INFO] [stdout] 
[INFO] [stdout] 
[INFO] [stdout] warning: variable does not need to be mutable
[INFO] [stdout]    --> src/main.rs:647:9
[INFO] [stdout]     |
[INFO] [stdout] 647 |     let mut contests = CONTEST.lock().unwrap();
[INFO] [stdout]     |         ----^^^^^^^^
[INFO] [stdout]     |         |
[INFO] [stdout]     |         help: remove this `mut`
[INFO] [stdout] 
[INFO] [stdout] 
[INFO] [stdout] warning: unused variable: `i`
[INFO] [stdout]    --> src/main.rs:739:9
[INFO] [stdout]     |
[INFO] [stdout] 739 |     for i in 0..users.len() {
[INFO] [stdout]     |         ^ help: if this is intentional, prefix it with an underscore: `_i`
[INFO] [stdout] 
[INFO] [stdout] 
[INFO] [stdout] warning: variable does not need to be mutable
[INFO] [stdout]    --> src/main.rs:702:9
[INFO] [stdout]     |
[INFO] [stdout] 702 |     let mut contest_id;
[INFO] [stdout]     |         ----^^^^^^^^^^
[INFO] [stdout]     |         |
[INFO] [stdout]     |         help: remove this `mut`
[INFO] [stdout] 
[INFO] [stdout] 
[INFO] [stdout] warning: variable does not need to be mutable
[INFO] [stdout]    --> src/main.rs:709:9
[INFO] [stdout]     |
[INFO] [stdout] 709 |     let mut users = USER.lock().unwrap();
[INFO] [stdout]     |         ----^^^^^
[INFO] [stdout]     |         |
[INFO] [stdout]     |         help: remove this `mut`
[INFO] [stdout] 
[INFO] [stdout] 
[INFO] [stdout] warning: unused variable: `err`
[INFO] [stdout]    --> src/structs/mod.rs:157:13
[INFO] [stdout]     |
[INFO] [stdout] 157 |     fn from(err: std::io::Error) -> Self {
[INFO] [stdout]     |             ^^^ help: if this is intentional, prefix it with an underscore: `_err`
[INFO] [stdout] 
[INFO] [stdout] 
[INFO] [stdout] warning: unused variable: `err`
[INFO] [stdout]    --> src/structs/mod.rs:163:13
[INFO] [stdout]     |
[INFO] [stdout] 163 |     fn from(err: ParseIntError) -> Self {
[INFO] [stdout]     |             ^^^ help: if this is intentional, prefix it with an underscore: `_err`
[INFO] [stdout] 
[INFO] [stdout] 
[INFO] [stdout] warning: unused variable: `err`
[INFO] [stdout]    --> src/structs/mod.rs:169:13
[INFO] [stdout]     |
[INFO] [stdout] 169 |     fn from(err: chrono::ParseError) -> Self {
[INFO] [stdout]     |             ^^^ help: if this is intentional, prefix it with an underscore: `_err`
[INFO] [stdout] 
[INFO] [stdout] 
[INFO] [stdout] warning: value assigned to `limit` is never read
[INFO] [stdout]   --> src/func/mod.rs:57:9
[INFO] [stdout]    |
[INFO] [stdout] 57 |         limit = std::u64::MAX;
[INFO] [stdout]    |         ^^^^^
[INFO] [stdout]    |
[INFO] [stdout]    = help: maybe it is overwritten before being read?
[INFO] [stdout]    = note: `#[warn(unused_assignments)]` on by default
[INFO] [stdout] 
[INFO] [stdout] 
[INFO] [stdout] warning: unused variable: `ret`
[INFO] [stdout]   --> src/func/mod.rs:99:17
[INFO] [stdout]    |
[INFO] [stdout] 99 |             let ret = Command::new(&comm[0])
[INFO] [stdout]    |                 ^^^ help: if this is intentional, prefix it with an underscore: `_ret`
[INFO] [stdout] 
[INFO] [stdout] 
[INFO] [stdout] warning: variable does not need to be mutable
[INFO] [stdout]    --> src/func/mod.rs:112:17
[INFO] [stdout]     |
[INFO] [stdout] 112 |             let mut ret;
[INFO] [stdout]     |                 ----^^^
[INFO] [stdout]     |                 |
[INFO] [stdout]     |                 help: remove this `mut`
[INFO] [stdout] 
[INFO] [stdout] 
[INFO] [stdout] warning: unused variable: `error`
[INFO] [stdout]   --> src/main.rs:64:13
[INFO] [stdout]    |
[INFO] [stdout] 64 |         Err(error) => (),
[INFO] [stdout]    |             ^^^^^ help: if this is intentional, prefix it with an underscore: `_error`
[INFO] [stdout] 
[INFO] [stdout] 
[INFO] [stdout] warning: variable does not need to be mutable
[INFO] [stdout]   --> src/main.rs:71:9
[INFO] [stdout]    |
[INFO] [stdout] 71 |     let mut judges = JUDGE.lock().unwrap();
[INFO] [stdout]    |         ----^^^^^^
[INFO] [stdout]    |         |
[INFO] [stdout]    |         help: remove this `mut`
[INFO] [stdout] 
[INFO] [stdout] 
[INFO] [stdout] warning: variable does not need to be mutable
[INFO] [stdout]   --> src/main.rs:72:9
[INFO] [stdout]    |
[INFO] [stdout] 72 |     let mut users = USER.lock().unwrap();
[INFO] [stdout]    |         ----^^^^^
[INFO] [stdout]    |         |
[INFO] [stdout]    |         help: remove this `mut`
[INFO] [stdout] 
[INFO] [stdout] 
[INFO] [stdout] warning: variable does not need to be mutable
[INFO] [stdout]   --> src/main.rs:73:9
[INFO] [stdout]    |
[INFO] [stdout] 73 |     let mut contests = CONTEST.lock().unwrap();
[INFO] [stdout]    |         ----^^^^^^^^
[INFO] [stdout]    |         |
[INFO] [stdout]    |         help: remove this `mut`
[INFO] [stdout] 
[INFO] [stdout] 
[INFO] [stdout] warning: unused variable: `cas`
[INFO] [stdout]    --> src/main.rs:129:9
[INFO] [stdout]     |
[INFO] [stdout] 129 |     for cas in &prob.cases
[INFO] [stdout]     |         ^^^ help: if this is intentional, prefix it with an underscore: `_cas`
[INFO] [stdout] 
[INFO] [stdout] 
[INFO] [stdout] warning: variable does not need to be mutable
[INFO] [stdout]   --> src/main.rs:98:9
[INFO] [stdout]    |
[INFO] [stdout] 98 |     let mut lang: Language;
[INFO] [stdout]    |         ----^^^^
[INFO] [stdout]    |         |
[INFO] [stdout]    |         help: remove this `mut`
[INFO] [stdout] 
[INFO] [stdout] 
[INFO] [stdout] warning: variable does not need to be mutable
[INFO] [stdout]    --> src/main.rs:111:9
[INFO] [stdout]     |
[INFO] [stdout] 111 |     let mut prob: Problem;
[INFO] [stdout]     |         ----^^^^
[INFO] [stdout]     |         |
[INFO] [stdout]     |         help: remove this `mut`
[INFO] [stdout] 
[INFO] [stdout] 
[INFO] [stdout] warning: unused variable: `config`
[INFO] [stdout]    --> src/main.rs:389:23
[INFO] [stdout]     |
[INFO] [stdout] 389 | fn ask(info: &AskJob, config: &Config) -> Result<Vec<Judge>, Errors> {
[INFO] [stdout]     |                       ^^^^^^ help: if this is intentional, prefix it with an underscore: `_config`
[INFO] [stdout] 
[INFO] [stdout] 
[INFO] [stdout] warning: variable does not need to be mutable
[INFO] [stdout]    --> src/main.rs:414:9
[INFO] [stdout]     |
[INFO] [stdout] 414 |     let mut lock = JUDGE.lock().unwrap();
[INFO] [stdout]     |         ----^^^^
[INFO] [stdout]     |         |
[INFO] [stdout]     |         help: remove this `mut`
[INFO] [stdout] 
[INFO] [stdout] 
[INFO] [stdout] warning: variable does not need to be mutable
[INFO] [stdout]    --> src/main.rs:415:9
[INFO] [stdout]     |
[INFO] [stdout] 415 |     let mut users = USER.lock().unwrap();
[INFO] [stdout]     |         ----^^^^^
[INFO] [stdout]     |         |
[INFO] [stdout]     |         help: remove this `mut`
[INFO] [stdout] 
[INFO] [stdout] 
[INFO] [stdout] warning: unused variable: `res`
[INFO] [stdout]    --> src/main.rs:939:13
[INFO] [stdout]     |
[INFO] [stdout] 939 |         let res = Command::new("rm")
[INFO] [stdout]     |             ^^^ help: if this is intentional, prefix it with an underscore: `_res`
[INFO] [stdout] 
[INFO] [stdout] 
[INFO] [stdout] warning: variable `TMPDIR` should have a snake case name
[INFO] [stdout]    --> src/main.rs:135:9
[INFO] [stdout]     |
[INFO] [stdout] 135 |     let TMPDIR = get_tmpdir();
[INFO] [stdout]     |         ^^^^^^ help: convert the identifier to snake case: `tmpdir`
[INFO] [stdout]     |
[INFO] [stdout]     = note: `#[warn(non_snake_case)]` on by default
[INFO] [stdout] 
[INFO] [stdout] 
[INFO] [stdout] warning: variable `Er` should have a snake case name
[INFO] [stdout]   --> src/func/mod.rs:23:13
[INFO] [stdout]    |
[INFO] [stdout] 23 |         Err(Er) => {
[INFO] [stdout]    |             ^^ help: convert the identifier to snake case: `er`
[INFO] [stdout] 
[INFO] [stdout] 
[INFO] [stdout] warning: constant `len` should have an upper case name
[INFO] [stdout]   --> src/func/mod.rs:34:11
[INFO] [stdout]    |
[INFO] [stdout] 34 |     const len: usize = 5;
[INFO] [stdout]    |           ^^^ help: convert the identifier to upper case: `LEN`
[INFO] [stdout]    |
[INFO] [stdout]    = note: `#[warn(non_upper_case_globals)]` on by default
[INFO] [stdout] 
[INFO] [stdout] 
[INFO] [stdout] warning: unused import: `std::error::Error`
[INFO] [stdout]  --> src/structs/mod.rs:2:5
[INFO] [stdout]   |
[INFO] [stdout] 2 | use std::error::Error;
[INFO] [stdout]   |     ^^^^^^^^^^^^^^^^^
[INFO] [stdout]   |
[INFO] [stdout]   = note: `#[warn(unused_imports)]` on by default
[INFO] [stdout] 
[INFO] [stdout] 
[INFO] [stdout] warning: unused import: `actix_web::web::JsonBody`
[INFO] [stdout]  --> src/client.rs:3:5
[INFO] [stdout]   |
[INFO] [stdout] 3 | use actix_web::web::JsonBody;
[INFO] [stdout]   |     ^^^^^^^^^^^^^^^^^^^^^^^^
[INFO] [stdout] 
[INFO] [stdout] 
[INFO] [stdout] warning: unused imports: `HttpRequest`, `post`, and `web`
[INFO] [stdout]  --> src/client.rs:6:17
[INFO] [stdout]   |
[INFO] [stdout] 6 | use actix_web::{post, web, HttpRequest};
[INFO] [stdout]   |                 ^^^^  ^^^  ^^^^^^^^^^^
[INFO] [stdout] 
[INFO] [stdout] 
[INFO] [stdout] warning: unused import: `std::process::Command`
[INFO] [stdout]   --> src/client.rs:12:5
[INFO] [stdout]    |
[INFO] [stdout] 12 | use std::process::Command;
[INFO] [stdout]    |     ^^^^^^^^^^^^^^^^^^^^^
[INFO] [stdout] 
[INFO] [stdout] 
[INFO] [stdout] warning: denote infinite loops with `loop { ... }`
[INFO] [stdout]   --> src/client.rs:76:5
[INFO] [stdout]    |
[INFO] [stdout] 76 |     while true {
[INFO] [stdout]    |     ^^^^^^^^^^ help: use `loop`
[INFO] [stdout]    |
[INFO] [stdout]    = note: `#[warn(while_true)]` on by default
[INFO] [stdout] 
[INFO] [stdout] 
[INFO] [stdout] warning: unused variable: `err`
[INFO] [stdout]    --> src/structs/mod.rs:157:13
[INFO] [stdout]     |
[INFO] [stdout] 157 |     fn from(err: std::io::Error) -> Self {
[INFO] [stdout]     |             ^^^ help: if this is intentional, prefix it with an underscore: `_err`
[INFO] [stdout]     |
[INFO] [stdout]     = note: `#[warn(unused_variables)]` on by default
[INFO] [stdout] 
[INFO] [stdout] 
[INFO] [stdout] warning: unused variable: `err`
[INFO] [stdout]    --> src/structs/mod.rs:163:13
[INFO] [stdout]     |
[INFO] [stdout] 163 |     fn from(err: ParseIntError) -> Self {
[INFO] [stdout]     |             ^^^ help: if this is intentional, prefix it with an underscore: `_err`
[INFO] [stdout] 
[INFO] [stdout] 
[INFO] [stdout] warning: unused variable: `err`
[INFO] [stdout]    --> src/structs/mod.rs:169:13
[INFO] [stdout]     |
[INFO] [stdout] 169 |     fn from(err: chrono::ParseError) -> Self {
[INFO] [stdout]     |             ^^^ help: if this is intentional, prefix it with an underscore: `_err`
[INFO] [stdout] 
[INFO] [stdout] 
[INFO] [stdout] warning: unused variable: `err`
[INFO] [stdout]    --> src/client.rs:115:29
[INFO] [stdout]     |
[INFO] [stdout] 115 |                         Err(err) => (),
[INFO] [stdout]     |                             ^^^ help: if this is intentional, prefix it with an underscore: `_err`
[INFO] [stdout] 
[INFO] [stdout] 
[INFO] [stdout] warning: method `score_sum` is never used
[INFO] [stdout]   --> src/structs/mod.rs:41:16
[INFO] [stdout]    |
[INFO] [stdout] 40 |     impl Problem {
[INFO] [stdout]    |     ------------ method in this implementation
[INFO] [stdout] 41 |         pub fn score_sum(&self) -> f64 {
[INFO] [stdout]    |                ^^^^^^^^^
[INFO] [stdout]    |
[INFO] [stdout]    = note: `#[warn(dead_code)]` on by default
[INFO] [stdout] 
[INFO] [stdout] 
[INFO] [stdout] warning: method `to_index` is never used
[INFO] [stdout]   --> src/structs/mod.rs:65:16
[INFO] [stdout]    |
[INFO] [stdout] 64 |     impl Config {
[INFO] [stdout]    |     ----------- method in this implementation
[INFO] [stdout] 65 |         pub fn to_index(&self, id: u64) -> Option<usize> {
[INFO] [stdout]    |                ^^^^^^^^
[INFO] [stdout] 
[INFO] [stdout] 
[INFO] [stdout] warning: method `to_index` is never used
[INFO] [stdout]    --> src/structs/mod.rs:135:16
[INFO] [stdout]     |
[INFO] [stdout] 134 |     impl Contest {
[INFO] [stdout]     |     ------------ method in this implementation
[INFO] [stdout] 135 |         pub fn to_index(&self, id: u64) -> Option<usize> {
[INFO] [stdout]     |                ^^^^^^^^
[INFO] [stdout] 
[INFO] [stdout] 
[INFO] [stdout] warning: unused `Result` that must be used
[INFO] [stdout]    --> src/client.rs:127:17
[INFO] [stdout]     |
[INFO] [stdout] 127 |                 query(contest_id);
[INFO] [stdout]     |                 ^^^^^^^^^^^^^^^^^
[INFO] [stdout]     |
[INFO] [stdout]     = note: this `Result` may be an `Err` variant, which should be handled
[INFO] [stdout]     = note: `#[warn(unused_must_use)]` on by default
[INFO] [stdout] help: use `let _ = ...` to ignore the resulting value
[INFO] [stdout]     |
[INFO] [stdout] 127 |                 let _ = query(contest_id);
[INFO] [stdout]     |                 +++++++
[INFO] [stdout] 
[INFO] [stdout] 
[INFO] [stderr]    Compiling pretty_assertions v1.2.1
[INFO] [stderr]    Compiling oj v0.1.0 (/opt/rustwide/workdir)
[INFO] [stdout] warning: unused import: `std::error::Error`
[INFO] [stdout]  --> src/structs/mod.rs:2:5
[INFO] [stdout]   |
[INFO] [stdout] 2 | use std::error::Error;
[INFO] [stdout]   |     ^^^^^^^^^^^^^^^^^
[INFO] [stdout]   |
[INFO] [stdout]   = note: `#[warn(unused_imports)]` on by default
[INFO] [stdout] 
[INFO] [stdout] 
[INFO] [stdout] warning: unused import: `actix_web::web::JsonBody`
[INFO] [stdout]  --> src/client.rs:3:5
[INFO] [stdout]   |
[INFO] [stdout] 3 | use actix_web::web::JsonBody;
[INFO] [stdout]   |     ^^^^^^^^^^^^^^^^^^^^^^^^
[INFO] [stdout] 
[INFO] [stdout] 
[INFO] [stdout] warning: unused imports: `HttpRequest`, `post`, and `web`
[INFO] [stdout]  --> src/client.rs:6:17
[INFO] [stdout]   |
[INFO] [stdout] 6 | use actix_web::{post, web, HttpRequest};
[INFO] [stdout]   |                 ^^^^  ^^^  ^^^^^^^^^^^
[INFO] [stdout] 
[INFO] [stdout] 
[INFO] [stdout] warning: unused import: `std::process::Command`
[INFO] [stdout]   --> src/client.rs:12:5
[INFO] [stdout]    |
[INFO] [stdout] 12 | use std::process::Command;
[INFO] [stdout]    |     ^^^^^^^^^^^^^^^^^^^^^
[INFO] [stdout] 
[INFO] [stdout] 
[INFO] [stdout] warning: denote infinite loops with `loop { ... }`
[INFO] [stdout]   --> src/client.rs:76:5
[INFO] [stdout]    |
[INFO] [stdout] 76 |     while true {
[INFO] [stdout]    |     ^^^^^^^^^^ help: use `loop`
[INFO] [stdout]    |
[INFO] [stdout]    = note: `#[warn(while_true)]` on by default
[INFO] [stdout] 
[INFO] [stdout] 
[INFO] [stdout] warning: unused import: `std::error::Error`
[INFO] [stdout]  --> src/structs/mod.rs:2:5
[INFO] [stdout]   |
[INFO] [stdout] 2 | use std::error::Error;
[INFO] [stdout]   |     ^^^^^^^^^^^^^^^^^
[INFO] [stdout]   |
[INFO] [stdout]   = note: `#[warn(unused_imports)]` on by default
[INFO] [stdout] 
[INFO] [stdout] 
[INFO] [stdout] warning: unused imports: `HttpRequest`, `HttpResponse`, and `http::StatusCode`
[INFO] [stdout]  --> src/main.rs:4:86
[INFO] [stdout]   |
[INFO] [stdout] 4 | use actix_web::{get, put, middleware::Logger, post, web, App, HttpServer, Responder, HttpRequest, HttpResponse, http::StatusCode};
[INFO] [stdout]   |                                                                                      ^^^^^^^^^^^  ^^^^^^^^^^^^  ^^^^^^^^^^^^^^^^
[INFO] [stdout] 
[INFO] [stdout] 
[INFO] [stdout] warning: unused imports: `i64::MAX` and `path::PathBuf`
[INFO] [stdout]  --> src/main.rs:9:11
[INFO] [stdout]   |
[INFO] [stdout] 9 | use std::{path::PathBuf, i64::MAX};
[INFO] [stdout]   |           ^^^^^^^^^^^^^  ^^^^^^^^
[INFO] [stdout] 
[INFO] [stdout] 
[INFO] [stdout] warning: unused imports: `mem::swap` and `self`
[INFO] [stdout]   --> src/main.rs:11:34
[INFO] [stdout]    |
[INFO] [stdout] 11 | use std::{fs::{self, File}, io::{self, Write}, vec, mem::swap, cmp::Ordering};
[INFO] [stdout]    |                                  ^^^^               ^^^^^^^^^
[INFO] [stdout] 
[INFO] [stdout] 
[INFO] [stdout] warning: unused import: `Stdio`
[INFO] [stdout]   --> src/main.rs:12:29
[INFO] [stdout]    |
[INFO] [stdout] 12 | use std::process::{Command, Stdio};
[INFO] [stdout]    |                             ^^^^^
[INFO] [stdout] 
[INFO] [stdout] 
[INFO] [stdout] warning: unused import: `wait_timeout::ChildExt`
[INFO] [stdout]   --> src/main.rs:13:5
[INFO] [stdout]    |
[INFO] [stdout] 13 | use wait_timeout::ChildExt;
[INFO] [stdout]    |     ^^^^^^^^^^^^^^^^^^^^^^
[INFO] [stdout] 
[INFO] [stdout] 
[INFO] [stdout] warning: unused import: `std::time::Duration`
[INFO] [stdout]   --> src/main.rs:14:5
[INFO] [stdout]    |
[INFO] [stdout] 14 | use std::time::Duration;
[INFO] [stdout]    |     ^^^^^^^^^^^^^^^^^^^
[INFO] [stdout] 
[INFO] [stdout] 
[INFO] [stdout] warning: unused imports: `FixedOffset`, `NaiveDate`, and `offset::LocalResult`
[INFO] [stdout]   --> src/main.rs:17:31
[INFO] [stdout]    |
[INFO] [stdout] 17 | use chrono::{Local, DateTime, FixedOffset, NaiveDate, prelude::*, offset::LocalResult};
[INFO] [stdout]    |                               ^^^^^^^^^^^  ^^^^^^^^^              ^^^^^^^^^^^^^^^^^^^
[INFO] [stdout] 
[INFO] [stdout] 
[INFO] [stdout] warning: variant `latest` should have an upper camel case name
[INFO] [stdout]    --> src/main.rs:577:5
[INFO] [stdout]     |
[INFO] [stdout] 577 |     latest,
[INFO] [stdout]     |     ^^^^^^ help: convert the identifier to upper camel case: `Latest`
[INFO] [stdout]     |
[INFO] [stdout]     = note: `#[warn(non_camel_case_types)]` on by default
[INFO] [stdout] 
[INFO] [stdout] 
[INFO] [stdout] warning: variant `highest` should have an upper camel case name
[INFO] [stdout]    --> src/main.rs:578:5
[INFO] [stdout]     |
[INFO] [stdout] 578 |     highest,
[INFO] [stdout]     |     ^^^^^^^ help: convert the identifier to upper camel case: `Highest`
[INFO] [stdout] 
[INFO] [stdout] 
[INFO] [stdout] warning: variant `submission_time` should have an upper camel case name
[INFO] [stdout]    --> src/main.rs:583:5
[INFO] [stdout]     |
[INFO] [stdout] 583 |     submission_time,
[INFO] [stdout]     |     ^^^^^^^^^^^^^^^ help: convert the identifier to upper camel case: `SubmissionTime`
[INFO] [stdout] 
[INFO] [stdout] 
[INFO] [stdout] warning: variant `submission_count` should have an upper camel case name
[INFO] [stdout]    --> src/main.rs:584:5
[INFO] [stdout]     |
[INFO] [stdout] 584 |     submission_count,
[INFO] [stdout]     |     ^^^^^^^^^^^^^^^^ help: convert the identifier to upper camel case: `SubmissionCount`
[INFO] [stdout] 
[INFO] [stdout] 
[INFO] [stdout] warning: variant `user_id` should have an upper camel case name
[INFO] [stdout]    --> src/main.rs:585:5
[INFO] [stdout]     |
[INFO] [stdout] 585 |     user_id,
[INFO] [stdout]     |     ^^^^^^^ help: convert the identifier to upper camel case: `UserId`
[INFO] [stdout] 
[INFO] [stdout] 
[INFO] [stdout] warning: variable does not need to be mutable
[INFO] [stdout]    --> src/main.rs:298:9
[INFO] [stdout]     |
[INFO] [stdout] 298 |     let mut users = USER.lock().unwrap();
[INFO] [stdout]     |         ----^^^^^
[INFO] [stdout]     |         |
[INFO] [stdout]     |         help: remove this `mut`
[INFO] [stdout]     |
[INFO] [stdout]     = note: `#[warn(unused_mut)]` on by default
[INFO] [stdout] 
[INFO] [stdout] 
[INFO] [stdout] warning: variable does not need to be mutable
[INFO] [stdout]    --> src/main.rs:306:13
[INFO] [stdout]     |
[INFO] [stdout] 306 |         let mut contests = CONTEST.lock().unwrap();
[INFO] [stdout]     |             ----^^^^^^^^
[INFO] [stdout]     |             |
[INFO] [stdout]     |             help: remove this `mut`
[INFO] [stdout] 
[INFO] [stdout] 
[INFO] [stdout] warning: variable does not need to be mutable
[INFO] [stdout]    --> src/main.rs:366:9
[INFO] [stdout]     |
[INFO] [stdout] 366 |     let mut judge = Judge{id, created_time: now.clone(), updated_time: now.clone(), submission: body.clone(), state: "Queueing".to_string...
[INFO] [stdout]     |         ----^^^^^
[INFO] [stdout]     |         |
[INFO] [stdout]     |         help: remove this `mut`
[INFO] [stdout] 
[INFO] [stdout] 
[INFO] [stdout] warning: unused variable: `config`
[INFO] [stdout]    --> src/main.rs:479:48
[INFO] [stdout]     |
[INFO] [stdout] 479 | async fn get_jobs_id(index: web::Path<String>, config: web::Data<Config>) -> impl Responder {
[INFO] [stdout]     |                                                ^^^^^^ help: if this is intentional, prefix it with an underscore: `_config`
[INFO] [stdout]     |
[INFO] [stdout]     = note: `#[warn(unused_variables)]` on by default
[INFO] [stdout] 
[INFO] [stdout] 
[INFO] [stdout] warning: variable does not need to be mutable
[INFO] [stdout]    --> src/main.rs:480:9
[INFO] [stdout]     |
[INFO] [stdout] 480 |     let mut id;
[INFO] [stdout]     |         ----^^
[INFO] [stdout]     |         |
[INFO] [stdout]     |         help: remove this `mut`
[INFO] [stdout] 
[INFO] [stdout] 
[INFO] [stdout] warning: variable does not need to be mutable
[INFO] [stdout]    --> src/main.rs:486:9
[INFO] [stdout]     |
[INFO] [stdout] 486 |     let mut res: Result<Judge, Errors>;
[INFO] [stdout]     |         ----^^^
[INFO] [stdout]     |         |
[INFO] [stdout]     |         help: remove this `mut`
[INFO] [stdout] 
[INFO] [stdout] 
[INFO] [stdout] warning: variable does not need to be mutable
[INFO] [stdout]    --> src/main.rs:497:9
[INFO] [stdout]     |
[INFO] [stdout] 497 |     let mut id;
[INFO] [stdout]     |         ----^^
[INFO] [stdout]     |         |
[INFO] [stdout]     |         help: remove this `mut`
[INFO] [stdout] 
[INFO] [stdout] 
[INFO] [stdout] warning: variable does not need to be mutable
[INFO] [stdout]    --> src/main.rs:503:9
[INFO] [stdout]     |
[INFO] [stdout] 503 |     let mut res: Result<Judge, Errors>;
[INFO] [stdout]     |         ----^^^
[INFO] [stdout]     |         |
[INFO] [stdout]     |         help: remove this `mut`
[INFO] [stdout] 
[INFO] [stdout] 
[INFO] [stdout] warning: unused variable: `config`
[INFO] [stdout]    --> src/main.rs:522:47
[INFO] [stdout]     |
[INFO] [stdout] 522 | async fn post_users(body: web::Json<AddUser>, config: web::Data<Config>) -> impl Responder {
[INFO] [stdout]     |                                               ^^^^^^ help: if this is intentional, prefix it with an underscore: `_config`
[INFO] [stdout] 
[INFO] [stdout] 
[INFO] [stdout] warning: variable does not need to be mutable
[INFO] [stdout]    --> src/main.rs:540:13
[INFO] [stdout]     |
[INFO] [stdout] 540 |         let mut id_c = body.id.as_ref().unwrap().parse::<u64>();
[INFO] [stdout]     |             ----^^^^
[INFO] [stdout]     |             |
[INFO] [stdout]     |             help: remove this `mut`
[INFO] [stdout] 
[INFO] [stdout] 
[INFO] [stdout] warning: variable does not need to be mutable
[INFO] [stdout]    --> src/main.rs:541:13
[INFO] [stdout]     |
[INFO] [stdout] 541 |         let mut id;
[INFO] [stdout]     |             ----^^
[INFO] [stdout]     |             |
[INFO] [stdout]     |             help: remove this `mut`
[INFO] [stdout] 
[INFO] [stdout] 
[INFO] [stdout] warning: unused variable: `config`
[INFO] [stdout]    --> src/main.rs:568:20
[INFO] [stdout]     |
[INFO] [stdout] 568 | async fn get_users(config: web::Data<Config>) -> impl Responder {
[INFO] [stdout]     |                    ^^^^^^ help: if this is intentional, prefix it with an underscore: `_config`
[INFO] [stdout] 
[INFO] [stdout] 
[INFO] [stdout] warning: variable does not need to be mutable
[INFO] [stdout]    --> src/main.rs:569:9
[INFO] [stdout]     |
[INFO] [stdout] 569 |     let mut users = USER.lock().unwrap();
[INFO] [stdout]     |         ----^^^^^
[INFO] [stdout]     |         |
[INFO] [stdout]     |         help: remove this `mut`
[INFO] [stdout] 
[INFO] [stdout] 
[INFO] [stdout] warning: variable does not need to be mutable
[INFO] [stdout]    --> src/main.rs:597:9
[INFO] [stdout]     |
[INFO] [stdout] 597 |     let mut users = USER.lock().unwrap();
[INFO] [stdout]     |         ----^^^^^
[INFO] [stdout]     |         |
[INFO] [stdout]     |         help: remove this `mut`
[INFO] [stdout] 
[INFO] [stdout] 
[INFO] [stdout] warning: unused variable: `config`
[INFO] [stdout]    --> src/main.rs:631:23
[INFO] [stdout]     |
[INFO] [stdout] 631 | async fn get_contests(config: web::Data<Config>) -> impl Responder {
[INFO] [stdout]     |                       ^^^^^^ help: if this is intentional, prefix it with an underscore: `_config`
[INFO] [stdout] 
[INFO] [stdout] 
[INFO] [stdout] warning: variable does not need to be mutable
[INFO] [stdout]    --> src/main.rs:632:9
[INFO] [stdout]     |
[INFO] [stdout] 632 |     let mut contests = CONTEST.lock().unwrap();
[INFO] [stdout]     |         ----^^^^^^^^
[INFO] [stdout]     |         |
[INFO] [stdout]     |         help: remove this `mut`
[INFO] [stdout] 
[INFO] [stdout] 
[INFO] [stdout] warning: unused variable: `info`
[INFO] [stdout]    --> src/main.rs:641:52
[INFO] [stdout]     |
[INFO] [stdout] 641 | async fn get_contests_id(index: web::Path<String>, info: web::Query<Rule>, config: web::Data<Config>) -> impl Responder {
[INFO] [stdout]     |                                                    ^^^^ help: if this is intentional, prefix it with an underscore: `_info`
[INFO] [stdout] 
[INFO] [stdout] 
[INFO] [stdout] warning: unused variable: `config`
[INFO] [stdout]    --> src/main.rs:641:76
[INFO] [stdout]     |
[INFO] [stdout] 641 | async fn get_contests_id(index: web::Path<String>, info: web::Query<Rule>, config: web::Data<Config>) -> impl Responder {
[INFO] [stdout]     |                                                                            ^^^^^^ help: if this is intentional, prefix it with an underscore: `_config`
[INFO] [stdout] 
[INFO] [stdout] 
[INFO] [stdout] warning: variable does not need to be mutable
[INFO] [stdout]    --> src/main.rs:642:9
[INFO] [stdout]     |
[INFO] [stdout] 642 |     let mut id;
[INFO] [stdout]     |         ----^^
[INFO] [stdout]     |         |
[INFO] [stdout]     |         help: remove this `mut`
[INFO] [stdout] 
[INFO] [stdout] 
[INFO] [stdout] warning: variable does not need to be mutable
[INFO] [stdout]    --> src/main.rs:647:9
[INFO] [stdout]     |
[INFO] [stdout] 647 |     let mut contests = CONTEST.lock().unwrap();
[INFO] [stdout]     |         ----^^^^^^^^
[INFO] [stdout]     |         |
[INFO] [stdout]     |         help: remove this `mut`
[INFO] [stdout] 
[INFO] [stdout] 
[INFO] [stdout] warning: unused variable: `i`
[INFO] [stdout]    --> src/main.rs:739:9
[INFO] [stdout]     |
[INFO] [stdout] 739 |     for i in 0..users.len() {
[INFO] [stdout]     |         ^ help: if this is intentional, prefix it with an underscore: `_i`
[INFO] [stdout] 
[INFO] [stdout] 
[INFO] [stdout] warning: variable does not need to be mutable
[INFO] [stdout]    --> src/main.rs:702:9
[INFO] [stdout]     |
[INFO] [stdout] 702 |     let mut contest_id;
[INFO] [stdout]     |         ----^^^^^^^^^^
[INFO] [stdout]     |         |
[INFO] [stdout]     |         help: remove this `mut`
[INFO] [stdout] 
[INFO] [stdout] 
[INFO] [stdout] warning: variable does not need to be mutable
[INFO] [stdout]    --> src/main.rs:709:9
[INFO] [stdout]     |
[INFO] [stdout] 709 |     let mut users = USER.lock().unwrap();
[INFO] [stdout]     |         ----^^^^^
[INFO] [stdout]     |         |
[INFO] [stdout]     |         help: remove this `mut`
[INFO] [stdout] 
[INFO] [stdout] 
[INFO] [stdout] warning: unused variable: `err`
[INFO] [stdout]    --> src/structs/mod.rs:157:13
[INFO] [stdout]     |
[INFO] [stdout] 157 |     fn from(err: std::io::Error) -> Self {
[INFO] [stdout]     |             ^^^ help: if this is intentional, prefix it with an underscore: `_err`
[INFO] [stdout] 
[INFO] [stdout] 
[INFO] [stdout] warning: unused variable: `err`
[INFO] [stdout]    --> src/structs/mod.rs:163:13
[INFO] [stdout]     |
[INFO] [stdout] 163 |     fn from(err: ParseIntError) -> Self {
[INFO] [stdout]     |             ^^^ help: if this is intentional, prefix it with an underscore: `_err`
[INFO] [stdout] 
[INFO] [stdout] 
[INFO] [stdout] warning: unused variable: `err`
[INFO] [stdout]    --> src/structs/mod.rs:169:13
[INFO] [stdout]     |
[INFO] [stdout] 169 |     fn from(err: chrono::ParseError) -> Self {
[INFO] [stdout]     |             ^^^ help: if this is intentional, prefix it with an underscore: `_err`
[INFO] [stdout] 
[INFO] [stdout] 
[INFO] [stdout] warning: value assigned to `limit` is never read
[INFO] [stdout]   --> src/func/mod.rs:57:9
[INFO] [stdout]    |
[INFO] [stdout] 57 |         limit = std::u64::MAX;
[INFO] [stdout]    |         ^^^^^
[INFO] [stdout]    |
[INFO] [stdout]    = help: maybe it is overwritten before being read?
[INFO] [stdout]    = note: `#[warn(unused_assignments)]` on by default
[INFO] [stdout] 
[INFO] [stdout] 
[INFO] [stdout] warning: unused variable: `ret`
[INFO] [stdout]   --> src/func/mod.rs:99:17
[INFO] [stdout]    |
[INFO] [stdout] 99 |             let ret = Command::new(&comm[0])
[INFO] [stdout]    |                 ^^^ help: if this is intentional, prefix it with an underscore: `_ret`
[INFO] [stdout] 
[INFO] [stdout] 
[INFO] [stdout] warning: variable does not need to be mutable
[INFO] [stdout]    --> src/func/mod.rs:112:17
[INFO] [stdout]     |
[INFO] [stdout] 112 |             let mut ret;
[INFO] [stdout]     |                 ----^^^
[INFO] [stdout]     |                 |
[INFO] [stdout]     |                 help: remove this `mut`
[INFO] [stdout] 
[INFO] [stdout] 
[INFO] [stdout] warning: unused variable: `error`
[INFO] [stdout]   --> src/main.rs:64:13
[INFO] [stdout]    |
[INFO] [stdout] 64 |         Err(error) => (),
[INFO] [stdout]    |             ^^^^^ help: if this is intentional, prefix it with an underscore: `_error`
[INFO] [stdout] 
[INFO] [stdout] 
[INFO] [stdout] warning: variable does not need to be mutable
[INFO] [stdout]   --> src/main.rs:71:9
[INFO] [stdout]    |
[INFO] [stdout] 71 |     let mut judges = JUDGE.lock().unwrap();
[INFO] [stdout]    |         ----^^^^^^
[INFO] [stdout]    |         |
[INFO] [stdout]    |         help: remove this `mut`
[INFO] [stdout] 
[INFO] [stdout] 
[INFO] [stdout] warning: variable does not need to be mutable
[INFO] [stdout]   --> src/main.rs:72:9
[INFO] [stdout]    |
[INFO] [stdout] 72 |     let mut users = USER.lock().unwrap();
[INFO] [stdout]    |         ----^^^^^
[INFO] [stdout]    |         |
[INFO] [stdout]    |         help: remove this `mut`
[INFO] [stdout] 
[INFO] [stdout] 
[INFO] [stdout] warning: variable does not need to be mutable
[INFO] [stdout]   --> src/main.rs:73:9
[INFO] [stdout]    |
[INFO] [stdout] 73 |     let mut contests = CONTEST.lock().unwrap();
[INFO] [stdout]    |         ----^^^^^^^^
[INFO] [stdout]    |         |
[INFO] [stdout]    |         help: remove this `mut`
[INFO] [stdout] 
[INFO] [stdout] 
[INFO] [stdout] warning: unused variable: `cas`
[INFO] [stdout]    --> src/main.rs:129:9
[INFO] [stdout]     |
[INFO] [stdout] 129 |     for cas in &prob.cases
[INFO] [stdout]     |         ^^^ help: if this is intentional, prefix it with an underscore: `_cas`
[INFO] [stdout] 
[INFO] [stdout] 
[INFO] [stdout] warning: variable does not need to be mutable
[INFO] [stdout]   --> src/main.rs:98:9
[INFO] [stdout]    |
[INFO] [stdout] 98 |     let mut lang: Language;
[INFO] [stdout]    |         ----^^^^
[INFO] [stdout]    |         |
[INFO] [stdout]    |         help: remove this `mut`
[INFO] [stdout] 
[INFO] [stdout] 
[INFO] [stdout] warning: variable does not need to be mutable
[INFO] [stdout]    --> src/main.rs:111:9
[INFO] [stdout]     |
[INFO] [stdout] 111 |     let mut prob: Problem;
[INFO] [stdout]     |         ----^^^^
[INFO] [stdout]     |         |
[INFO] [stdout]     |         help: remove this `mut`
[INFO] [stdout] 
[INFO] [stdout] 
[INFO] [stdout] warning: unused variable: `err`
[INFO] [stdout]    --> src/structs/mod.rs:157:13
[INFO] [stdout]     |
[INFO] [stdout] 157 |     fn from(err: std::io::Error) -> Self {
[INFO] [stdout]     |             ^^^ help: if this is intentional, prefix it with an underscore: `_err`
[INFO] [stdout]     |
[INFO] [stdout]     = note: `#[warn(unused_variables)]` on by default
[INFO] [stdout] 
[INFO] [stdout] 
[INFO] [stdout] warning: unused variable: `err`
[INFO] [stdout]    --> src/structs/mod.rs:163:13
[INFO] [stdout]     |
[INFO] [stdout] 163 |     fn from(err: ParseIntError) -> Self {
[INFO] [stdout]     |             ^^^ help: if this is intentional, prefix it with an underscore: `_err`
[INFO] [stdout] 
[INFO] [stdout] 
[INFO] [stdout] warning: unused variable: `config`
[INFO] [stdout]    --> src/main.rs:389:23
[INFO] [stdout]     |
[INFO] [stdout] 389 | fn ask(info: &AskJob, config: &Config) -> Result<Vec<Judge>, Errors> {
[INFO] [stdout]     |                       ^^^^^^ help: if this is intentional, prefix it with an underscore: `_config`
[INFO] [stdout] 
[INFO] [stdout] 
[INFO] [stdout] warning: unused variable: `err`
[INFO] [stdout]    --> src/structs/mod.rs:169:13
[INFO] [stdout]     |
[INFO] [stdout] 169 |     fn from(err: chrono::ParseError) -> Self {
[INFO] [stdout]     |             ^^^ help: if this is intentional, prefix it with an underscore: `_err`
[INFO] [stdout] 
[INFO] [stdout] 
[INFO] [stdout] warning: variable does not need to be mutable
[INFO] [stdout]    --> src/main.rs:414:9
[INFO] [stdout]     |
[INFO] [stdout] 414 |     let mut lock = JUDGE.lock().unwrap();
[INFO] [stdout]     |         ----^^^^
[INFO] [stdout]     |         |
[INFO] [stdout]     |         help: remove this `mut`
[INFO] [stdout] 
[INFO] [stdout] 
[INFO] [stdout] warning: variable does not need to be mutable
[INFO] [stdout]    --> src/main.rs:415:9
[INFO] [stdout]     |
[INFO] [stdout] 415 |     let mut users = USER.lock().unwrap();
[INFO] [stdout]     |         ----^^^^^
[INFO] [stdout]     |         |
[INFO] [stdout]     |         help: remove this `mut`
[INFO] [stdout] 
[INFO] [stdout] 
[INFO] [stdout] warning: unused variable: `err`
[INFO] [stdout]    --> src/client.rs:115:29
[INFO] [stdout]     |
[INFO] [stdout] 115 |                         Err(err) => (),
[INFO] [stdout]     |                             ^^^ help: if this is intentional, prefix it with an underscore: `_err`
[INFO] [stdout] 
[INFO] [stdout] 
[INFO] [stdout] warning: unused variable: `res`
[INFO] [stdout]    --> src/main.rs:939:13
[INFO] [stdout]     |
[INFO] [stdout] 939 |         let res = Command::new("rm")
[INFO] [stdout]     |             ^^^ help: if this is intentional, prefix it with an underscore: `_res`
[INFO] [stdout] 
[INFO] [stdout] 
[INFO] [stdout] warning: variable `TMPDIR` should have a snake case name
[INFO] [stdout]    --> src/main.rs:135:9
[INFO] [stdout]     |
[INFO] [stdout] 135 |     let TMPDIR = get_tmpdir();
[INFO] [stdout]     |         ^^^^^^ help: convert the identifier to snake case: `tmpdir`
[INFO] [stdout]     |
[INFO] [stdout]     = note: `#[warn(non_snake_case)]` on by default
[INFO] [stdout] 
[INFO] [stdout] 
[INFO] [stdout] warning: variable `Er` should have a snake case name
[INFO] [stdout]   --> src/func/mod.rs:23:13
[INFO] [stdout]    |
[INFO] [stdout] 23 |         Err(Er) => {
[INFO] [stdout]    |             ^^ help: convert the identifier to snake case: `er`
[INFO] [stdout] 
[INFO] [stdout] 
[INFO] [stdout] warning: constant `len` should have an upper case name
[INFO] [stdout]   --> src/func/mod.rs:34:11
[INFO] [stdout]    |
[INFO] [stdout] 34 |     const len: usize = 5;
[INFO] [stdout]    |           ^^^ help: convert the identifier to upper case: `LEN`
[INFO] [stdout]    |
[INFO] [stdout]    = note: `#[warn(non_upper_case_globals)]` on by default
[INFO] [stdout] 
[INFO] [stdout] 
[INFO] [stdout] warning: method `score_sum` is never used
[INFO] [stdout]   --> src/structs/mod.rs:41:16
[INFO] [stdout]    |
[INFO] [stdout] 40 |     impl Problem {
[INFO] [stdout]    |     ------------ method in this implementation
[INFO] [stdout] 41 |         pub fn score_sum(&self) -> f64 {
[INFO] [stdout]    |                ^^^^^^^^^
[INFO] [stdout]    |
[INFO] [stdout]    = note: `#[warn(dead_code)]` on by default
[INFO] [stdout] 
[INFO] [stdout] 
[INFO] [stdout] warning: method `to_index` is never used
[INFO] [stdout]   --> src/structs/mod.rs:65:16
[INFO] [stdout]    |
[INFO] [stdout] 64 |     impl Config {
[INFO] [stdout]    |     ----------- method in this implementation
[INFO] [stdout] 65 |         pub fn to_index(&self, id: u64) -> Option<usize> {
[INFO] [stdout]    |                ^^^^^^^^
[INFO] [stdout] 
[INFO] [stdout] 
[INFO] [stdout] warning: method `to_index` is never used
[INFO] [stdout]    --> src/structs/mod.rs:135:16
[INFO] [stdout]     |
[INFO] [stdout] 134 |     impl Contest {
[INFO] [stdout]     |     ------------ method in this implementation
[INFO] [stdout] 135 |         pub fn to_index(&self, id: u64) -> Option<usize> {
[INFO] [stdout]     |                ^^^^^^^^
[INFO] [stdout] 
[INFO] [stdout] 
[INFO] [stdout] warning: unused `Result` that must be used
[INFO] [stdout]    --> src/client.rs:127:17
[INFO] [stdout]     |
[INFO] [stdout] 127 |                 query(contest_id);
[INFO] [stdout]     |                 ^^^^^^^^^^^^^^^^^
[INFO] [stdout]     |
[INFO] [stdout]     = note: this `Result` may be an `Err` variant, which should be handled
[INFO] [stdout]     = note: `#[warn(unused_must_use)]` on by default
[INFO] [stdout] help: use `let _ = ...` to ignore the resulting value
[INFO] [stdout]     |
[INFO] [stdout] 127 |                 let _ = query(contest_id);
[INFO] [stdout]     |                 +++++++
[INFO] [stdout] 
[INFO] [stdout] 
[INFO] [stderr]     Finished `test` profile [unoptimized + debuginfo] target(s) in 8.33s
[INFO] running `Command { std: "docker" "inspect" "d6299613de469760f0dd3a35950751a73b120594add54e35d228b4cc0e79ffad", kill_on_drop: false }`
[INFO] running `Command { std: "docker" "rm" "-f" "d6299613de469760f0dd3a35950751a73b120594add54e35d228b4cc0e79ffad", kill_on_drop: false }`
[INFO] [stdout] d6299613de469760f0dd3a35950751a73b120594add54e35d228b4cc0e79ffad
[INFO] running `Command { std: "docker" "create" "-v" "/var/lib/crater-agent-workspace/builds/worker-3-tc1/target:/opt/rustwide/target:rw,Z" "-v" "/var/lib/crater-agent-workspace/builds/worker-3-tc1/source:/opt/rustwide/workdir:ro,Z" "-v" "/var/lib/crater-agent-workspace/cargo-home:/opt/rustwide/cargo-home:ro,Z" "-v" "/var/lib/crater-agent-workspace/rustup-home:/opt/rustwide/rustup-home:ro,Z" "-e" "SOURCE_DIR=/opt/rustwide/workdir" "-e" "CARGO_TARGET_DIR=/opt/rustwide/target" "-e" "CARGO_INCREMENTAL=0" "-e" "RUST_BACKTRACE=full" "-e" "RUSTFLAGS=--cap-lints=warn" "-e" "RUSTDOCFLAGS=--cap-lints=warn" "-e" "CARGO_HOME=/opt/rustwide/cargo-home" "-e" "RUSTUP_HOME=/opt/rustwide/rustup-home" "-w" "/opt/rustwide/workdir" "-m" "1610612736" "--user" "0:0" "--network" "none" "ghcr.io/rust-lang/crates-build-env/linux@sha256:f3a9d4ad9d972b27faf3965f35b62e55ba32bbce8f20bc8fe909558a86702fde" "/opt/rustwide/cargo-home/bin/cargo" "+1.83.0" "test" "--frozen", kill_on_drop: false }`
[INFO] [stdout] f035ee8aca19194a8a70b2acdcdf460b1557778db415d26a1e126a6594b3d39c
[INFO] running `Command { std: "docker" "start" "-a" "f035ee8aca19194a8a70b2acdcdf460b1557778db415d26a1e126a6594b3d39c", kill_on_drop: false }`
[INFO] [stderr] warning: unused import: `std::error::Error`
[INFO] [stderr]  --> src/structs/mod.rs:2:5
[INFO] [stderr]   |
[INFO] [stderr] 2 | use std::error::Error;
[INFO] [stderr]   |     ^^^^^^^^^^^^^^^^^
[INFO] [stderr]   |
[INFO] [stderr]   = note: `#[warn(unused_imports)]` on by default
[INFO] [stderr] 
[INFO] [stderr] warning: unused import: `actix_web::web::JsonBody`
[INFO] [stderr]  --> src/client.rs:3:5
[INFO] [stderr]   |
[INFO] [stderr] 3 | use actix_web::web::JsonBody;
[INFO] [stderr]   |     ^^^^^^^^^^^^^^^^^^^^^^^^
[INFO] [stderr] 
[INFO] [stderr] warning: unused imports: `HttpRequest`, `post`, and `web`
[INFO] [stderr]  --> src/client.rs:6:17
[INFO] [stderr]   |
[INFO] [stderr] 6 | use actix_web::{post, web, HttpRequest};
[INFO] [stderr]   |                 ^^^^  ^^^  ^^^^^^^^^^^
[INFO] [stderr] 
[INFO] [stderr] warning: unused import: `std::process::Command`
[INFO] [stderr]   --> src/client.rs:12:5
[INFO] [stderr]    |
[INFO] [stderr] 12 | use std::process::Command;
[INFO] [stderr]    |     ^^^^^^^^^^^^^^^^^^^^^
[INFO] [stderr] 
[INFO] [stderr] warning: denote infinite loops with `loop { ... }`
[INFO] [stderr]   --> src/client.rs:76:5
[INFO] [stderr]    |
[INFO] [stderr] 76 |     while true {
[INFO] [stderr]    |     ^^^^^^^^^^ help: use `loop`
[INFO] [stderr]    |
[INFO] [stderr]    = note: `#[warn(while_true)]` on by default
[INFO] [stderr] 
[INFO] [stderr] warning: unused variable: `err`
[INFO] [stderr]    --> src/structs/mod.rs:157:13
[INFO] [stderr]     |
[INFO] [stderr] 157 |     fn from(err: std::io::Error) -> Self {
[INFO] [stderr]     |             ^^^ help: if this is intentional, prefix it with an underscore: `_err`
[INFO] [stderr]     |
[INFO] [stderr]     = note: `#[warn(unused_variables)]` on by default
[INFO] [stderr] 
[INFO] [stderr] warning: unused variable: `err`
[INFO] [stderr]    --> src/structs/mod.rs:163:13
[INFO] [stderr]     |
[INFO] [stderr] 163 |     fn from(err: ParseIntError) -> Self {
[INFO] [stderr]     |             ^^^ help: if this is intentional, prefix it with an underscore: `_err`
[INFO] [stderr] 
[INFO] [stderr] warning: unused variable: `err`
[INFO] [stderr]    --> src/structs/mod.rs:169:13
[INFO] [stderr]     |
[INFO] [stderr] 169 |     fn from(err: chrono::ParseError) -> Self {
[INFO] [stderr]     |             ^^^ help: if this is intentional, prefix it with an underscore: `_err`
[INFO] [stderr] 
[INFO] [stderr] warning: unused variable: `err`
[INFO] [stderr]    --> src/client.rs:115:29
[INFO] [stderr]     |
[INFO] [stderr] 115 |                         Err(err) => (),
[INFO] [stderr]     |                             ^^^ help: if this is intentional, prefix it with an underscore: `_err`
[INFO] [stderr] 
[INFO] [stderr] warning: method `score_sum` is never used
[INFO] [stderr]   --> src/structs/mod.rs:41:16
[INFO] [stderr]    |
[INFO] [stderr] 40 |     impl Problem {
[INFO] [stderr]    |     ------------ method in this implementation
[INFO] [stderr] 41 |         pub fn score_sum(&self) -> f64 {
[INFO] [stderr]    |                ^^^^^^^^^
[INFO] [stderr]    |
[INFO] [stderr]    = note: `#[warn(dead_code)]` on by default
[INFO] [stderr] 
[INFO] [stderr] warning: method `to_index` is never used
[INFO] [stderr]   --> src/structs/mod.rs:65:16
[INFO] [stderr]    |
[INFO] [stderr] 64 |     impl Config {
[INFO] [stderr]    |     ----------- method in this implementation
[INFO] [stderr] 65 |         pub fn to_index(&self, id: u64) -> Option<usize> {
[INFO] [stderr]    |                ^^^^^^^^
[INFO] [stderr] 
[INFO] [stderr] warning: method `to_index` is never used
[INFO] [stderr]    --> src/structs/mod.rs:135:16
[INFO] [stderr]     |
[INFO] [stderr] 134 |     impl Contest {
[INFO] [stderr]     |     ------------ method in this implementation
[INFO] [stderr] 135 |         pub fn to_index(&self, id: u64) -> Option<usize> {
[INFO] [stderr]     |                ^^^^^^^^
[INFO] [stderr] 
[INFO] [stderr] warning: unused `Result` that must be used
[INFO] [stderr]    --> src/client.rs:127:17
[INFO] [stderr]     |
[INFO] [stderr] 127 |                 query(contest_id);
[INFO] [stderr]     |                 ^^^^^^^^^^^^^^^^^
[INFO] [stderr]     |
[INFO] [stderr]     = note: this `Result` may be an `Err` variant, which should be handled
[INFO] [stderr]     = note: `#[warn(unused_must_use)]` on by default
[INFO] [stderr] help: use `let _ = ...` to ignore the resulting value
[INFO] [stderr]     |
[INFO] [stderr] 127 |                 let _ = query(contest_id);
[INFO] [stderr]     |                 +++++++
[INFO] [stderr] 
[INFO] [stderr] warning: unused imports: `HttpRequest`, `HttpResponse`, and `http::StatusCode`
[INFO] [stderr]  --> src/main.rs:4:86
[INFO] [stderr]   |
[INFO] [stderr] 4 | use actix_web::{get, put, middleware::Logger, post, web, App, HttpServer, Responder, HttpRequest, HttpResponse, http::StatusCode};
[INFO] [stderr]   |                                                                                      ^^^^^^^^^^^  ^^^^^^^^^^^^  ^^^^^^^^^^^^^^^^
[INFO] [stderr] 
[INFO] [stderr] warning: unused imports: `i64::MAX` and `path::PathBuf`
[INFO] [stderr]  --> src/main.rs:9:11
[INFO] [stderr]   |
[INFO] [stderr] 9 | use std::{path::PathBuf, i64::MAX};
[INFO] [stderr]   |           ^^^^^^^^^^^^^  ^^^^^^^^
[INFO] [stderr] 
[INFO] [stderr] warning: unused imports: `mem::swap` and `self`
[INFO] [stderr]   --> src/main.rs:11:34
[INFO] [stderr]    |
[INFO] [stderr] 11 | use std::{fs::{self, File}, io::{self, Write}, vec, mem::swap, cmp::Ordering};
[INFO] [stderr]    |                                  ^^^^               ^^^^^^^^^
[INFO] [stderr] 
[INFO] [stderr] warning: unused import: `Stdio`
[INFO] [stderr]   --> src/main.rs:12:29
[INFO] [stderr]    |
[INFO] [stderr] 12 | use std::process::{Command, Stdio};
[INFO] [stderr]    |                             ^^^^^
[INFO] [stderr] 
[INFO] [stderr] warning: unused import: `wait_timeout::ChildExt`
[INFO] [stderr]   --> src/main.rs:13:5
[INFO] [stderr]    |
[INFO] [stderr] 13 | use wait_timeout::ChildExt;
[INFO] [stderr]    |     ^^^^^^^^^^^^^^^^^^^^^^
[INFO] [stderr] 
[INFO] [stderr] warning: unused import: `std::time::Duration`
[INFO] [stderr]   --> src/main.rs:14:5
[INFO] [stderr]    |
[INFO] [stderr] 14 | use std::time::Duration;
[INFO] [stderr]    |     ^^^^^^^^^^^^^^^^^^^
[INFO] [stderr] 
[INFO] [stderr] warning: unused imports: `FixedOffset`, `NaiveDate`, and `offset::LocalResult`
[INFO] [stderr]   --> src/main.rs:17:31
[INFO] [stderr]    |
[INFO] [stderr] 17 | use chrono::{Local, DateTime, FixedOffset, NaiveDate, prelude::*, offset::LocalResult};
[INFO] [stderr]    |                               ^^^^^^^^^^^  ^^^^^^^^^              ^^^^^^^^^^^^^^^^^^^
[INFO] [stderr] 
[INFO] [stderr] warning: variant `latest` should have an upper camel case name
[INFO] [stderr]    --> src/main.rs:577:5
[INFO] [stderr]     |
[INFO] [stderr] 577 |     latest,
[INFO] [stderr]     |     ^^^^^^ help: convert the identifier to upper camel case: `Latest`
[INFO] [stderr]     |
[INFO] [stderr]     = note: `#[warn(non_camel_case_types)]` on by default
[INFO] [stderr] 
[INFO] [stderr] warning: variant `highest` should have an upper camel case name
[INFO] [stderr]    --> src/main.rs:578:5
[INFO] [stderr]     |
[INFO] [stderr] 578 |     highest,
[INFO] [stderr]     |     ^^^^^^^ help: convert the identifier to upper camel case: `Highest`
[INFO] [stderr] 
[INFO] [stderr] warning: variant `submission_time` should have an upper camel case name
[INFO] [stderr]    --> src/main.rs:583:5
[INFO] [stderr]     |
[INFO] [stderr] 583 |     submission_time,
[INFO] [stderr]     |     ^^^^^^^^^^^^^^^ help: convert the identifier to upper camel case: `SubmissionTime`
[INFO] [stderr] 
[INFO] [stderr] warning: variant `submission_count` should have an upper camel case name
[INFO] [stderr]    --> src/main.rs:584:5
[INFO] [stderr]     |
[INFO] [stderr] 584 |     submission_count,
[INFO] [stderr]     |     ^^^^^^^^^^^^^^^^ help: convert the identifier to upper camel case: `SubmissionCount`
[INFO] [stderr] 
[INFO] [stderr] warning: variant `user_id` should have an upper camel case name
[INFO] [stderr]    --> src/main.rs:585:5
[INFO] [stderr]     |
[INFO] [stderr] 585 |     user_id,
[INFO] [stderr]     |     ^^^^^^^ help: convert the identifier to upper camel case: `UserId`
[INFO] [stderr] 
[INFO] [stderr] warning: variable does not need to be mutable
[INFO] [stderr]    --> src/main.rs:298:9
[INFO] [stderr]     |
[INFO] [stderr] 298 |     let mut users = USER.lock().unwrap();
[INFO] [stderr]     |         ----^^^^^
[INFO] [stderr]     |         |
[INFO] [stderr]     |         help: remove this `mut`
[INFO] [stderr]     |
[INFO] [stderr]     = note: `#[warn(unused_mut)]` on by default
[INFO] [stderr] 
[INFO] [stderr] warning: variable does not need to be mutable
[INFO] [stderr]    --> src/main.rs:306:13
[INFO] [stderr]     |
[INFO] [stderr] 306 |         let mut contests = CONTEST.lock().unwrap();
[INFO] [stderr]     |             ----^^^^^^^^
[INFO] [stderr]     |             |
[INFO] [stderr]     |             help: remove this `mut`
[INFO] [stderr] 
[INFO] [stderr] warning: variable does not need to be mutable
[INFO] [stderr]    --> src/main.rs:366:9
[INFO] [stderr]     |
[INFO] [stderr] 366 |     let mut judge = Judge{id, created_time: now.clone(), updated_time: now.clone(), submission: body.clone(), state: "Queueing".to_string...
[INFO] [stderr]     |         ----^^^^^
[INFO] [stderr]     |         |
[INFO] [stderr]     |         help: remove this `mut`
[INFO] [stderr] 
[INFO] [stderr] warning: unused variable: `config`
[INFO] [stderr]    --> src/main.rs:479:48
[INFO] [stderr]     |
[INFO] [stderr] 479 | async fn get_jobs_id(index: web::Path<String>, config: web::Data<Config>) -> impl Responder {
[INFO] [stderr]     |                                                ^^^^^^ help: if this is intentional, prefix it with an underscore: `_config`
[INFO] [stderr]     |
[INFO] [stderr]     = note: `#[warn(unused_variables)]` on by default
[INFO] [stderr] 
[INFO] [stderr] warning: variable does not need to be mutable
[INFO] [stderr]    --> src/main.rs:480:9
[INFO] [stderr]     |
[INFO] [stderr] 480 |     let mut id;
[INFO] [stderr]     |         ----^^
[INFO] [stderr]     |         |
[INFO] [stderr]     |         help: remove this `mut`
[INFO] [stderr] 
[INFO] [stderr] warning: variable does not need to be mutable
[INFO] [stderr]    --> src/main.rs:486:9
[INFO] [stderr]     |
[INFO] [stderr] 486 |     let mut res: Result<Judge, Errors>;
[INFO] [stderr]     |         ----^^^
[INFO] [stderr]     |         |
[INFO] [stderr]     |         help: remove this `mut`
[INFO] [stderr] 
[INFO] [stderr] warning: variable does not need to be mutable
[INFO] [stderr]    --> src/main.rs:497:9
[INFO] [stderr]     |
[INFO] [stderr] 497 |     let mut id;
[INFO] [stderr]     |         ----^^
[INFO] [stderr]     |         |
[INFO] [stderr]     |         help: remove this `mut`
[INFO] [stderr] 
[INFO] [stderr] warning: variable does not need to be mutable
[INFO] [stderr]    --> src/main.rs:503:9
[INFO] [stderr]     |
[INFO] [stderr] 503 |     let mut res: Result<Judge, Errors>;
[INFO] [stderr]     |         ----^^^
[INFO] [stderr]     |         |
[INFO] [stderr]     |         help: remove this `mut`
[INFO] [stderr] 
[INFO] [stderr] warning: unused variable: `config`
[INFO] [stderr]    --> src/main.rs:522:47
[INFO] [stderr]     |
[INFO] [stderr] 522 | async fn post_users(body: web::Json<AddUser>, config: web::Data<Config>) -> impl Responder {
[INFO] [stderr]     |                                               ^^^^^^ help: if this is intentional, prefix it with an underscore: `_config`
[INFO] [stderr] 
[INFO] [stderr] warning: variable does not need to be mutable
[INFO] [stderr]    --> src/main.rs:540:13
[INFO] [stderr]     |
[INFO] [stderr] 540 |         let mut id_c = body.id.as_ref().unwrap().parse::<u64>();
[INFO] [stderr]     |             ----^^^^
[INFO] [stderr]     |             |
[INFO] [stderr]     |             help: remove this `mut`
[INFO] [stderr] 
[INFO] [stderr] warning: variable does not need to be mutable
[INFO] [stderr]    --> src/main.rs:541:13
[INFO] [stderr]     |
[INFO] [stderr] 541 |         let mut id;
[INFO] [stderr]     |             ----^^
[INFO] [stderr]     |             |
[INFO] [stderr]     |             help: remove this `mut`
[INFO] [stderr] 
[INFO] [stderr] warning: unused variable: `config`
[INFO] [stderr]    --> src/main.rs:568:20
[INFO] [stderr]     |
[INFO] [stderr] 568 | async fn get_users(config: web::Data<Config>) -> impl Responder {
[INFO] [stderr]     |                    ^^^^^^ help: if this is intentional, prefix it with an underscore: `_config`
[INFO] [stderr] 
[INFO] [stderr] warning: variable does not need to be mutable
[INFO] [stderr]    --> src/main.rs:569:9
[INFO] [stderr]     |
[INFO] [stderr] 569 |     let mut users = USER.lock().unwrap();
[INFO] [stderr]     |         ----^^^^^
[INFO] [stderr]     |         |
[INFO] [stderr]     |         help: remove this `mut`
[INFO] [stderr] 
[INFO] [stderr] warning: variable does not need to be mutable
[INFO] [stderr]    --> src/main.rs:597:9
[INFO] [stderr]     |
[INFO] [stderr] 597 |     let mut users = USER.lock().unwrap();
[INFO] [stderr]     |         ----^^^^^
[INFO] [stderr]     |         |
[INFO] [stderr]     |         help: remove this `mut`
[INFO] [stderr] 
[INFO] [stderr] warning: unused variable: `config`
[INFO] [stderr]    --> src/main.rs:631:23
[INFO] [stderr]     |
[INFO] [stderr] 631 | async fn get_contests(config: web::Data<Config>) -> impl Responder {
[INFO] [stderr]     |                       ^^^^^^ help: if this is intentional, prefix it with an underscore: `_config`
[INFO] [stderr] 
[INFO] [stderr] warning: variable does not need to be mutable
[INFO] [stderr]    --> src/main.rs:632:9
[INFO] [stderr]     |
[INFO] [stderr] 632 |     let mut contests = CONTEST.lock().unwrap();
[INFO] [stderr]     |         ----^^^^^^^^
[INFO] [stderr]     |         |
[INFO] [stderr]     |         help: remove this `mut`
[INFO] [stderr] 
[INFO] [stderr] warning: unused variable: `info`
[INFO] [stderr]    --> src/main.rs:641:52
[INFO] [stderr]     |
[INFO] [stderr] 641 | async fn get_contests_id(index: web::Path<String>, info: web::Query<Rule>, config: web::Data<Config>) -> impl Responder {
[INFO] [stderr]     |                                                    ^^^^ help: if this is intentional, prefix it with an underscore: `_info`
[INFO] [stderr] 
[INFO] [stderr] warning: unused variable: `config`
[INFO] [stderr]    --> src/main.rs:641:76
[INFO] [stderr]     |
[INFO] [stderr] 641 | async fn get_contests_id(index: web::Path<String>, info: web::Query<Rule>, config: web::Data<Config>) -> impl Responder {
[INFO] [stderr]     |                                                                            ^^^^^^ help: if this is intentional, prefix it with an underscore: `_config`
[INFO] [stderr] 
[INFO] [stderr] warning: variable does not need to be mutable
[INFO] [stderr]    --> src/main.rs:642:9
[INFO] [stderr]     |
[INFO] [stderr] 642 |     let mut id;
[INFO] [stderr]     |         ----^^
[INFO] [stderr]     |         |
[INFO] [stderr]     |         help: remove this `mut`
[INFO] [stderr] 
[INFO] [stderr] warning: variable does not need to be mutable
[INFO] [stderr]    --> src/main.rs:647:9
[INFO] [stderr]     |
[INFO] [stderr] 647 |     let mut contests = CONTEST.lock().unwrap();
[INFO] [stderr]     |         ----^^^^^^^^
[INFO] [stderr]     |         |
[INFO] [stderr]     |         help: remove this `mut`
[INFO] [stderr] 
[INFO] [stderr] warning: unused variable: `i`
[INFO] [stderr]    --> src/main.rs:739:9
[INFO] [stderr]     |
[INFO] [stderr] 739 |     for i in 0..users.len() {
[INFO] [stderr]     |         ^ help: if this is intentional, prefix it with an underscore: `_i`
[INFO] [stderr] 
[INFO] [stderr] warning: variable does not need to be mutable
[INFO] [stderr]    --> src/main.rs:702:9
[INFO] [stderr]     |
[INFO] [stderr] 702 |     let mut contest_id;
[INFO] [stderr]     |         ----^^^^^^^^^^
[INFO] [stderr]     |         |
[INFO] [stderr]     |         help: remove this `mut`
[INFO] [stderr] 
[INFO] [stderr] warning: variable does not need to be mutable
[INFO] [stderr]    --> src/main.rs:709:9
[INFO] [stderr]     |
[INFO] [stderr] 709 |     let mut users = USER.lock().unwrap();
[INFO] [stderr]     |         ----^^^^^
[INFO] [stderr]     |         |
[INFO] [stderr]     |         help: remove this `mut`
[INFO] [stderr] 
[INFO] [stderr] warning: unused variable: `err`
[INFO] [stderr]    --> src/structs/mod.rs:157:13
[INFO] [stderr]     |
[INFO] [stderr] 157 |     fn from(err: std::io::Error) -> Self {
[INFO] [stderr]     |             ^^^ help: if this is intentional, prefix it with an underscore: `_err`
[INFO] [stderr] 
[INFO] [stderr] warning: value assigned to `limit` is never read
[INFO] [stderr]   --> src/func/mod.rs:57:9
[INFO] [stderr]    |
[INFO] [stderr] 57 |         limit = std::u64::MAX;
[INFO] [stderr]    |         ^^^^^
[INFO] [stderr]    |
[INFO] [stderr]    = help: maybe it is overwritten before being read?
[INFO] [stderr]    = note: `#[warn(unused_assignments)]` on by default
[INFO] [stderr] 
[INFO] [stderr] warning: unused variable: `ret`
[INFO] [stderr]   --> src/func/mod.rs:99:17
[INFO] [stderr]    |
[INFO] [stderr] 99 |             let ret = Command::new(&comm[0])
[INFO] [stderr]    |                 ^^^ help: if this is intentional, prefix it with an underscore: `_ret`
[INFO] [stderr] 
[INFO] [stderr] warning: variable does not need to be mutable
[INFO] [stderr]    --> src/func/mod.rs:112:17
[INFO] [stderr]     |
[INFO] [stderr] 112 |             let mut ret;
[INFO] [stderr]     |                 ----^^^
[INFO] [stderr]     |                 |
[INFO] [stderr]     |                 help: remove this `mut`
[INFO] [stderr] 
[INFO] [stderr] warning: unused variable: `error`
[INFO] [stderr]   --> src/main.rs:64:13
[INFO] [stderr]    |
[INFO] [stderr] 64 |         Err(error) => (),
[INFO] [stderr]    |             ^^^^^ help: if this is intentional, prefix it with an underscore: `_error`
[INFO] [stderr] 
[INFO] [stderr] warning: variable does not need to be mutable
[INFO] [stderr]   --> src/main.rs:71:9
[INFO] [stderr]    |
[INFO] [stderr] 71 |     let mut judges = JUDGE.lock().unwrap();
[INFO] [stderr]    |         ----^^^^^^
[INFO] [stderr]    |         |
[INFO] [stderr]    |         help: remove this `mut`
[INFO] [stderr] 
[INFO] [stderr] warning: variable does not need to be mutable
[INFO] [stderr]   --> src/main.rs:72:9
[INFO] [stderr]    |
[INFO] [stderr] 72 |     let mut users = USER.lock().unwrap();
[INFO] [stderr]    |         ----^^^^^
[INFO] [stderr]    |         |
[INFO] [stderr]    |         help: remove this `mut`
[INFO] [stderr] 
[INFO] [stderr] warning: variable does not need to be mutable
[INFO] [stderr]   --> src/main.rs:73:9
[INFO] [stderr]    |
[INFO] [stderr] 73 |     let mut contests = CONTEST.lock().unwrap();
[INFO] [stderr]    |         ----^^^^^^^^
[INFO] [stderr]    |         |
[INFO] [stderr]    |         help: remove this `mut`
[INFO] [stderr] 
[INFO] [stderr] warning: unused variable: `cas`
[INFO] [stderr]    --> src/main.rs:129:9
[INFO] [stderr]     |
[INFO] [stderr] 129 |     for cas in &prob.cases
[INFO] [stderr]     |         ^^^ help: if this is intentional, prefix it with an underscore: `_cas`
[INFO] [stderr] 
[INFO] [stderr] warning: variable does not need to be mutable
[INFO] [stderr]   --> src/main.rs:98:9
[INFO] [stderr]    |
[INFO] [stderr] 98 |     let mut lang: Language;
[INFO] [stderr]    |         ----^^^^
[INFO] [stderr]    |         |
[INFO] [stderr]    |         help: remove this `mut`
[INFO] [stderr] 
[INFO] [stderr] warning: variable does not need to be mutable
[INFO] [stderr]    --> src/main.rs:111:9
[INFO] [stderr]     |
[INFO] [stderr] 111 |     let mut prob: Problem;
[INFO] [stderr]     |         ----^^^^
[INFO] [stderr]     |         |
[INFO] [stderr]     |         help: remove this `mut`
[INFO] [stderr] 
[INFO] [stderr] warning: unused variable: `config`
[INFO] [stderr]    --> src/main.rs:389:23
[INFO] [stderr]     |
[INFO] [stderr] 389 | fn ask(info: &AskJob, config: &Config) -> Result<Vec<Judge>, Errors> {
[INFO] [stderr]     |                       ^^^^^^ help: if this is intentional, prefix it with an underscore: `_config`
[INFO] [stderr] 
[INFO] [stderr] warning: variable does not need to be mutable
[INFO] [stderr]    --> src/main.rs:414:9
[INFO] [stderr]     |
[INFO] [stderr] 414 |     let mut lock = JUDGE.lock().unwrap();
[INFO] [stderr]     |         ----^^^^
[INFO] [stderr]     |         |
[INFO] [stderr]     |         help: remove this `mut`
[INFO] [stderr] 
[INFO] [stderr] warning: variable does not need to be mutable
[INFO] [stderr]    --> src/main.rs:415:9
[INFO] [stderr]     |
[INFO] [stderr] 415 |     let mut users = USER.lock().unwrap();
[INFO] [stderr]     |         ----^^^^^
[INFO] [stderr]     |         |
[INFO] [stderr]     |         help: remove this `mut`
[INFO] [stderr] 
[INFO] [stderr] warning: unused variable: `res`
[INFO] [stderr]    --> src/main.rs:939:13
[INFO] [stderr]     |
[INFO] [stderr] 939 |         let res = Command::new("rm")
[INFO] [stderr]     |             ^^^ help: if this is intentional, prefix it with an underscore: `_res`
[INFO] [stderr] 
[INFO] [stderr] warning: variable `TMPDIR` should have a snake case name
[INFO] [stderr]    --> src/main.rs:135:9
[INFO] [stderr]     |
[INFO] [stderr] 135 |     let TMPDIR = get_tmpdir();
[INFO] [stderr]     |         ^^^^^^ help: convert the identifier to snake case: `tmpdir`
[INFO] [stderr]     |
[INFO] [stderr]     = note: `#[warn(non_snake_case)]` on by default
[INFO] [stderr] 
[INFO] [stderr] warning: variable `Er` should have a snake case name
[INFO] [stderr]   --> src/func/mod.rs:23:13
[INFO] [stderr]    |
[INFO] [stderr] 23 |         Err(Er) => {
[INFO] [stderr]    |             ^^ help: convert the identifier to snake case: `er`
[INFO] [stderr] 
[INFO] [stderr] warning: constant `len` should have an upper case name
[INFO] [stderr]   --> src/func/mod.rs:34:11
[INFO] [stderr]    |
[INFO] [stderr] 34 |     const len: usize = 5;
[INFO] [stderr]    |           ^^^ help: convert the identifier to upper case: `LEN`
[INFO] [stderr]    |
[INFO] [stderr]    = note: `#[warn(non_upper_case_globals)]` on by default
[INFO] [stderr] 
[INFO] [stderr] warning: `oj` (bin "client" test) generated 13 warnings (run `cargo fix --bin "client" --tests` to apply 5 suggestions)
[INFO] [stderr] warning: `oj` (bin "oj") generated 56 warnings (3 duplicates) (run `cargo fix --bin "oj"` to apply 31 suggestions)
[INFO] [stderr] warning: `oj` (bin "oj" test) generated 56 warnings (56 duplicates)
[INFO] [stderr] warning: `oj` (bin "client") generated 13 warnings (13 duplicates)
[INFO] [stderr]     Finished `test` profile [unoptimized + debuginfo] target(s) in 0.26s
[INFO] [stderr]      Running unittests src/client.rs (/opt/rustwide/target/debug/deps/client-3b16b5d7f28b5ba7)
[INFO] [stdout] 
[INFO] [stdout] running 0 tests
[INFO] [stdout] 
[INFO] [stdout] test result: ok. 0 passed; 0 failed; 0 ignored; 0 measured; 0 filtered out; finished in 0.00s
[INFO] [stdout] 
[INFO] [stderr]      Running unittests src/main.rs (/opt/rustwide/target/debug/deps/oj-c924bbc382ead65d)
[INFO] [stdout] 
[INFO] [stdout] running 0 tests
[INFO] [stdout] 
[INFO] [stdout] test result: ok. 0 passed; 0 failed; 0 ignored; 0 measured; 0 filtered out; finished in 0.00s
[INFO] [stdout] 
[INFO] [stderr]      Running tests/advanced_requirements.rs (/opt/rustwide/target/debug/deps/advanced_requirements-f7b41c531b603e5d)
[INFO] [stdout] 
[INFO] [stdout] running 7 tests
[INFO] [stdout] test test_adv_01_10_pts_contest_support ... FAILED
[INFO] [stdout] test test_adv_04_10_pts_resource_limit ... FAILED
[INFO] [stdout] test test_adv_06_10_pts_special_judge ... FAILED
[INFO] [stdout] test test_adv_03_10_pts_non_blocking_judging ... FAILED
[INFO] [stdout] test test_adv_07_10_pts_dynamic_ranking ... FAILED
[INFO] [stdout] test test_adv_02_10_pts_persistent_storage ... FAILED
[INFO] [stdout] test test_adv_05_5_pts_packed_judging ... FAILED
[INFO] [stdout] 
[INFO] [stdout] failures:
[INFO] [stdout] 
[INFO] [stdout] ---- test_adv_01_10_pts_contest_support stdout ----
[INFO] [stdout] thread 'test_adv_01_10_pts_contest_support' panicked at tests/common.rs:223:14:
[INFO] [stdout] failed to create stdout file: Os { code: 30, kind: ReadOnlyFilesystem, message: "Read-only file system" }
[INFO] [stdout] stack backtrace:
[INFO] [stdout]    0:     0x575bf67deb7a - std::backtrace_rs::backtrace::libunwind::trace::h5a5b8284f2d0c266
[INFO] [stdout]                                at /rustc/90b35a6239c3d8bdabc530a6a0816f7ff89a0aaf/library/std/src/../../backtrace/src/backtrace/libunwind.rs:116:5
[INFO] [stdout]    1:     0x575bf67deb7a - std::backtrace_rs::backtrace::trace_unsynchronized::h76d4f1c9b0b875e3
[INFO] [stdout]                                at /rustc/90b35a6239c3d8bdabc530a6a0816f7ff89a0aaf/library/std/src/../../backtrace/src/backtrace/mod.rs:66:5
[INFO] [stdout]    2:     0x575bf67deb7a - std::sys::backtrace::_print_fmt::hc4546b8364a537c6
[INFO] [stdout]                                at /rustc/90b35a6239c3d8bdabc530a6a0816f7ff89a0aaf/library/std/src/sys/backtrace.rs:66:9
[INFO] [stdout]    3:     0x575bf67deb7a - <std::sys::backtrace::BacktraceLock::print::DisplayBacktrace as core::fmt::Display>::fmt::h5b6bd5631a6d1f6b
[INFO] [stdout]                                at /rustc/90b35a6239c3d8bdabc530a6a0816f7ff89a0aaf/library/std/src/sys/backtrace.rs:39:26
[INFO] [stdout]    4:     0x575bf6808313 - core::fmt::rt::Argument::fmt::h270f6602a2b96f62
[INFO] [stdout]                                at /rustc/90b35a6239c3d8bdabc530a6a0816f7ff89a0aaf/library/core/src/fmt/rt.rs:177:76
[INFO] [stdout]    5:     0x575bf6808313 - core::fmt::write::h7550c97b06c86515
[INFO] [stdout]                                at /rustc/90b35a6239c3d8bdabc530a6a0816f7ff89a0aaf/library/core/src/fmt/mod.rs:1186:21
[INFO] [stdout]    6:     0x575bf67daf23 - std::io::Write::write_fmt::h509ff860e5956e5e
[INFO] [stdout]                                at /rustc/90b35a6239c3d8bdabc530a6a0816f7ff89a0aaf/library/std/src/io/mod.rs:1839:15
[INFO] [stdout]    7:     0x575bf67de9c2 - std::sys::backtrace::BacktraceLock::print::h2395ccd2c84ba3aa
[INFO] [stdout]                                at /rustc/90b35a6239c3d8bdabc530a6a0816f7ff89a0aaf/library/std/src/sys/backtrace.rs:42:9
[INFO] [stdout]    8:     0x575bf67dffda - std::panicking::default_hook::{{closure}}::he19d4c7230e07961
[INFO] [stdout]                                at /rustc/90b35a6239c3d8bdabc530a6a0816f7ff89a0aaf/library/std/src/panicking.rs:268:22
[INFO] [stdout]    9:     0x575bf67dfde4 - std::panicking::default_hook::hf614597d3c67bbdb
[INFO] [stdout]                                at /rustc/90b35a6239c3d8bdabc530a6a0816f7ff89a0aaf/library/std/src/panicking.rs:292:9
[INFO] [stdout]   10:     0x575bf62e8c09 - <alloc::boxed::Box<F,A> as core::ops::function::Fn<Args>>::call::h39b51ce4599c23d1
[INFO] [stdout]                                at /rustc/90b35a6239c3d8bdabc530a6a0816f7ff89a0aaf/library/alloc/src/boxed.rs:2468:9
[INFO] [stdout]   11:     0x575bf62e8c09 - test::test_main::{{closure}}::he977ae839a582784
[INFO] [stdout]                                at /rustc/90b35a6239c3d8bdabc530a6a0816f7ff89a0aaf/library/test/src/lib.rs:133:21
[INFO] [stdout]   12:     0x575bf67e0678 - <alloc::boxed::Box<F,A> as core::ops::function::Fn<Args>>::call::h9455091b6b06f9fb
[INFO] [stdout]                                at /rustc/90b35a6239c3d8bdabc530a6a0816f7ff89a0aaf/library/alloc/src/boxed.rs:2468:9
[INFO] [stdout]   13:     0x575bf67e0678 - std::panicking::rust_panic_with_hook::h8942133a8b252070
[INFO] [stdout]                                at /rustc/90b35a6239c3d8bdabc530a6a0816f7ff89a0aaf/library/std/src/panicking.rs:809:13
[INFO] [stdout]   14:     0x575bf67e043a - std::panicking::begin_panic_handler::{{closure}}::hb5f5963570096b29
[INFO] [stdout]                                at /rustc/90b35a6239c3d8bdabc530a6a0816f7ff89a0aaf/library/std/src/panicking.rs:674:13
[INFO] [stdout]   15:     0x575bf67df059 - std::sys::backtrace::__rust_end_short_backtrace::h6208cedc1922feda
[INFO] [stdout]                                at /rustc/90b35a6239c3d8bdabc530a6a0816f7ff89a0aaf/library/std/src/sys/backtrace.rs:170:18
[INFO] [stdout]   16:     0x575bf67e00cc - rust_begin_unwind
[INFO] [stdout]                                at /rustc/90b35a6239c3d8bdabc530a6a0816f7ff89a0aaf/library/std/src/panicking.rs:665:5
[INFO] [stdout]   17:     0x575bf625b2a0 - core::panicking::panic_fmt::h0c3082644d1bf418
[INFO] [stdout]                                at /rustc/90b35a6239c3d8bdabc530a6a0816f7ff89a0aaf/library/core/src/panicking.rs:74:14
[INFO] [stdout]   18:     0x575bf625b726 - core::result::unwrap_failed::hd20b4aa073bda1e2
[INFO] [stdout]                                at /rustc/90b35a6239c3d8bdabc530a6a0816f7ff89a0aaf/library/core/src/result.rs:1700:5
[INFO] [stdout]   19:     0x575bf629a8cd - core::result::Result<T,E>::expect::hac5ff70e7712486a
[INFO] [stdout]                                at /rustc/90b35a6239c3d8bdabc530a6a0816f7ff89a0aaf/library/core/src/result.rs:1061:23
[INFO] [stdout]   20:     0x575bf627fe83 - advanced_requirements::common::TestCase::start_server::h9a4db072a396e04b
[INFO] [stdout]                                at /opt/rustwide/workdir/tests/common.rs:221:22
[INFO] [stdout]   21:     0x575bf628264d - advanced_requirements::common::TestCase::run::h1ee1c2854b8d4f12
[INFO] [stdout]                                at /opt/rustwide/workdir/tests/common.rs:372:9
[INFO] [stdout]   22:     0x575bf62a718f - advanced_requirements::test_adv_01_10_pts_contest_support::h1be574c40ed8961f
[INFO] [stdout]                                at /opt/rustwide/workdir/tests/advanced_requirements.rs:11:5
[INFO] [stdout]   23:     0x575bf62a7147 - advanced_requirements::test_adv_01_10_pts_contest_support::{{closure}}::hf52f2690aea0120a
[INFO] [stdout]                                at /opt/rustwide/workdir/tests/advanced_requirements.rs:6:40
[INFO] [stdout]   24:     0x575bf6298266 - core::ops::function::FnOnce::call_once::heeea9b5538d2ca6a
[INFO] [stdout]                                at /rustc/90b35a6239c3d8bdabc530a6a0816f7ff89a0aaf/library/core/src/ops/function.rs:250:5
[INFO] [stdout]   25:     0x575bf62ed5cb - core::ops::function::FnOnce::call_once::h109cf8051a59b34e
[INFO] [stdout]                                at /rustc/90b35a6239c3d8bdabc530a6a0816f7ff89a0aaf/library/core/src/ops/function.rs:250:5
[INFO] [stdout]   26:     0x575bf62ed5cb - test::__rust_begin_short_backtrace::hf4fff89d377446ba
[INFO] [stdout]                                at /rustc/90b35a6239c3d8bdabc530a6a0816f7ff89a0aaf/library/test/src/lib.rs:621:18
[INFO] [stdout]   27:     0x575bf62ece07 - test::run_test_in_process::{{closure}}::h0e39181dd7ee5a43
[INFO] [stdout]                                at /rustc/90b35a6239c3d8bdabc530a6a0816f7ff89a0aaf/library/test/src/lib.rs:644:60
[INFO] [stdout]   28:     0x575bf62ece07 - <core::panic::unwind_safe::AssertUnwindSafe<F> as core::ops::function::FnOnce<()>>::call_once::hc5a66a30f0bdfd1f
[INFO] [stdout]                                at /rustc/90b35a6239c3d8bdabc530a6a0816f7ff89a0aaf/library/core/src/panic/unwind_safe.rs:272:9
[INFO] [stdout]   29:     0x575bf62ece07 - std::panicking::try::do_call::h873b7cf639554a5e
[INFO] [stdout]                                at /rustc/90b35a6239c3d8bdabc530a6a0816f7ff89a0aaf/library/std/src/panicking.rs:557:40
[INFO] [stdout]   30:     0x575bf62ece07 - std::panicking::try::hdb19862fad9c8bd1
[INFO] [stdout]                                at /rustc/90b35a6239c3d8bdabc530a6a0816f7ff89a0aaf/library/std/src/panicking.rs:520:19
[INFO] [stdout]   31:     0x575bf62ece07 - std::panic::catch_unwind::h281fe732d236d260
[INFO] [stdout]                                at /rustc/90b35a6239c3d8bdabc530a6a0816f7ff89a0aaf/library/std/src/panic.rs:358:14
[INFO] [stdout]   32:     0x575bf62ece07 - test::run_test_in_process::h949b6df8457ed338
[INFO] [stdout]                                at /rustc/90b35a6239c3d8bdabc530a6a0816f7ff89a0aaf/library/test/src/lib.rs:644:27
[INFO] [stdout]   33:     0x575bf62ece07 - test::run_test::{{closure}}::h52c556a6d4740e10
[INFO] [stdout]                                at /rustc/90b35a6239c3d8bdabc530a6a0816f7ff89a0aaf/library/test/src/lib.rs:565:43
[INFO] [stdout]   34:     0x575bf62b20e4 - test::run_test::{{closure}}::h4237f6381c45ccb9
[INFO] [stdout]                                at /rustc/90b35a6239c3d8bdabc530a6a0816f7ff89a0aaf/library/test/src/lib.rs:595:41
[INFO] [stdout]   35:     0x575bf62b20e4 - std::sys::backtrace::__rust_begin_short_backtrace::h505c97a579eca628
[INFO] [stdout]                                at /rustc/90b35a6239c3d8bdabc530a6a0816f7ff89a0aaf/library/std/src/sys/backtrace.rs:154:18
[INFO] [stdout]   36:     0x575bf62b57ae - std::thread::Builder::spawn_unchecked_::{{closure}}::{{closure}}::h9e86b2e2bc107ea3
[INFO] [stdout]                                at /rustc/90b35a6239c3d8bdabc530a6a0816f7ff89a0aaf/library/std/src/thread/mod.rs:538:17
[INFO] [stdout]   37:     0x575bf62b57ae - <core::panic::unwind_safe::AssertUnwindSafe<F> as core::ops::function::FnOnce<()>>::call_once::h8b06ddb275ff4a25
[INFO] [stdout]                                at /rustc/90b35a6239c3d8bdabc530a6a0816f7ff89a0aaf/library/core/src/panic/unwind_safe.rs:272:9
[INFO] [stdout]   38:     0x575bf62b57ae - std::panicking::try::do_call::hb26ecd7cd9a9355d
[INFO] [stdout]                                at /rustc/90b35a6239c3d8bdabc530a6a0816f7ff89a0aaf/library/std/src/panicking.rs:557:40
[INFO] [stdout]   39:     0x575bf62b57ae - std::panicking::try::h8ddeca9d705f9069
[INFO] [stdout]                                at /rustc/90b35a6239c3d8bdabc530a6a0816f7ff89a0aaf/library/std/src/panicking.rs:520:19
[INFO] [stdout]   40:     0x575bf62b57ae - std::panic::catch_unwind::h49e1c33078844c46
[INFO] [stdout]                                at /rustc/90b35a6239c3d8bdabc530a6a0816f7ff89a0aaf/library/std/src/panic.rs:358:14
[INFO] [stdout]   41:     0x575bf62b57ae - std::thread::Builder::spawn_unchecked_::{{closure}}::h6073db6ff56ad35d
[INFO] [stdout]                                at /rustc/90b35a6239c3d8bdabc530a6a0816f7ff89a0aaf/library/std/src/thread/mod.rs:537:30
[INFO] [stdout]   42:     0x575bf62b57ae - core::ops::function::FnOnce::call_once{{vtable.shim}}::h2c5a5f3779c774f1
[INFO] [stdout]                                at /rustc/90b35a6239c3d8bdabc530a6a0816f7ff89a0aaf/library/core/src/ops/function.rs:250:5
[INFO] [stdout]   43:     0x575bf67e4a0b - <alloc::boxed::Box<F,A> as core::ops::function::FnOnce<Args>>::call_once::hf75717d9f28faebf
[INFO] [stdout]                                at /rustc/90b35a6239c3d8bdabc530a6a0816f7ff89a0aaf/library/alloc/src/boxed.rs:2454:9
[INFO] [stdout]   44:     0x575bf67e4a0b - <alloc::boxed::Box<F,A> as core::ops::function::FnOnce<Args>>::call_once::h7bd883a5f3c5f3c1
[INFO] [stdout]                                at /rustc/90b35a6239c3d8bdabc530a6a0816f7ff89a0aaf/library/alloc/src/boxed.rs:2454:9
[INFO] [stdout]   45:     0x575bf67e4a0b - std::sys::pal::unix::thread::Thread::new::thread_start::hcc78f3943333fa94
[INFO] [stdout]                                at /rustc/90b35a6239c3d8bdabc530a6a0816f7ff89a0aaf/library/std/src/sys/pal/unix/thread.rs:105:17
[INFO] [stdout]   46:     0x799e33218ac3 - <unknown>
[INFO] [stdout]   47:     0x799e332a9a04 - clone
[INFO] [stdout]   48:                0x0 - <unknown>
[INFO] [stdout] 
[INFO] [stdout] ---- test_adv_04_10_pts_resource_limit stdout ----
[INFO] [stdout] thread 'test_adv_04_10_pts_resource_limit' panicked at tests/common.rs:223:14:
[INFO] [stdout] failed to create stdout file: Os { code: 30, kind: ReadOnlyFilesystem, message: "Read-only file system" }
[INFO] [stdout] stack backtrace:
[INFO] [stdout]    0:     0x575bf67deb7a - std::backtrace_rs::backtrace::libunwind::trace::h5a5b8284f2d0c266
[INFO] [stdout]                                at /rustc/90b35a6239c3d8bdabc530a6a0816f7ff89a0aaf/library/std/src/../../backtrace/src/backtrace/libunwind.rs:116:5
[INFO] [stdout]    1:     0x575bf67deb7a - std::backtrace_rs::backtrace::trace_unsynchronized::h76d4f1c9b0b875e3
[INFO] [stdout]                                at /rustc/90b35a6239c3d8bdabc530a6a0816f7ff89a0aaf/library/std/src/../../backtrace/src/backtrace/mod.rs:66:5
[INFO] [stdout]    2:     0x575bf67deb7a - std::sys::backtrace::_print_fmt::hc4546b8364a537c6
[INFO] [stdout]                                at /rustc/90b35a6239c3d8bdabc530a6a0816f7ff89a0aaf/library/std/src/sys/backtrace.rs:66:9
[INFO] [stdout]    3:     0x575bf67deb7a - <std::sys::backtrace::BacktraceLock::print::DisplayBacktrace as core::fmt::Display>::fmt::h5b6bd5631a6d1f6b
[INFO] [stdout]                                at /rustc/90b35a6239c3d8bdabc530a6a0816f7ff89a0aaf/library/std/src/sys/backtrace.rs:39:26
[INFO] [stdout]    4:     0x575bf6808313 - core::fmt::rt::Argument::fmt::h270f6602a2b96f62
[INFO] [stdout]                                at /rustc/90b35a6239c3d8bdabc530a6a0816f7ff89a0aaf/library/core/src/fmt/rt.rs:177:76
[INFO] [stdout]    5:     0x575bf6808313 - core::fmt::write::h7550c97b06c86515
[INFO] [stdout]                                at /rustc/90b35a6239c3d8bdabc530a6a0816f7ff89a0aaf/library/core/src/fmt/mod.rs:1186:21
[INFO] [stdout]    6:     0x575bf67daf23 - std::io::Write::write_fmt::h509ff860e5956e5e
[INFO] [stdout]                                at /rustc/90b35a6239c3d8bdabc530a6a0816f7ff89a0aaf/library/std/src/io/mod.rs:1839:15
[INFO] [stdout]    7:     0x575bf67de9c2 - std::sys::backtrace::BacktraceLock::print::h2395ccd2c84ba3aa
[INFO] [stdout]                                at /rustc/90b35a6239c3d8bdabc530a6a0816f7ff89a0aaf/library/std/src/sys/backtrace.rs:42:9
[INFO] [stdout]    8:     0x575bf67dffda - std::panicking::default_hook::{{closure}}::he19d4c7230e07961
[INFO] [stdout]                                at /rustc/90b35a6239c3d8bdabc530a6a0816f7ff89a0aaf/library/std/src/panicking.rs:268:22
[INFO] [stdout]    9:     0x575bf67dfde4 - std::panicking::default_hook::hf614597d3c67bbdb
[INFO] [stdout]                                at /rustc/90b35a6239c3d8bdabc530a6a0816f7ff89a0aaf/library/std/src/panicking.rs:292:9
[INFO] [stdout]   10:     0x575bf62e8c09 - <alloc::boxed::Box<F,A> as core::ops::function::Fn<Args>>::call::h39b51ce4599c23d1
[INFO] [stdout]                                at /rustc/90b35a6239c3d8bdabc530a6a0816f7ff89a0aaf/library/alloc/src/boxed.rs:2468:9
[INFO] [stdout]   11:     0x575bf62e8c09 - test::test_main::{{closure}}::he977ae839a582784
[INFO] [stdout]                                at /rustc/90b35a6239c3d8bdabc530a6a0816f7ff89a0aaf/library/test/src/lib.rs:133:21
[INFO] [stdout]   12:     0x575bf67e0678 - <alloc::boxed::Box<F,A> as core::ops::function::Fn<Args>>::call::h9455091b6b06f9fb
[INFO] [stdout]                                at /rustc/90b35a6239c3d8bdabc530a6a0816f7ff89a0aaf/library/alloc/src/boxed.rs:2468:9
[INFO] [stdout]   13:     0x575bf67e0678 - std::panicking::rust_panic_with_hook::h8942133a8b252070
[INFO] [stdout]                                at /rustc/90b35a6239c3d8bdabc530a6a0816f7ff89a0aaf/library/std/src/panicking.rs:809:13
[INFO] [stdout]   14:     0x575bf67e043a - std::panicking::begin_panic_handler::{{closure}}::hb5f5963570096b29
[INFO] [stdout]                                at /rustc/90b35a6239c3d8bdabc530a6a0816f7ff89a0aaf/library/std/src/panicking.rs:674:13
[INFO] [stdout]   15:     0x575bf67df059 - std::sys::backtrace::__rust_end_short_backtrace::h6208cedc1922feda
[INFO] [stdout]                                at /rustc/90b35a6239c3d8bdabc530a6a0816f7ff89a0aaf/library/std/src/sys/backtrace.rs:170:18
[INFO] [stdout]   16:     0x575bf67e00cc - rust_begin_unwind
[INFO] [stdout]                                at /rustc/90b35a6239c3d8bdabc530a6a0816f7ff89a0aaf/library/std/src/panicking.rs:665:5
[INFO] [stdout]   17:     0x575bf625b2a0 - core::panicking::panic_fmt::h0c3082644d1bf418
[INFO] [stdout]                                at /rustc/90b35a6239c3d8bdabc530a6a0816f7ff89a0aaf/library/core/src/panicking.rs:74:14
[INFO] [stdout]   18:     0x575bf625b726 - core::result::unwrap_failed::hd20b4aa073bda1e2
[INFO] [stdout]                                at /rustc/90b35a6239c3d8bdabc530a6a0816f7ff89a0aaf/library/core/src/result.rs:1700:5
[INFO] [stdout]   19:     0x575bf629a8cd - core::result::Result<T,E>::expect::hac5ff70e7712486a
[INFO] [stdout]                                at /rustc/90b35a6239c3d8bdabc530a6a0816f7ff89a0aaf/library/core/src/result.rs:1061:23
[INFO] [stdout]   20:     0x575bf627fe83 - advanced_requirements::common::TestCase::start_server::h9a4db072a396e04b
[INFO] [stdout]                                at /opt/rustwide/workdir/tests/common.rs:221:22
[INFO] [stdout]   21:     0x575bf628264d - advanced_requirements::common::TestCase::run::h1ee1c2854b8d4f12
[INFO] [stdout]                                at /opt/rustwide/workdir/tests/common.rs:372:9
[INFO] [stdout]   22:     0x575bf62a73d7 - advanced_requirements::test_adv_04_10_pts_resource_limit::h79e3a56b5962c0b6
[INFO] [stdout]                                at /opt/rustwide/workdir/tests/advanced_requirements.rs:35:19
[INFO] [stdout]   23:     0x575bf62a7387 - advanced_requirements::test_adv_04_10_pts_resource_limit::{{closure}}::h79cebdee075f87a9
[INFO] [stdout]                                at /opt/rustwide/workdir/tests/advanced_requirements.rs:33:39
[INFO] [stdout]   24:     0x575bf62980f6 - core::ops::function::FnOnce::call_once::h434d73de1b2c7f58
[INFO] [stdout]                                at /rustc/90b35a6239c3d8bdabc530a6a0816f7ff89a0aaf/library/core/src/ops/function.rs:250:5
[INFO] [stdout]   25:     0x575bf62ed5cb - core::ops::function::FnOnce::call_once::h109cf8051a59b34e
[INFO] [stdout]                                at /rustc/90b35a6239c3d8bdabc530a6a0816f7ff89a0aaf/library/core/src/ops/function.rs:250:5
[INFO] [stdout]   26:     0x575bf62ed5cb - test::__rust_begin_short_backtrace::hf4fff89d377446ba
[INFO] [stdout]                                at /rustc/90b35a6239c3d8bdabc530a6a0816f7ff89a0aaf/library/test/src/lib.rs:621:18
[INFO] [stdout]   27:     0x575bf62ece07 - test::run_test_in_process::{{closure}}::h0e39181dd7ee5a43
[INFO] [stdout]                                at /rustc/90b35a6239c3d8bdabc530a6a0816f7ff89a0aaf/library/test/src/lib.rs:644:60
[INFO] [stdout]   28:     0x575bf62ece07 - <core::panic::unwind_safe::AssertUnwindSafe<F> as core::ops::function::FnOnce<()>>::call_once::hc5a66a30f0bdfd1f
[INFO] [stdout]                                at /rustc/90b35a6239c3d8bdabc530a6a0816f7ff89a0aaf/library/core/src/panic/unwind_safe.rs:272:9
[INFO] [stdout]   29:     0x575bf62ece07 - std::panicking::try::do_call::h873b7cf639554a5e
[INFO] [stdout]                                at /rustc/90b35a6239c3d8bdabc530a6a0816f7ff89a0aaf/library/std/src/panicking.rs:557:40
[INFO] [stdout]   30:     0x575bf62ece07 - std::panicking::try::hdb19862fad9c8bd1
[INFO] [stdout]                                at /rustc/90b35a6239c3d8bdabc530a6a0816f7ff89a0aaf/library/std/src/panicking.rs:520:19
[INFO] [stdout]   31:     0x575bf62ece07 - std::panic::catch_unwind::h281fe732d236d260
[INFO] [stdout]                                at /rustc/90b35a6239c3d8bdabc530a6a0816f7ff89a0aaf/library/std/src/panic.rs:358:14
[INFO] [stdout]   32:     0x575bf62ece07 - test::run_test_in_process::h949b6df8457ed338
[INFO] [stdout]                                at /rustc/90b35a6239c3d8bdabc530a6a0816f7ff89a0aaf/library/test/src/lib.rs:644:27
[INFO] [stdout]   33:     0x575bf62ece07 - test::run_test::{{closure}}::h52c556a6d4740e10
[INFO] [stdout]                                at /rustc/90b35a6239c3d8bdabc530a6a0816f7ff89a0aaf/library/test/src/lib.rs:565:43
[INFO] [stdout]   34:     0x575bf62b20e4 - test::run_test::{{closure}}::h4237f6381c45ccb9
[INFO] [stdout]                                at /rustc/90b35a6239c3d8bdabc530a6a0816f7ff89a0aaf/library/test/src/lib.rs:595:41
[INFO] [stdout]   35:     0x575bf62b20e4 - std::sys::backtrace::__rust_begin_short_backtrace::h505c97a579eca628
[INFO] [stdout]                                at /rustc/90b35a6239c3d8bdabc530a6a0816f7ff89a0aaf/library/std/src/sys/backtrace.rs:154:18
[INFO] [stdout]   36:     0x575bf62b57ae - std::thread::Builder::spawn_unchecked_::{{closure}}::{{closure}}::h9e86b2e2bc107ea3
[INFO] [stdout]                                at /rustc/90b35a6239c3d8bdabc530a6a0816f7ff89a0aaf/library/std/src/thread/mod.rs:538:17
[INFO] [stdout]   37:     0x575bf62b57ae - <core::panic::unwind_safe::AssertUnwindSafe<F> as core::ops::function::FnOnce<()>>::call_once::h8b06ddb275ff4a25
[INFO] [stdout]                                at /rustc/90b35a6239c3d8bdabc530a6a0816f7ff89a0aaf/library/core/src/panic/unwind_safe.rs:272:9
[INFO] [stdout]   38:     0x575bf62b57ae - std::panicking::try::do_call::hb26ecd7cd9a9355d
[INFO] [stdout]                                at /rustc/90b35a6239c3d8bdabc530a6a0816f7ff89a0aaf/library/std/src/panicking.rs:557:40
[INFO] [stdout]   39:     0x575bf62b57ae - std::panicking::try::h8ddeca9d705f9069
[INFO] [stdout]                                at /rustc/90b35a6239c3d8bdabc530a6a0816f7ff89a0aaf/library/std/src/panicking.rs:520:19
[INFO] [stdout]   40:     0x575bf62b57ae - std::panic::catch_unwind::h49e1c33078844c46
[INFO] [stdout]                                at /rustc/90b35a6239c3d8bdabc530a6a0816f7ff89a0aaf/library/std/src/panic.rs:358:14
[INFO] [stdout]   41:     0x575bf62b57ae - std::thread::Builder::spawn_unchecked_::{{closure}}::h6073db6ff56ad35d
[INFO] [stdout]                                at /rustc/90b35a6239c3d8bdabc530a6a0816f7ff89a0aaf/library/std/src/thread/mod.rs:537:30
[INFO] [stdout]   42:     0x575bf62b57ae - core::ops::function::FnOnce::call_once{{vtable.shim}}::h2c5a5f3779c774f1
[INFO] [stdout]                                at /rustc/90b35a6239c3d8bdabc530a6a0816f7ff89a0aaf/library/core/src/ops/function.rs:250:5
[INFO] [stdout]   43:     0x575bf67e4a0b - <alloc::boxed::Box<F,A> as core::ops::function::FnOnce<Args>>::call_once::hf75717d9f28faebf
[INFO] [stdout]                                at /rustc/90b35a6239c3d8bdabc530a6a0816f7ff89a0aaf/library/alloc/src/boxed.rs:2454:9
[INFO] [stdout]   44:     0x575bf67e4a0b - <alloc::boxed::Box<F,A> as core::ops::function::FnOnce<Args>>::call_once::h7bd883a5f3c5f3c1
[INFO] [stdout]                                at /rustc/90b35a6239c3d8bdabc530a6a0816f7ff89a0aaf/library/alloc/src/boxed.rs:2454:9
[INFO] [stdout]   45:     0x575bf67e4a0b - std::sys::pal::unix::thread::Thread::new::thread_start::hcc78f3943333fa94
[INFO] [stdout]                                at /rustc/90b35a6239c3d8bdabc530a6a0816f7ff89a0aaf/library/std/src/sys/pal/unix/thread.rs:105:17
[INFO] [stdout]   46:     0x799e33218ac3 - <unknown>
[INFO] [stdout]   47:     0x799e332a9a04 - clone
[INFO] [stdout]   48:                0x0 - <unknown>
[INFO] [stdout] 
[INFO] [stdout] ---- test_adv_06_10_pts_special_judge stdout ----
[INFO] [stdout] thread 'test_adv_06_10_pts_special_judge' panicked at tests/common.rs:223:14:
[INFO] [stdout] failed to create stdout file: Os { code: 30, kind: ReadOnlyFilesystem, message: "Read-only file system" }
[INFO] [stdout] stack backtrace:
[INFO] [stdout]    0:     0x575bf67deb7a - std::backtrace_rs::backtrace::libunwind::trace::h5a5b8284f2d0c266
[INFO] [stdout]                                at /rustc/90b35a6239c3d8bdabc530a6a0816f7ff89a0aaf/library/std/src/../../backtrace/src/backtrace/libunwind.rs:116:5
[INFO] [stdout]    1:     0x575bf67deb7a - std::backtrace_rs::backtrace::trace_unsynchronized::h76d4f1c9b0b875e3
[INFO] [stdout]                                at /rustc/90b35a6239c3d8bdabc530a6a0816f7ff89a0aaf/library/std/src/../../backtrace/src/backtrace/mod.rs:66:5
[INFO] [stdout]    2:     0x575bf67deb7a - std::sys::backtrace::_print_fmt::hc4546b8364a537c6
[INFO] [stdout]                                at /rustc/90b35a6239c3d8bdabc530a6a0816f7ff89a0aaf/library/std/src/sys/backtrace.rs:66:9
[INFO] [stdout]    3:     0x575bf67deb7a - <std::sys::backtrace::BacktraceLock::print::DisplayBacktrace as core::fmt::Display>::fmt::h5b6bd5631a6d1f6b
[INFO] [stdout]                                at /rustc/90b35a6239c3d8bdabc530a6a0816f7ff89a0aaf/library/std/src/sys/backtrace.rs:39:26
[INFO] [stdout]    4:     0x575bf6808313 - core::fmt::rt::Argument::fmt::h270f6602a2b96f62
[INFO] [stdout]                                at /rustc/90b35a6239c3d8bdabc530a6a0816f7ff89a0aaf/library/core/src/fmt/rt.rs:177:76
[INFO] [stdout]    5:     0x575bf6808313 - core::fmt::write::h7550c97b06c86515
[INFO] [stdout]                                at /rustc/90b35a6239c3d8bdabc530a6a0816f7ff89a0aaf/library/core/src/fmt/mod.rs:1186:21
[INFO] [stdout]    6:     0x575bf67daf23 - std::io::Write::write_fmt::h509ff860e5956e5e
[INFO] [stdout]                                at /rustc/90b35a6239c3d8bdabc530a6a0816f7ff89a0aaf/library/std/src/io/mod.rs:1839:15
[INFO] [stdout]    7:     0x575bf67de9c2 - std::sys::backtrace::BacktraceLock::print::h2395ccd2c84ba3aa
[INFO] [stdout]                                at /rustc/90b35a6239c3d8bdabc530a6a0816f7ff89a0aaf/library/std/src/sys/backtrace.rs:42:9
[INFO] [stdout]    8:     0x575bf67dffda - std::panicking::default_hook::{{closure}}::he19d4c7230e07961
[INFO] [stdout]                                at /rustc/90b35a6239c3d8bdabc530a6a0816f7ff89a0aaf/library/std/src/panicking.rs:268:22
[INFO] [stdout]    9:     0x575bf67dfde4 - std::panicking::default_hook::hf614597d3c67bbdb
[INFO] [stdout]                                at /rustc/90b35a6239c3d8bdabc530a6a0816f7ff89a0aaf/library/std/src/panicking.rs:292:9
[INFO] [stdout]   10:     0x575bf62e8c09 - <alloc::boxed::Box<F,A> as core::ops::function::Fn<Args>>::call::h39b51ce4599c23d1
[INFO] [stdout]                                at /rustc/90b35a6239c3d8bdabc530a6a0816f7ff89a0aaf/library/alloc/src/boxed.rs:2468:9
[INFO] [stdout]   11:     0x575bf62e8c09 - test::test_main::{{closure}}::he977ae839a582784
[INFO] [stdout]                                at /rustc/90b35a6239c3d8bdabc530a6a0816f7ff89a0aaf/library/test/src/lib.rs:133:21
[INFO] [stdout]   12:     0x575bf67e0678 - <alloc::boxed::Box<F,A> as core::ops::function::Fn<Args>>::call::h9455091b6b06f9fb
[INFO] [stdout]                                at /rustc/90b35a6239c3d8bdabc530a6a0816f7ff89a0aaf/library/alloc/src/boxed.rs:2468:9
[INFO] [stdout]   13:     0x575bf67e0678 - std::panicking::rust_panic_with_hook::h8942133a8b252070
[INFO] [stdout]                                at /rustc/90b35a6239c3d8bdabc530a6a0816f7ff89a0aaf/library/std/src/panicking.rs:809:13
[INFO] [stdout]   14:     0x575bf67e043a - std::panicking::begin_panic_handler::{{closure}}::hb5f5963570096b29
[INFO] [stdout]                                at /rustc/90b35a6239c3d8bdabc530a6a0816f7ff89a0aaf/library/std/src/panicking.rs:674:13
[INFO] [stdout]   15:     0x575bf67df059 - std::sys::backtrace::__rust_end_short_backtrace::h6208cedc1922feda
[INFO] [stdout]                                at /rustc/90b35a6239c3d8bdabc530a6a0816f7ff89a0aaf/library/std/src/sys/backtrace.rs:170:18
[INFO] [stdout]   16:     0x575bf67e00cc - rust_begin_unwind
[INFO] [stdout]                                at /rustc/90b35a6239c3d8bdabc530a6a0816f7ff89a0aaf/library/std/src/panicking.rs:665:5
[INFO] [stdout]   17:     0x575bf625b2a0 - core::panicking::panic_fmt::h0c3082644d1bf418
[INFO] [stdout]                                at /rustc/90b35a6239c3d8bdabc530a6a0816f7ff89a0aaf/library/core/src/panicking.rs:74:14
[INFO] [stdout]   18:     0x575bf625b726 - core::result::unwrap_failed::hd20b4aa073bda1e2
[INFO] [stdout]                                at /rustc/90b35a6239c3d8bdabc530a6a0816f7ff89a0aaf/library/core/src/result.rs:1700:5
[INFO] [stdout]   19:     0x575bf629a8cd - core::result::Result<T,E>::expect::hac5ff70e7712486a
[INFO] [stdout]                                at /rustc/90b35a6239c3d8bdabc530a6a0816f7ff89a0aaf/library/core/src/result.rs:1061:23
[INFO] [stdout]   20:     0x575bf627fe83 - advanced_requirements::common::TestCase::start_server::h9a4db072a396e04b
[INFO] [stdout]                                at /opt/rustwide/workdir/tests/common.rs:221:22
[INFO] [stdout]   21:     0x575bf628264d - advanced_requirements::common::TestCase::run::h1ee1c2854b8d4f12
[INFO] [stdout]                                at /opt/rustwide/workdir/tests/common.rs:372:9
[INFO] [stdout]   22:     0x575bf62a792f - advanced_requirements::test_adv_06_10_pts_special_judge::hbc821de3f7c01d47
[INFO] [stdout]                                at /opt/rustwide/workdir/tests/advanced_requirements.rs:65:5
[INFO] [stdout]   23:     0x575bf62a78e7 - advanced_requirements::test_adv_06_10_pts_special_judge::{{closure}}::he910f9358f62f182
[INFO] [stdout]                                at /opt/rustwide/workdir/tests/advanced_requirements.rs:62:38
[INFO] [stdout]   24:     0x575bf6298186 - core::ops::function::FnOnce::call_once::h58297449854b8fdb
[INFO] [stdout]                                at /rustc/90b35a6239c3d8bdabc530a6a0816f7ff89a0aaf/library/core/src/ops/function.rs:250:5
[INFO] [stdout]   25:     0x575bf62ed5cb - core::ops::function::FnOnce::call_once::h109cf8051a59b34e
[INFO] [stdout]                                at /rustc/90b35a6239c3d8bdabc530a6a0816f7ff89a0aaf/library/core/src/ops/function.rs:250:5
[INFO] [stdout]   26:     0x575bf62ed5cb - test::__rust_begin_short_backtrace::hf4fff89d377446ba
[INFO] [stdout]                                at /rustc/90b35a6239c3d8bdabc530a6a0816f7ff89a0aaf/library/test/src/lib.rs:621:18
[INFO] [stdout]   27:     0x575bf62ece07 - test::run_test_in_process::{{closure}}::h0e39181dd7ee5a43
[INFO] [stdout]                                at /rustc/90b35a6239c3d8bdabc530a6a0816f7ff89a0aaf/library/test/src/lib.rs:644:60
[INFO] [stdout]   28:     0x575bf62ece07 - <core::panic::unwind_safe::AssertUnwindSafe<F> as core::ops::function::FnOnce<()>>::call_once::hc5a66a30f0bdfd1f
[INFO] [stdout]                                at /rustc/90b35a6239c3d8bdabc530a6a0816f7ff89a0aaf/library/core/src/panic/unwind_safe.rs:272:9
[INFO] [stdout]   29:     0x575bf62ece07 - std::panicking::try::do_call::h873b7cf639554a5e
[INFO] [stdout]                                at /rustc/90b35a6239c3d8bdabc530a6a0816f7ff89a0aaf/library/std/src/panicking.rs:557:40
[INFO] [stdout]   30:     0x575bf62ece07 - std::panicking::try::hdb19862fad9c8bd1
[INFO] [stdout]                                at /rustc/90b35a6239c3d8bdabc530a6a0816f7ff89a0aaf/library/std/src/panicking.rs:520:19
[INFO] [stdout]   31:     0x575bf62ece07 - std::panic::catch_unwind::h281fe732d236d260
[INFO] [stdout]                                at /rustc/90b35a6239c3d8bdabc530a6a0816f7ff89a0aaf/library/std/src/panic.rs:358:14
[INFO] [stdout]   32:     0x575bf62ece07 - test::run_test_in_process::h949b6df8457ed338
[INFO] [stdout]                                at /rustc/90b35a6239c3d8bdabc530a6a0816f7ff89a0aaf/library/test/src/lib.rs:644:27
[INFO] [stdout]   33:     0x575bf62ece07 - test::run_test::{{closure}}::h52c556a6d4740e10
[INFO] [stdout]                                at /rustc/90b35a6239c3d8bdabc530a6a0816f7ff89a0aaf/library/test/src/lib.rs:565:43
[INFO] [stdout]   34:     0x575bf62b20e4 - test::run_test::{{closure}}::h4237f6381c45ccb9
[INFO] [stdout]                                at /rustc/90b35a6239c3d8bdabc530a6a0816f7ff89a0aaf/library/test/src/lib.rs:595:41
[INFO] [stdout]   35:     0x575bf62b20e4 - std::sys::backtrace::__rust_begin_short_backtrace::h505c97a579eca628
[INFO] [stdout]                                at /rustc/90b35a6239c3d8bdabc530a6a0816f7ff89a0aaf/library/std/src/sys/backtrace.rs:154:18
[INFO] [stdout]   36:     0x575bf62b57ae - std::thread::Builder::spawn_unchecked_::{{closure}}::{{closure}}::h9e86b2e2bc107ea3
[INFO] [stdout]                                at /rustc/90b35a6239c3d8bdabc530a6a0816f7ff89a0aaf/library/std/src/thread/mod.rs:538:17
[INFO] [stdout]   37:     0x575bf62b57ae - <core::panic::unwind_safe::AssertUnwindSafe<F> as core::ops::function::FnOnce<()>>::call_once::h8b06ddb275ff4a25
[INFO] [stdout]                                at /rustc/90b35a6239c3d8bdabc530a6a0816f7ff89a0aaf/library/core/src/panic/unwind_safe.rs:272:9
[INFO] [stdout]   38:     0x575bf62b57ae - std::panicking::try::do_call::hb26ecd7cd9a9355d
[INFO] [stdout]                                at /rustc/90b35a6239c3d8bdabc530a6a0816f7ff89a0aaf/library/std/src/panicking.rs:557:40
[INFO] [stdout]   39:     0x575bf62b57ae - std::panicking::try::h8ddeca9d705f9069
[INFO] [stdout]                                at /rustc/90b35a6239c3d8bdabc530a6a0816f7ff89a0aaf/library/std/src/panicking.rs:520:19
[INFO] [stdout]   40:     0x575bf62b57ae - std::panic::catch_unwind::h49e1c33078844c46
[INFO] [stdout]                                at /rustc/90b35a6239c3d8bdabc530a6a0816f7ff89a0aaf/library/std/src/panic.rs:358:14
[INFO] [stdout]   41:     0x575bf62b57ae - std::thread::Builder::spawn_unchecked_::{{closure}}::h6073db6ff56ad35d
[INFO] [stdout]                                at /rustc/90b35a6239c3d8bdabc530a6a0816f7ff89a0aaf/library/std/src/thread/mod.rs:537:30
[INFO] [stdout]   42:     0x575bf62b57ae - core::ops::function::FnOnce::call_once{{vtable.shim}}::h2c5a5f3779c774f1
[INFO] [stdout]                                at /rustc/90b35a6239c3d8bdabc530a6a0816f7ff89a0aaf/library/core/src/ops/function.rs:250:5
[INFO] [stdout]   43:     0x575bf67e4a0b - <alloc::boxed::Box<F,A> as core::ops::function::FnOnce<Args>>::call_once::hf75717d9f28faebf
[INFO] [stdout]                                at /rustc/90b35a6239c3d8bdabc530a6a0816f7ff89a0aaf/library/alloc/src/boxed.rs:2454:9
[INFO] [stdout]   44:     0x575bf67e4a0b - <alloc::boxed::Box<F,A> as core::ops::function::FnOnce<Args>>::call_once::h7bd883a5f3c5f3c1
[INFO] [stdout]                                at /rustc/90b35a6239c3d8bdabc530a6a0816f7ff89a0aaf/library/alloc/src/boxed.rs:2454:9
[INFO] [stdout]   45:     0x575bf67e4a0b - std::sys::pal::unix::thread::Thread::new::thread_start::hcc78f3943333fa94
[INFO] [stdout]                                at /rustc/90b35a6239c3d8bdabc530a6a0816f7ff89a0aaf/library/std/src/sys/pal/unix/thread.rs:105:17
[INFO] [stdout]   46:     0x799e33218ac3 - <unknown>
[INFO] [stdout]   47:     0x799e332a9a04 - clone
[INFO] [stdout]   48:                0x0 - <unknown>
[INFO] [stdout] 
[INFO] [stdout] ---- test_adv_03_10_pts_non_blocking_judging stdout ----
[INFO] [stdout] thread 'test_adv_03_10_pts_non_blocking_judging' panicked at tests/common.rs:223:14:
[INFO] [stdout] failed to create stdout file: Os { code: 30, kind: ReadOnlyFilesystem, message: "Read-only file system" }
[INFO] [stdout] stack backtrace:
[INFO] [stdout]    0:     0x575bf67deb7a - std::backtrace_rs::backtrace::libunwind::trace::h5a5b8284f2d0c266
[INFO] [stdout]                                at /rustc/90b35a6239c3d8bdabc530a6a0816f7ff89a0aaf/library/std/src/../../backtrace/src/backtrace/libunwind.rs:116:5
[INFO] [stdout]    1:     0x575bf67deb7a - std::backtrace_rs::backtrace::trace_unsynchronized::h76d4f1c9b0b875e3
[INFO] [stdout]                                at /rustc/90b35a6239c3d8bdabc530a6a0816f7ff89a0aaf/library/std/src/../../backtrace/src/backtrace/mod.rs:66:5
[INFO] [stdout]    2:     0x575bf67deb7a - std::sys::backtrace::_print_fmt::hc4546b8364a537c6
[INFO] [stdout]                                at /rustc/90b35a6239c3d8bdabc530a6a0816f7ff89a0aaf/library/std/src/sys/backtrace.rs:66:9
[INFO] [stdout]    3:     0x575bf67deb7a - <std::sys::backtrace::BacktraceLock::print::DisplayBacktrace as core::fmt::Display>::fmt::h5b6bd5631a6d1f6b
[INFO] [stdout]                                at /rustc/90b35a6239c3d8bdabc530a6a0816f7ff89a0aaf/library/std/src/sys/backtrace.rs:39:26
[INFO] [stdout]    4:     0x575bf6808313 - core::fmt::rt::Argument::fmt::h270f6602a2b96f62
[INFO] [stdout]                                at /rustc/90b35a6239c3d8bdabc530a6a0816f7ff89a0aaf/library/core/src/fmt/rt.rs:177:76
[INFO] [stdout]    5:     0x575bf6808313 - core::fmt::write::h7550c97b06c86515
[INFO] [stdout]                                at /rustc/90b35a6239c3d8bdabc530a6a0816f7ff89a0aaf/library/core/src/fmt/mod.rs:1186:21
[INFO] [stdout]    6:     0x575bf67daf23 - std::io::Write::write_fmt::h509ff860e5956e5e
[INFO] [stdout]                                at /rustc/90b35a6239c3d8bdabc530a6a0816f7ff89a0aaf/library/std/src/io/mod.rs:1839:15
[INFO] [stdout]    7:     0x575bf67de9c2 - std::sys::backtrace::BacktraceLock::print::h2395ccd2c84ba3aa
[INFO] [stdout]                                at /rustc/90b35a6239c3d8bdabc530a6a0816f7ff89a0aaf/library/std/src/sys/backtrace.rs:42:9
[INFO] [stdout]    8:     0x575bf67dffda - std::panicking::default_hook::{{closure}}::he19d4c7230e07961
[INFO] [stdout]                                at /rustc/90b35a6239c3d8bdabc530a6a0816f7ff89a0aaf/library/std/src/panicking.rs:268:22
[INFO] [stdout]    9:     0x575bf67dfde4 - std::panicking::default_hook::hf614597d3c67bbdb
[INFO] [stdout]                                at /rustc/90b35a6239c3d8bdabc530a6a0816f7ff89a0aaf/library/std/src/panicking.rs:292:9
[INFO] [stdout]   10:     0x575bf62e8c09 - <alloc::boxed::Box<F,A> as core::ops::function::Fn<Args>>::call::h39b51ce4599c23d1
[INFO] [stdout]                                at /rustc/90b35a6239c3d8bdabc530a6a0816f7ff89a0aaf/library/alloc/src/boxed.rs:2468:9
[INFO] [stdout]   11:     0x575bf62e8c09 - test::test_main::{{closure}}::he977ae839a582784
[INFO] [stdout]                                at /rustc/90b35a6239c3d8bdabc530a6a0816f7ff89a0aaf/library/test/src/lib.rs:133:21
[INFO] [stdout]   12:     0x575bf67e0678 - <alloc::boxed::Box<F,A> as core::ops::function::Fn<Args>>::call::h9455091b6b06f9fb
[INFO] [stdout]                                at /rustc/90b35a6239c3d8bdabc530a6a0816f7ff89a0aaf/library/alloc/src/boxed.rs:2468:9
[INFO] [stdout]   13:     0x575bf67e0678 - std::panicking::rust_panic_with_hook::h8942133a8b252070
[INFO] [stdout]                                at /rustc/90b35a6239c3d8bdabc530a6a0816f7ff89a0aaf/library/std/src/panicking.rs:809:13
[INFO] [stdout]   14:     0x575bf67e043a - std::panicking::begin_panic_handler::{{closure}}::hb5f5963570096b29
[INFO] [stdout]                                at /rustc/90b35a6239c3d8bdabc530a6a0816f7ff89a0aaf/library/std/src/panicking.rs:674:13
[INFO] [stdout]   15:     0x575bf67df059 - std::sys::backtrace::__rust_end_short_backtrace::h6208cedc1922feda
[INFO] [stdout]                                at /rustc/90b35a6239c3d8bdabc530a6a0816f7ff89a0aaf/library/std/src/sys/backtrace.rs:170:18
[INFO] [stdout]   16:     0x575bf67e00cc - rust_begin_unwind
[INFO] [stdout]                                at /rustc/90b35a6239c3d8bdabc530a6a0816f7ff89a0aaf/library/std/src/panicking.rs:665:5
[INFO] [stdout]   17:     0x575bf625b2a0 - core::panicking::panic_fmt::h0c3082644d1bf418
[INFO] [stdout]                                at /rustc/90b35a6239c3d8bdabc530a6a0816f7ff89a0aaf/library/core/src/panicking.rs:74:14
[INFO] [stdout]   18:     0x575bf625b726 - core::result::unwrap_failed::hd20b4aa073bda1e2
[INFO] [stdout]                                at /rustc/90b35a6239c3d8bdabc530a6a0816f7ff89a0aaf/library/core/src/result.rs:1700:5
[INFO] [stdout]   19:     0x575bf629a8cd - core::result::Result<T,E>::expect::hac5ff70e7712486a
[INFO] [stdout]                                at /rustc/90b35a6239c3d8bdabc530a6a0816f7ff89a0aaf/library/core/src/result.rs:1061:23
[INFO] [stdout]   20:     0x575bf627fe83 - advanced_requirements::common::TestCase::start_server::h9a4db072a396e04b
[INFO] [stdout]                                at /opt/rustwide/workdir/tests/common.rs:221:22
[INFO] [stdout]   21:     0x575bf628264d - advanced_requirements::common::TestCase::run::h1ee1c2854b8d4f12
[INFO] [stdout]                                at /opt/rustwide/workdir/tests/common.rs:372:9
[INFO] [stdout]   22:     0x575bf62a730f - advanced_requirements::test_adv_03_10_pts_non_blocking_judging::h1e504006571923cc
[INFO] [stdout]                                at /opt/rustwide/workdir/tests/advanced_requirements.rs:29:5
[INFO] [stdout]   23:     0x575bf62a72c7 - advanced_requirements::test_adv_03_10_pts_non_blocking_judging::{{closure}}::h454e215aeaa5c8b2
[INFO] [stdout]                                at /opt/rustwide/workdir/tests/advanced_requirements.rs:24:45
[INFO] [stdout]   24:     0x575bf6297fa6 - core::ops::function::FnOnce::call_once::h1fde9d69a85e4c9c
[INFO] [stdout]                                at /rustc/90b35a6239c3d8bdabc530a6a0816f7ff89a0aaf/library/core/src/ops/function.rs:250:5
[INFO] [stdout]   25:     0x575bf62ed5cb - core::ops::function::FnOnce::call_once::h109cf8051a59b34e
[INFO] [stdout]                                at /rustc/90b35a6239c3d8bdabc530a6a0816f7ff89a0aaf/library/core/src/ops/function.rs:250:5
[INFO] [stdout]   26:     0x575bf62ed5cb - test::__rust_begin_short_backtrace::hf4fff89d377446ba
[INFO] [stdout]                                at /rustc/90b35a6239c3d8bdabc530a6a0816f7ff89a0aaf/library/test/src/lib.rs:621:18
[INFO] [stdout]   27:     0x575bf62ece07 - test::run_test_in_process::{{closure}}::h0e39181dd7ee5a43
[INFO] [stdout]                                at /rustc/90b35a6239c3d8bdabc530a6a0816f7ff89a0aaf/library/test/src/lib.rs:644:60
[INFO] [stdout]   28:     0x575bf62ece07 - <core::panic::unwind_safe::AssertUnwindSafe<F> as core::ops::function::FnOnce<()>>::call_once::hc5a66a30f0bdfd1f
[INFO] [stdout]                                at /rustc/90b35a6239c3d8bdabc530a6a0816f7ff89a0aaf/library/core/src/panic/unwind_safe.rs:272:9
[INFO] [stdout]   29:     0x575bf62ece07 - std::panicking::try::do_call::h873b7cf639554a5e
[INFO] [stdout]                                at /rustc/90b35a6239c3d8bdabc530a6a0816f7ff89a0aaf/library/std/src/panicking.rs:557:40
[INFO] [stdout]   30:     0x575bf62ece07 - std::panicking::try::hdb19862fad9c8bd1
[INFO] [stdout]                                at /rustc/90b35a6239c3d8bdabc530a6a0816f7ff89a0aaf/library/std/src/panicking.rs:520:19
[INFO] [stdout]   31:     0x575bf62ece07 - std::panic::catch_unwind::h281fe732d236d260
[INFO] [stdout]                                at /rustc/90b35a6239c3d8bdabc530a6a0816f7ff89a0aaf/library/std/src/panic.rs:358:14
[INFO] [stdout]   32:     0x575bf62ece07 - test::run_test_in_process::h949b6df8457ed338
[INFO] [stdout]                                at /rustc/90b35a6239c3d8bdabc530a6a0816f7ff89a0aaf/library/test/src/lib.rs:644:27
[INFO] [stdout]   33:     0x575bf62ece07 - test::run_test::{{closure}}::h52c556a6d4740e10
[INFO] [stdout]                                at /rustc/90b35a6239c3d8bdabc530a6a0816f7ff89a0aaf/library/test/src/lib.rs:565:43
[INFO] [stdout]   34:     0x575bf62b20e4 - test::run_test::{{closure}}::h4237f6381c45ccb9
[INFO] [stdout]                                at /rustc/90b35a6239c3d8bdabc530a6a0816f7ff89a0aaf/library/test/src/lib.rs:595:41
[INFO] [stdout]   35:     0x575bf62b20e4 - std::sys::backtrace::__rust_begin_short_backtrace::h505c97a579eca628
[INFO] [stdout]                                at /rustc/90b35a6239c3d8bdabc530a6a0816f7ff89a0aaf/library/std/src/sys/backtrace.rs:154:18
[INFO] [stdout]   36:     0x575bf62b57ae - std::thread::Builder::spawn_unchecked_::{{closure}}::{{closure}}::h9e86b2e2bc107ea3
[INFO] [stdout]                                at /rustc/90b35a6239c3d8bdabc530a6a0816f7ff89a0aaf/library/std/src/thread/mod.rs:538:17
[INFO] [stdout]   37:     0x575bf62b57ae - <core::panic::unwind_safe::AssertUnwindSafe<F> as core::ops::function::FnOnce<()>>::call_once::h8b06ddb275ff4a25
[INFO] [stdout]                                at /rustc/90b35a6239c3d8bdabc530a6a0816f7ff89a0aaf/library/core/src/panic/unwind_safe.rs:272:9
[INFO] [stdout]   38:     0x575bf62b57ae - std::panicking::try::do_call::hb26ecd7cd9a9355d
[INFO] [stdout]                                at /rustc/90b35a6239c3d8bdabc530a6a0816f7ff89a0aaf/library/std/src/panicking.rs:557:40
[INFO] [stdout]   39:     0x575bf62b57ae - std::panicking::try::h8ddeca9d705f9069
[INFO] [stdout]                                at /rustc/90b35a6239c3d8bdabc530a6a0816f7ff89a0aaf/library/std/src/panicking.rs:520:19
[INFO] [stdout]   40:     0x575bf62b57ae - std::panic::catch_unwind::h49e1c33078844c46
[INFO] [stdout]                                at /rustc/90b35a6239c3d8bdabc530a6a0816f7ff89a0aaf/library/std/src/panic.rs:358:14
[INFO] [stdout]   41:     0x575bf62b57ae - std::thread::Builder::spawn_unchecked_::{{closure}}::h6073db6ff56ad35d
[INFO] [stdout]                                at /rustc/90b35a6239c3d8bdabc530a6a0816f7ff89a0aaf/library/std/src/thread/mod.rs:537:30
[INFO] [stdout]   42:     0x575bf62b57ae - core::ops::function::FnOnce::call_once{{vtable.shim}}::h2c5a5f3779c774f1
[INFO] [stdout]                                at /rustc/90b35a6239c3d8bdabc530a6a0816f7ff89a0aaf/library/core/src/ops/function.rs:250:5
[INFO] [stdout]   43:     0x575bf67e4a0b - <alloc::boxed::Box<F,A> as core::ops::function::FnOnce<Args>>::call_once::hf75717d9f28faebf
[INFO] [stdout]                                at /rustc/90b35a6239c3d8bdabc530a6a0816f7ff89a0aaf/library/alloc/src/boxed.rs:2454:9
[INFO] [stdout]   44:     0x575bf67e4a0b - <alloc::boxed::Box<F,A> as core::ops::function::FnOnce<Args>>::call_once::h7bd883a5f3c5f3c1
[INFO] [stdout]                                at /rustc/90b35a6239c3d8bdabc530a6a0816f7ff89a0aaf/library/alloc/src/boxed.rs:2454:9
[INFO] [stdout]   45:     0x575bf67e4a0b - std::sys::pal::unix::thread::Thread::new::thread_start::hcc78f3943333fa94
[INFO] [stdout]                                at /rustc/90b35a6239c3d8bdabc530a6a0816f7ff89a0aaf/library/std/src/sys/pal/unix/thread.rs:105:17
[INFO] [stdout]   46:     0x799e33218ac3 - <unknown>
[INFO] [stdout]   47:     0x799e332a9a04 - clone
[INFO] [stdout]   48:                0x0 - <unknown>
[INFO] [stdout] 
[INFO] [stdout] ---- test_adv_07_10_pts_dynamic_ranking stdout ----
[INFO] [stdout] thread 'test_adv_07_10_pts_dynamic_ranking' panicked at tests/common.rs:223:14:
[INFO] [stdout] failed to create stdout file: Os { code: 30, kind: ReadOnlyFilesystem, message: "Read-only file system" }
[INFO] [stdout] stack backtrace:
[INFO] [stdout]    0:     0x575bf67deb7a - std::backtrace_rs::backtrace::libunwind::trace::h5a5b8284f2d0c266
[INFO] [stdout]                                at /rustc/90b35a6239c3d8bdabc530a6a0816f7ff89a0aaf/library/std/src/../../backtrace/src/backtrace/libunwind.rs:116:5
[INFO] [stdout]    1:     0x575bf67deb7a - std::backtrace_rs::backtrace::trace_unsynchronized::h76d4f1c9b0b875e3
[INFO] [stdout]                                at /rustc/90b35a6239c3d8bdabc530a6a0816f7ff89a0aaf/library/std/src/../../backtrace/src/backtrace/mod.rs:66:5
[INFO] [stdout]    2:     0x575bf67deb7a - std::sys::backtrace::_print_fmt::hc4546b8364a537c6
[INFO] [stdout]                                at /rustc/90b35a6239c3d8bdabc530a6a0816f7ff89a0aaf/library/std/src/sys/backtrace.rs:66:9
[INFO] [stdout]    3:     0x575bf67deb7a - <std::sys::backtrace::BacktraceLock::print::DisplayBacktrace as core::fmt::Display>::fmt::h5b6bd5631a6d1f6b
[INFO] [stdout]                                at /rustc/90b35a6239c3d8bdabc530a6a0816f7ff89a0aaf/library/std/src/sys/backtrace.rs:39:26
[INFO] [stdout]    4:     0x575bf6808313 - core::fmt::rt::Argument::fmt::h270f6602a2b96f62
[INFO] [stdout]                                at /rustc/90b35a6239c3d8bdabc530a6a0816f7ff89a0aaf/library/core/src/fmt/rt.rs:177:76
[INFO] [stdout]    5:     0x575bf6808313 - core::fmt::write::h7550c97b06c86515
[INFO] [stdout]                                at /rustc/90b35a6239c3d8bdabc530a6a0816f7ff89a0aaf/library/core/src/fmt/mod.rs:1186:21
[INFO] [stdout]    6:     0x575bf67daf23 - std::io::Write::write_fmt::h509ff860e5956e5e
[INFO] [stdout]                                at /rustc/90b35a6239c3d8bdabc530a6a0816f7ff89a0aaf/library/std/src/io/mod.rs:1839:15
[INFO] [stdout]    7:     0x575bf67de9c2 - std::sys::backtrace::BacktraceLock::print::h2395ccd2c84ba3aa
[INFO] [stdout]                                at /rustc/90b35a6239c3d8bdabc530a6a0816f7ff89a0aaf/library/std/src/sys/backtrace.rs:42:9
[INFO] [stdout]    8:     0x575bf67dffda - std::panicking::default_hook::{{closure}}::he19d4c7230e07961
[INFO] [stdout]                                at /rustc/90b35a6239c3d8bdabc530a6a0816f7ff89a0aaf/library/std/src/panicking.rs:268:22
[INFO] [stdout]    9:     0x575bf67dfde4 - std::panicking::default_hook::hf614597d3c67bbdb
[INFO] [stdout]                                at /rustc/90b35a6239c3d8bdabc530a6a0816f7ff89a0aaf/library/std/src/panicking.rs:292:9
[INFO] [stdout]   10:     0x575bf62e8c09 - <alloc::boxed::Box<F,A> as core::ops::function::Fn<Args>>::call::h39b51ce4599c23d1
[INFO] [stdout]                                at /rustc/90b35a6239c3d8bdabc530a6a0816f7ff89a0aaf/library/alloc/src/boxed.rs:2468:9
[INFO] [stdout]   11:     0x575bf62e8c09 - test::test_main::{{closure}}::he977ae839a582784
[INFO] [stdout]                                at /rustc/90b35a6239c3d8bdabc530a6a0816f7ff89a0aaf/library/test/src/lib.rs:133:21
[INFO] [stdout]   12:     0x575bf67e0678 - <alloc::boxed::Box<F,A> as core::ops::function::Fn<Args>>::call::h9455091b6b06f9fb
[INFO] [stdout]                                at /rustc/90b35a6239c3d8bdabc530a6a0816f7ff89a0aaf/library/alloc/src/boxed.rs:2468:9
[INFO] [stdout]   13:     0x575bf67e0678 - std::panicking::rust_panic_with_hook::h8942133a8b252070
[INFO] [stdout]                                at /rustc/90b35a6239c3d8bdabc530a6a0816f7ff89a0aaf/library/std/src/panicking.rs:809:13
[INFO] [stdout]   14:     0x575bf67e043a - std::panicking::begin_panic_handler::{{closure}}::hb5f5963570096b29
[INFO] [stdout]                                at /rustc/90b35a6239c3d8bdabc530a6a0816f7ff89a0aaf/library/std/src/panicking.rs:674:13
[INFO] [stdout]   15:     0x575bf67df059 - std::sys::backtrace::__rust_end_short_backtrace::h6208cedc1922feda
[INFO] [stdout]                                at /rustc/90b35a6239c3d8bdabc530a6a0816f7ff89a0aaf/library/std/src/sys/backtrace.rs:170:18
[INFO] [stdout]   16:     0x575bf67e00cc - rust_begin_unwind
[INFO] [stdout]                                at /rustc/90b35a6239c3d8bdabc530a6a0816f7ff89a0aaf/library/std/src/panicking.rs:665:5
[INFO] [stdout]   17:     0x575bf625b2a0 - core::panicking::panic_fmt::h0c3082644d1bf418
[INFO] [stdout]                                at /rustc/90b35a6239c3d8bdabc530a6a0816f7ff89a0aaf/library/core/src/panicking.rs:74:14
[INFO] [stdout]   18:     0x575bf625b726 - core::result::unwrap_failed::hd20b4aa073bda1e2
[INFO] [stdout]                                at /rustc/90b35a6239c3d8bdabc530a6a0816f7ff89a0aaf/library/core/src/result.rs:1700:5
[INFO] [stdout]   19:     0x575bf629a8cd - core::result::Result<T,E>::expect::hac5ff70e7712486a
[INFO] [stdout]                                at /rustc/90b35a6239c3d8bdabc530a6a0816f7ff89a0aaf/library/core/src/result.rs:1061:23
[INFO] [stdout]   20:     0x575bf627fe83 - advanced_requirements::common::TestCase::start_server::h9a4db072a396e04b
[INFO] [stdout]                                at /opt/rustwide/workdir/tests/common.rs:221:22
[INFO] [stdout]   21:     0x575bf628264d - advanced_requirements::common::TestCase::run::h1ee1c2854b8d4f12
[INFO] [stdout]                                at /opt/rustwide/workdir/tests/common.rs:372:9
[INFO] [stdout]   22:     0x575bf62a79fd - advanced_requirements::test_adv_07_10_pts_dynamic_ranking::h91236002207cb53d
[INFO] [stdout]                                at /opt/rustwide/workdir/tests/advanced_requirements.rs:71:19
[INFO] [stdout]   23:     0x575bf62a79a7 - advanced_requirements::test_adv_07_10_pts_dynamic_ranking::{{closure}}::h909c8c3994d1bad7
[INFO] [stdout]                                at /opt/rustwide/workdir/tests/advanced_requirements.rs:69:40
[INFO] [stdout]   24:     0x575bf6297fe6 - core::ops::function::FnOnce::call_once::h250e7ef73c498cec
[INFO] [stdout]                                at /rustc/90b35a6239c3d8bdabc530a6a0816f7ff89a0aaf/library/core/src/ops/function.rs:250:5
[INFO] [stdout]   25:     0x575bf62ed5cb - core::ops::function::FnOnce::call_once::h109cf8051a59b34e
[INFO] [stdout]                                at /rustc/90b35a6239c3d8bdabc530a6a0816f7ff89a0aaf/library/core/src/ops/function.rs:250:5
[INFO] [stdout]   26:     0x575bf62ed5cb - test::__rust_begin_short_backtrace::hf4fff89d377446ba
[INFO] [stdout]                                at /rustc/90b35a6239c3d8bdabc530a6a0816f7ff89a0aaf/library/test/src/lib.rs:621:18
[INFO] [stdout]   27:     0x575bf62ece07 - test::run_test_in_process::{{closure}}::h0e39181dd7ee5a43
[INFO] [stdout]                                at /rustc/90b35a6239c3d8bdabc530a6a0816f7ff89a0aaf/library/test/src/lib.rs:644:60
[INFO] [stdout]   28:     0x575bf62ece07 - <core::panic::unwind_safe::AssertUnwindSafe<F> as core::ops::function::FnOnce<()>>::call_once::hc5a66a30f0bdfd1f
[INFO] [stdout]                                at /rustc/90b35a6239c3d8bdabc530a6a0816f7ff89a0aaf/library/core/src/panic/unwind_safe.rs:272:9
[INFO] [stdout]   29:     0x575bf62ece07 - std::panicking::try::do_call::h873b7cf639554a5e
[INFO] [stdout]                                at /rustc/90b35a6239c3d8bdabc530a6a0816f7ff89a0aaf/library/std/src/panicking.rs:557:40
[INFO] [stdout]   30:     0x575bf62ece07 - std::panicking::try::hdb19862fad9c8bd1
[INFO] [stdout]                                at /rustc/90b35a6239c3d8bdabc530a6a0816f7ff89a0aaf/library/std/src/panicking.rs:520:19
[INFO] [stdout]   31:     0x575bf62ece07 - std::panic::catch_unwind::h281fe732d236d260
[INFO] [stdout]                                at /rustc/90b35a6239c3d8bdabc530a6a0816f7ff89a0aaf/library/std/src/panic.rs:358:14
[INFO] [stdout]   32:     0x575bf62ece07 - test::run_test_in_process::h949b6df8457ed338
[INFO] [stdout]                                at /rustc/90b35a6239c3d8bdabc530a6a0816f7ff89a0aaf/library/test/src/lib.rs:644:27
[INFO] [stdout]   33:     0x575bf62ece07 - test::run_test::{{closure}}::h52c556a6d4740e10
[INFO] [stdout]                                at /rustc/90b35a6239c3d8bdabc530a6a0816f7ff89a0aaf/library/test/src/lib.rs:565:43
[INFO] [stdout]   34:     0x575bf62b20e4 - test::run_test::{{closure}}::h4237f6381c45ccb9
[INFO] [stdout]                                at /rustc/90b35a6239c3d8bdabc530a6a0816f7ff89a0aaf/library/test/src/lib.rs:595:41
[INFO] [stdout]   35:     0x575bf62b20e4 - std::sys::backtrace::__rust_begin_short_backtrace::h505c97a579eca628
[INFO] [stdout]                                at /rustc/90b35a6239c3d8bdabc530a6a0816f7ff89a0aaf/library/std/src/sys/backtrace.rs:154:18
[INFO] [stdout]   36:     0x575bf62b57ae - std::thread::Builder::spawn_unchecked_::{{closure}}::{{closure}}::h9e86b2e2bc107ea3
[INFO] [stdout]                                at /rustc/90b35a6239c3d8bdabc530a6a0816f7ff89a0aaf/library/std/src/thread/mod.rs:538:17
[INFO] [stdout]   37:     0x575bf62b57ae - <core::panic::unwind_safe::AssertUnwindSafe<F> as core::ops::function::FnOnce<()>>::call_once::h8b06ddb275ff4a25
[INFO] [stdout]                                at /rustc/90b35a6239c3d8bdabc530a6a0816f7ff89a0aaf/library/core/src/panic/unwind_safe.rs:272:9
[INFO] [stdout]   38:     0x575bf62b57ae - std::panicking::try::do_call::hb26ecd7cd9a9355d
[INFO] [stdout]                                at /rustc/90b35a6239c3d8bdabc530a6a0816f7ff89a0aaf/library/std/src/panicking.rs:557:40
[INFO] [stdout]   39:     0x575bf62b57ae - std::panicking::try::h8ddeca9d705f9069
[INFO] [stdout]                                at /rustc/90b35a6239c3d8bdabc530a6a0816f7ff89a0aaf/library/std/src/panicking.rs:520:19
[INFO] [stdout]   40:     0x575bf62b57ae - std::panic::catch_unwind::h49e1c33078844c46
[INFO] [stdout]                                at /rustc/90b35a6239c3d8bdabc530a6a0816f7ff89a0aaf/library/std/src/panic.rs:358:14
[INFO] [stdout]   41:     0x575bf62b57ae - std::thread::Builder::spawn_unchecked_::{{closure}}::h6073db6ff56ad35d
[INFO] [stdout]                                at /rustc/90b35a6239c3d8bdabc530a6a0816f7ff89a0aaf/library/std/src/thread/mod.rs:537:30
[INFO] [stdout]   42:     0x575bf62b57ae - core::ops::function::FnOnce::call_once{{vtable.shim}}::h2c5a5f3779c774f1
[INFO] [stdout]                                at /rustc/90b35a6239c3d8bdabc530a6a0816f7ff89a0aaf/library/core/src/ops/function.rs:250:5
[INFO] [stdout]   43:     0x575bf67e4a0b - <alloc::boxed::Box<F,A> as core::ops::function::FnOnce<Args>>::call_once::hf75717d9f28faebf
[INFO] [stdout]                                at /rustc/90b35a6239c3d8bdabc530a6a0816f7ff89a0aaf/library/alloc/src/boxed.rs:2454:9
[INFO] [stdout]   44:     0x575bf67e4a0b - <alloc::boxed::Box<F,A> as core::ops::function::FnOnce<Args>>::call_once::h7bd883a5f3c5f3c1
[INFO] [stdout]                                at /rustc/90b35a6239c3d8bdabc530a6a0816f7ff89a0aaf/library/alloc/src/boxed.rs:2454:9
[INFO] [stdout]   45:     0x575bf67e4a0b - std::sys::pal::unix::thread::Thread::new::thread_start::hcc78f3943333fa94
[INFO] [stdout]                                at /rustc/90b35a6239c3d8bdabc530a6a0816f7ff89a0aaf/library/std/src/sys/pal/unix/thread.rs:105:17
[INFO] [stdout]   46:     0x799e33218ac3 - <unknown>
[INFO] [stdout]   47:     0x799e332a9a04 - clone
[INFO] [stdout]   48:                0x0 - <unknown>
[INFO] [stdout] 
[INFO] [stdout] ---- test_adv_02_10_pts_persistent_storage stdout ----
[INFO] [stdout] thread 'test_adv_02_10_pts_persistent_storage' panicked at tests/common.rs:223:14:
[INFO] [stdout] failed to create stdout file: Os { code: 30, kind: ReadOnlyFilesystem, message: "Read-only file system" }
[INFO] [stdout] stack backtrace:
[INFO] [stdout]    0:     0x575bf67deb7a - std::backtrace_rs::backtrace::libunwind::trace::h5a5b8284f2d0c266
[INFO] [stdout]                                at /rustc/90b35a6239c3d8bdabc530a6a0816f7ff89a0aaf/library/std/src/../../backtrace/src/backtrace/libunwind.rs:116:5
[INFO] [stdout]    1:     0x575bf67deb7a - std::backtrace_rs::backtrace::trace_unsynchronized::h76d4f1c9b0b875e3
[INFO] [stdout]                                at /rustc/90b35a6239c3d8bdabc530a6a0816f7ff89a0aaf/library/std/src/../../backtrace/src/backtrace/mod.rs:66:5
[INFO] [stdout]    2:     0x575bf67deb7a - std::sys::backtrace::_print_fmt::hc4546b8364a537c6
[INFO] [stdout]                                at /rustc/90b35a6239c3d8bdabc530a6a0816f7ff89a0aaf/library/std/src/sys/backtrace.rs:66:9
[INFO] [stdout]    3:     0x575bf67deb7a - <std::sys::backtrace::BacktraceLock::print::DisplayBacktrace as core::fmt::Display>::fmt::h5b6bd5631a6d1f6b
[INFO] [stdout]                                at /rustc/90b35a6239c3d8bdabc530a6a0816f7ff89a0aaf/library/std/src/sys/backtrace.rs:39:26
[INFO] [stdout]    4:     0x575bf6808313 - core::fmt::rt::Argument::fmt::h270f6602a2b96f62
[INFO] [stdout]                                at /rustc/90b35a6239c3d8bdabc530a6a0816f7ff89a0aaf/library/core/src/fmt/rt.rs:177:76
[INFO] [stdout]    5:     0x575bf6808313 - core::fmt::write::h7550c97b06c86515
[INFO] [stdout]                                at /rustc/90b35a6239c3d8bdabc530a6a0816f7ff89a0aaf/library/core/src/fmt/mod.rs:1186:21
[INFO] [stdout]    6:     0x575bf67daf23 - std::io::Write::write_fmt::h509ff860e5956e5e
[INFO] [stdout]                                at /rustc/90b35a6239c3d8bdabc530a6a0816f7ff89a0aaf/library/std/src/io/mod.rs:1839:15
[INFO] [stdout]    7:     0x575bf67de9c2 - std::sys::backtrace::BacktraceLock::print::h2395ccd2c84ba3aa
[INFO] [stdout]                                at /rustc/90b35a6239c3d8bdabc530a6a0816f7ff89a0aaf/library/std/src/sys/backtrace.rs:42:9
[INFO] [stdout]    8:     0x575bf67dffda - std::panicking::default_hook::{{closure}}::he19d4c7230e07961
[INFO] [stdout]                                at /rustc/90b35a6239c3d8bdabc530a6a0816f7ff89a0aaf/library/std/src/panicking.rs:268:22
[INFO] [stdout]    9:     0x575bf67dfde4 - std::panicking::default_hook::hf614597d3c67bbdb
[INFO] [stdout]                                at /rustc/90b35a6239c3d8bdabc530a6a0816f7ff89a0aaf/library/std/src/panicking.rs:292:9
[INFO] [stdout]   10:     0x575bf62e8c09 - <alloc::boxed::Box<F,A> as core::ops::function::Fn<Args>>::call::h39b51ce4599c23d1
[INFO] [stdout]                                at /rustc/90b35a6239c3d8bdabc530a6a0816f7ff89a0aaf/library/alloc/src/boxed.rs:2468:9
[INFO] [stdout]   11:     0x575bf62e8c09 - test::test_main::{{closure}}::he977ae839a582784
[INFO] [stdout]                                at /rustc/90b35a6239c3d8bdabc530a6a0816f7ff89a0aaf/library/test/src/lib.rs:133:21
[INFO] [stdout]   12:     0x575bf67e0678 - <alloc::boxed::Box<F,A> as core::ops::function::Fn<Args>>::call::h9455091b6b06f9fb
[INFO] [stdout]                                at /rustc/90b35a6239c3d8bdabc530a6a0816f7ff89a0aaf/library/alloc/src/boxed.rs:2468:9
[INFO] [stdout]   13:     0x575bf67e0678 - std::panicking::rust_panic_with_hook::h8942133a8b252070
[INFO] [stdout]                                at /rustc/90b35a6239c3d8bdabc530a6a0816f7ff89a0aaf/library/std/src/panicking.rs:809:13
[INFO] [stdout]   14:     0x575bf67e043a - std::panicking::begin_panic_handler::{{closure}}::hb5f5963570096b29
[INFO] [stdout]                                at /rustc/90b35a6239c3d8bdabc530a6a0816f7ff89a0aaf/library/std/src/panicking.rs:674:13
[INFO] [stdout]   15:     0x575bf67df059 - std::sys::backtrace::__rust_end_short_backtrace::h6208cedc1922feda
[INFO] [stdout]                                at /rustc/90b35a6239c3d8bdabc530a6a0816f7ff89a0aaf/library/std/src/sys/backtrace.rs:170:18
[INFO] [stdout]   16:     0x575bf67e00cc - rust_begin_unwind
[INFO] [stdout]                                at /rustc/90b35a6239c3d8bdabc530a6a0816f7ff89a0aaf/library/std/src/panicking.rs:665:5
[INFO] [stdout]   17:     0x575bf625b2a0 - core::panicking::panic_fmt::h0c3082644d1bf418
[INFO] [stdout]                                at /rustc/90b35a6239c3d8bdabc530a6a0816f7ff89a0aaf/library/core/src/panicking.rs:74:14
[INFO] [stdout]   18:     0x575bf625b726 - core::result::unwrap_failed::hd20b4aa073bda1e2
[INFO] [stdout]                                at /rustc/90b35a6239c3d8bdabc530a6a0816f7ff89a0aaf/library/core/src/result.rs:1700:5
[INFO] [stdout]   19:     0x575bf629a8cd - core::result::Result<T,E>::expect::hac5ff70e7712486a
[INFO] [stdout]                                at /rustc/90b35a6239c3d8bdabc530a6a0816f7ff89a0aaf/library/core/src/result.rs:1061:23
[INFO] [stdout]   20:     0x575bf627fe83 - advanced_requirements::common::TestCase::start_server::h9a4db072a396e04b
[INFO] [stdout]                                at /opt/rustwide/workdir/tests/common.rs:221:22
[INFO] [stdout]   21:     0x575bf628264d - advanced_requirements::common::TestCase::run::h1ee1c2854b8d4f12
[INFO] [stdout]                                at /opt/rustwide/workdir/tests/common.rs:372:9
[INFO] [stdout]   22:     0x575bf62a724f - advanced_requirements::test_adv_02_10_pts_persistent_storage::h76853581b3939e42
[INFO] [stdout]                                at /opt/rustwide/workdir/tests/advanced_requirements.rs:20:5
[INFO] [stdout]   23:     0x575bf62a7207 - advanced_requirements::test_adv_02_10_pts_persistent_storage::{{closure}}::h2710a8d75de6e9d1
[INFO] [stdout]                                at /opt/rustwide/workdir/tests/advanced_requirements.rs:15:43
[INFO] [stdout]   24:     0x575bf6297f26 - core::ops::function::FnOnce::call_once::h0a4b2f6fd7b444fd
[INFO] [stdout]                                at /rustc/90b35a6239c3d8bdabc530a6a0816f7ff89a0aaf/library/core/src/ops/function.rs:250:5
[INFO] [stdout]   25:     0x575bf62ed5cb - core::ops::function::FnOnce::call_once::h109cf8051a59b34e
[INFO] [stdout]                                at /rustc/90b35a6239c3d8bdabc530a6a0816f7ff89a0aaf/library/core/src/ops/function.rs:250:5
[INFO] [stdout]   26:     0x575bf62ed5cb - test::__rust_begin_short_backtrace::hf4fff89d377446ba
[INFO] [stdout]                                at /rustc/90b35a6239c3d8bdabc530a6a0816f7ff89a0aaf/library/test/src/lib.rs:621:18
[INFO] [stdout]   27:     0x575bf62ece07 - test::run_test_in_process::{{closure}}::h0e39181dd7ee5a43
[INFO] [stdout]                                at /rustc/90b35a6239c3d8bdabc530a6a0816f7ff89a0aaf/library/test/src/lib.rs:644:60
[INFO] [stdout]   28:     0x575bf62ece07 - <core::panic::unwind_safe::AssertUnwindSafe<F> as core::ops::function::FnOnce<()>>::call_once::hc5a66a30f0bdfd1f
[INFO] [stdout]                                at /rustc/90b35a6239c3d8bdabc530a6a0816f7ff89a0aaf/library/core/src/panic/unwind_safe.rs:272:9
[INFO] [stdout]   29:     0x575bf62ece07 - std::panicking::try::do_call::h873b7cf639554a5e
[INFO] [stdout]                                at /rustc/90b35a6239c3d8bdabc530a6a0816f7ff89a0aaf/library/std/src/panicking.rs:557:40
[INFO] [stdout]   30:     0x575bf62ece07 - std::panicking::try::hdb19862fad9c8bd1
[INFO] [stdout]                                at /rustc/90b35a6239c3d8bdabc530a6a0816f7ff89a0aaf/library/std/src/panicking.rs:520:19
[INFO] [stdout]   31:     0x575bf62ece07 - std::panic::catch_unwind::h281fe732d236d260
[INFO] [stdout]                                at /rustc/90b35a6239c3d8bdabc530a6a0816f7ff89a0aaf/library/std/src/panic.rs:358:14
[INFO] [stdout]   32:     0x575bf62ece07 - test::run_test_in_process::h949b6df8457ed338
[INFO] [stdout]                                at /rustc/90b35a6239c3d8bdabc530a6a0816f7ff89a0aaf/library/test/src/lib.rs:644:27
[INFO] [stdout]   33:     0x575bf62ece07 - test::run_test::{{closure}}::h52c556a6d4740e10
[INFO] [stdout]                                at /rustc/90b35a6239c3d8bdabc530a6a0816f7ff89a0aaf/library/test/src/lib.rs:565:43
[INFO] [stdout]   34:     0x575bf62b20e4 - test::run_test::{{closure}}::h4237f6381c45ccb9
[INFO] [stdout]                                at /rustc/90b35a6239c3d8bdabc530a6a0816f7ff89a0aaf/library/test/src/lib.rs:595:41
[INFO] [stdout]   35:     0x575bf62b20e4 - std::sys::backtrace::__rust_begin_short_backtrace::h505c97a579eca628
[INFO] [stdout]                                at /rustc/90b35a6239c3d8bdabc530a6a0816f7ff89a0aaf/library/std/src/sys/backtrace.rs:154:18
[INFO] [stdout]   36:     0x575bf62b57ae - std::thread::Builder::spawn_unchecked_::{{closure}}::{{closure}}::h9e86b2e2bc107ea3
[INFO] [stdout]                                at /rustc/90b35a6239c3d8bdabc530a6a0816f7ff89a0aaf/library/std/src/thread/mod.rs:538:17
[INFO] [stdout]   37:     0x575bf62b57ae - <core::panic::unwind_safe::AssertUnwindSafe<F> as core::ops::function::FnOnce<()>>::call_once::h8b06ddb275ff4a25
[INFO] [stdout]                                at /rustc/90b35a6239c3d8bdabc530a6a0816f7ff89a0aaf/library/core/src/panic/unwind_safe.rs:272:9
[INFO] [stdout]   38:     0x575bf62b57ae - std::panicking::try::do_call::hb26ecd7cd9a9355d
[INFO] [stdout]                                at /rustc/90b35a6239c3d8bdabc530a6a0816f7ff89a0aaf/library/std/src/panicking.rs:557:40
[INFO] [stdout]   39:     0x575bf62b57ae - std::panicking::try::h8ddeca9d705f9069
[INFO] [stdout]                                at /rustc/90b35a6239c3d8bdabc530a6a0816f7ff89a0aaf/library/std/src/panicking.rs:520:19
[INFO] [stdout]   40:     0x575bf62b57ae - std::panic::catch_unwind::h49e1c33078844c46
[INFO] [stdout]                                at /rustc/90b35a6239c3d8bdabc530a6a0816f7ff89a0aaf/library/std/src/panic.rs:358:14
[INFO] [stdout]   41:     0x575bf62b57ae - std::thread::Builder::spawn_unchecked_::{{closure}}::h6073db6ff56ad35d
[INFO] [stdout]                                at /rustc/90b35a6239c3d8bdabc530a6a0816f7ff89a0aaf/library/std/src/thread/mod.rs:537:30
[INFO] [stdout]   42:     0x575bf62b57ae - core::ops::function::FnOnce::call_once{{vtable.shim}}::h2c5a5f3779c774f1
[INFO] [stdout]                                at /rustc/90b35a6239c3d8bdabc530a6a0816f7ff89a0aaf/library/core/src/ops/function.rs:250:5
[INFO] [stdout]   43:     0x575bf67e4a0b - <alloc::boxed::Box<F,A> as core::ops::function::FnOnce<Args>>::call_once::hf75717d9f28faebf
[INFO] [stdout]                                at /rustc/90b35a6239c3d8bdabc530a6a0816f7ff89a0aaf/library/alloc/src/boxed.rs:2454:9
[INFO] [stdout]   44:     0x575bf67e4a0b - <alloc::boxed::Box<F,A> as core::ops::function::FnOnce<Args>>::call_once::h7bd883a5f3c5f3c1
[INFO] [stdout]                                at /rustc/90b35a6239c3d8bdabc530a6a0816f7ff89a0aaf/library/alloc/src/boxed.rs:2454:9
[INFO] [stdout]   45:     0x575bf67e4a0b - std::sys::pal::unix::thread::Thread::new::thread_start::hcc78f3943333fa94
[INFO] [stdout]                                at /rustc/90b35a6239c3d8bdabc530a6a0816f7ff89a0aaf/library/std/src/sys/pal/unix/thread.rs:105:17
[INFO] [stdout]   46:     0x799e33218ac3 - <unknown>
[INFO] [stdout]   47:     0x799e332a9a04 - clone
[INFO] [stdout]   48:                0x0 - <unknown>
[INFO] [stdout] 
[INFO] [stdout] ---- test_adv_05_5_pts_packed_judging stdout ----
[INFO] [stdout] thread 'test_adv_05_5_pts_packed_judging' panicked at tests/common.rs:223:14:
[INFO] [stdout] failed to create stdout file: Os { code: 30, kind: ReadOnlyFilesystem, message: "Read-only file system" }
[INFO] [stdout] stack backtrace:
[INFO] [stdout]    0:     0x575bf67deb7a - std::backtrace_rs::backtrace::libunwind::trace::h5a5b8284f2d0c266
[INFO] [stdout]                                at /rustc/90b35a6239c3d8bdabc530a6a0816f7ff89a0aaf/library/std/src/../../backtrace/src/backtrace/libunwind.rs:116:5
[INFO] [stdout]    1:     0x575bf67deb7a - std::backtrace_rs::backtrace::trace_unsynchronized::h76d4f1c9b0b875e3
[INFO] [stdout]                                at /rustc/90b35a6239c3d8bdabc530a6a0816f7ff89a0aaf/library/std/src/../../backtrace/src/backtrace/mod.rs:66:5
[INFO] [stdout]    2:     0x575bf67deb7a - std::sys::backtrace::_print_fmt::hc4546b8364a537c6
[INFO] [stdout]                                at /rustc/90b35a6239c3d8bdabc530a6a0816f7ff89a0aaf/library/std/src/sys/backtrace.rs:66:9
[INFO] [stdout]    3:     0x575bf67deb7a - <std::sys::backtrace::BacktraceLock::print::DisplayBacktrace as core::fmt::Display>::fmt::h5b6bd5631a6d1f6b
[INFO] [stdout]                                at /rustc/90b35a6239c3d8bdabc530a6a0816f7ff89a0aaf/library/std/src/sys/backtrace.rs:39:26
[INFO] [stdout]    4:     0x575bf6808313 - core::fmt::rt::Argument::fmt::h270f6602a2b96f62
[INFO] [stdout]                                at /rustc/90b35a6239c3d8bdabc530a6a0816f7ff89a0aaf/library/core/src/fmt/rt.rs:177:76
[INFO] [stdout]    5:     0x575bf6808313 - core::fmt::write::h7550c97b06c86515
[INFO] [stdout]                                at /rustc/90b35a6239c3d8bdabc530a6a0816f7ff89a0aaf/library/core/src/fmt/mod.rs:1186:21
[INFO] [stdout]    6:     0x575bf67daf23 - std::io::Write::write_fmt::h509ff860e5956e5e
[INFO] [stdout]                                at /rustc/90b35a6239c3d8bdabc530a6a0816f7ff89a0aaf/library/std/src/io/mod.rs:1839:15
[INFO] [stdout]    7:     0x575bf67de9c2 - std::sys::backtrace::BacktraceLock::print::h2395ccd2c84ba3aa
[INFO] [stdout]                                at /rustc/90b35a6239c3d8bdabc530a6a0816f7ff89a0aaf/library/std/src/sys/backtrace.rs:42:9
[INFO] [stdout]    8:     0x575bf67dffda - std::panicking::default_hook::{{closure}}::he19d4c7230e07961
[INFO] [stdout]                                at /rustc/90b35a6239c3d8bdabc530a6a0816f7ff89a0aaf/library/std/src/panicking.rs:268:22
[INFO] [stdout]    9:     0x575bf67dfde4 - std::panicking::default_hook::hf614597d3c67bbdb
[INFO] [stdout]                                at /rustc/90b35a6239c3d8bdabc530a6a0816f7ff89a0aaf/library/std/src/panicking.rs:292:9
[INFO] [stdout]   10:     0x575bf62e8c09 - <alloc::boxed::Box<F,A> as core::ops::function::Fn<Args>>::call::h39b51ce4599c23d1
[INFO] [stdout]                                at /rustc/90b35a6239c3d8bdabc530a6a0816f7ff89a0aaf/library/alloc/src/boxed.rs:2468:9
[INFO] [stdout]   11:     0x575bf62e8c09 - test::test_main::{{closure}}::he977ae839a582784
[INFO] [stdout]                                at /rustc/90b35a6239c3d8bdabc530a6a0816f7ff89a0aaf/library/test/src/lib.rs:133:21
[INFO] [stdout]   12:     0x575bf67e0678 - <alloc::boxed::Box<F,A> as core::ops::function::Fn<Args>>::call::h9455091b6b06f9fb
[INFO] [stdout]                                at /rustc/90b35a6239c3d8bdabc530a6a0816f7ff89a0aaf/library/alloc/src/boxed.rs:2468:9
[INFO] [stdout]   13:     0x575bf67e0678 - std::panicking::rust_panic_with_hook::h8942133a8b252070
[INFO] [stdout]                                at /rustc/90b35a6239c3d8bdabc530a6a0816f7ff89a0aaf/library/std/src/panicking.rs:809:13
[INFO] [stdout]   14:     0x575bf67e043a - std::panicking::begin_panic_handler::{{closure}}::hb5f5963570096b29
[INFO] [stdout]                                at /rustc/90b35a6239c3d8bdabc530a6a0816f7ff89a0aaf/library/std/src/panicking.rs:674:13
[INFO] [stdout]   15:     0x575bf67df059 - std::sys::backtrace::__rust_end_short_backtrace::h6208cedc1922feda
[INFO] [stdout]                                at /rustc/90b35a6239c3d8bdabc530a6a0816f7ff89a0aaf/library/std/src/sys/backtrace.rs:170:18
[INFO] [stdout]   16:     0x575bf67e00cc - rust_begin_unwind
[INFO] [stdout]                                at /rustc/90b35a6239c3d8bdabc530a6a0816f7ff89a0aaf/library/std/src/panicking.rs:665:5
[INFO] [stdout]   17:     0x575bf625b2a0 - core::panicking::panic_fmt::h0c3082644d1bf418
[INFO] [stdout]                                at /rustc/90b35a6239c3d8bdabc530a6a0816f7ff89a0aaf/library/core/src/panicking.rs:74:14
[INFO] [stdout]   18:     0x575bf625b726 - core::result::unwrap_failed::hd20b4aa073bda1e2
[INFO] [stdout]                                at /rustc/90b35a6239c3d8bdabc530a6a0816f7ff89a0aaf/library/core/src/result.rs:1700:5
[INFO] [stdout]   19:     0x575bf629a8cd - core::result::Result<T,E>::expect::hac5ff70e7712486a
[INFO] [stdout]                                at /rustc/90b35a6239c3d8bdabc530a6a0816f7ff89a0aaf/library/core/src/result.rs:1061:23
[INFO] [stdout]   20:     0x575bf627fe83 - advanced_requirements::common::TestCase::start_server::h9a4db072a396e04b
[INFO] [stdout]                                at /opt/rustwide/workdir/tests/common.rs:221:22
[INFO] [stdout]   21:     0x575bf628264d - advanced_requirements::common::TestCase::run::h1ee1c2854b8d4f12
[INFO] [stdout]                                at /opt/rustwide/workdir/tests/common.rs:372:9
[INFO] [stdout]   22:     0x575bf62a786f - advanced_requirements::test_adv_05_5_pts_packed_judging::h1054317da6069563
[INFO] [stdout]                                at /opt/rustwide/workdir/tests/advanced_requirements.rs:58:5
[INFO] [stdout]   23:     0x575bf62a7827 - advanced_requirements::test_adv_05_5_pts_packed_judging::{{closure}}::h1e0ea1de612d66e8
[INFO] [stdout]                                at /opt/rustwide/workdir/tests/advanced_requirements.rs:56:38
[INFO] [stdout]   24:     0x575bf6297ee6 - core::ops::function::FnOnce::call_once::h04fbd8f65ee6e4c8
[INFO] [stdout]                                at /rustc/90b35a6239c3d8bdabc530a6a0816f7ff89a0aaf/library/core/src/ops/function.rs:250:5
[INFO] [stdout]   25:     0x575bf62ed5cb - core::ops::function::FnOnce::call_once::h109cf8051a59b34e
[INFO] [stdout]                                at /rustc/90b35a6239c3d8bdabc530a6a0816f7ff89a0aaf/library/core/src/ops/function.rs:250:5
[INFO] [stdout]   26:     0x575bf62ed5cb - test::__rust_begin_short_backtrace::hf4fff89d377446ba
[INFO] [stdout]                                at /rustc/90b35a6239c3d8bdabc530a6a0816f7ff89a0aaf/library/test/src/lib.rs:621:18
[INFO] [stdout]   27:     0x575bf62ece07 - test::run_test_in_process::{{closure}}::h0e39181dd7ee5a43
[INFO] [stdout]                                at /rustc/90b35a6239c3d8bdabc530a6a0816f7ff89a0aaf/library/test/src/lib.rs:644:60
[INFO] [stdout]   28:     0x575bf62ece07 - <core::panic::unwind_safe::AssertUnwindSafe<F> as core::ops::function::FnOnce<()>>::call_once::hc5a66a30f0bdfd1f
[INFO] [stdout]                                at /rustc/90b35a6239c3d8bdabc530a6a0816f7ff89a0aaf/library/core/src/panic/unwind_safe.rs:272:9
[INFO] [stdout]   29:     0x575bf62ece07 - std::panicking::try::do_call::h873b7cf639554a5e
[INFO] [stdout]                                at /rustc/90b35a6239c3d8bdabc530a6a0816f7ff89a0aaf/library/std/src/panicking.rs:557:40
[INFO] [stdout]   30:     0x575bf62ece07 - std::panicking::try::hdb19862fad9c8bd1
[INFO] [stdout]                                at /rustc/90b35a6239c3d8bdabc530a6a0816f7ff89a0aaf/library/std/src/panicking.rs:520:19
[INFO] [stdout]   31:     0x575bf62ece07 - std::panic::catch_unwind::h281fe732d236d260
[INFO] [stdout]                                at /rustc/90b35a6239c3d8bdabc530a6a0816f7ff89a0aaf/library/std/src/panic.rs:358:14
[INFO] [stdout]   32:     0x575bf62ece07 - test::run_test_in_process::h949b6df8457ed338
[INFO] [stdout]                                at /rustc/90b35a6239c3d8bdabc530a6a0816f7ff89a0aaf/library/test/src/lib.rs:644:27
[INFO] [stdout]   33:     0x575bf62ece07 - test::run_test::{{closure}}::h52c556a6d4740e10
[INFO] [stdout]                                at /rustc/90b35a6239c3d8bdabc530a6a0816f7ff89a0aaf/library/test/src/lib.rs:565:43
[INFO] [stdout]   34:     0x575bf62b20e4 - test::run_test::{{closure}}::h4237f6381c45ccb9
[INFO] [stdout]                                at /rustc/90b35a6239c3d8bdabc530a6a0816f7ff89a0aaf/library/test/src/lib.rs:595:41
[INFO] [stdout]   35:     0x575bf62b20e4 - std::sys::backtrace::__rust_begin_short_backtrace::h505c97a579eca628
[INFO] [stdout]                                at /rustc/90b35a6239c3d8bdabc530a6a0816f7ff89a0aaf/library/std/src/sys/backtrace.rs:154:18
[INFO] [stdout]   36:     0x575bf62b57ae - std::thread::Builder::spawn_unchecked_::{{closure}}::{{closure}}::h9e86b2e2bc107ea3
[INFO] [stdout]                                at /rustc/90b35a6239c3d8bdabc530a6a0816f7ff89a0aaf/library/std/src/thread/mod.rs:538:17
[INFO] [stdout]   37:     0x575bf62b57ae - <core::panic::unwind_safe::AssertUnwindSafe<F> as core::ops::function::FnOnce<()>>::call_once::h8b06ddb275ff4a25
[INFO] [stdout]                                at /rustc/90b35a6239c3d8bdabc530a6a0816f7ff89a0aaf/library/core/src/panic/unwind_safe.rs:272:9
[INFO] [stdout]   38:     0x575bf62b57ae - std::panicking::try::do_call::hb26ecd7cd9a9355d
[INFO] [stdout]                                at /rustc/90b35a6239c3d8bdabc530a6a0816f7ff89a0aaf/library/std/src/panicking.rs:557:40
[INFO] [stdout]   39:     0x575bf62b57ae - std::panicking::try::h8ddeca9d705f9069
[INFO] [stdout]                                at /rustc/90b35a6239c3d8bdabc530a6a0816f7ff89a0aaf/library/std/src/panicking.rs:520:19
[INFO] [stdout]   40:     0x575bf62b57ae - std::panic::catch_unwind::h49e1c33078844c46
[INFO] [stdout]                                at /rustc/90b35a6239c3d8bdabc530a6a0816f7ff89a0aaf/library/std/src/panic.rs:358:14
[INFO] [stdout]   41:     0x575bf62b57ae - std::thread::Builder::spawn_unchecked_::{{closure}}::h6073db6ff56ad35d
[INFO] [stdout]                                at /rustc/90b35a6239c3d8bdabc530a6a0816f7ff89a0aaf/library/std/src/thread/mod.rs:537:30
[INFO] [stdout]   42:     0x575bf62b57ae - core::ops::function::FnOnce::call_once{{vtable.shim}}::h2c5a5f3779c774f1
[INFO] [stdout]                                at /rustc/90b35a6239c3d8bdabc530a6a0816f7ff89a0aaf/library/core/src/ops/function.rs:250:5
[INFO] [stdout]   43:     0x575bf67e4a0b - <alloc::boxed::Box<F,A> as core::ops::function::FnOnce<Args>>::call_once::hf75717d9f28faebf
[INFO] [stdout]                                at /rustc/90b35a6239c3d8bdabc530a6a0816f7ff89a0aaf/library/alloc/src/boxed.rs:2454:9
[INFO] [stdout]   44:     0x575bf67e4a0b - <alloc::boxed::Box<F,A> as core::ops::function::FnOnce<Args>>::call_once::h7bd883a5f3c5f3c1
[INFO] [stdout]                                at /rustc/90b35a6239c3d8bdabc530a6a0816f7ff89a0aaf/library/alloc/src/boxed.rs:2454:9
[INFO] [stdout]   45:     0x575bf67e4a0b - std::sys::pal::unix::thread::Thread::new::thread_start::hcc78f3943333fa94
[INFO] [stdout]                                at /rustc/90b35a6239c3d8bdabc530a6a0816f7ff89a0aaf/library/std/src/sys/pal/unix/thread.rs:105:17
[INFO] [stdout]   46:     0x799e33218ac3 - <unknown>
[INFO] [stdout]   47:     0x799e332a9a04 - clone
[INFO] [stdout]   48:                0x0 - <unknown>
[INFO] [stdout] 
[INFO] [stdout] 
[INFO] [stdout] failures:
[INFO] [stdout]     test_adv_01_10_pts_contest_support
[INFO] [stdout]     test_adv_02_10_pts_persistent_storage
[INFO] [stdout]     test_adv_03_10_pts_non_blocking_judging
[INFO] [stdout]     test_adv_04_10_pts_resource_limit
[INFO] [stdout]     test_adv_05_5_pts_packed_judging
[INFO] [stdout]     test_adv_06_10_pts_special_judge
[INFO] [stdout]     test_adv_07_10_pts_dynamic_ranking
[INFO] [stdout] 
[INFO] [stdout] test result: FAILED. 0 passed; 7 failed; 0 ignored; 0 measured; 0 filtered out; finished in 1.15s
[INFO] [stdout] 
[INFO] [stderr] error: test failed, to rerun pass `--test advanced_requirements`
[INFO] running `Command { std: "docker" "inspect" "f035ee8aca19194a8a70b2acdcdf460b1557778db415d26a1e126a6594b3d39c", kill_on_drop: false }`
[INFO] running `Command { std: "docker" "rm" "-f" "f035ee8aca19194a8a70b2acdcdf460b1557778db415d26a1e126a6594b3d39c", kill_on_drop: false }`
[INFO] [stdout] f035ee8aca19194a8a70b2acdcdf460b1557778db415d26a1e126a6594b3d39c
