[INFO] cloning repository https://github.com/Phantomical/widecast
[INFO] running `Command { std: "git" "-c" "credential.helper=" "-c" "credential.helper=/workspace/cargo-home/bin/git-credential-null" "clone" "--bare" "https://github.com/Phantomical/widecast" "/workspace/cache/git-repos/https%3A%2F%2Fgithub.com%2FPhantomical%2Fwidecast", kill_on_drop: false }`
[INFO] [stderr] Cloning into bare repository '/workspace/cache/git-repos/https%3A%2F%2Fgithub.com%2FPhantomical%2Fwidecast'...
[INFO] running `Command { std: "git" "rev-parse" "HEAD", kill_on_drop: false }`
[INFO] [stdout] a7337a34d3f333baa30a5ca863c9574a08101eda
[INFO] testing Phantomical/widecast against 1.83.0 for beta-1.84.0-4-retry
[INFO] running `Command { std: "git" "clone" "/workspace/cache/git-repos/https%3A%2F%2Fgithub.com%2FPhantomical%2Fwidecast" "/workspace/builds/worker-2-tc1/source", kill_on_drop: false }`
[INFO] [stderr] Cloning into '/workspace/builds/worker-2-tc1/source'...
[INFO] [stderr] done.
[INFO] validating manifest of git repo https://github.com/Phantomical/widecast on toolchain 1.83.0
[INFO] running `Command { std: CARGO_HOME="/workspace/cargo-home" RUSTUP_HOME="/workspace/rustup-home" "/workspace/cargo-home/bin/cargo" "+1.83.0" "metadata" "--manifest-path" "Cargo.toml" "--no-deps", kill_on_drop: false }`
[INFO] removed /workspace/builds/worker-2-tc1/source/.cargo/config.toml
[INFO] started tweaking git repo https://github.com/Phantomical/widecast
[INFO] finished tweaking git repo https://github.com/Phantomical/widecast
[INFO] tweaked toml for git repo https://github.com/Phantomical/widecast written to /workspace/builds/worker-2-tc1/source/Cargo.toml
[INFO] crate git repo https://github.com/Phantomical/widecast already has a lockfile, it will not be regenerated
[INFO] running `Command { std: CARGO_HOME="/workspace/cargo-home" RUSTUP_HOME="/workspace/rustup-home" "/workspace/cargo-home/bin/cargo" "+1.83.0" "fetch" "--manifest-path" "Cargo.toml", kill_on_drop: false }`
[INFO] [stderr]     Updating crates.io index
[INFO] [stderr]  Downloading crates ...
[INFO] [stderr]   Downloaded prost v0.12.2
[INFO] [stderr]   Downloaded noop-waker v0.1.0
[INFO] [stderr]   Downloaded prost-derive v0.12.2
[INFO] [stderr]   Downloaded console-api v0.6.0
[INFO] [stderr]   Downloaded prost-types v0.12.2
[INFO] [stderr]   Downloaded console-subscriber v0.2.0
[INFO] [stderr]   Downloaded hdrhistogram v7.5.4
[INFO] running `Command { std: "docker" "create" "-v" "/var/lib/crater-agent-workspace/builds/worker-2-tc1/target:/opt/rustwide/target:rw,Z" "-v" "/var/lib/crater-agent-workspace/builds/worker-2-tc1/source:/opt/rustwide/workdir:ro,Z" "-v" "/var/lib/crater-agent-workspace/cargo-home:/opt/rustwide/cargo-home:ro,Z" "-v" "/var/lib/crater-agent-workspace/rustup-home:/opt/rustwide/rustup-home:ro,Z" "-e" "SOURCE_DIR=/opt/rustwide/workdir" "-e" "CARGO_TARGET_DIR=/opt/rustwide/target" "-e" "CARGO_HOME=/opt/rustwide/cargo-home" "-e" "RUSTUP_HOME=/opt/rustwide/rustup-home" "-w" "/opt/rustwide/workdir" "-m" "1610612736" "--user" "0:0" "--network" "none" "ghcr.io/rust-lang/crates-build-env/linux@sha256:f3a9d4ad9d972b27faf3965f35b62e55ba32bbce8f20bc8fe909558a86702fde" "/opt/rustwide/cargo-home/bin/cargo" "+1.83.0" "metadata" "--no-deps" "--format-version=1", kill_on_drop: false }`
[INFO] [stdout] 3eef1092b0a52b5d402e98dfbd4f5ffac0947f30311dbc611fc32ef9960fb8f3
[INFO] running `Command { std: "docker" "start" "-a" "3eef1092b0a52b5d402e98dfbd4f5ffac0947f30311dbc611fc32ef9960fb8f3", kill_on_drop: false }`
[INFO] running `Command { std: "docker" "inspect" "3eef1092b0a52b5d402e98dfbd4f5ffac0947f30311dbc611fc32ef9960fb8f3", kill_on_drop: false }`
[INFO] running `Command { std: "docker" "rm" "-f" "3eef1092b0a52b5d402e98dfbd4f5ffac0947f30311dbc611fc32ef9960fb8f3", kill_on_drop: false }`
[INFO] [stdout] 3eef1092b0a52b5d402e98dfbd4f5ffac0947f30311dbc611fc32ef9960fb8f3
[INFO] running `Command { std: "docker" "create" "-v" "/var/lib/crater-agent-workspace/builds/worker-2-tc1/target:/opt/rustwide/target:rw,Z" "-v" "/var/lib/crater-agent-workspace/builds/worker-2-tc1/source:/opt/rustwide/workdir:ro,Z" "-v" "/var/lib/crater-agent-workspace/cargo-home:/opt/rustwide/cargo-home:ro,Z" "-v" "/var/lib/crater-agent-workspace/rustup-home:/opt/rustwide/rustup-home:ro,Z" "-e" "SOURCE_DIR=/opt/rustwide/workdir" "-e" "CARGO_TARGET_DIR=/opt/rustwide/target" "-e" "CARGO_INCREMENTAL=0" "-e" "RUST_BACKTRACE=full" "-e" "RUSTFLAGS=--cap-lints=warn" "-e" "RUSTDOCFLAGS=--cap-lints=warn" "-e" "CARGO_HOME=/opt/rustwide/cargo-home" "-e" "RUSTUP_HOME=/opt/rustwide/rustup-home" "-w" "/opt/rustwide/workdir" "-m" "1610612736" "--user" "0:0" "--network" "none" "ghcr.io/rust-lang/crates-build-env/linux@sha256:f3a9d4ad9d972b27faf3965f35b62e55ba32bbce8f20bc8fe909558a86702fde" "/opt/rustwide/cargo-home/bin/cargo" "+1.83.0" "build" "--frozen" "--message-format=json", kill_on_drop: false }`
[INFO] [stdout] e47fe4bfe660b546156fafa905d9c238c89d89906e6c462faef7f46e683792d5
[INFO] running `Command { std: "docker" "start" "-a" "e47fe4bfe660b546156fafa905d9c238c89d89906e6c462faef7f46e683792d5", kill_on_drop: false }`
[INFO] [stderr]    Compiling crossbeam-utils v0.8.16
[INFO] [stderr]    Compiling once_cell v1.18.0
[INFO] [stderr]    Compiling arc-swap v1.6.0
[INFO] [stderr]    Compiling noop-waker v0.1.0
[INFO] [stderr]    Compiling scopeguard v1.2.0
[INFO] [stderr]    Compiling triomphe v0.1.9
[INFO] [stderr]    Compiling thread_local v1.1.7
[INFO] [stderr]    Compiling masswake v0.1.0 (/opt/rustwide/workdir/crates/masswake)
[INFO] [stderr]    Compiling widecast v0.1.0 (/opt/rustwide/workdir)
[INFO] [stderr]     Finished `dev` profile [unoptimized + debuginfo] target(s) in 1.72s
[INFO] running `Command { std: "docker" "inspect" "e47fe4bfe660b546156fafa905d9c238c89d89906e6c462faef7f46e683792d5", kill_on_drop: false }`
[INFO] running `Command { std: "docker" "rm" "-f" "e47fe4bfe660b546156fafa905d9c238c89d89906e6c462faef7f46e683792d5", kill_on_drop: false }`
[INFO] [stdout] e47fe4bfe660b546156fafa905d9c238c89d89906e6c462faef7f46e683792d5
[INFO] running `Command { std: "docker" "create" "-v" "/var/lib/crater-agent-workspace/builds/worker-2-tc1/target:/opt/rustwide/target:rw,Z" "-v" "/var/lib/crater-agent-workspace/builds/worker-2-tc1/source:/opt/rustwide/workdir:ro,Z" "-v" "/var/lib/crater-agent-workspace/cargo-home:/opt/rustwide/cargo-home:ro,Z" "-v" "/var/lib/crater-agent-workspace/rustup-home:/opt/rustwide/rustup-home:ro,Z" "-e" "SOURCE_DIR=/opt/rustwide/workdir" "-e" "CARGO_TARGET_DIR=/opt/rustwide/target" "-e" "CARGO_INCREMENTAL=0" "-e" "RUST_BACKTRACE=full" "-e" "RUSTFLAGS=--cap-lints=warn" "-e" "RUSTDOCFLAGS=--cap-lints=warn" "-e" "CARGO_HOME=/opt/rustwide/cargo-home" "-e" "RUSTUP_HOME=/opt/rustwide/rustup-home" "-w" "/opt/rustwide/workdir" "-m" "1610612736" "--user" "0:0" "--network" "none" "ghcr.io/rust-lang/crates-build-env/linux@sha256:f3a9d4ad9d972b27faf3965f35b62e55ba32bbce8f20bc8fe909558a86702fde" "/opt/rustwide/cargo-home/bin/cargo" "+1.83.0" "test" "--frozen" "--no-run" "--message-format=json", kill_on_drop: false }`
[INFO] [stdout] 85612e258e6ac2d4a4fe0c24b6a710aa4b90ac752588fb90f69fc5db70f37089
[INFO] running `Command { std: "docker" "start" "-a" "85612e258e6ac2d4a4fe0c24b6a710aa4b90ac752588fb90f69fc5db70f37089", kill_on_drop: false }`
[INFO] [stderr]    Compiling syn v2.0.39
[INFO] [stderr]    Compiling assert_matches v1.5.0
[INFO] [stderr]    Compiling tokio-macros v2.2.0
[INFO] [stderr]    Compiling tokio v1.34.0
[INFO] [stderr]    Compiling widecast v0.1.0 (/opt/rustwide/workdir)
[INFO] [stderr]     Finished `test` profile [unoptimized + debuginfo] target(s) in 7.87s
[INFO] running `Command { std: "docker" "inspect" "85612e258e6ac2d4a4fe0c24b6a710aa4b90ac752588fb90f69fc5db70f37089", kill_on_drop: false }`
[INFO] running `Command { std: "docker" "rm" "-f" "85612e258e6ac2d4a4fe0c24b6a710aa4b90ac752588fb90f69fc5db70f37089", kill_on_drop: false }`
[INFO] [stdout] 85612e258e6ac2d4a4fe0c24b6a710aa4b90ac752588fb90f69fc5db70f37089
[INFO] running `Command { std: "docker" "create" "-v" "/var/lib/crater-agent-workspace/builds/worker-2-tc1/target:/opt/rustwide/target:rw,Z" "-v" "/var/lib/crater-agent-workspace/builds/worker-2-tc1/source:/opt/rustwide/workdir:ro,Z" "-v" "/var/lib/crater-agent-workspace/cargo-home:/opt/rustwide/cargo-home:ro,Z" "-v" "/var/lib/crater-agent-workspace/rustup-home:/opt/rustwide/rustup-home:ro,Z" "-e" "SOURCE_DIR=/opt/rustwide/workdir" "-e" "CARGO_TARGET_DIR=/opt/rustwide/target" "-e" "CARGO_INCREMENTAL=0" "-e" "RUST_BACKTRACE=full" "-e" "RUSTFLAGS=--cap-lints=warn" "-e" "RUSTDOCFLAGS=--cap-lints=warn" "-e" "CARGO_HOME=/opt/rustwide/cargo-home" "-e" "RUSTUP_HOME=/opt/rustwide/rustup-home" "-w" "/opt/rustwide/workdir" "-m" "1610612736" "--user" "0:0" "--network" "none" "ghcr.io/rust-lang/crates-build-env/linux@sha256:f3a9d4ad9d972b27faf3965f35b62e55ba32bbce8f20bc8fe909558a86702fde" "/opt/rustwide/cargo-home/bin/cargo" "+1.83.0" "test" "--frozen", kill_on_drop: false }`
[INFO] [stdout] a52b26c65ef6690fb3a4950fe5123214db076c458fc94be7ded9b409d4ed61e4
[INFO] running `Command { std: "docker" "start" "-a" "a52b26c65ef6690fb3a4950fe5123214db076c458fc94be7ded9b409d4ed61e4", kill_on_drop: false }`
[INFO] [stderr]     Finished `test` profile [unoptimized + debuginfo] target(s) in 0.07s
[INFO] [stdout] 
[INFO] [stderr]      Running unittests src/lib.rs (/opt/rustwide/target/debug/deps/widecast-16b9b4bb25f7f187)
[INFO] [stdout] running 3 tests
[INFO] [stdout] test tests::test_send_multiple ... ok
[INFO] [stdout] test tests::test_send_none ... ok
[INFO] [stderr]    Doc-tests widecast
[INFO] [stdout] test tests::test_send_one ... ok
[INFO] [stdout] 
[INFO] [stdout] test result: ok. 3 passed; 0 failed; 0 ignored; 0 measured; 0 filtered out; finished in 0.00s
[INFO] [stdout] 
[INFO] [stdout] 
[INFO] [stdout] running 1 test
[INFO] [stdout] test src/lib.rs - (line 34) ... FAILED
[INFO] [stdout] 
[INFO] [stdout] failures:
[INFO] [stdout] 
[INFO] [stdout] ---- src/lib.rs - (line 34) stdout ----
[INFO] [stdout] error: The default runtime flavor is `multi_thread`, but the `rt-multi-thread` feature is disabled.
[INFO] [stdout]  --> src/lib.rs:36:1
[INFO] [stdout]   |
[INFO] [stdout] 4 | #[tokio::main]
[INFO] [stdout]   | ^^^^^^^^^^^^^^
[INFO] [stdout]   |
[INFO] [stdout]   = note: this error originates in the attribute macro `tokio::main` (in Nightly builds, run with -Z macro-backtrace for more info)
[INFO] [stdout] 
[INFO] [stdout] error[E0369]: binary operation `==` cannot be applied to type `Guard<'_, _>`
[INFO] [stdout]    --> src/lib.rs:45:5
[INFO] [stdout]     |
[INFO] [stdout] 13  |     assert_eq!(rx1.recv().await.unwrap(), 10);
[INFO] [stdout]     |     ^^^^^^^^^^^^^^^^^^^^^^^^^^^^^^^^^^^^^^^^^
[INFO] [stdout]     |     |
[INFO] [stdout]     |     Guard<'_, _>
[INFO] [stdout]     |     {integer}
[INFO] [stdout]     |
[INFO] [stdout] note: the foreign item type `Guard<'_, _>` doesn't implement `PartialEq<{integer}>`
[INFO] [stdout]    --> /opt/rustwide/workdir/src/receiver.rs:158:1
[INFO] [stdout]     |
[INFO] [stdout] 158 | pub struct Guard<'a, T> {
[INFO] [stdout]     | ^^^^^^^^^^^^^^^^^^^^^^^ not implement `PartialEq<{integer}>`
[INFO] [stdout]     = note: this error originates in the macro `assert_eq` (in Nightly builds, run with -Z macro-backtrace for more info)
[INFO] [stdout] 
[INFO] [stdout] error[E0369]: binary operation `==` cannot be applied to type `Guard<'_, _>`
[INFO] [stdout]    --> src/lib.rs:46:5
[INFO] [stdout]     |
[INFO] [stdout] 14  |     assert_eq!(rx1.recv().await.unwrap(), 20);
[INFO] [stdout]     |     ^^^^^^^^^^^^^^^^^^^^^^^^^^^^^^^^^^^^^^^^^
[INFO] [stdout]     |     |
[INFO] [stdout]     |     Guard<'_, _>
[INFO] [stdout]     |     {integer}
[INFO] [stdout]     |
[INFO] [stdout] note: the foreign item type `Guard<'_, _>` doesn't implement `PartialEq<{integer}>`
[INFO] [stdout]    --> /opt/rustwide/workdir/src/receiver.rs:158:1
[INFO] [stdout]     |
[INFO] [stdout] 158 | pub struct Guard<'a, T> {
[INFO] [stdout]     | ^^^^^^^^^^^^^^^^^^^^^^^ not implement `PartialEq<{integer}>`
[INFO] [stdout]     = note: this error originates in the macro `assert_eq` (in Nightly builds, run with -Z macro-backtrace for more info)
[INFO] [stdout] 
[INFO] [stdout] error[E0369]: binary operation `==` cannot be applied to type `Guard<'_, _>`
[INFO] [stdout]    --> src/lib.rs:50:5
[INFO] [stdout]     |
[INFO] [stdout] 18  |     assert_eq!(rx2.recv().await.unwrap(), 10);
[INFO] [stdout]     |     ^^^^^^^^^^^^^^^^^^^^^^^^^^^^^^^^^^^^^^^^^
[INFO] [stdout]     |     |
[INFO] [stdout]     |     Guard<'_, _>
[INFO] [stdout]     |     {integer}
[INFO] [stdout]     |
[INFO] [stdout] note: the foreign item type `Guard<'_, _>` doesn't implement `PartialEq<{integer}>`
[INFO] [stdout]    --> /opt/rustwide/workdir/src/receiver.rs:158:1
[INFO] [stdout]     |
[INFO] [stdout] 158 | pub struct Guard<'a, T> {
[INFO] [stdout]     | ^^^^^^^^^^^^^^^^^^^^^^^ not implement `PartialEq<{integer}>`
[INFO] [stdout]     = note: this error originates in the macro `assert_eq` (in Nightly builds, run with -Z macro-backtrace for more info)
[INFO] [stdout] 
[INFO] [stdout] error[E0369]: binary operation `==` cannot be applied to type `Guard<'_, _>`
[INFO] [stdout]    --> src/lib.rs:51:5
[INFO] [stdout]     |
[INFO] [stdout] 19  |     assert_eq!(rx2.recv().await.unwrap(), 20);
[INFO] [stdout]     |     ^^^^^^^^^^^^^^^^^^^^^^^^^^^^^^^^^^^^^^^^^
[INFO] [stdout]     |     |
[INFO] [stdout]     |     Guard<'_, _>
[INFO] [stdout]     |     {integer}
[INFO] [stdout]     |
[INFO] [stdout] note: the foreign item type `Guard<'_, _>` doesn't implement `PartialEq<{integer}>`
[INFO] [stdout]    --> /opt/rustwide/workdir/src/receiver.rs:158:1
[INFO] [stdout]     |
[INFO] [stdout] 158 | pub struct Guard<'a, T> {
[INFO] [stdout]     | ^^^^^^^^^^^^^^^^^^^^^^^ not implement `PartialEq<{integer}>`
[INFO] [stdout]     = note: this error originates in the macro `assert_eq` (in Nightly builds, run with -Z macro-backtrace for more info)
[INFO] [stdout] 
[INFO] [stdout] error: aborting due to 5 previous errors
[INFO] [stdout] 
[INFO] [stdout] For more information about this error, try `rustc --explain E0369`.
[INFO] [stdout] Couldn't compile the test.
[INFO] [stdout] 
[INFO] [stdout] failures:
[INFO] [stdout]     src/lib.rs - (line 34)
[INFO] [stdout] 
[INFO] [stdout] test result: FAILED. 0 passed; 1 failed; 0 ignored; 0 measured; 0 filtered out; finished in 0.12s
[INFO] [stdout] 
[INFO] [stderr] error: doctest failed, to rerun pass `--doc`
[INFO] running `Command { std: "docker" "inspect" "a52b26c65ef6690fb3a4950fe5123214db076c458fc94be7ded9b409d4ed61e4", kill_on_drop: false }`
[INFO] running `Command { std: "docker" "rm" "-f" "a52b26c65ef6690fb3a4950fe5123214db076c458fc94be7ded9b409d4ed61e4", kill_on_drop: false }`
[INFO] [stdout] a52b26c65ef6690fb3a4950fe5123214db076c458fc94be7ded9b409d4ed61e4
