[INFO] cloning repository https://github.com/Phaiax/TemperatureServer
[INFO] running `Command { std: "git" "-c" "credential.helper=" "-c" "credential.helper=/workspace/cargo-home/bin/git-credential-null" "clone" "--bare" "https://github.com/Phaiax/TemperatureServer" "/workspace/cache/git-repos/https%3A%2F%2Fgithub.com%2FPhaiax%2FTemperatureServer", kill_on_drop: false }`
[INFO] [stderr] Cloning into bare repository '/workspace/cache/git-repos/https%3A%2F%2Fgithub.com%2FPhaiax%2FTemperatureServer'...
[INFO] running `Command { std: "git" "rev-parse" "HEAD", kill_on_drop: false }`
[INFO] [stdout] 0807471ef8e850897d5120f2540e024b6ab2e4af
[INFO] testing Phaiax/TemperatureServer against 1.83.0 for beta-1.84.0-4-retry
[INFO] running `Command { std: "git" "clone" "/workspace/cache/git-repos/https%3A%2F%2Fgithub.com%2FPhaiax%2FTemperatureServer" "/workspace/builds/worker-7-tc1/source", kill_on_drop: false }`
[INFO] [stderr] Cloning into '/workspace/builds/worker-7-tc1/source'...
[INFO] [stderr] done.
[INFO] validating manifest of git repo https://github.com/Phaiax/TemperatureServer on toolchain 1.83.0
[INFO] running `Command { std: CARGO_HOME="/workspace/cargo-home" RUSTUP_HOME="/workspace/rustup-home" "/workspace/cargo-home/bin/cargo" "+1.83.0" "metadata" "--manifest-path" "Cargo.toml" "--no-deps", kill_on_drop: false }`
[INFO] started tweaking git repo https://github.com/Phaiax/TemperatureServer
[INFO] finished tweaking git repo https://github.com/Phaiax/TemperatureServer
[INFO] tweaked toml for git repo https://github.com/Phaiax/TemperatureServer written to /workspace/builds/worker-7-tc1/source/Cargo.toml
[INFO] crate git repo https://github.com/Phaiax/TemperatureServer already has a lockfile, it will not be regenerated
[INFO] running `Command { std: CARGO_HOME="/workspace/cargo-home" RUSTUP_HOME="/workspace/rustup-home" "/workspace/cargo-home/bin/cargo" "+1.83.0" "fetch" "--manifest-path" "Cargo.toml", kill_on_drop: false }`
[INFO] [stderr]     Updating crates.io index
[INFO] [stderr]  Downloading crates ...
[INFO] [stderr]   Downloaded serde_derive v1.0.24
[INFO] [stderr]   Downloaded futures-cpupool v0.1.7
[INFO] [stderr]   Downloaded futures v0.3.1
[INFO] [stderr]   Downloaded wincolor v1.0.2
[INFO] [stderr]   Downloaded futures-task v0.3.1
[INFO] [stderr]   Downloaded relay v0.1.0
[INFO] [stderr]   Downloaded signal-hook-registry v1.1.1
[INFO] [stderr]   Downloaded signal-hook v0.1.11
[INFO] [stderr]   Downloaded base64 v0.8.0
[INFO] [stderr]   Downloaded handlebars v0.29.1
[INFO] [stderr]   Downloaded serde_json v1.0.8
[INFO] [stderr]   Downloaded tokio-core v0.1.11
[INFO] [stderr]   Downloaded hyper v0.11.9
[INFO] [stderr]   Downloaded chrono v0.4.9
[INFO] [stderr]   Downloaded futures-channel v0.3.1
[INFO] [stderr]   Downloaded regex v0.2.3
[INFO] [stderr]   Downloaded async-std v1.0.1
[INFO] [stderr]   Downloaded tokio-signal v0.1.2
[INFO] [stderr]   Downloaded regex v1.0.3
[INFO] [stderr]   Downloaded serde v1.0.24
[INFO] [stderr]   Downloaded async-task v1.0.0
[INFO] [stderr]   Downloaded cc v1.0.3
[INFO] [stderr]   Downloaded backtrace v0.3.4
[INFO] [stderr]   Downloaded futures-core v0.3.1
[INFO] [stderr]   Downloaded futures-io v0.3.1
[INFO] [stderr]   Downloaded futures-util v0.3.1
[INFO] [stderr]   Downloaded bytes v0.4.5
[INFO] [stderr]   Downloaded async-attributes v1.1.1
[INFO] [stderr]   Downloaded async-macros v1.0.0
[INFO] [stderr]   Downloaded futures-timer v1.0.3
[INFO] [stderr]   Downloaded pin-project-lite v0.1.1
[INFO] [stderr]   Downloaded termcolor v1.0.5
[INFO] [stderr]   Downloaded futures-macro v0.3.1
[INFO] [stderr]   Downloaded rmp v0.8.7
[INFO] [stderr]   Downloaded iovec v0.1.1
[INFO] [stderr]   Downloaded tokio-inotify v0.3.0
[INFO] [stderr]   Downloaded kv-log-macro v1.0.4
[INFO] [stderr]   Downloaded redox_syscall v0.1.32
[INFO] [stderr]   Downloaded futures-executor v0.3.1
[INFO] [stderr]   Downloaded num-traits v0.1.41
[INFO] [stderr]   Downloaded serde_derive_internals v0.18.0
[INFO] [stderr]   Downloaded inotify v0.3.0
[INFO] [stderr]   Downloaded broadcaster v0.2.6
[INFO] [stderr]   Downloaded futures-sink v0.3.1
[INFO] running `Command { std: "docker" "create" "-v" "/var/lib/crater-agent-workspace/builds/worker-7-tc1/target:/opt/rustwide/target:rw,Z" "-v" "/var/lib/crater-agent-workspace/builds/worker-7-tc1/source:/opt/rustwide/workdir:ro,Z" "-v" "/var/lib/crater-agent-workspace/cargo-home:/opt/rustwide/cargo-home:ro,Z" "-v" "/var/lib/crater-agent-workspace/rustup-home:/opt/rustwide/rustup-home:ro,Z" "-e" "SOURCE_DIR=/opt/rustwide/workdir" "-e" "CARGO_TARGET_DIR=/opt/rustwide/target" "-e" "CARGO_HOME=/opt/rustwide/cargo-home" "-e" "RUSTUP_HOME=/opt/rustwide/rustup-home" "-w" "/opt/rustwide/workdir" "-m" "1610612736" "--user" "0:0" "--network" "none" "ghcr.io/rust-lang/crates-build-env/linux@sha256:f3a9d4ad9d972b27faf3965f35b62e55ba32bbce8f20bc8fe909558a86702fde" "/opt/rustwide/cargo-home/bin/cargo" "+1.83.0" "metadata" "--no-deps" "--format-version=1", kill_on_drop: false }`
[INFO] [stdout] 20abf54b3275c6c12b9c27db5c7bd30acdd95e4507bfa7c210dd5e99927145b3
[INFO] running `Command { std: "docker" "start" "-a" "20abf54b3275c6c12b9c27db5c7bd30acdd95e4507bfa7c210dd5e99927145b3", kill_on_drop: false }`
[INFO] running `Command { std: "docker" "inspect" "20abf54b3275c6c12b9c27db5c7bd30acdd95e4507bfa7c210dd5e99927145b3", kill_on_drop: false }`
[INFO] running `Command { std: "docker" "rm" "-f" "20abf54b3275c6c12b9c27db5c7bd30acdd95e4507bfa7c210dd5e99927145b3", kill_on_drop: false }`
[INFO] [stdout] 20abf54b3275c6c12b9c27db5c7bd30acdd95e4507bfa7c210dd5e99927145b3
[INFO] running `Command { std: "docker" "create" "-v" "/var/lib/crater-agent-workspace/builds/worker-7-tc1/target:/opt/rustwide/target:rw,Z" "-v" "/var/lib/crater-agent-workspace/builds/worker-7-tc1/source:/opt/rustwide/workdir:ro,Z" "-v" "/var/lib/crater-agent-workspace/cargo-home:/opt/rustwide/cargo-home:ro,Z" "-v" "/var/lib/crater-agent-workspace/rustup-home:/opt/rustwide/rustup-home:ro,Z" "-e" "SOURCE_DIR=/opt/rustwide/workdir" "-e" "CARGO_TARGET_DIR=/opt/rustwide/target" "-e" "CARGO_INCREMENTAL=0" "-e" "RUST_BACKTRACE=full" "-e" "RUSTFLAGS=--cap-lints=warn" "-e" "RUSTDOCFLAGS=--cap-lints=warn" "-e" "CARGO_HOME=/opt/rustwide/cargo-home" "-e" "RUSTUP_HOME=/opt/rustwide/rustup-home" "-w" "/opt/rustwide/workdir" "-m" "1610612736" "--user" "0:0" "--network" "none" "ghcr.io/rust-lang/crates-build-env/linux@sha256:f3a9d4ad9d972b27faf3965f35b62e55ba32bbce8f20bc8fe909558a86702fde" "/opt/rustwide/cargo-home/bin/cargo" "+1.83.0" "build" "--frozen" "--message-format=json", kill_on_drop: false }`
[INFO] [stdout] 1f51d93d5b2a7254ba15a8c3c8dddd67a312079c4c32e94e466e53cd5ed1e614
[INFO] running `Command { std: "docker" "start" "-a" "1f51d93d5b2a7254ba15a8c3c8dddd67a312079c4c32e94e466e53cd5ed1e614", kill_on_drop: false }`
[INFO] [stderr]    Compiling libc v0.2.65
[INFO] [stderr]    Compiling cfg-if v0.1.10
[INFO] [stderr]    Compiling autocfg v0.1.7
[INFO] [stderr]    Compiling semver-parser v0.7.0
[INFO] [stderr]    Compiling proc-macro2 v1.0.6
[INFO] [stderr]    Compiling slab v0.4.2
[INFO] [stderr]    Compiling unicode-xid v0.2.0
[INFO] [stderr]    Compiling log v0.4.8
[INFO] [stderr]    Compiling futures v0.1.29
[INFO] [stderr]    Compiling syn v1.0.8
[INFO] [stderr]    Compiling memchr v2.2.1
[INFO] [stderr]    Compiling semver v0.9.0
[INFO] [stderr]    Compiling byteorder v1.2.1
[INFO] [stderr]    Compiling rustc_version v0.2.3
[INFO] [stderr]    Compiling pin-utils v0.1.0-alpha.4
[INFO] [stderr]    Compiling maybe-uninit v2.0.0
[INFO] [stderr]    Compiling scopeguard v1.0.0
[INFO] [stderr]    Compiling futures-core-preview v0.3.0-alpha.19
[INFO] [stderr]    Compiling log v0.3.8
[INFO] [stderr]    Compiling parking_lot_core v0.6.2
[INFO] [stderr]    Compiling memoffset v0.5.3
[INFO] [stderr]    Compiling crossbeam-utils v0.7.0
[INFO] [stderr]    Compiling futures-core v0.3.1
[INFO] [stderr]    Compiling iovec v0.1.1
[INFO] [stderr]    Compiling net2 v0.2.31
[INFO] [stderr]    Compiling proc-macro-nested v0.1.3
[INFO] [stderr]    Compiling bytes v0.4.5
[INFO] [stderr]    Compiling cc v1.0.3
[INFO] [stderr]    Compiling quote v1.0.2
[INFO] [stderr]    Compiling aho-corasick v0.6.4
[INFO] [stderr]    Compiling mio v0.6.19
[INFO] [stderr]    Compiling smallvec v0.6.13
[INFO] [stderr]    Compiling parking_lot v0.9.0
[INFO] [stderr]    Compiling num-traits v0.2.9
[INFO] [stderr]    Compiling crossbeam-epoch v0.8.0
[INFO] [stderr]    Compiling thread_local v0.3.6
[INFO] [stderr]    Compiling tokio-io v0.1.4
[INFO] [stderr]    Compiling futures-io v0.3.1
[INFO] [stderr]    Compiling futures-sink-preview v0.3.0-alpha.19
[INFO] [stderr]    Compiling num-traits v0.1.41
[INFO] [stderr]    Compiling backtrace-sys v0.1.16
[INFO] [stderr]    Compiling version_check v0.1.3
[INFO] [stderr]    Compiling unicode-xid v0.0.4
[INFO] [stderr]    Compiling scoped-tls v0.1.0
[INFO] [stderr]    Compiling utf8-ranges v1.0.0
[INFO] [stderr]    Compiling futures-sink v0.3.1
[INFO] [stderr]    Compiling serde v1.0.24
[INFO] [stderr]    Compiling futures-channel v0.3.1
[INFO] [stderr]    Compiling unicase v2.1.0
[INFO] [stderr]    Compiling tokio-core v0.1.11
[INFO] [stderr]    Compiling synom v0.11.3
[INFO] [stderr]    Compiling num_cpus v1.11.1
[INFO] [stderr]    Compiling lock_api v0.3.1
[INFO] [stderr]    Compiling num-integer v0.1.41
[INFO] [stderr]    Compiling crossbeam-utils v0.6.6
[INFO] [stderr]    Compiling futures-task v0.3.1
[INFO] [stderr]    Compiling quick-error v1.2.1
[INFO] [stderr]    Compiling regex v1.0.3
[INFO] [stderr]    Compiling failure_derive v0.1.6
[INFO] [stderr]    Compiling quote v0.3.15
[INFO] [stderr]    Compiling syn v0.11.11
[INFO] [stderr]    Compiling mio-uds v0.6.7
[INFO] [stderr]    Compiling futures-util-preview v0.3.0-alpha.19
[INFO] [stderr]    Compiling futures-channel-preview v0.3.0-alpha.19
[INFO] [stderr]    Compiling time v0.1.42
[INFO] [stderr]    Compiling regex-syntax v0.6.12
[INFO] [stderr]    Compiling traitobject v0.1.0
[INFO] [stderr]    Compiling rustc-demangle v0.1.5
[INFO] [stderr]    Compiling unsafe-any v0.4.2
[INFO] [stderr]    Compiling serde_derive_internals v0.18.0
[INFO] [stderr]    Compiling crossbeam-deque v0.7.2
[INFO] [stderr]    Compiling async-task v1.0.0
[INFO] [stderr]    Compiling synstructure v0.12.3
[INFO] [stderr]    Compiling crossbeam-channel v0.3.9
[INFO] [stderr]    Compiling humantime v1.3.0
[INFO] [stderr]    Compiling futures-cpupool v0.1.7
[INFO] [stderr]    Compiling rmp v0.8.7
[INFO] [stderr]    Compiling tokio-service v0.1.0
[INFO] [stderr]    Compiling atty v0.2.13
[INFO] [stderr]    Compiling rand v0.3.18
[INFO] [stderr]    Compiling broadcaster v0.2.6
[INFO] [stderr]    Compiling async-macros v1.0.0
[INFO] [stderr]    Compiling futures-timer v1.0.3
[INFO] [stderr]    Compiling kv-log-macro v1.0.4
[INFO] [stderr]    Compiling regex-syntax v0.4.1
[INFO] [stderr]    Compiling safemem v0.2.0
[INFO] [stderr]    Compiling once_cell v1.2.0
[INFO] [stderr]    Compiling take v0.1.0
[INFO] [stderr]    Compiling slab v0.3.0
[INFO] [stderr]    Compiling dtoa v0.4.2
[INFO] [stderr]    Compiling smallvec v0.2.1
[INFO] [stderr]    Compiling pin-project-lite v0.1.1
[INFO] [stderr]    Compiling arc-swap v0.4.4
[INFO] [stderr]    Compiling itoa v0.3.4
[INFO] [stderr]    Compiling termcolor v1.0.5
[INFO] [stderr]    Compiling regex v0.2.3
[INFO] [stderr]    Compiling signal-hook-registry v1.1.1
[INFO] [stderr]    Compiling proc-macro-hack v0.5.11
[INFO] [stderr]    Compiling async-attributes v1.1.1
[INFO] [stderr]    Compiling env_logger v0.7.1
[INFO] [stderr]    Compiling serde_json v1.0.8
[INFO] [stderr]    Compiling async-std v1.0.1
[INFO] [stderr]    Compiling futures-macro v0.3.1
[INFO] [stderr]    Compiling tokio-proto v0.1.1
[INFO] [stderr]    Compiling base64 v0.8.0
[INFO] [stderr]    Compiling rmp-serde v0.13.7
[INFO] [stderr]    Compiling chrono v0.4.9
[INFO] [stderr]    Compiling futures-util v0.3.1
[INFO] [stderr]    Compiling serde_derive v1.0.24
[INFO] [stderr]    Compiling mime v0.3.5
[INFO] [stderr]    Compiling typemap v0.3.3
[INFO] [stderr]    Compiling relay v0.1.0
[INFO] [stderr]    Compiling inotify v0.3.0
[INFO] [stderr]    Compiling percent-encoding v1.0.1
[INFO] [stderr]    Compiling backtrace v0.3.4
[INFO] [stderr]    Compiling pest v0.3.3
[INFO] [stderr]    Compiling language-tags v0.2.2
[INFO] [stderr]    Compiling failure v0.1.6
[INFO] [stderr]    Compiling httparse v1.2.3
[INFO] [stderr]    Compiling lazy_static v0.2.11
[INFO] [stderr]    Compiling dotenv v0.15.0
[INFO] [stderr]    Compiling handlebars v0.29.1
[INFO] [stderr]    Compiling hyper v0.11.9
[INFO] [stderr]    Compiling tokio-inotify v0.3.0
[INFO] [stderr]    Compiling signal-hook v0.1.11
[INFO] [stderr]    Compiling tokio-signal v0.1.2
[INFO] [stderr]    Compiling futures-executor v0.3.1
[INFO] [stderr]    Compiling futures v0.3.1
[INFO] [stderr]    Compiling file_db v0.1.0 (/opt/rustwide/workdir/file_db)
[INFO] [stdout] warning: non-local `impl` definition, `impl` blocks should be written at the same level as their item
[INFO] [stdout]   --> file_db/src/timestamped.rs:17:10
[INFO] [stdout]    |
[INFO] [stdout] 17 | #[derive(Serialize, Deserialize, Clone)]
[INFO] [stdout]    |          -^^^^^^^^
[INFO] [stdout]    |          |
[INFO] [stdout]    |          `Timestamped` is not local
[INFO] [stdout]    |          `Serialize` is not local
[INFO] [stdout]    |          move the `impl` block outside of this constant `_IMPL_SERIALIZE_FOR_Timestamped`
[INFO] [stdout]    |
[INFO] [stdout]    = note: the derive macro `Serialize` defines the non-local `impl`, and may need to be changed
[INFO] [stdout]    = note: the derive macro `Serialize` may come from an old version of the `serde_derive` crate, try updating your dependency with `cargo update -p serde_derive`
[INFO] [stdout]    = note: an `impl` is never scoped, even when it is nested inside an item, as it may impact type checking outside of that item, which can be the case if neither the trait or the self type are at the same nesting level as the `impl`
[INFO] [stdout]    = note: items in an anonymous const item (`const _: () = { ... }`) are treated as in the same scope as the anonymous const's declaration for the purpose of this lint
[INFO] [stdout]    = note: `#[warn(non_local_definitions)]` on by default
[INFO] [stdout]    = note: this warning originates in the derive macro `Serialize` (in Nightly builds, run with -Z macro-backtrace for more info)
[INFO] [stdout] 
[INFO] [stdout] 
[INFO] [stdout] warning: non-local `impl` definition, `impl` blocks should be written at the same level as their item
[INFO] [stdout]   --> file_db/src/timestamped.rs:17:21
[INFO] [stdout]    |
[INFO] [stdout] 17 | #[derive(Serialize, Deserialize, Clone)]
[INFO] [stdout]    |                     -^^^^^^^^^^
[INFO] [stdout]    |                     |
[INFO] [stdout]    |                     `Timestamped` is not local
[INFO] [stdout]    |                     `Deserialize` is not local
[INFO] [stdout]    |                     move the `impl` block outside of this constant `_IMPL_DESERIALIZE_FOR_Timestamped`
[INFO] [stdout]    |
[INFO] [stdout]    = note: the derive macro `Deserialize` defines the non-local `impl`, and may need to be changed
[INFO] [stdout]    = note: the derive macro `Deserialize` may come from an old version of the `serde_derive` crate, try updating your dependency with `cargo update -p serde_derive`
[INFO] [stdout]    = note: an `impl` is never scoped, even when it is nested inside an item, as it may impact type checking outside of that item, which can be the case if neither the trait or the self type are at the same nesting level as the `impl`
[INFO] [stdout]    = note: items in an anonymous const item (`const _: () = { ... }`) are treated as in the same scope as the anonymous const's declaration for the purpose of this lint
[INFO] [stdout]    = note: this warning originates in the derive macro `Deserialize` (in Nightly builds, run with -Z macro-backtrace for more info)
[INFO] [stdout] 
[INFO] [stdout] 
[INFO] [stdout] warning: non-local `impl` definition, `impl` blocks should be written at the same level as their item
[INFO] [stdout]   --> file_db/src/timestamped.rs:61:61
[INFO] [stdout]    |
[INFO] [stdout] 61 | #[derive(Hash, Ord, PartialOrd, Eq, PartialEq, Copy, Clone, Serialize, Deserialize)]
[INFO] [stdout]    |                                                             ^^^^^^^^^
[INFO] [stdout]    |                                                             |
[INFO] [stdout]    |                                                             `NaiveDateWrapper` is not local
[INFO] [stdout]    |                                                             `Serialize` is not local
[INFO] [stdout]    |                                                             move the `impl` block outside of this constant `_IMPL_SERIALIZE_FOR_NaiveDateWrapper`
[INFO] [stdout]    |
[INFO] [stdout]    = note: the derive macro `Serialize` defines the non-local `impl`, and may need to be changed
[INFO] [stdout]    = note: the derive macro `Serialize` may come from an old version of the `serde_derive` crate, try updating your dependency with `cargo update -p serde_derive`
[INFO] [stdout]    = note: an `impl` is never scoped, even when it is nested inside an item, as it may impact type checking outside of that item, which can be the case if neither the trait or the self type are at the same nesting level as the `impl`
[INFO] [stdout]    = note: items in an anonymous const item (`const _: () = { ... }`) are treated as in the same scope as the anonymous const's declaration for the purpose of this lint
[INFO] [stdout]    = note: this warning originates in the derive macro `Serialize` (in Nightly builds, run with -Z macro-backtrace for more info)
[INFO] [stdout] 
[INFO] [stdout] 
[INFO] [stdout] warning: non-local `impl` definition, `impl` blocks should be written at the same level as their item
[INFO] [stdout]   --> file_db/src/timestamped.rs:61:72
[INFO] [stdout]    |
[INFO] [stdout] 61 | #[derive(Hash, Ord, PartialOrd, Eq, PartialEq, Copy, Clone, Serialize, Deserialize)]
[INFO] [stdout]    |                                                                        -^^^^^^^^^^
[INFO] [stdout]    |                                                                        |
[INFO] [stdout]    |                                                                        `NaiveDateWrapper` is not local
[INFO] [stdout]    |                                                                        `Deserialize` is not local
[INFO] [stdout]    |                                                                        move the `impl` block outside of this constant `_IMPL_DESERIALIZE_FOR_NaiveDateWrapper`
[INFO] [stdout]    |
[INFO] [stdout]    = note: the derive macro `Deserialize` defines the non-local `impl`, and may need to be changed
[INFO] [stdout]    = note: the derive macro `Deserialize` may come from an old version of the `serde_derive` crate, try updating your dependency with `cargo update -p serde_derive`
[INFO] [stdout]    = note: an `impl` is never scoped, even when it is nested inside an item, as it may impact type checking outside of that item, which can be the case if neither the trait or the self type are at the same nesting level as the `impl`
[INFO] [stdout]    = note: items in an anonymous const item (`const _: () = { ... }`) are treated as in the same scope as the anonymous const's declaration for the purpose of this lint
[INFO] [stdout]    = note: this warning originates in the derive macro `Deserialize` (in Nightly builds, run with -Z macro-backtrace for more info)
[INFO] [stdout] 
[INFO] [stdout] 
[INFO] [stderr]    Compiling server v0.1.0 (/opt/rustwide/workdir/server)
[INFO] [stdout] warning: non-local `impl` definition, `impl` blocks should be written at the same level as their item
[INFO] [stdout]    --> server/src/main.rs:233:17
[INFO] [stdout]     |
[INFO] [stdout] 233 | #[derive(Clone, Serialize, Deserialize)]
[INFO] [stdout]     |                 ^^^^^^^^^
[INFO] [stdout]     |                 |
[INFO] [stdout]     |                 `DataLogEntry` is not local
[INFO] [stdout]     |                 `Serialize` is not local
[INFO] [stdout]     |                 move the `impl` block outside of this constant `_IMPL_SERIALIZE_FOR_DataLogEntry`
[INFO] [stdout]     |
[INFO] [stdout]     = note: the derive macro `Serialize` defines the non-local `impl`, and may need to be changed
[INFO] [stdout]     = note: the derive macro `Serialize` may come from an old version of the `serde_derive` crate, try updating your dependency with `cargo update -p serde_derive`
[INFO] [stdout]     = note: an `impl` is never scoped, even when it is nested inside an item, as it may impact type checking outside of that item, which can be the case if neither the trait or the self type are at the same nesting level as the `impl`
[INFO] [stdout]     = note: items in an anonymous const item (`const _: () = { ... }`) are treated as in the same scope as the anonymous const's declaration for the purpose of this lint
[INFO] [stdout]     = note: `#[warn(non_local_definitions)]` on by default
[INFO] [stdout]     = note: this warning originates in the derive macro `Serialize` (in Nightly builds, run with -Z macro-backtrace for more info)
[INFO] [stdout] 
[INFO] [stdout] 
[INFO] [stdout] warning: non-local `impl` definition, `impl` blocks should be written at the same level as their item
[INFO] [stdout]    --> server/src/main.rs:233:28
[INFO] [stdout]     |
[INFO] [stdout] 233 | #[derive(Clone, Serialize, Deserialize)]
[INFO] [stdout]     |                            -^^^^^^^^^^
[INFO] [stdout]     |                            |
[INFO] [stdout]     |                            `DataLogEntry` is not local
[INFO] [stdout]     |                            `Deserialize` is not local
[INFO] [stdout]     |                            move the `impl` block outside of this constant `_IMPL_DESERIALIZE_FOR_DataLogEntry`
[INFO] [stdout]     |
[INFO] [stdout]     = note: the derive macro `Deserialize` defines the non-local `impl`, and may need to be changed
[INFO] [stdout]     = note: the derive macro `Deserialize` may come from an old version of the `serde_derive` crate, try updating your dependency with `cargo update -p serde_derive`
[INFO] [stdout]     = note: an `impl` is never scoped, even when it is nested inside an item, as it may impact type checking outside of that item, which can be the case if neither the trait or the self type are at the same nesting level as the `impl`
[INFO] [stdout]     = note: items in an anonymous const item (`const _: () = { ... }`) are treated as in the same scope as the anonymous const's declaration for the purpose of this lint
[INFO] [stdout]     = note: this warning originates in the derive macro `Deserialize` (in Nightly builds, run with -Z macro-backtrace for more info)
[INFO] [stdout] 
[INFO] [stdout] 
[INFO] [stdout] warning: non-local `impl` definition, `impl` blocks should be written at the same level as their item
[INFO] [stdout]   --> server/src/sensors.rs:24:30
[INFO] [stdout]    |
[INFO] [stdout] 24 | #[derive(Copy, Clone, Debug, Serialize, Deserialize, Default, Ord, PartialOrd, Eq, PartialEq)]
[INFO] [stdout]    |                              ^^^^^^^^^
[INFO] [stdout]    |                              |
[INFO] [stdout]    |                              `Temperature` is not local
[INFO] [stdout]    |                              `Serialize` is not local
[INFO] [stdout]    |                              move the `impl` block outside of this constant `_IMPL_SERIALIZE_FOR_Temperature`
[INFO] [stdout]    |
[INFO] [stdout]    = note: the derive macro `Serialize` defines the non-local `impl`, and may need to be changed
[INFO] [stdout]    = note: the derive macro `Serialize` may come from an old version of the `serde_derive` crate, try updating your dependency with `cargo update -p serde_derive`
[INFO] [stdout]    = note: an `impl` is never scoped, even when it is nested inside an item, as it may impact type checking outside of that item, which can be the case if neither the trait or the self type are at the same nesting level as the `impl`
[INFO] [stdout]    = note: items in an anonymous const item (`const _: () = { ... }`) are treated as in the same scope as the anonymous const's declaration for the purpose of this lint
[INFO] [stdout]    = note: this warning originates in the derive macro `Serialize` (in Nightly builds, run with -Z macro-backtrace for more info)
[INFO] [stdout] 
[INFO] [stdout] 
[INFO] [stdout] warning: non-local `impl` definition, `impl` blocks should be written at the same level as their item
[INFO] [stdout]   --> server/src/sensors.rs:24:41
[INFO] [stdout]    |
[INFO] [stdout] 24 | #[derive(Copy, Clone, Debug, Serialize, Deserialize, Default, Ord, PartialOrd, Eq, PartialEq)]
[INFO] [stdout]    |                                         -^^^^^^^^^^
[INFO] [stdout]    |                                         |
[INFO] [stdout]    |                                         `Temperature` is not local
[INFO] [stdout]    |                                         `Deserialize` is not local
[INFO] [stdout]    |                                         move the `impl` block outside of this constant `_IMPL_DESERIALIZE_FOR_Temperature`
[INFO] [stdout]    |
[INFO] [stdout]    = note: the derive macro `Deserialize` defines the non-local `impl`, and may need to be changed
[INFO] [stdout]    = note: the derive macro `Deserialize` may come from an old version of the `serde_derive` crate, try updating your dependency with `cargo update -p serde_derive`
[INFO] [stdout]    = note: an `impl` is never scoped, even when it is nested inside an item, as it may impact type checking outside of that item, which can be the case if neither the trait or the self type are at the same nesting level as the `impl`
[INFO] [stdout]    = note: items in an anonymous const item (`const _: () = { ... }`) are treated as in the same scope as the anonymous const's declaration for the purpose of this lint
[INFO] [stdout]    = note: this warning originates in the derive macro `Deserialize` (in Nightly builds, run with -Z macro-backtrace for more info)
[INFO] [stdout] 
[INFO] [stdout] 
[INFO] [stdout] warning: non-local `impl` definition, `impl` blocks should be written at the same level as their item
[INFO] [stdout]    --> server/src/web.rs:280:22
[INFO] [stdout]     |
[INFO] [stdout] 280 |             #[derive(Serialize)]
[INFO] [stdout]     |                      ^^^^^^^^^
[INFO] [stdout]     |                      |
[INFO] [stdout]     |                      `Current` is not local
[INFO] [stdout]     |                      `Serialize` is not local
[INFO] [stdout]     |                      move the `impl` block outside of this constant `_IMPL_SERIALIZE_FOR_Current` and up 3 bodies
[INFO] [stdout]     |
[INFO] [stdout]     = note: the derive macro `Serialize` defines the non-local `impl`, and may need to be changed
[INFO] [stdout]     = note: the derive macro `Serialize` may come from an old version of the `serde_derive` crate, try updating your dependency with `cargo update -p serde_derive`
[INFO] [stdout]     = note: an `impl` is never scoped, even when it is nested inside an item, as it may impact type checking outside of that item, which can be the case if neither the trait or the self type are at the same nesting level as the `impl`
[INFO] [stdout]     = note: items in an anonymous const item (`const _: () = { ... }`) are treated as in the same scope as the anonymous const's declaration for the purpose of this lint
[INFO] [stdout]     = note: this warning originates in the derive macro `Serialize` (in Nightly builds, run with -Z macro-backtrace for more info)
[INFO] [stdout] 
[INFO] [stdout] 
[INFO] [stdout] warning: non-local `impl` definition, `impl` blocks should be written at the same level as their item
[INFO] [stdout]    --> server/src/web.rs:405:10
[INFO] [stdout]     |
[INFO] [stdout] 405 | #[derive(Serialize, Deserialize, Clone)]
[INFO] [stdout]     |          ^^^^^^^^^
[INFO] [stdout]     |          |
[INFO] [stdout]     |          `JsData` is not local
[INFO] [stdout]     |          `Serialize` is not local
[INFO] [stdout]     |          move the `impl` block outside of this constant `_IMPL_SERIALIZE_FOR_JsData`
[INFO] [stdout]     |
[INFO] [stdout]     = note: the derive macro `Serialize` defines the non-local `impl`, and may need to be changed
[INFO] [stdout]     = note: the derive macro `Serialize` may come from an old version of the `serde_derive` crate, try updating your dependency with `cargo update -p serde_derive`
[INFO] [stdout]     = note: an `impl` is never scoped, even when it is nested inside an item, as it may impact type checking outside of that item, which can be the case if neither the trait or the self type are at the same nesting level as the `impl`
[INFO] [stdout]     = note: items in an anonymous const item (`const _: () = { ... }`) are treated as in the same scope as the anonymous const's declaration for the purpose of this lint
[INFO] [stdout]     = note: this warning originates in the derive macro `Serialize` (in Nightly builds, run with -Z macro-backtrace for more info)
[INFO] [stdout] 
[INFO] [stdout] 
[INFO] [stdout] warning: non-local `impl` definition, `impl` blocks should be written at the same level as their item
[INFO] [stdout]    --> server/src/web.rs:405:21
[INFO] [stdout]     |
[INFO] [stdout] 405 | #[derive(Serialize, Deserialize, Clone)]
[INFO] [stdout]     |                     -^^^^^^^^^^
[INFO] [stdout]     |                     |
[INFO] [stdout]     |                     `JsData` is not local
[INFO] [stdout]     |                     `Deserialize` is not local
[INFO] [stdout]     |                     move the `impl` block outside of this constant `_IMPL_DESERIALIZE_FOR_JsData`
[INFO] [stdout]     |
[INFO] [stdout]     = note: the derive macro `Deserialize` defines the non-local `impl`, and may need to be changed
[INFO] [stdout]     = note: the derive macro `Deserialize` may come from an old version of the `serde_derive` crate, try updating your dependency with `cargo update -p serde_derive`
[INFO] [stdout]     = note: an `impl` is never scoped, even when it is nested inside an item, as it may impact type checking outside of that item, which can be the case if neither the trait or the self type are at the same nesting level as the `impl`
[INFO] [stdout]     = note: items in an anonymous const item (`const _: () = { ... }`) are treated as in the same scope as the anonymous const's declaration for the purpose of this lint
[INFO] [stdout]     = note: this warning originates in the derive macro `Deserialize` (in Nightly builds, run with -Z macro-backtrace for more info)
[INFO] [stdout] 
[INFO] [stdout] 
[INFO] [stderr]     Finished `dev` profile [unoptimized + debuginfo] target(s) in 1m 25s
[INFO] [stderr] warning: the following packages contain code that will be rejected by a future version of Rust: traitobject v0.1.0, typemap v0.3.3
[INFO] [stderr] note: to see what the problems were, use the option `--future-incompat-report`, or run `cargo report future-incompatibilities --id 2`
[INFO] running `Command { std: "docker" "inspect" "1f51d93d5b2a7254ba15a8c3c8dddd67a312079c4c32e94e466e53cd5ed1e614", kill_on_drop: false }`
[INFO] running `Command { std: "docker" "rm" "-f" "1f51d93d5b2a7254ba15a8c3c8dddd67a312079c4c32e94e466e53cd5ed1e614", kill_on_drop: false }`
[INFO] [stdout] 1f51d93d5b2a7254ba15a8c3c8dddd67a312079c4c32e94e466e53cd5ed1e614
[INFO] running `Command { std: "docker" "create" "-v" "/var/lib/crater-agent-workspace/builds/worker-7-tc1/target:/opt/rustwide/target:rw,Z" "-v" "/var/lib/crater-agent-workspace/builds/worker-7-tc1/source:/opt/rustwide/workdir:ro,Z" "-v" "/var/lib/crater-agent-workspace/cargo-home:/opt/rustwide/cargo-home:ro,Z" "-v" "/var/lib/crater-agent-workspace/rustup-home:/opt/rustwide/rustup-home:ro,Z" "-e" "SOURCE_DIR=/opt/rustwide/workdir" "-e" "CARGO_TARGET_DIR=/opt/rustwide/target" "-e" "CARGO_INCREMENTAL=0" "-e" "RUST_BACKTRACE=full" "-e" "RUSTFLAGS=--cap-lints=warn" "-e" "RUSTDOCFLAGS=--cap-lints=warn" "-e" "CARGO_HOME=/opt/rustwide/cargo-home" "-e" "RUSTUP_HOME=/opt/rustwide/rustup-home" "-w" "/opt/rustwide/workdir" "-m" "1610612736" "--user" "0:0" "--network" "none" "ghcr.io/rust-lang/crates-build-env/linux@sha256:f3a9d4ad9d972b27faf3965f35b62e55ba32bbce8f20bc8fe909558a86702fde" "/opt/rustwide/cargo-home/bin/cargo" "+1.83.0" "test" "--frozen" "--no-run" "--message-format=json", kill_on_drop: false }`
[INFO] [stdout] f6d0baf03465154730e2221fc506a5926357a65c6399b409507cc06f1e6758fc
[INFO] running `Command { std: "docker" "start" "-a" "f6d0baf03465154730e2221fc506a5926357a65c6399b409507cc06f1e6758fc", kill_on_drop: false }`
[INFO] [stderr]    Compiling file_db v0.1.0 (/opt/rustwide/workdir/file_db)
[INFO] [stderr]    Compiling server v0.1.0 (/opt/rustwide/workdir/server)
[INFO] [stdout] warning: non-local `impl` definition, `impl` blocks should be written at the same level as their item
[INFO] [stdout]   --> file_db/src/timestamped.rs:17:10
[INFO] [stdout]    |
[INFO] [stdout] 17 | #[derive(Serialize, Deserialize, Clone)]
[INFO] [stdout]    |          -^^^^^^^^
[INFO] [stdout]    |          |
[INFO] [stdout]    |          `Timestamped` is not local
[INFO] [stdout]    |          `Serialize` is not local
[INFO] [stdout]    |          move the `impl` block outside of this constant `_IMPL_SERIALIZE_FOR_Timestamped`
[INFO] [stdout]    |
[INFO] [stdout]    = note: the derive macro `Serialize` defines the non-local `impl`, and may need to be changed
[INFO] [stdout]    = note: the derive macro `Serialize` may come from an old version of the `serde_derive` crate, try updating your dependency with `cargo update -p serde_derive`
[INFO] [stdout]    = note: an `impl` is never scoped, even when it is nested inside an item, as it may impact type checking outside of that item, which can be the case if neither the trait or the self type are at the same nesting level as the `impl`
[INFO] [stdout]    = note: items in an anonymous const item (`const _: () = { ... }`) are treated as in the same scope as the anonymous const's declaration for the purpose of this lint
[INFO] [stdout]    = note: `#[warn(non_local_definitions)]` on by default
[INFO] [stdout]    = note: this warning originates in the derive macro `Serialize` (in Nightly builds, run with -Z macro-backtrace for more info)
[INFO] [stdout] 
[INFO] [stdout] 
[INFO] [stdout] warning: non-local `impl` definition, `impl` blocks should be written at the same level as their item
[INFO] [stdout]   --> file_db/src/timestamped.rs:17:21
[INFO] [stdout]    |
[INFO] [stdout] 17 | #[derive(Serialize, Deserialize, Clone)]
[INFO] [stdout]    |                     -^^^^^^^^^^
[INFO] [stdout]    |                     |
[INFO] [stdout]    |                     `Timestamped` is not local
[INFO] [stdout]    |                     `Deserialize` is not local
[INFO] [stdout]    |                     move the `impl` block outside of this constant `_IMPL_DESERIALIZE_FOR_Timestamped`
[INFO] [stdout]    |
[INFO] [stdout]    = note: the derive macro `Deserialize` defines the non-local `impl`, and may need to be changed
[INFO] [stdout]    = note: the derive macro `Deserialize` may come from an old version of the `serde_derive` crate, try updating your dependency with `cargo update -p serde_derive`
[INFO] [stdout]    = note: an `impl` is never scoped, even when it is nested inside an item, as it may impact type checking outside of that item, which can be the case if neither the trait or the self type are at the same nesting level as the `impl`
[INFO] [stdout]    = note: items in an anonymous const item (`const _: () = { ... }`) are treated as in the same scope as the anonymous const's declaration for the purpose of this lint
[INFO] [stdout]    = note: this warning originates in the derive macro `Deserialize` (in Nightly builds, run with -Z macro-backtrace for more info)
[INFO] [stdout] 
[INFO] [stdout] 
[INFO] [stdout] warning: non-local `impl` definition, `impl` blocks should be written at the same level as their item
[INFO] [stdout]   --> file_db/src/timestamped.rs:61:61
[INFO] [stdout]    |
[INFO] [stdout] 61 | #[derive(Hash, Ord, PartialOrd, Eq, PartialEq, Copy, Clone, Serialize, Deserialize)]
[INFO] [stdout]    |                                                             ^^^^^^^^^
[INFO] [stdout]    |                                                             |
[INFO] [stdout]    |                                                             `NaiveDateWrapper` is not local
[INFO] [stdout]    |                                                             `Serialize` is not local
[INFO] [stdout]    |                                                             move the `impl` block outside of this constant `_IMPL_SERIALIZE_FOR_NaiveDateWrapper`
[INFO] [stdout]    |
[INFO] [stdout]    = note: the derive macro `Serialize` defines the non-local `impl`, and may need to be changed
[INFO] [stdout]    = note: the derive macro `Serialize` may come from an old version of the `serde_derive` crate, try updating your dependency with `cargo update -p serde_derive`
[INFO] [stdout]    = note: an `impl` is never scoped, even when it is nested inside an item, as it may impact type checking outside of that item, which can be the case if neither the trait or the self type are at the same nesting level as the `impl`
[INFO] [stdout]    = note: items in an anonymous const item (`const _: () = { ... }`) are treated as in the same scope as the anonymous const's declaration for the purpose of this lint
[INFO] [stdout]    = note: this warning originates in the derive macro `Serialize` (in Nightly builds, run with -Z macro-backtrace for more info)
[INFO] [stdout] 
[INFO] [stdout] 
[INFO] [stdout] warning: non-local `impl` definition, `impl` blocks should be written at the same level as their item
[INFO] [stdout]   --> file_db/src/timestamped.rs:61:72
[INFO] [stdout]    |
[INFO] [stdout] 61 | #[derive(Hash, Ord, PartialOrd, Eq, PartialEq, Copy, Clone, Serialize, Deserialize)]
[INFO] [stdout]    |                                                                        -^^^^^^^^^^
[INFO] [stdout]    |                                                                        |
[INFO] [stdout]    |                                                                        `NaiveDateWrapper` is not local
[INFO] [stdout]    |                                                                        `Deserialize` is not local
[INFO] [stdout]    |                                                                        move the `impl` block outside of this constant `_IMPL_DESERIALIZE_FOR_NaiveDateWrapper`
[INFO] [stdout]    |
[INFO] [stdout]    = note: the derive macro `Deserialize` defines the non-local `impl`, and may need to be changed
[INFO] [stdout]    = note: the derive macro `Deserialize` may come from an old version of the `serde_derive` crate, try updating your dependency with `cargo update -p serde_derive`
[INFO] [stdout]    = note: an `impl` is never scoped, even when it is nested inside an item, as it may impact type checking outside of that item, which can be the case if neither the trait or the self type are at the same nesting level as the `impl`
[INFO] [stdout]    = note: items in an anonymous const item (`const _: () = { ... }`) are treated as in the same scope as the anonymous const's declaration for the purpose of this lint
[INFO] [stdout]    = note: this warning originates in the derive macro `Deserialize` (in Nightly builds, run with -Z macro-backtrace for more info)
[INFO] [stdout] 
[INFO] [stdout] 
[INFO] [stdout] warning: non-local `impl` definition, `impl` blocks should be written at the same level as their item
[INFO] [stdout]   --> file_db/src/timestamped.rs:17:10
[INFO] [stdout]    |
[INFO] [stdout] 17 | #[derive(Serialize, Deserialize, Clone)]
[INFO] [stdout]    |          -^^^^^^^^
[INFO] [stdout]    |          |
[INFO] [stdout]    |          `Timestamped` is not local
[INFO] [stdout]    |          `Serialize` is not local
[INFO] [stdout]    |          move the `impl` block outside of this constant `_IMPL_SERIALIZE_FOR_Timestamped`
[INFO] [stdout]    |
[INFO] [stdout]    = note: the derive macro `Serialize` defines the non-local `impl`, and may need to be changed
[INFO] [stdout]    = note: the derive macro `Serialize` may come from an old version of the `serde_derive` crate, try updating your dependency with `cargo update -p serde_derive`
[INFO] [stdout]    = note: an `impl` is never scoped, even when it is nested inside an item, as it may impact type checking outside of that item, which can be the case if neither the trait or the self type are at the same nesting level as the `impl`
[INFO] [stdout]    = note: items in an anonymous const item (`const _: () = { ... }`) are treated as in the same scope as the anonymous const's declaration for the purpose of this lint
[INFO] [stdout]    = note: `#[warn(non_local_definitions)]` on by default
[INFO] [stdout]    = note: this warning originates in the derive macro `Serialize` (in Nightly builds, run with -Z macro-backtrace for more info)
[INFO] [stdout] 
[INFO] [stdout] 
[INFO] [stdout] warning: non-local `impl` definition, `impl` blocks should be written at the same level as their item
[INFO] [stdout]   --> file_db/src/timestamped.rs:17:21
[INFO] [stdout]    |
[INFO] [stdout] 17 | #[derive(Serialize, Deserialize, Clone)]
[INFO] [stdout]    |                     -^^^^^^^^^^
[INFO] [stdout]    |                     |
[INFO] [stdout]    |                     `Timestamped` is not local
[INFO] [stdout]    |                     `Deserialize` is not local
[INFO] [stdout]    |                     move the `impl` block outside of this constant `_IMPL_DESERIALIZE_FOR_Timestamped`
[INFO] [stdout]    |
[INFO] [stdout]    = note: the derive macro `Deserialize` defines the non-local `impl`, and may need to be changed
[INFO] [stdout]    = note: the derive macro `Deserialize` may come from an old version of the `serde_derive` crate, try updating your dependency with `cargo update -p serde_derive`
[INFO] [stdout]    = note: an `impl` is never scoped, even when it is nested inside an item, as it may impact type checking outside of that item, which can be the case if neither the trait or the self type are at the same nesting level as the `impl`
[INFO] [stdout]    = note: items in an anonymous const item (`const _: () = { ... }`) are treated as in the same scope as the anonymous const's declaration for the purpose of this lint
[INFO] [stdout]    = note: this warning originates in the derive macro `Deserialize` (in Nightly builds, run with -Z macro-backtrace for more info)
[INFO] [stdout] 
[INFO] [stdout] 
[INFO] [stdout] warning: non-local `impl` definition, `impl` blocks should be written at the same level as their item
[INFO] [stdout]   --> file_db/src/timestamped.rs:61:61
[INFO] [stdout]    |
[INFO] [stdout] 61 | #[derive(Hash, Ord, PartialOrd, Eq, PartialEq, Copy, Clone, Serialize, Deserialize)]
[INFO] [stdout]    |                                                             ^^^^^^^^^
[INFO] [stdout]    |                                                             |
[INFO] [stdout]    |                                                             `NaiveDateWrapper` is not local
[INFO] [stdout]    |                                                             `Serialize` is not local
[INFO] [stdout]    |                                                             move the `impl` block outside of this constant `_IMPL_SERIALIZE_FOR_NaiveDateWrapper`
[INFO] [stdout]    |
[INFO] [stdout]    = note: the derive macro `Serialize` defines the non-local `impl`, and may need to be changed
[INFO] [stdout]    = note: the derive macro `Serialize` may come from an old version of the `serde_derive` crate, try updating your dependency with `cargo update -p serde_derive`
[INFO] [stdout]    = note: an `impl` is never scoped, even when it is nested inside an item, as it may impact type checking outside of that item, which can be the case if neither the trait or the self type are at the same nesting level as the `impl`
[INFO] [stdout]    = note: items in an anonymous const item (`const _: () = { ... }`) are treated as in the same scope as the anonymous const's declaration for the purpose of this lint
[INFO] [stdout]    = note: this warning originates in the derive macro `Serialize` (in Nightly builds, run with -Z macro-backtrace for more info)
[INFO] [stdout] 
[INFO] [stdout] 
[INFO] [stdout] warning: non-local `impl` definition, `impl` blocks should be written at the same level as their item
[INFO] [stdout]   --> file_db/src/timestamped.rs:61:72
[INFO] [stdout]    |
[INFO] [stdout] 61 | #[derive(Hash, Ord, PartialOrd, Eq, PartialEq, Copy, Clone, Serialize, Deserialize)]
[INFO] [stdout]    |                                                                        -^^^^^^^^^^
[INFO] [stdout]    |                                                                        |
[INFO] [stdout]    |                                                                        `NaiveDateWrapper` is not local
[INFO] [stdout]    |                                                                        `Deserialize` is not local
[INFO] [stdout]    |                                                                        move the `impl` block outside of this constant `_IMPL_DESERIALIZE_FOR_NaiveDateWrapper`
[INFO] [stdout]    |
[INFO] [stdout]    = note: the derive macro `Deserialize` defines the non-local `impl`, and may need to be changed
[INFO] [stdout]    = note: the derive macro `Deserialize` may come from an old version of the `serde_derive` crate, try updating your dependency with `cargo update -p serde_derive`
[INFO] [stdout]    = note: an `impl` is never scoped, even when it is nested inside an item, as it may impact type checking outside of that item, which can be the case if neither the trait or the self type are at the same nesting level as the `impl`
[INFO] [stdout]    = note: items in an anonymous const item (`const _: () = { ... }`) are treated as in the same scope as the anonymous const's declaration for the purpose of this lint
[INFO] [stdout]    = note: this warning originates in the derive macro `Deserialize` (in Nightly builds, run with -Z macro-backtrace for more info)
[INFO] [stdout] 
[INFO] [stdout] 
[INFO] [stdout] warning: non-local `impl` definition, `impl` blocks should be written at the same level as their item
[INFO] [stdout]   --> file_db/src/lib.rs:55:14
[INFO] [stdout]    |
[INFO] [stdout] 55 |     #[derive(Serialize, Deserialize, Clone)]
[INFO] [stdout]    |              ^^^^^^^^^
[INFO] [stdout]    |              |
[INFO] [stdout]    |              `TestData` is not local
[INFO] [stdout]    |              `Serialize` is not local
[INFO] [stdout]    |              move the `impl` block outside of this constant `_IMPL_SERIALIZE_FOR_TestData`
[INFO] [stdout]    |
[INFO] [stdout]    = note: the derive macro `Serialize` defines the non-local `impl`, and may need to be changed
[INFO] [stdout]    = note: the derive macro `Serialize` may come from an old version of the `serde_derive` crate, try updating your dependency with `cargo update -p serde_derive`
[INFO] [stdout]    = note: an `impl` is never scoped, even when it is nested inside an item, as it may impact type checking outside of that item, which can be the case if neither the trait or the self type are at the same nesting level as the `impl`
[INFO] [stdout]    = note: items in an anonymous const item (`const _: () = { ... }`) are treated as in the same scope as the anonymous const's declaration for the purpose of this lint
[INFO] [stdout]    = note: this warning originates in the derive macro `Serialize` (in Nightly builds, run with -Z macro-backtrace for more info)
[INFO] [stdout] 
[INFO] [stdout] 
[INFO] [stdout] warning: non-local `impl` definition, `impl` blocks should be written at the same level as their item
[INFO] [stdout]   --> file_db/src/lib.rs:55:25
[INFO] [stdout]    |
[INFO] [stdout] 55 |     #[derive(Serialize, Deserialize, Clone)]
[INFO] [stdout]    |                         -^^^^^^^^^^
[INFO] [stdout]    |                         |
[INFO] [stdout]    |                         `TestData` is not local
[INFO] [stdout]    |                         `Deserialize` is not local
[INFO] [stdout]    |                         move the `impl` block outside of this constant `_IMPL_DESERIALIZE_FOR_TestData`
[INFO] [stdout]    |
[INFO] [stdout]    = note: the derive macro `Deserialize` defines the non-local `impl`, and may need to be changed
[INFO] [stdout]    = note: the derive macro `Deserialize` may come from an old version of the `serde_derive` crate, try updating your dependency with `cargo update -p serde_derive`
[INFO] [stdout]    = note: an `impl` is never scoped, even when it is nested inside an item, as it may impact type checking outside of that item, which can be the case if neither the trait or the self type are at the same nesting level as the `impl`
[INFO] [stdout]    = note: items in an anonymous const item (`const _: () = { ... }`) are treated as in the same scope as the anonymous const's declaration for the purpose of this lint
[INFO] [stdout]    = note: this warning originates in the derive macro `Deserialize` (in Nightly builds, run with -Z macro-backtrace for more info)
[INFO] [stdout] 
[INFO] [stdout] 
[INFO] [stdout] warning: non-local `impl` definition, `impl` blocks should be written at the same level as their item
[INFO] [stdout]    --> server/src/main.rs:233:17
[INFO] [stdout]     |
[INFO] [stdout] 233 | #[derive(Clone, Serialize, Deserialize)]
[INFO] [stdout]     |                 ^^^^^^^^^
[INFO] [stdout]     |                 |
[INFO] [stdout]     |                 `DataLogEntry` is not local
[INFO] [stdout]     |                 `Serialize` is not local
[INFO] [stdout]     |                 move the `impl` block outside of this constant `_IMPL_SERIALIZE_FOR_DataLogEntry`
[INFO] [stdout]     |
[INFO] [stdout]     = note: the derive macro `Serialize` defines the non-local `impl`, and may need to be changed
[INFO] [stdout]     = note: the derive macro `Serialize` may come from an old version of the `serde_derive` crate, try updating your dependency with `cargo update -p serde_derive`
[INFO] [stdout]     = note: an `impl` is never scoped, even when it is nested inside an item, as it may impact type checking outside of that item, which can be the case if neither the trait or the self type are at the same nesting level as the `impl`
[INFO] [stdout]     = note: items in an anonymous const item (`const _: () = { ... }`) are treated as in the same scope as the anonymous const's declaration for the purpose of this lint
[INFO] [stdout]     = note: `#[warn(non_local_definitions)]` on by default
[INFO] [stdout]     = note: this warning originates in the derive macro `Serialize` (in Nightly builds, run with -Z macro-backtrace for more info)
[INFO] [stdout] 
[INFO] [stdout] 
[INFO] [stdout] warning: non-local `impl` definition, `impl` blocks should be written at the same level as their item
[INFO] [stdout]    --> server/src/main.rs:233:28
[INFO] [stdout]     |
[INFO] [stdout] 233 | #[derive(Clone, Serialize, Deserialize)]
[INFO] [stdout]     |                            -^^^^^^^^^^
[INFO] [stdout]     |                            |
[INFO] [stdout]     |                            `DataLogEntry` is not local
[INFO] [stdout]     |                            `Deserialize` is not local
[INFO] [stdout]     |                            move the `impl` block outside of this constant `_IMPL_DESERIALIZE_FOR_DataLogEntry`
[INFO] [stdout]     |
[INFO] [stdout]     = note: the derive macro `Deserialize` defines the non-local `impl`, and may need to be changed
[INFO] [stdout]     = note: the derive macro `Deserialize` may come from an old version of the `serde_derive` crate, try updating your dependency with `cargo update -p serde_derive`
[INFO] [stdout]     = note: an `impl` is never scoped, even when it is nested inside an item, as it may impact type checking outside of that item, which can be the case if neither the trait or the self type are at the same nesting level as the `impl`
[INFO] [stdout]     = note: items in an anonymous const item (`const _: () = { ... }`) are treated as in the same scope as the anonymous const's declaration for the purpose of this lint
[INFO] [stdout]     = note: this warning originates in the derive macro `Deserialize` (in Nightly builds, run with -Z macro-backtrace for more info)
[INFO] [stdout] 
[INFO] [stdout] 
[INFO] [stdout] warning: non-local `impl` definition, `impl` blocks should be written at the same level as their item
[INFO] [stdout]   --> server/src/sensors.rs:24:30
[INFO] [stdout]    |
[INFO] [stdout] 24 | #[derive(Copy, Clone, Debug, Serialize, Deserialize, Default, Ord, PartialOrd, Eq, PartialEq)]
[INFO] [stdout]    |                              ^^^^^^^^^
[INFO] [stdout]    |                              |
[INFO] [stdout]    |                              `Temperature` is not local
[INFO] [stdout]    |                              `Serialize` is not local
[INFO] [stdout]    |                              move the `impl` block outside of this constant `_IMPL_SERIALIZE_FOR_Temperature`
[INFO] [stdout]    |
[INFO] [stdout]    = note: the derive macro `Serialize` defines the non-local `impl`, and may need to be changed
[INFO] [stdout]    = note: the derive macro `Serialize` may come from an old version of the `serde_derive` crate, try updating your dependency with `cargo update -p serde_derive`
[INFO] [stdout]    = note: an `impl` is never scoped, even when it is nested inside an item, as it may impact type checking outside of that item, which can be the case if neither the trait or the self type are at the same nesting level as the `impl`
[INFO] [stdout]    = note: items in an anonymous const item (`const _: () = { ... }`) are treated as in the same scope as the anonymous const's declaration for the purpose of this lint
[INFO] [stdout]    = note: this warning originates in the derive macro `Serialize` (in Nightly builds, run with -Z macro-backtrace for more info)
[INFO] [stdout] 
[INFO] [stdout] 
[INFO] [stdout] warning: non-local `impl` definition, `impl` blocks should be written at the same level as their item
[INFO] [stdout]   --> server/src/sensors.rs:24:41
[INFO] [stdout]    |
[INFO] [stdout] 24 | #[derive(Copy, Clone, Debug, Serialize, Deserialize, Default, Ord, PartialOrd, Eq, PartialEq)]
[INFO] [stdout]    |                                         -^^^^^^^^^^
[INFO] [stdout]    |                                         |
[INFO] [stdout]    |                                         `Temperature` is not local
[INFO] [stdout]    |                                         `Deserialize` is not local
[INFO] [stdout]    |                                         move the `impl` block outside of this constant `_IMPL_DESERIALIZE_FOR_Temperature`
[INFO] [stdout]    |
[INFO] [stdout]    = note: the derive macro `Deserialize` defines the non-local `impl`, and may need to be changed
[INFO] [stdout]    = note: the derive macro `Deserialize` may come from an old version of the `serde_derive` crate, try updating your dependency with `cargo update -p serde_derive`
[INFO] [stdout]    = note: an `impl` is never scoped, even when it is nested inside an item, as it may impact type checking outside of that item, which can be the case if neither the trait or the self type are at the same nesting level as the `impl`
[INFO] [stdout]    = note: items in an anonymous const item (`const _: () = { ... }`) are treated as in the same scope as the anonymous const's declaration for the purpose of this lint
[INFO] [stdout]    = note: this warning originates in the derive macro `Deserialize` (in Nightly builds, run with -Z macro-backtrace for more info)
[INFO] [stdout] 
[INFO] [stdout] 
[INFO] [stdout] warning: non-local `impl` definition, `impl` blocks should be written at the same level as their item
[INFO] [stdout]    --> server/src/web.rs:280:22
[INFO] [stdout]     |
[INFO] [stdout] 280 |             #[derive(Serialize)]
[INFO] [stdout]     |                      ^^^^^^^^^
[INFO] [stdout]     |                      |
[INFO] [stdout]     |                      `Current` is not local
[INFO] [stdout]     |                      `Serialize` is not local
[INFO] [stdout]     |                      move the `impl` block outside of this constant `_IMPL_SERIALIZE_FOR_Current` and up 3 bodies
[INFO] [stdout]     |
[INFO] [stdout]     = note: the derive macro `Serialize` defines the non-local `impl`, and may need to be changed
[INFO] [stdout]     = note: the derive macro `Serialize` may come from an old version of the `serde_derive` crate, try updating your dependency with `cargo update -p serde_derive`
[INFO] [stdout]     = note: an `impl` is never scoped, even when it is nested inside an item, as it may impact type checking outside of that item, which can be the case if neither the trait or the self type are at the same nesting level as the `impl`
[INFO] [stdout]     = note: items in an anonymous const item (`const _: () = { ... }`) are treated as in the same scope as the anonymous const's declaration for the purpose of this lint
[INFO] [stdout]     = note: this warning originates in the derive macro `Serialize` (in Nightly builds, run with -Z macro-backtrace for more info)
[INFO] [stdout] 
[INFO] [stdout] 
[INFO] [stdout] warning: non-local `impl` definition, `impl` blocks should be written at the same level as their item
[INFO] [stdout]    --> server/src/web.rs:405:10
[INFO] [stdout]     |
[INFO] [stdout] 405 | #[derive(Serialize, Deserialize, Clone)]
[INFO] [stdout]     |          ^^^^^^^^^
[INFO] [stdout]     |          |
[INFO] [stdout]     |          `JsData` is not local
[INFO] [stdout]     |          `Serialize` is not local
[INFO] [stdout]     |          move the `impl` block outside of this constant `_IMPL_SERIALIZE_FOR_JsData`
[INFO] [stdout]     |
[INFO] [stdout]     = note: the derive macro `Serialize` defines the non-local `impl`, and may need to be changed
[INFO] [stdout]     = note: the derive macro `Serialize` may come from an old version of the `serde_derive` crate, try updating your dependency with `cargo update -p serde_derive`
[INFO] [stdout]     = note: an `impl` is never scoped, even when it is nested inside an item, as it may impact type checking outside of that item, which can be the case if neither the trait or the self type are at the same nesting level as the `impl`
[INFO] [stdout]     = note: items in an anonymous const item (`const _: () = { ... }`) are treated as in the same scope as the anonymous const's declaration for the purpose of this lint
[INFO] [stdout]     = note: this warning originates in the derive macro `Serialize` (in Nightly builds, run with -Z macro-backtrace for more info)
[INFO] [stdout] 
[INFO] [stdout] 
[INFO] [stdout] warning: non-local `impl` definition, `impl` blocks should be written at the same level as their item
[INFO] [stdout]    --> server/src/web.rs:405:21
[INFO] [stdout]     |
[INFO] [stdout] 405 | #[derive(Serialize, Deserialize, Clone)]
[INFO] [stdout]     |                     -^^^^^^^^^^
[INFO] [stdout]     |                     |
[INFO] [stdout]     |                     `JsData` is not local
[INFO] [stdout]     |                     `Deserialize` is not local
[INFO] [stdout]     |                     move the `impl` block outside of this constant `_IMPL_DESERIALIZE_FOR_JsData`
[INFO] [stdout]     |
[INFO] [stdout]     = note: the derive macro `Deserialize` defines the non-local `impl`, and may need to be changed
[INFO] [stdout]     = note: the derive macro `Deserialize` may come from an old version of the `serde_derive` crate, try updating your dependency with `cargo update -p serde_derive`
[INFO] [stdout]     = note: an `impl` is never scoped, even when it is nested inside an item, as it may impact type checking outside of that item, which can be the case if neither the trait or the self type are at the same nesting level as the `impl`
[INFO] [stdout]     = note: items in an anonymous const item (`const _: () = { ... }`) are treated as in the same scope as the anonymous const's declaration for the purpose of this lint
[INFO] [stdout]     = note: this warning originates in the derive macro `Deserialize` (in Nightly builds, run with -Z macro-backtrace for more info)
[INFO] [stdout] 
[INFO] [stdout] 
[INFO] [stderr]     Finished `test` profile [unoptimized + debuginfo] target(s) in 5.31s
[INFO] [stderr] warning: the following packages contain code that will be rejected by a future version of Rust: traitobject v0.1.0, typemap v0.3.3
[INFO] [stderr] note: to see what the problems were, use the option `--future-incompat-report`, or run `cargo report future-incompatibilities --id 2`
[INFO] running `Command { std: "docker" "inspect" "f6d0baf03465154730e2221fc506a5926357a65c6399b409507cc06f1e6758fc", kill_on_drop: false }`
[INFO] running `Command { std: "docker" "rm" "-f" "f6d0baf03465154730e2221fc506a5926357a65c6399b409507cc06f1e6758fc", kill_on_drop: false }`
[INFO] [stdout] f6d0baf03465154730e2221fc506a5926357a65c6399b409507cc06f1e6758fc
[INFO] running `Command { std: "docker" "create" "-v" "/var/lib/crater-agent-workspace/builds/worker-7-tc1/target:/opt/rustwide/target:rw,Z" "-v" "/var/lib/crater-agent-workspace/builds/worker-7-tc1/source:/opt/rustwide/workdir:ro,Z" "-v" "/var/lib/crater-agent-workspace/cargo-home:/opt/rustwide/cargo-home:ro,Z" "-v" "/var/lib/crater-agent-workspace/rustup-home:/opt/rustwide/rustup-home:ro,Z" "-e" "SOURCE_DIR=/opt/rustwide/workdir" "-e" "CARGO_TARGET_DIR=/opt/rustwide/target" "-e" "CARGO_INCREMENTAL=0" "-e" "RUST_BACKTRACE=full" "-e" "RUSTFLAGS=--cap-lints=warn" "-e" "RUSTDOCFLAGS=--cap-lints=warn" "-e" "CARGO_HOME=/opt/rustwide/cargo-home" "-e" "RUSTUP_HOME=/opt/rustwide/rustup-home" "-w" "/opt/rustwide/workdir" "-m" "1610612736" "--user" "0:0" "--network" "none" "ghcr.io/rust-lang/crates-build-env/linux@sha256:f3a9d4ad9d972b27faf3965f35b62e55ba32bbce8f20bc8fe909558a86702fde" "/opt/rustwide/cargo-home/bin/cargo" "+1.83.0" "test" "--frozen", kill_on_drop: false }`
[INFO] [stdout] 69de0d91004861363a79f88346371ba02f1f2a12457ae694a60b33eede95241a
[INFO] running `Command { std: "docker" "start" "-a" "69de0d91004861363a79f88346371ba02f1f2a12457ae694a60b33eede95241a", kill_on_drop: false }`
[INFO] [stderr] warning: non-local `impl` definition, `impl` blocks should be written at the same level as their item
[INFO] [stderr]   --> file_db/src/timestamped.rs:17:10
[INFO] [stderr]    |
[INFO] [stderr] 17 | #[derive(Serialize, Deserialize, Clone)]
[INFO] [stderr]    |          -^^^^^^^^
[INFO] [stderr]    |          |
[INFO] [stderr]    |          `Timestamped` is not local
[INFO] [stderr]    |          `Serialize` is not local
[INFO] [stderr]    |          move the `impl` block outside of this constant `_IMPL_SERIALIZE_FOR_Timestamped`
[INFO] [stderr]    |
[INFO] [stderr]    = note: the derive macro `Serialize` defines the non-local `impl`, and may need to be changed
[INFO] [stderr]    = note: the derive macro `Serialize` may come from an old version of the `serde_derive` crate, try updating your dependency with `cargo update -p serde_derive`
[INFO] [stderr]    = note: an `impl` is never scoped, even when it is nested inside an item, as it may impact type checking outside of that item, which can be the case if neither the trait or the self type are at the same nesting level as the `impl`
[INFO] [stderr]    = note: items in an anonymous const item (`const _: () = { ... }`) are treated as in the same scope as the anonymous const's declaration for the purpose of this lint
[INFO] [stderr]    = note: `#[warn(non_local_definitions)]` on by default
[INFO] [stderr]    = note: this warning originates in the derive macro `Serialize` (in Nightly builds, run with -Z macro-backtrace for more info)
[INFO] [stderr] 
[INFO] [stderr] warning: non-local `impl` definition, `impl` blocks should be written at the same level as their item
[INFO] [stderr]   --> file_db/src/timestamped.rs:17:21
[INFO] [stderr]    |
[INFO] [stderr] 17 | #[derive(Serialize, Deserialize, Clone)]
[INFO] [stderr]    |                     -^^^^^^^^^^
[INFO] [stderr]    |                     |
[INFO] [stderr]    |                     `Timestamped` is not local
[INFO] [stderr]    |                     `Deserialize` is not local
[INFO] [stderr]    |                     move the `impl` block outside of this constant `_IMPL_DESERIALIZE_FOR_Timestamped`
[INFO] [stderr]    |
[INFO] [stderr]    = note: the derive macro `Deserialize` defines the non-local `impl`, and may need to be changed
[INFO] [stderr]    = note: the derive macro `Deserialize` may come from an old version of the `serde_derive` crate, try updating your dependency with `cargo update -p serde_derive`
[INFO] [stderr]    = note: an `impl` is never scoped, even when it is nested inside an item, as it may impact type checking outside of that item, which can be the case if neither the trait or the self type are at the same nesting level as the `impl`
[INFO] [stderr]    = note: items in an anonymous const item (`const _: () = { ... }`) are treated as in the same scope as the anonymous const's declaration for the purpose of this lint
[INFO] [stderr]    = note: this warning originates in the derive macro `Deserialize` (in Nightly builds, run with -Z macro-backtrace for more info)
[INFO] [stderr] 
[INFO] [stderr] warning: non-local `impl` definition, `impl` blocks should be written at the same level as their item
[INFO] [stderr]   --> file_db/src/timestamped.rs:61:61
[INFO] [stderr]    |
[INFO] [stderr] 61 | #[derive(Hash, Ord, PartialOrd, Eq, PartialEq, Copy, Clone, Serialize, Deserialize)]
[INFO] [stderr]    |                                                             ^^^^^^^^^
[INFO] [stderr]    |                                                             |
[INFO] [stderr]    |                                                             `NaiveDateWrapper` is not local
[INFO] [stderr]    |                                                             `Serialize` is not local
[INFO] [stderr]    |                                                             move the `impl` block outside of this constant `_IMPL_SERIALIZE_FOR_NaiveDateWrapper`
[INFO] [stderr]    |
[INFO] [stderr]    = note: the derive macro `Serialize` defines the non-local `impl`, and may need to be changed
[INFO] [stderr]    = note: the derive macro `Serialize` may come from an old version of the `serde_derive` crate, try updating your dependency with `cargo update -p serde_derive`
[INFO] [stderr]    = note: an `impl` is never scoped, even when it is nested inside an item, as it may impact type checking outside of that item, which can be the case if neither the trait or the self type are at the same nesting level as the `impl`
[INFO] [stderr]    = note: items in an anonymous const item (`const _: () = { ... }`) are treated as in the same scope as the anonymous const's declaration for the purpose of this lint
[INFO] [stderr]    = note: this warning originates in the derive macro `Serialize` (in Nightly builds, run with -Z macro-backtrace for more info)
[INFO] [stderr] 
[INFO] [stderr] warning: non-local `impl` definition, `impl` blocks should be written at the same level as their item
[INFO] [stderr]   --> file_db/src/timestamped.rs:61:72
[INFO] [stderr]    |
[INFO] [stderr] 61 | #[derive(Hash, Ord, PartialOrd, Eq, PartialEq, Copy, Clone, Serialize, Deserialize)]
[INFO] [stderr]    |                                                                        -^^^^^^^^^^
[INFO] [stderr]    |                                                                        |
[INFO] [stderr]    |                                                                        `NaiveDateWrapper` is not local
[INFO] [stderr]    |                                                                        `Deserialize` is not local
[INFO] [stderr]    |                                                                        move the `impl` block outside of this constant `_IMPL_DESERIALIZE_FOR_NaiveDateWrapper`
[INFO] [stderr]    |
[INFO] [stderr]    = note: the derive macro `Deserialize` defines the non-local `impl`, and may need to be changed
[INFO] [stderr]    = note: the derive macro `Deserialize` may come from an old version of the `serde_derive` crate, try updating your dependency with `cargo update -p serde_derive`
[INFO] [stderr]    = note: an `impl` is never scoped, even when it is nested inside an item, as it may impact type checking outside of that item, which can be the case if neither the trait or the self type are at the same nesting level as the `impl`
[INFO] [stderr]    = note: items in an anonymous const item (`const _: () = { ... }`) are treated as in the same scope as the anonymous const's declaration for the purpose of this lint
[INFO] [stderr]    = note: this warning originates in the derive macro `Deserialize` (in Nightly builds, run with -Z macro-backtrace for more info)
[INFO] [stderr] 
[INFO] [stderr] warning: `file_db` (lib) generated 4 warnings
[INFO] [stderr] warning: non-local `impl` definition, `impl` blocks should be written at the same level as their item
[INFO] [stderr]   --> file_db/src/lib.rs:55:14
[INFO] [stderr]    |
[INFO] [stderr] 55 |     #[derive(Serialize, Deserialize, Clone)]
[INFO] [stderr]    |              ^^^^^^^^^
[INFO] [stderr]    |              |
[INFO] [stderr]    |              `TestData` is not local
[INFO] [stderr]    |              `Serialize` is not local
[INFO] [stderr]    |              move the `impl` block outside of this constant `_IMPL_SERIALIZE_FOR_TestData`
[INFO] [stderr]    |
[INFO] [stderr]    = note: the derive macro `Serialize` defines the non-local `impl`, and may need to be changed
[INFO] [stderr]    = note: the derive macro `Serialize` may come from an old version of the `serde_derive` crate, try updating your dependency with `cargo update -p serde_derive`
[INFO] [stderr]    = note: an `impl` is never scoped, even when it is nested inside an item, as it may impact type checking outside of that item, which can be the case if neither the trait or the self type are at the same nesting level as the `impl`
[INFO] [stderr]    = note: items in an anonymous const item (`const _: () = { ... }`) are treated as in the same scope as the anonymous const's declaration for the purpose of this lint
[INFO] [stderr]    = note: this warning originates in the derive macro `Serialize` (in Nightly builds, run with -Z macro-backtrace for more info)
[INFO] [stderr] 
[INFO] [stderr] warning: non-local `impl` definition, `impl` blocks should be written at the same level as their item
[INFO] [stderr]   --> file_db/src/lib.rs:55:25
[INFO] [stderr]    |
[INFO] [stderr] 55 |     #[derive(Serialize, Deserialize, Clone)]
[INFO] [stderr]    |                         -^^^^^^^^^^
[INFO] [stderr]    |                         |
[INFO] [stderr]    |                         `TestData` is not local
[INFO] [stderr]    |                         `Deserialize` is not local
[INFO] [stderr]    |                         move the `impl` block outside of this constant `_IMPL_DESERIALIZE_FOR_TestData`
[INFO] [stderr]    |
[INFO] [stderr]    = note: the derive macro `Deserialize` defines the non-local `impl`, and may need to be changed
[INFO] [stderr]    = note: the derive macro `Deserialize` may come from an old version of the `serde_derive` crate, try updating your dependency with `cargo update -p serde_derive`
[INFO] [stderr]    = note: an `impl` is never scoped, even when it is nested inside an item, as it may impact type checking outside of that item, which can be the case if neither the trait or the self type are at the same nesting level as the `impl`
[INFO] [stderr]    = note: items in an anonymous const item (`const _: () = { ... }`) are treated as in the same scope as the anonymous const's declaration for the purpose of this lint
[INFO] [stderr]    = note: this warning originates in the derive macro `Deserialize` (in Nightly builds, run with -Z macro-backtrace for more info)
[INFO] [stderr] 
[INFO] [stderr] warning: `file_db` (lib test) generated 6 warnings (4 duplicates)
[INFO] [stderr] warning: non-local `impl` definition, `impl` blocks should be written at the same level as their item
[INFO] [stderr]    --> server/src/main.rs:233:17
[INFO] [stderr]     |
[INFO] [stderr] 233 | #[derive(Clone, Serialize, Deserialize)]
[INFO] [stderr]     |                 ^^^^^^^^^
[INFO] [stderr]     |                 |
[INFO] [stderr]     |                 `DataLogEntry` is not local
[INFO] [stderr]     |                 `Serialize` is not local
[INFO] [stderr]     |                 move the `impl` block outside of this constant `_IMPL_SERIALIZE_FOR_DataLogEntry`
[INFO] [stderr]     |
[INFO] [stderr]     = note: the derive macro `Serialize` defines the non-local `impl`, and may need to be changed
[INFO] [stderr]     = note: the derive macro `Serialize` may come from an old version of the `serde_derive` crate, try updating your dependency with `cargo update -p serde_derive`
[INFO] [stderr]     = note: an `impl` is never scoped, even when it is nested inside an item, as it may impact type checking outside of that item, which can be the case if neither the trait or the self type are at the same nesting level as the `impl`
[INFO] [stderr]     = note: items in an anonymous const item (`const _: () = { ... }`) are treated as in the same scope as the anonymous const's declaration for the purpose of this lint
[INFO] [stderr]     = note: `#[warn(non_local_definitions)]` on by default
[INFO] [stderr]     = note: this warning originates in the derive macro `Serialize` (in Nightly builds, run with -Z macro-backtrace for more info)
[INFO] [stderr] 
[INFO] [stderr] warning: non-local `impl` definition, `impl` blocks should be written at the same level as their item
[INFO] [stderr]    --> server/src/main.rs:233:28
[INFO] [stderr]     |
[INFO] [stderr] 233 | #[derive(Clone, Serialize, Deserialize)]
[INFO] [stderr]     |                            -^^^^^^^^^^
[INFO] [stderr]     |                            |
[INFO] [stderr]     |                            `DataLogEntry` is not local
[INFO] [stderr]     |                            `Deserialize` is not local
[INFO] [stderr]     |                            move the `impl` block outside of this constant `_IMPL_DESERIALIZE_FOR_DataLogEntry`
[INFO] [stderr]     |
[INFO] [stderr]     = note: the derive macro `Deserialize` defines the non-local `impl`, and may need to be changed
[INFO] [stderr]     = note: the derive macro `Deserialize` may come from an old version of the `serde_derive` crate, try updating your dependency with `cargo update -p serde_derive`
[INFO] [stderr]     = note: an `impl` is never scoped, even when it is nested inside an item, as it may impact type checking outside of that item, which can be the case if neither the trait or the self type are at the same nesting level as the `impl`
[INFO] [stderr]     = note: items in an anonymous const item (`const _: () = { ... }`) are treated as in the same scope as the anonymous const's declaration for the purpose of this lint
[INFO] [stderr]     = note: this warning originates in the derive macro `Deserialize` (in Nightly builds, run with -Z macro-backtrace for more info)
[INFO] [stderr] 
[INFO] [stderr] warning: non-local `impl` definition, `impl` blocks should be written at the same level as their item
[INFO] [stderr]   --> server/src/sensors.rs:24:30
[INFO] [stderr]    |
[INFO] [stderr] 24 | #[derive(Copy, Clone, Debug, Serialize, Deserialize, Default, Ord, PartialOrd, Eq, PartialEq)]
[INFO] [stderr]    |                              ^^^^^^^^^
[INFO] [stderr]    |                              |
[INFO] [stderr]    |                              `Temperature` is not local
[INFO] [stderr]    |                              `Serialize` is not local
[INFO] [stderr]    |                              move the `impl` block outside of this constant `_IMPL_SERIALIZE_FOR_Temperature`
[INFO] [stderr]    |
[INFO] [stderr]    = note: the derive macro `Serialize` defines the non-local `impl`, and may need to be changed
[INFO] [stderr]    = note: the derive macro `Serialize` may come from an old version of the `serde_derive` crate, try updating your dependency with `cargo update -p serde_derive`
[INFO] [stderr]    = note: an `impl` is never scoped, even when it is nested inside an item, as it may impact type checking outside of that item, which can be the case if neither the trait or the self type are at the same nesting level as the `impl`
[INFO] [stderr]    = note: items in an anonymous const item (`const _: () = { ... }`) are treated as in the same scope as the anonymous const's declaration for the purpose of this lint
[INFO] [stderr]    = note: this warning originates in the derive macro `Serialize` (in Nightly builds, run with -Z macro-backtrace for more info)
[INFO] [stderr] 
[INFO] [stderr] warning: non-local `impl` definition, `impl` blocks should be written at the same level as their item
[INFO] [stderr]   --> server/src/sensors.rs:24:41
[INFO] [stderr]    |
[INFO] [stderr] 24 | #[derive(Copy, Clone, Debug, Serialize, Deserialize, Default, Ord, PartialOrd, Eq, PartialEq)]
[INFO] [stderr]    |                                         -^^^^^^^^^^
[INFO] [stderr]    |                                         |
[INFO] [stderr]    |                                         `Temperature` is not local
[INFO] [stderr]    |                                         `Deserialize` is not local
[INFO] [stderr]    |                                         move the `impl` block outside of this constant `_IMPL_DESERIALIZE_FOR_Temperature`
[INFO] [stderr]    |
[INFO] [stderr]    = note: the derive macro `Deserialize` defines the non-local `impl`, and may need to be changed
[INFO] [stderr]    = note: the derive macro `Deserialize` may come from an old version of the `serde_derive` crate, try updating your dependency with `cargo update -p serde_derive`
[INFO] [stderr]    = note: an `impl` is never scoped, even when it is nested inside an item, as it may impact type checking outside of that item, which can be the case if neither the trait or the self type are at the same nesting level as the `impl`
[INFO] [stderr]    = note: items in an anonymous const item (`const _: () = { ... }`) are treated as in the same scope as the anonymous const's declaration for the purpose of this lint
[INFO] [stderr]    = note: this warning originates in the derive macro `Deserialize` (in Nightly builds, run with -Z macro-backtrace for more info)
[INFO] [stderr] 
[INFO] [stderr] warning: non-local `impl` definition, `impl` blocks should be written at the same level as their item
[INFO] [stderr]    --> server/src/web.rs:280:22
[INFO] [stderr]     |
[INFO] [stderr] 280 |             #[derive(Serialize)]
[INFO] [stderr]     |                      ^^^^^^^^^
[INFO] [stderr]     |                      |
[INFO] [stderr]     |                      `Current` is not local
[INFO] [stderr]     |                      `Serialize` is not local
[INFO] [stderr]     |                      move the `impl` block outside of this constant `_IMPL_SERIALIZE_FOR_Current` and up 3 bodies
[INFO] [stderr]     |
[INFO] [stderr]     = note: the derive macro `Serialize` defines the non-local `impl`, and may need to be changed
[INFO] [stderr]     = note: the derive macro `Serialize` may come from an old version of the `serde_derive` crate, try updating your dependency with `cargo update -p serde_derive`
[INFO] [stderr]     = note: an `impl` is never scoped, even when it is nested inside an item, as it may impact type checking outside of that item, which can be the case if neither the trait or the self type are at the same nesting level as the `impl`
[INFO] [stderr]     = note: items in an anonymous const item (`const _: () = { ... }`) are treated as in the same scope as the anonymous const's declaration for the purpose of this lint
[INFO] [stderr]     = note: this warning originates in the derive macro `Serialize` (in Nightly builds, run with -Z macro-backtrace for more info)
[INFO] [stderr] 
[INFO] [stderr] warning: non-local `impl` definition, `impl` blocks should be written at the same level as their item
[INFO] [stderr]    --> server/src/web.rs:405:10
[INFO] [stderr]     |
[INFO] [stderr] 405 | #[derive(Serialize, Deserialize, Clone)]
[INFO] [stderr]     |          ^^^^^^^^^
[INFO] [stderr]     |          |
[INFO] [stderr]     |          `JsData` is not local
[INFO] [stderr]     |          `Serialize` is not local
[INFO] [stderr]     |          move the `impl` block outside of this constant `_IMPL_SERIALIZE_FOR_JsData`
[INFO] [stderr]     |
[INFO] [stderr]     = note: the derive macro `Serialize` defines the non-local `impl`, and may need to be changed
[INFO] [stderr]     = note: the derive macro `Serialize` may come from an old version of the `serde_derive` crate, try updating your dependency with `cargo update -p serde_derive`
[INFO] [stderr]     = note: an `impl` is never scoped, even when it is nested inside an item, as it may impact type checking outside of that item, which can be the case if neither the trait or the self type are at the same nesting level as the `impl`
[INFO] [stderr]     = note: items in an anonymous const item (`const _: () = { ... }`) are treated as in the same scope as the anonymous const's declaration for the purpose of this lint
[INFO] [stderr]     = note: this warning originates in the derive macro `Serialize` (in Nightly builds, run with -Z macro-backtrace for more info)
[INFO] [stderr] 
[INFO] [stderr] warning: non-local `impl` definition, `impl` blocks should be written at the same level as their item
[INFO] [stderr]    --> server/src/web.rs:405:21
[INFO] [stderr]     |
[INFO] [stderr] 405 | #[derive(Serialize, Deserialize, Clone)]
[INFO] [stderr]     |                     -^^^^^^^^^^
[INFO] [stderr]     |                     |
[INFO] [stderr]     |                     `JsData` is not local
[INFO] [stderr]     |                     `Deserialize` is not local
[INFO] [stderr]     |                     move the `impl` block outside of this constant `_IMPL_DESERIALIZE_FOR_JsData`
[INFO] [stderr]     |
[INFO] [stderr]     = note: the derive macro `Deserialize` defines the non-local `impl`, and may need to be changed
[INFO] [stderr]     = note: the derive macro `Deserialize` may come from an old version of the `serde_derive` crate, try updating your dependency with `cargo update -p serde_derive`
[INFO] [stderr]     = note: an `impl` is never scoped, even when it is nested inside an item, as it may impact type checking outside of that item, which can be the case if neither the trait or the self type are at the same nesting level as the `impl`
[INFO] [stderr]     = note: items in an anonymous const item (`const _: () = { ... }`) are treated as in the same scope as the anonymous const's declaration for the purpose of this lint
[INFO] [stderr]     = note: this warning originates in the derive macro `Deserialize` (in Nightly builds, run with -Z macro-backtrace for more info)
[INFO] [stderr] 
[INFO] [stderr] warning: `server` (bin "server" test) generated 7 warnings
[INFO] [stderr]     Finished `test` profile [unoptimized + debuginfo] target(s) in 0.19s
[INFO] [stderr] warning: the following packages contain code that will be rejected by a future version of Rust: traitobject v0.1.0, typemap v0.3.3
[INFO] [stderr] note: to see what the problems were, use the option `--future-incompat-report`, or run `cargo report future-incompatibilities --id 2`
[INFO] [stderr]      Running unittests src/lib.rs (/opt/rustwide/target/debug/deps/file_db-7f0b0220f0743b33)
[INFO] [stdout] 
[INFO] [stdout] running 2 tests
[INFO] [stdout] test tests::test_db ... FAILED
[INFO] [stdout] test tests::test_caching ... ok
[INFO] [stdout] 
[INFO] [stdout] failures:
[INFO] [stdout] 
[INFO] [stdout] ---- tests::test_db stdout ----
[INFO] [stdout] thread 'tests::test_db' panicked at file_db/src/lib.rs:64:58:
[INFO] [stdout] called `Result::unwrap()` on an `Err` value: ErrorMessage { msg: "Already locked. (Datarace?)" }
[INFO] [stdout] 
[INFO] [stdout] stack backtrace:
[INFO] [stdout]    0:     0x5668fddcc8ad - <no info>
[INFO] [stdout]    1:     0x5668fddc7f7d - <no info>
[INFO] [stdout]    2:     0x5668fddc5408 - <no info>
[INFO] [stdout]    3:     0x5668fddc59f6 - <no info>
[INFO] [stdout]    4:     0x5668fdd13650 - <no info>
[INFO] [stdout]    5:     0x5668fdd4e222 - <no info>
[INFO] [stdout]    6:     0x5668fdd12552 - <no info>
[INFO] [stdout]    7:     0x5668fdd5f1fd - <no info>
[INFO] [stdout]    8:     0x5668fdd06f6f - <no info>
[INFO] [stdout]    9:     0x5668fdd139fc - <no info>
[INFO] [stdout]   10:     0x5668fdd15772 - <no info>
[INFO] [stdout]   11:     0x5668fdd2e2af - <no info>
[INFO] [stdout]   12:     0x5668fdd2cca9 - <no info>
[INFO] [stdout]   13:     0x5668fdd43f6a - <no info>
[INFO] [stdout]   14:     0x5668fdd439b2 - <no info>
[INFO] [stdout]   15:     0x5668fdd2c5f2 - <no info>
[INFO] [stdout]   16:     0x5668fdd2dd9e - <no info>
[INFO] [stdout]   17:     0x5668fdd256b7 - <no info>
[INFO] [stdout]   18:     0x5668fdd44896 - <no info>
[INFO] [stdout]   19:     0x5668fdd439e9 - <no info>
[INFO] [stdout]   20:     0x5668fdd254b6 - <no info>
[INFO] [stdout]   21:     0x5668fdd2d874 - <no info>
[INFO] [stdout]   22:     0x5668fdd15418 - <no info>
[INFO] [stdout]   23:     0x5668fdd153e6 - <no info>
[INFO] [stdout]   24:     0x5668fdcf7955 - <no info>
[INFO] [stdout]   25:     0x5668fdd9d1aa - <no info>
[INFO] [stdout]   26:     0x5668fdd9c9e6 - <no info>
[INFO] [stdout]   27:     0x5668fdd61cc3 - <no info>
[INFO] [stdout]   28:     0x5668fdd6538d - <no info>
[INFO] [stdout]   29:     0x5668fde6840a - <no info>
[INFO] [stdout]   30:     0x77f6a8aa2ac2 - <no info>
[INFO] [stdout]   31:     0x77f6a8b33a03 - <no info>
[INFO] [stdout]   32:                0x0 - <no info>
[INFO] [stdout] stack backtrace:
[INFO] [stdout]    0:     0x5668fde6258a - std::backtrace_rs::backtrace::libunwind::trace::h5a5b8284f2d0c266
[INFO] [stdout]                                at /rustc/90b35a6239c3d8bdabc530a6a0816f7ff89a0aaf/library/std/src/../../backtrace/src/backtrace/libunwind.rs:116:5
[INFO] [stdout]    1:     0x5668fde6258a - std::backtrace_rs::backtrace::trace_unsynchronized::h76d4f1c9b0b875e3
[INFO] [stdout]                                at /rustc/90b35a6239c3d8bdabc530a6a0816f7ff89a0aaf/library/std/src/../../backtrace/src/backtrace/mod.rs:66:5
[INFO] [stdout]    2:     0x5668fde6258a - std::sys::backtrace::_print_fmt::hc4546b8364a537c6
[INFO] [stdout]                                at /rustc/90b35a6239c3d8bdabc530a6a0816f7ff89a0aaf/library/std/src/sys/backtrace.rs:66:9
[INFO] [stdout]    3:     0x5668fde6258a - <std::sys::backtrace::BacktraceLock::print::DisplayBacktrace as core::fmt::Display>::fmt::h5b6bd5631a6d1f6b
[INFO] [stdout]                                at /rustc/90b35a6239c3d8bdabc530a6a0816f7ff89a0aaf/library/std/src/sys/backtrace.rs:39:26
[INFO] [stdout]    4:     0x5668fde88343 - core::fmt::rt::Argument::fmt::h270f6602a2b96f62
[INFO] [stdout]                                at /rustc/90b35a6239c3d8bdabc530a6a0816f7ff89a0aaf/library/core/src/fmt/rt.rs:177:76
[INFO] [stdout]    5:     0x5668fde88343 - core::fmt::write::h7550c97b06c86515
[INFO] [stdout]                                at /rustc/90b35a6239c3d8bdabc530a6a0816f7ff89a0aaf/library/core/src/fmt/mod.rs:1186:21
[INFO] [stdout]    6:     0x5668fde5f453 - std::io::Write::write_fmt::h509ff860e5956e5e
[INFO] [stdout]                                at /rustc/90b35a6239c3d8bdabc530a6a0816f7ff89a0aaf/library/std/src/io/mod.rs:1839:15
[INFO] [stdout]    7:     0x5668fde623d2 - std::sys::backtrace::BacktraceLock::print::h2395ccd2c84ba3aa
[INFO] [stdout]                                at /rustc/90b35a6239c3d8bdabc530a6a0816f7ff89a0aaf/library/std/src/sys/backtrace.rs:42:9
[INFO] [stdout]    8:     0x5668fde639ea - std::panicking::default_hook::{{closure}}::he19d4c7230e07961
[INFO] [stdout]                                at /rustc/90b35a6239c3d8bdabc530a6a0816f7ff89a0aaf/library/std/src/panicking.rs:268:22
[INFO] [stdout]    9:     0x5668fde637f4 - std::panicking::default_hook::hf614597d3c67bbdb
[INFO] [stdout]                                at /rustc/90b35a6239c3d8bdabc530a6a0816f7ff89a0aaf/library/std/src/panicking.rs:292:9
[INFO] [stdout]   10:     0x5668fdd987e9 - <alloc::boxed::Box<F,A> as core::ops::function::Fn<Args>>::call::h39b51ce4599c23d1
[INFO] [stdout]                                at /rustc/90b35a6239c3d8bdabc530a6a0816f7ff89a0aaf/library/alloc/src/boxed.rs:2468:9
[INFO] [stdout]   11:     0x5668fdd987e9 - test::test_main::{{closure}}::he977ae839a582784
[INFO] [stdout]                                at /rustc/90b35a6239c3d8bdabc530a6a0816f7ff89a0aaf/library/test/src/lib.rs:133:21
[INFO] [stdout]   12:     0x5668fde64088 - <alloc::boxed::Box<F,A> as core::ops::function::Fn<Args>>::call::h9455091b6b06f9fb
[INFO] [stdout]                                at /rustc/90b35a6239c3d8bdabc530a6a0816f7ff89a0aaf/library/alloc/src/boxed.rs:2468:9
[INFO] [stdout]   13:     0x5668fde64088 - std::panicking::rust_panic_with_hook::h8942133a8b252070
[INFO] [stdout]                                at /rustc/90b35a6239c3d8bdabc530a6a0816f7ff89a0aaf/library/std/src/panicking.rs:809:13
[INFO] [stdout]   14:     0x5668fde63e4a - std::panicking::begin_panic_handler::{{closure}}::hb5f5963570096b29
[INFO] [stdout]                                at /rustc/90b35a6239c3d8bdabc530a6a0816f7ff89a0aaf/library/std/src/panicking.rs:674:13
[INFO] [stdout]   15:     0x5668fde62a69 - std::sys::backtrace::__rust_end_short_backtrace::h6208cedc1922feda
[INFO] [stdout]                                at /rustc/90b35a6239c3d8bdabc530a6a0816f7ff89a0aaf/library/std/src/sys/backtrace.rs:170:18
[INFO] [stdout]   16:     0x5668fde63adc - rust_begin_unwind
[INFO] [stdout]                                at /rustc/90b35a6239c3d8bdabc530a6a0816f7ff89a0aaf/library/std/src/panicking.rs:665:5
[INFO] [stdout]   17:     0x5668fdccdd10 - core::panicking::panic_fmt::h0c3082644d1bf418
[INFO] [stdout]                                at /rustc/90b35a6239c3d8bdabc530a6a0816f7ff89a0aaf/library/core/src/panicking.rs:74:14
[INFO] [stdout]   18:     0x5668fdcce156 - core::result::unwrap_failed::hd20b4aa073bda1e2
[INFO] [stdout]                                at /rustc/90b35a6239c3d8bdabc530a6a0816f7ff89a0aaf/library/core/src/result.rs:1700:5
[INFO] [stdout]   19:     0x5668fdd13b20 - core::result::Result<T,E>::unwrap::h6d177d8b047741f9
[INFO] [stdout]                                at /rustc/90b35a6239c3d8bdabc530a6a0816f7ff89a0aaf/library/core/src/result.rs:1104:23
[INFO] [stdout]   20:     0x5668fdd13b20 - file_db::tests::clear_db::{{closure}}::h98d93de2641663bd
[INFO] [stdout]                                at /opt/rustwide/workdir/file_db/src/lib.rs:64:18
[INFO] [stdout]   21:     0x5668fdd15773 - file_db::tests::test_db::{{closure}}::h20408b7fcb79af02
[INFO] [stdout]                                at /opt/rustwide/workdir/file_db/src/lib.rs:73:33
[INFO] [stdout]   22:     0x5668fdd2e2b0 - async_std::task::block_on::block_on::{{closure}}::ha8e66edf403555aa
[INFO] [stdout]                                at /opt/rustwide/cargo-home/registry/src/index.crates.io-6f17d22bba15001f/async-std-1.0.1/src/task/block_on.rs:67:16
[INFO] [stdout]   23:     0x5668fdd2ccaa - async_std::task::block_on::run::{{closure}}::he6852a052fd2dc23
[INFO] [stdout]                                at /opt/rustwide/cargo-home/registry/src/index.crates.io-6f17d22bba15001f/async-std-1.0.1/src/task/block_on.rs:128:37
[INFO] [stdout]   24:     0x5668fdd43f6b - std::thread::local::LocalKey<T>::try_with::h2ce8cb36734b8769
[INFO] [stdout]                                at /rustc/90b35a6239c3d8bdabc530a6a0816f7ff89a0aaf/library/std/src/thread/local.rs:283:12
[INFO] [stdout]   25:     0x5668fdd439b3 - std::thread::local::LocalKey<T>::with::h99b2ad4ee87ec31d
[INFO] [stdout]                                at /rustc/90b35a6239c3d8bdabc530a6a0816f7ff89a0aaf/library/std/src/thread/local.rs:260:9
[INFO] [stdout]   26:     0x5668fdd2c5f3 - async_std::task::block_on::run::h97a906eee079ca7b
[INFO] [stdout]                                at /opt/rustwide/cargo-home/registry/src/index.crates.io-6f17d22bba15001f/async-std-1.0.1/src/task/block_on.rs:117:5
[INFO] [stdout]   27:     0x5668fdd2dd9f - async_std::task::block_on::block_on::{{closure}}::h1c1069c9c2749f1b
[INFO] [stdout]                                at /opt/rustwide/cargo-home/registry/src/index.crates.io-6f17d22bba15001f/async-std-1.0.1/src/task/block_on.rs:71:42
[INFO] [stdout]   28:     0x5668fdd256b8 - async_std::task::task::Task::set_current::{{closure}}::hda770f66c644ef2f
[INFO] [stdout]                                at /opt/rustwide/cargo-home/registry/src/index.crates.io-6f17d22bba15001f/async-std-1.0.1/src/task/task.rs:129:13
[INFO] [stdout]   29:     0x5668fdd44897 - std::thread::local::LocalKey<T>::try_with::h681e542762e4f561
[INFO] [stdout]                                at /rustc/90b35a6239c3d8bdabc530a6a0816f7ff89a0aaf/library/std/src/thread/local.rs:283:12
[INFO] [stdout]   30:     0x5668fdd439ea - std::thread::local::LocalKey<T>::with::hb3ce4e546aa7cacf
[INFO] [stdout]                                at /rustc/90b35a6239c3d8bdabc530a6a0816f7ff89a0aaf/library/std/src/thread/local.rs:260:9
[INFO] [stdout]   31:     0x5668fdd254b7 - async_std::task::task::Task::set_current::h6dbf79b1b4571e4d
[INFO] [stdout]                                at /opt/rustwide/cargo-home/registry/src/index.crates.io-6f17d22bba15001f/async-std-1.0.1/src/task/task.rs:124:9
[INFO] [stdout]   32:     0x5668fdd2d875 - async_std::task::block_on::block_on::hf241b50c4650798c
[INFO] [stdout]                                at /opt/rustwide/cargo-home/registry/src/index.crates.io-6f17d22bba15001f/async-std-1.0.1/src/task/block_on.rs:71:14
[INFO] [stdout]   33:     0x5668fdd15419 - file_db::tests::test_db::h27d08860c19bb526
[INFO] [stdout]                                at /opt/rustwide/workdir/file_db/src/lib.rs:68:5
[INFO] [stdout]   34:     0x5668fdd153e7 - file_db::tests::test_db::{{closure}}::h6df1724f5c980b10
[INFO] [stdout]                                at /opt/rustwide/workdir/file_db/src/lib.rs:68:23
[INFO] [stdout]   35:     0x5668fdcf7956 - core::ops::function::FnOnce::call_once::h3c455ba43294bf0e
[INFO] [stdout]                                at /rustc/90b35a6239c3d8bdabc530a6a0816f7ff89a0aaf/library/core/src/ops/function.rs:250:5
[INFO] [stdout]   36:     0x5668fdd9d1ab - core::ops::function::FnOnce::call_once::h109cf8051a59b34e
[INFO] [stdout]                                at /rustc/90b35a6239c3d8bdabc530a6a0816f7ff89a0aaf/library/core/src/ops/function.rs:250:5
[INFO] [stdout]   37:     0x5668fdd9d1ab - test::__rust_begin_short_backtrace::hf4fff89d377446ba
[INFO] [stdout]                                at /rustc/90b35a6239c3d8bdabc530a6a0816f7ff89a0aaf/library/test/src/lib.rs:621:18
[INFO] [stdout]   38:     0x5668fdd9c9e7 - test::run_test_in_process::{{closure}}::h0e39181dd7ee5a43
[INFO] [stdout]                                at /rustc/90b35a6239c3d8bdabc530a6a0816f7ff89a0aaf/library/test/src/lib.rs:644:60
[INFO] [stdout]   39:     0x5668fdd9c9e7 - <core::panic::unwind_safe::AssertUnwindSafe<F> as core::ops::function::FnOnce<()>>::call_once::hc5a66a30f0bdfd1f
[INFO] [stdout]                                at /rustc/90b35a6239c3d8bdabc530a6a0816f7ff89a0aaf/library/core/src/panic/unwind_safe.rs:272:9
[INFO] [stdout]   40:     0x5668fdd9c9e7 - std::panicking::try::do_call::h873b7cf639554a5e
[INFO] [stdout]                                at /rustc/90b35a6239c3d8bdabc530a6a0816f7ff89a0aaf/library/std/src/panicking.rs:557:40
[INFO] [stdout]   41:     0x5668fdd9c9e7 - std::panicking::try::hdb19862fad9c8bd1
[INFO] [stdout]                                at /rustc/90b35a6239c3d8bdabc530a6a0816f7ff89a0aaf/library/std/src/panicking.rs:520:19
[INFO] [stdout]   42:     0x5668fdd9c9e7 - std::panic::catch_unwind::h281fe732d236d260
[INFO] [stdout]                                at /rustc/90b35a6239c3d8bdabc530a6a0816f7ff89a0aaf/library/std/src/panic.rs:358:14
[INFO] [stdout]   43:     0x5668fdd9c9e7 - test::run_test_in_process::h949b6df8457ed338
[INFO] [stdout]                                at /rustc/90b35a6239c3d8bdabc530a6a0816f7ff89a0aaf/library/test/src/lib.rs:644:27
[INFO] [stdout]   44:     0x5668fdd9c9e7 - test::run_test::{{closure}}::h52c556a6d4740e10
[INFO] [stdout]                                at /rustc/90b35a6239c3d8bdabc530a6a0816f7ff89a0aaf/library/test/src/lib.rs:565:43
[INFO] [stdout]   45:     0x5668fdd61cc4 - test::run_test::{{closure}}::h4237f6381c45ccb9
[INFO] [stdout]                                at /rustc/90b35a6239c3d8bdabc530a6a0816f7ff89a0aaf/library/test/src/lib.rs:595:41
[INFO] [stdout]   46:     0x5668fdd61cc4 - std::sys::backtrace::__rust_begin_short_backtrace::h505c97a579eca628
[INFO] [stdout]                                at /rustc/90b35a6239c3d8bdabc530a6a0816f7ff89a0aaf/library/std/src/sys/backtrace.rs:154:18
[INFO] [stdout]   47:     0x5668fdd6538e - std::thread::Builder::spawn_unchecked_::{{closure}}::{{closure}}::h9e86b2e2bc107ea3
[INFO] [stdout]                                at /rustc/90b35a6239c3d8bdabc530a6a0816f7ff89a0aaf/library/std/src/thread/mod.rs:538:17
[INFO] [stdout]   48:     0x5668fdd6538e - <core::panic::unwind_safe::AssertUnwindSafe<F> as core::ops::function::FnOnce<()>>::call_once::h8b06ddb275ff4a25
[INFO] [stdout]                                at /rustc/90b35a6239c3d8bdabc530a6a0816f7ff89a0aaf/library/core/src/panic/unwind_safe.rs:272:9
[INFO] [stdout]   49:     0x5668fdd6538e - std::panicking::try::do_call::hb26ecd7cd9a9355d
[INFO] [stdout]                                at /rustc/90b35a6239c3d8bdabc530a6a0816f7ff89a0aaf/library/std/src/panicking.rs:557:40
[INFO] [stdout]   50:     0x5668fdd6538e - std::panicking::try::h8ddeca9d705f9069
[INFO] [stdout]                                at /rustc/90b35a6239c3d8bdabc530a6a0816f7ff89a0aaf/library/std/src/panicking.rs:520:19
[INFO] [stdout]   51:     0x5668fdd6538e - std::panic::catch_unwind::h49e1c33078844c46
[INFO] [stdout]                                at /rustc/90b35a6239c3d8bdabc530a6a0816f7ff89a0aaf/library/std/src/panic.rs:358:14
[INFO] [stdout]   52:     0x5668fdd6538e - std::thread::Builder::spawn_unchecked_::{{closure}}::h6073db6ff56ad35d
[INFO] [stdout]                                at /rustc/90b35a6239c3d8bdabc530a6a0816f7ff89a0aaf/library/std/src/thread/mod.rs:537:30
[INFO] [stdout]   53:     0x5668fdd6538e - core::ops::function::FnOnce::call_once{{vtable.shim}}::h2c5a5f3779c774f1
[INFO] [stdout]                                at /rustc/90b35a6239c3d8bdabc530a6a0816f7ff89a0aaf/library/core/src/ops/function.rs:250:5
[INFO] [stdout]   54:     0x5668fde6840b - <alloc::boxed::Box<F,A> as core::ops::function::FnOnce<Args>>::call_once::hf75717d9f28faebf
[INFO] [stdout]                                at /rustc/90b35a6239c3d8bdabc530a6a0816f7ff89a0aaf/library/alloc/src/boxed.rs:2454:9
[INFO] [stdout]   55:     0x5668fde6840b - <alloc::boxed::Box<F,A> as core::ops::function::FnOnce<Args>>::call_once::h7bd883a5f3c5f3c1
[INFO] [stdout]                                at /rustc/90b35a6239c3d8bdabc530a6a0816f7ff89a0aaf/library/alloc/src/boxed.rs:2454:9
[INFO] [stdout]   56:     0x5668fde6840b - std::sys::pal::unix::thread::Thread::new::thread_start::hcc78f3943333fa94
[INFO] [stdout]                                at /rustc/90b35a6239c3d8bdabc530a6a0816f7ff89a0aaf/library/std/src/sys/pal/unix/thread.rs:105:17
[INFO] [stdout]   57:     0x77f6a8aa2ac3 - <unknown>
[INFO] [stdout]   58:     0x77f6a8b33a04 - clone
[INFO] [stdout]   59:                0x0 - <unknown>
[INFO] [stdout] 
[INFO] [stdout] 
[INFO] [stdout] failures:
[INFO] [stdout]     tests::test_db
[INFO] [stdout] 
[INFO] [stdout] test result: FAILED. 1 passed; 1 failed; 0 ignored; 0 measured; 0 filtered out; finished in 0.29s
[INFO] [stdout] 
[INFO] [stderr] error: test failed, to rerun pass `-p file_db --lib`
[INFO] running `Command { std: "docker" "inspect" "69de0d91004861363a79f88346371ba02f1f2a12457ae694a60b33eede95241a", kill_on_drop: false }`
[INFO] running `Command { std: "docker" "rm" "-f" "69de0d91004861363a79f88346371ba02f1f2a12457ae694a60b33eede95241a", kill_on_drop: false }`
[INFO] [stdout] 69de0d91004861363a79f88346371ba02f1f2a12457ae694a60b33eede95241a
