[INFO] cloning repository https://github.com/PatOConnor43/heave
[INFO] running `Command { std: "git" "-c" "credential.helper=" "-c" "credential.helper=/workspace/cargo-home/bin/git-credential-null" "clone" "--bare" "https://github.com/PatOConnor43/heave" "/workspace/cache/git-repos/https%3A%2F%2Fgithub.com%2FPatOConnor43%2Fheave", kill_on_drop: false }`
[INFO] [stderr] Cloning into bare repository '/workspace/cache/git-repos/https%3A%2F%2Fgithub.com%2FPatOConnor43%2Fheave'...
[INFO] running `Command { std: "git" "rev-parse" "HEAD", kill_on_drop: false }`
[INFO] [stdout] f643f3e54e1e643d90a47c3a846337f08873ee85
[INFO] testing PatOConnor43/heave against 1.83.0 for beta-1.84.0-4-retry
[INFO] running `Command { std: "git" "clone" "/workspace/cache/git-repos/https%3A%2F%2Fgithub.com%2FPatOConnor43%2Fheave" "/workspace/builds/worker-6-tc1/source", kill_on_drop: false }`
[INFO] [stderr] Cloning into '/workspace/builds/worker-6-tc1/source'...
[INFO] [stderr] done.
[INFO] validating manifest of git repo https://github.com/PatOConnor43/heave on toolchain 1.83.0
[INFO] running `Command { std: CARGO_HOME="/workspace/cargo-home" RUSTUP_HOME="/workspace/rustup-home" "/workspace/cargo-home/bin/cargo" "+1.83.0" "metadata" "--manifest-path" "Cargo.toml" "--no-deps", kill_on_drop: false }`
[INFO] started tweaking git repo https://github.com/PatOConnor43/heave
[INFO] finished tweaking git repo https://github.com/PatOConnor43/heave
[INFO] tweaked toml for git repo https://github.com/PatOConnor43/heave written to /workspace/builds/worker-6-tc1/source/Cargo.toml
[INFO] crate git repo https://github.com/PatOConnor43/heave already has a lockfile, it will not be regenerated
[INFO] running `Command { std: CARGO_HOME="/workspace/cargo-home" RUSTUP_HOME="/workspace/rustup-home" "/workspace/cargo-home/bin/cargo" "+1.83.0" "fetch" "--manifest-path" "Cargo.toml", kill_on_drop: false }`
[INFO] [stderr]     Updating crates.io index
[INFO] [stderr]  Downloading crates ...
[INFO] [stderr]   Downloaded openapiv3 v2.0.0
[INFO] [stderr]   Downloaded clap v4.5.19
[INFO] [stderr]   Downloaded similar v2.6.0
[INFO] [stderr]   Downloaded insta v1.40.0
[INFO] [stderr]   Downloaded minijinja v1.0.21
[INFO] [stderr]   Downloaded clap_builder v4.5.19
[INFO] running `Command { std: "docker" "create" "-v" "/var/lib/crater-agent-workspace/builds/worker-6-tc1/target:/opt/rustwide/target:rw,Z" "-v" "/var/lib/crater-agent-workspace/builds/worker-6-tc1/source:/opt/rustwide/workdir:ro,Z" "-v" "/var/lib/crater-agent-workspace/cargo-home:/opt/rustwide/cargo-home:ro,Z" "-v" "/var/lib/crater-agent-workspace/rustup-home:/opt/rustwide/rustup-home:ro,Z" "-e" "SOURCE_DIR=/opt/rustwide/workdir" "-e" "CARGO_TARGET_DIR=/opt/rustwide/target" "-e" "CARGO_HOME=/opt/rustwide/cargo-home" "-e" "RUSTUP_HOME=/opt/rustwide/rustup-home" "-w" "/opt/rustwide/workdir" "-m" "1610612736" "--user" "0:0" "--network" "none" "ghcr.io/rust-lang/crates-build-env/linux@sha256:f3a9d4ad9d972b27faf3965f35b62e55ba32bbce8f20bc8fe909558a86702fde" "/opt/rustwide/cargo-home/bin/cargo" "+1.83.0" "metadata" "--no-deps" "--format-version=1", kill_on_drop: false }`
[INFO] [stdout] c1c2e4424ae6916dbe33fd4ad78413135c9f3de8b372f7d32b1fe57171f06cdc
[INFO] running `Command { std: "docker" "start" "-a" "c1c2e4424ae6916dbe33fd4ad78413135c9f3de8b372f7d32b1fe57171f06cdc", kill_on_drop: false }`
[INFO] running `Command { std: "docker" "inspect" "c1c2e4424ae6916dbe33fd4ad78413135c9f3de8b372f7d32b1fe57171f06cdc", kill_on_drop: false }`
[INFO] running `Command { std: "docker" "rm" "-f" "c1c2e4424ae6916dbe33fd4ad78413135c9f3de8b372f7d32b1fe57171f06cdc", kill_on_drop: false }`
[INFO] [stdout] c1c2e4424ae6916dbe33fd4ad78413135c9f3de8b372f7d32b1fe57171f06cdc
[INFO] running `Command { std: "docker" "create" "-v" "/var/lib/crater-agent-workspace/builds/worker-6-tc1/target:/opt/rustwide/target:rw,Z" "-v" "/var/lib/crater-agent-workspace/builds/worker-6-tc1/source:/opt/rustwide/workdir:ro,Z" "-v" "/var/lib/crater-agent-workspace/cargo-home:/opt/rustwide/cargo-home:ro,Z" "-v" "/var/lib/crater-agent-workspace/rustup-home:/opt/rustwide/rustup-home:ro,Z" "-e" "SOURCE_DIR=/opt/rustwide/workdir" "-e" "CARGO_TARGET_DIR=/opt/rustwide/target" "-e" "CARGO_INCREMENTAL=0" "-e" "RUST_BACKTRACE=full" "-e" "RUSTFLAGS=--cap-lints=warn" "-e" "RUSTDOCFLAGS=--cap-lints=warn" "-e" "CARGO_HOME=/opt/rustwide/cargo-home" "-e" "RUSTUP_HOME=/opt/rustwide/rustup-home" "-w" "/opt/rustwide/workdir" "-m" "1610612736" "--user" "0:0" "--network" "none" "ghcr.io/rust-lang/crates-build-env/linux@sha256:f3a9d4ad9d972b27faf3965f35b62e55ba32bbce8f20bc8fe909558a86702fde" "/opt/rustwide/cargo-home/bin/cargo" "+1.83.0" "build" "--frozen" "--message-format=json", kill_on_drop: false }`
[INFO] [stdout] bfc49ccb6f9be0e9f444870e34989258b35b02b10f8ca3a677f2c623a2b7c9bc
[INFO] running `Command { std: "docker" "start" "-a" "bfc49ccb6f9be0e9f444870e34989258b35b02b10f8ca3a677f2c623a2b7c9bc", kill_on_drop: false }`
[INFO] [stderr]    Compiling proc-macro2 v1.0.86
[INFO] [stderr]    Compiling unicode-ident v1.0.13
[INFO] [stderr]    Compiling serde v1.0.210
[INFO] [stderr]    Compiling utf8parse v0.2.2
[INFO] [stderr]    Compiling anstyle-query v1.1.1
[INFO] [stderr]    Compiling hashbrown v0.15.0
[INFO] [stderr]    Compiling itoa v1.0.11
[INFO] [stderr]    Compiling serde_json v1.0.128
[INFO] [stderr]    Compiling is_terminal_polyfill v1.70.1
[INFO] [stderr]    Compiling ryu v1.0.18
[INFO] [stderr]    Compiling anstyle-parse v0.2.5
[INFO] [stderr]    Compiling equivalent v1.0.1
[INFO] [stderr]    Compiling colorchoice v1.0.2
[INFO] [stderr]    Compiling anstyle v1.0.8
[INFO] [stderr]    Compiling heck v0.5.0
[INFO] [stderr]    Compiling memchr v2.7.4
[INFO] [stderr]    Compiling thiserror v1.0.64
[INFO] [stderr]    Compiling clap_lex v0.7.2
[INFO] [stderr]    Compiling strsim v0.11.1
[INFO] [stderr]    Compiling anstream v0.6.15
[INFO] [stderr]    Compiling unsafe-libyaml v0.2.11
[INFO] [stderr]    Compiling either v1.13.0
[INFO] [stderr]    Compiling clap_builder v4.5.19
[INFO] [stderr]    Compiling itertools v0.12.1
[INFO] [stderr]    Compiling regex-lite v0.1.6
[INFO] [stderr]    Compiling quote v1.0.37
[INFO] [stderr]    Compiling syn v2.0.79
[INFO] [stderr]    Compiling serde_derive v1.0.210
[INFO] [stderr]    Compiling clap_derive v4.5.18
[INFO] [stderr]    Compiling thiserror-impl v1.0.64
[INFO] [stderr]    Compiling clap v4.5.19
[INFO] [stderr]    Compiling indexmap v2.6.0
[INFO] [stderr]    Compiling minijinja v1.0.21
[INFO] [stderr]    Compiling serde_yaml v0.9.34+deprecated
[INFO] [stderr]    Compiling openapiv3 v2.0.0
[INFO] [stderr]    Compiling heave v0.15.1 (/opt/rustwide/workdir)
[INFO] [stderr]     Finished `dev` profile [unoptimized + debuginfo] target(s) in 53.54s
[INFO] running `Command { std: "docker" "inspect" "bfc49ccb6f9be0e9f444870e34989258b35b02b10f8ca3a677f2c623a2b7c9bc", kill_on_drop: false }`
[INFO] running `Command { std: "docker" "rm" "-f" "bfc49ccb6f9be0e9f444870e34989258b35b02b10f8ca3a677f2c623a2b7c9bc", kill_on_drop: false }`
[INFO] [stdout] bfc49ccb6f9be0e9f444870e34989258b35b02b10f8ca3a677f2c623a2b7c9bc
[INFO] running `Command { std: "docker" "create" "-v" "/var/lib/crater-agent-workspace/builds/worker-6-tc1/target:/opt/rustwide/target:rw,Z" "-v" "/var/lib/crater-agent-workspace/builds/worker-6-tc1/source:/opt/rustwide/workdir:ro,Z" "-v" "/var/lib/crater-agent-workspace/cargo-home:/opt/rustwide/cargo-home:ro,Z" "-v" "/var/lib/crater-agent-workspace/rustup-home:/opt/rustwide/rustup-home:ro,Z" "-e" "SOURCE_DIR=/opt/rustwide/workdir" "-e" "CARGO_TARGET_DIR=/opt/rustwide/target" "-e" "CARGO_INCREMENTAL=0" "-e" "RUST_BACKTRACE=full" "-e" "RUSTFLAGS=--cap-lints=warn" "-e" "RUSTDOCFLAGS=--cap-lints=warn" "-e" "CARGO_HOME=/opt/rustwide/cargo-home" "-e" "RUSTUP_HOME=/opt/rustwide/rustup-home" "-w" "/opt/rustwide/workdir" "-m" "1610612736" "--user" "0:0" "--network" "none" "ghcr.io/rust-lang/crates-build-env/linux@sha256:f3a9d4ad9d972b27faf3965f35b62e55ba32bbce8f20bc8fe909558a86702fde" "/opt/rustwide/cargo-home/bin/cargo" "+1.83.0" "test" "--frozen" "--no-run" "--message-format=json", kill_on_drop: false }`
[INFO] [stdout] c3dc49e439766ffacd42fba463c991b16c9ac320adcafb2747cf4b17b552d449
[INFO] running `Command { std: "docker" "start" "-a" "c3dc49e439766ffacd42fba463c991b16c9ac320adcafb2747cf4b17b552d449", kill_on_drop: false }`
[INFO] [stderr]    Compiling libc v0.2.159
[INFO] [stderr]    Compiling aho-corasick v1.1.3
[INFO] [stderr]    Compiling regex-syntax v0.8.5
[INFO] [stderr]    Compiling bstr v1.10.0
[INFO] [stderr]    Compiling log v0.4.22
[INFO] [stderr]    Compiling lazy_static v1.5.0
[INFO] [stderr]    Compiling walkdir v2.5.0
[INFO] [stderr]    Compiling linked-hash-map v0.5.6
[INFO] [stderr]    Compiling similar v2.6.0
[INFO] [stderr]    Compiling console v0.15.8
[INFO] [stderr]    Compiling regex-automata v0.4.8
[INFO] [stderr]    Compiling globset v0.4.15
[INFO] [stderr]    Compiling insta v1.40.0
[INFO] [stderr]    Compiling heave v0.15.1 (/opt/rustwide/workdir)
[INFO] [stderr]     Finished `test` profile [unoptimized + debuginfo] target(s) in 55.87s
[INFO] running `Command { std: "docker" "inspect" "c3dc49e439766ffacd42fba463c991b16c9ac320adcafb2747cf4b17b552d449", kill_on_drop: false }`
[INFO] running `Command { std: "docker" "rm" "-f" "c3dc49e439766ffacd42fba463c991b16c9ac320adcafb2747cf4b17b552d449", kill_on_drop: false }`
[INFO] [stdout] c3dc49e439766ffacd42fba463c991b16c9ac320adcafb2747cf4b17b552d449
[INFO] running `Command { std: "docker" "create" "-v" "/var/lib/crater-agent-workspace/builds/worker-6-tc1/target:/opt/rustwide/target:rw,Z" "-v" "/var/lib/crater-agent-workspace/builds/worker-6-tc1/source:/opt/rustwide/workdir:ro,Z" "-v" "/var/lib/crater-agent-workspace/cargo-home:/opt/rustwide/cargo-home:ro,Z" "-v" "/var/lib/crater-agent-workspace/rustup-home:/opt/rustwide/rustup-home:ro,Z" "-e" "SOURCE_DIR=/opt/rustwide/workdir" "-e" "CARGO_TARGET_DIR=/opt/rustwide/target" "-e" "CARGO_INCREMENTAL=0" "-e" "RUST_BACKTRACE=full" "-e" "RUSTFLAGS=--cap-lints=warn" "-e" "RUSTDOCFLAGS=--cap-lints=warn" "-e" "CARGO_HOME=/opt/rustwide/cargo-home" "-e" "RUSTUP_HOME=/opt/rustwide/rustup-home" "-w" "/opt/rustwide/workdir" "-m" "1610612736" "--user" "0:0" "--network" "none" "ghcr.io/rust-lang/crates-build-env/linux@sha256:f3a9d4ad9d972b27faf3965f35b62e55ba32bbce8f20bc8fe909558a86702fde" "/opt/rustwide/cargo-home/bin/cargo" "+1.83.0" "test" "--frozen", kill_on_drop: false }`
[INFO] [stdout] 68d3cc49bc080d7af9c01c13a7ab199f7c0f92731e6612c01de78738c3fd4e11
[INFO] running `Command { std: "docker" "start" "-a" "68d3cc49bc080d7af9c01c13a7ab199f7c0f92731e6612c01de78738c3fd4e11", kill_on_drop: false }`
[INFO] [stderr]     Finished `test` profile [unoptimized + debuginfo] target(s) in 0.11s
[INFO] [stderr]      Running unittests src/main.rs (/opt/rustwide/target/debug/deps/heave-bddb857a08f80d82)
[INFO] [stdout] 
[INFO] [stdout] running 10 tests
[INFO] [stdout] test tests::filter_include_status_codes_outputs ... ok
[INFO] [stdout] test tests::filter_only_new_outputs ... ok
[INFO] [stdout] test tests::filter_include_operation_ids_outputs ... ok
[INFO] [stdout] test tests::filter_include_paths_outputs ... ok
[INFO] [stdout] test tests::petstore ... FAILED
[INFO] [stdout] test tests::allof_inputs ... FAILED
[INFO] [stdout] test tests::write_only ... ok
[INFO] [stdout] test tests::read_only ... ok
[INFO] [stdout] test tests::cycle_detection ... ok
[INFO] [stdout] test tests::diagnostic_inputs ... ok
[INFO] [stdout] 
[INFO] [stdout] failures:
[INFO] [stdout] 
[INFO] [stdout] ---- tests::petstore stdout ----
[INFO] [stdout] Error: Os { code: 30, kind: ReadOnlyFilesystem, message: "Read-only file system" }
[INFO] [stdout] 
[INFO] [stdout] ---- tests::allof_inputs stdout ----
[INFO] [stdout] Error: Os { code: 30, kind: ReadOnlyFilesystem, message: "Read-only file system" }
[INFO] [stdout] 
[INFO] [stdout] 
[INFO] [stdout] failures:
[INFO] [stdout]     tests::allof_inputs
[INFO] [stdout]     tests::petstore
[INFO] [stdout] 
[INFO] [stdout] test result: FAILED. 8 passed; 2 failed; 0 ignored; 0 measured; 0 filtered out; finished in 0.14s
[INFO] [stdout] 
[INFO] [stderr] error: test failed, to rerun pass `--bin heave`
[INFO] running `Command { std: "docker" "inspect" "68d3cc49bc080d7af9c01c13a7ab199f7c0f92731e6612c01de78738c3fd4e11", kill_on_drop: false }`
[INFO] running `Command { std: "docker" "rm" "-f" "68d3cc49bc080d7af9c01c13a7ab199f7c0f92731e6612c01de78738c3fd4e11", kill_on_drop: false }`
[INFO] [stdout] 68d3cc49bc080d7af9c01c13a7ab199f7c0f92731e6612c01de78738c3fd4e11
