[INFO] cloning repository https://github.com/PTFOPlayer/rocm_lib_sys
[INFO] running `Command { std: "git" "-c" "credential.helper=" "-c" "credential.helper=/workspace/cargo-home/bin/git-credential-null" "clone" "--bare" "https://github.com/PTFOPlayer/rocm_lib_sys" "/workspace/cache/git-repos/https%3A%2F%2Fgithub.com%2FPTFOPlayer%2Frocm_lib_sys", kill_on_drop: false }`
[INFO] [stderr] Cloning into bare repository '/workspace/cache/git-repos/https%3A%2F%2Fgithub.com%2FPTFOPlayer%2Frocm_lib_sys'...
[INFO] running `Command { std: "git" "rev-parse" "HEAD", kill_on_drop: false }`
[INFO] [stdout] a878ec1784dc7b72f47903f89204379dc84d36f9
[INFO] testing PTFOPlayer/rocm_lib_sys against 1.83.0 for beta-1.84.0-4-retry
[INFO] running `Command { std: "git" "clone" "/workspace/cache/git-repos/https%3A%2F%2Fgithub.com%2FPTFOPlayer%2Frocm_lib_sys" "/workspace/builds/worker-5-tc1/source", kill_on_drop: false }`
[INFO] [stderr] Cloning into '/workspace/builds/worker-5-tc1/source'...
[INFO] [stderr] done.
[INFO] validating manifest of git repo https://github.com/PTFOPlayer/rocm_lib_sys on toolchain 1.83.0
[INFO] running `Command { std: CARGO_HOME="/workspace/cargo-home" RUSTUP_HOME="/workspace/rustup-home" "/workspace/cargo-home/bin/cargo" "+1.83.0" "metadata" "--manifest-path" "Cargo.toml" "--no-deps", kill_on_drop: false }`
[INFO] removed /workspace/builds/worker-5-tc1/source/.cargo/config.toml
[INFO] started tweaking git repo https://github.com/PTFOPlayer/rocm_lib_sys
[INFO] finished tweaking git repo https://github.com/PTFOPlayer/rocm_lib_sys
[INFO] tweaked toml for git repo https://github.com/PTFOPlayer/rocm_lib_sys written to /workspace/builds/worker-5-tc1/source/Cargo.toml
[INFO] crate git repo https://github.com/PTFOPlayer/rocm_lib_sys already has a lockfile, it will not be regenerated
[INFO] running `Command { std: CARGO_HOME="/workspace/cargo-home" RUSTUP_HOME="/workspace/rustup-home" "/workspace/cargo-home/bin/cargo" "+1.83.0" "fetch" "--manifest-path" "Cargo.toml", kill_on_drop: false }`
[INFO] running `Command { std: "docker" "create" "-v" "/var/lib/crater-agent-workspace/builds/worker-5-tc1/target:/opt/rustwide/target:rw,Z" "-v" "/var/lib/crater-agent-workspace/builds/worker-5-tc1/source:/opt/rustwide/workdir:ro,Z" "-v" "/var/lib/crater-agent-workspace/cargo-home:/opt/rustwide/cargo-home:ro,Z" "-v" "/var/lib/crater-agent-workspace/rustup-home:/opt/rustwide/rustup-home:ro,Z" "-e" "SOURCE_DIR=/opt/rustwide/workdir" "-e" "CARGO_TARGET_DIR=/opt/rustwide/target" "-e" "CARGO_HOME=/opt/rustwide/cargo-home" "-e" "RUSTUP_HOME=/opt/rustwide/rustup-home" "-w" "/opt/rustwide/workdir" "-m" "1610612736" "--user" "0:0" "--network" "none" "ghcr.io/rust-lang/crates-build-env/linux@sha256:f3a9d4ad9d972b27faf3965f35b62e55ba32bbce8f20bc8fe909558a86702fde" "/opt/rustwide/cargo-home/bin/cargo" "+1.83.0" "metadata" "--no-deps" "--format-version=1", kill_on_drop: false }`
[INFO] [stdout] 4de731a4b6474649a4835ab9db04ac41043af915b3564c120b6b1824b7fae34b
[INFO] running `Command { std: "docker" "start" "-a" "4de731a4b6474649a4835ab9db04ac41043af915b3564c120b6b1824b7fae34b", kill_on_drop: false }`
[INFO] running `Command { std: "docker" "inspect" "4de731a4b6474649a4835ab9db04ac41043af915b3564c120b6b1824b7fae34b", kill_on_drop: false }`
[INFO] running `Command { std: "docker" "rm" "-f" "4de731a4b6474649a4835ab9db04ac41043af915b3564c120b6b1824b7fae34b", kill_on_drop: false }`
[INFO] [stdout] 4de731a4b6474649a4835ab9db04ac41043af915b3564c120b6b1824b7fae34b
[INFO] running `Command { std: "docker" "create" "-v" "/var/lib/crater-agent-workspace/builds/worker-5-tc1/target:/opt/rustwide/target:rw,Z" "-v" "/var/lib/crater-agent-workspace/builds/worker-5-tc1/source:/opt/rustwide/workdir:ro,Z" "-v" "/var/lib/crater-agent-workspace/cargo-home:/opt/rustwide/cargo-home:ro,Z" "-v" "/var/lib/crater-agent-workspace/rustup-home:/opt/rustwide/rustup-home:ro,Z" "-e" "SOURCE_DIR=/opt/rustwide/workdir" "-e" "CARGO_TARGET_DIR=/opt/rustwide/target" "-e" "CARGO_INCREMENTAL=0" "-e" "RUST_BACKTRACE=full" "-e" "RUSTFLAGS=--cap-lints=warn" "-e" "RUSTDOCFLAGS=--cap-lints=warn" "-e" "CARGO_HOME=/opt/rustwide/cargo-home" "-e" "RUSTUP_HOME=/opt/rustwide/rustup-home" "-w" "/opt/rustwide/workdir" "-m" "1610612736" "--user" "0:0" "--network" "none" "ghcr.io/rust-lang/crates-build-env/linux@sha256:f3a9d4ad9d972b27faf3965f35b62e55ba32bbce8f20bc8fe909558a86702fde" "/opt/rustwide/cargo-home/bin/cargo" "+1.83.0" "build" "--frozen" "--message-format=json", kill_on_drop: false }`
[INFO] [stdout] 6b09cd4f5b06c4cde7bceca2d64696e9b71d7d0bedeb74c87630ec05957b266b
[INFO] running `Command { std: "docker" "start" "-a" "6b09cd4f5b06c4cde7bceca2d64696e9b71d7d0bedeb74c87630ec05957b266b", kill_on_drop: false }`
[INFO] [stderr]    Compiling libc v0.2.158
[INFO] [stderr]    Compiling cfg-if v1.0.0
[INFO] [stderr]    Compiling libloading v0.8.5
[INFO] [stderr]    Compiling rocm_smi_lib_sys v0.2.5 (/opt/rustwide/workdir)
[INFO] [stderr]     Finished `dev` profile [optimized + debuginfo] target(s) in 2.66s
[INFO] [stderr] warning: the following packages contain code that will be rejected by a future version of Rust: rocm_smi_lib_sys v0.2.5 (/opt/rustwide/workdir)
[INFO] [stderr] note: to see what the problems were, use the option `--future-incompat-report`, or run `cargo report future-incompatibilities --id 2`
[INFO] running `Command { std: "docker" "inspect" "6b09cd4f5b06c4cde7bceca2d64696e9b71d7d0bedeb74c87630ec05957b266b", kill_on_drop: false }`
[INFO] running `Command { std: "docker" "rm" "-f" "6b09cd4f5b06c4cde7bceca2d64696e9b71d7d0bedeb74c87630ec05957b266b", kill_on_drop: false }`
[INFO] [stdout] 6b09cd4f5b06c4cde7bceca2d64696e9b71d7d0bedeb74c87630ec05957b266b
[INFO] running `Command { std: "docker" "create" "-v" "/var/lib/crater-agent-workspace/builds/worker-5-tc1/target:/opt/rustwide/target:rw,Z" "-v" "/var/lib/crater-agent-workspace/builds/worker-5-tc1/source:/opt/rustwide/workdir:ro,Z" "-v" "/var/lib/crater-agent-workspace/cargo-home:/opt/rustwide/cargo-home:ro,Z" "-v" "/var/lib/crater-agent-workspace/rustup-home:/opt/rustwide/rustup-home:ro,Z" "-e" "SOURCE_DIR=/opt/rustwide/workdir" "-e" "CARGO_TARGET_DIR=/opt/rustwide/target" "-e" "CARGO_INCREMENTAL=0" "-e" "RUST_BACKTRACE=full" "-e" "RUSTFLAGS=--cap-lints=warn" "-e" "RUSTDOCFLAGS=--cap-lints=warn" "-e" "CARGO_HOME=/opt/rustwide/cargo-home" "-e" "RUSTUP_HOME=/opt/rustwide/rustup-home" "-w" "/opt/rustwide/workdir" "-m" "1610612736" "--user" "0:0" "--network" "none" "ghcr.io/rust-lang/crates-build-env/linux@sha256:f3a9d4ad9d972b27faf3965f35b62e55ba32bbce8f20bc8fe909558a86702fde" "/opt/rustwide/cargo-home/bin/cargo" "+1.83.0" "test" "--frozen" "--no-run" "--message-format=json", kill_on_drop: false }`
[INFO] [stdout] f33fd22698bc849fe7c2e9ac605fcd51c27a3f393cba9c0253bb14570befd847
[INFO] running `Command { std: "docker" "start" "-a" "f33fd22698bc849fe7c2e9ac605fcd51c27a3f393cba9c0253bb14570befd847", kill_on_drop: false }`
[INFO] [stderr]    Compiling rocm_smi_lib_sys v0.2.5 (/opt/rustwide/workdir)
[INFO] [stderr]     Finished `test` profile [optimized + debuginfo] target(s) in 1.16s
[INFO] [stderr] warning: the following packages contain code that will be rejected by a future version of Rust: rocm_smi_lib_sys v0.2.5 (/opt/rustwide/workdir)
[INFO] [stderr] note: to see what the problems were, use the option `--future-incompat-report`, or run `cargo report future-incompatibilities --id 3`
[INFO] running `Command { std: "docker" "inspect" "f33fd22698bc849fe7c2e9ac605fcd51c27a3f393cba9c0253bb14570befd847", kill_on_drop: false }`
[INFO] running `Command { std: "docker" "rm" "-f" "f33fd22698bc849fe7c2e9ac605fcd51c27a3f393cba9c0253bb14570befd847", kill_on_drop: false }`
[INFO] [stdout] f33fd22698bc849fe7c2e9ac605fcd51c27a3f393cba9c0253bb14570befd847
[INFO] running `Command { std: "docker" "create" "-v" "/var/lib/crater-agent-workspace/builds/worker-5-tc1/target:/opt/rustwide/target:rw,Z" "-v" "/var/lib/crater-agent-workspace/builds/worker-5-tc1/source:/opt/rustwide/workdir:ro,Z" "-v" "/var/lib/crater-agent-workspace/cargo-home:/opt/rustwide/cargo-home:ro,Z" "-v" "/var/lib/crater-agent-workspace/rustup-home:/opt/rustwide/rustup-home:ro,Z" "-e" "SOURCE_DIR=/opt/rustwide/workdir" "-e" "CARGO_TARGET_DIR=/opt/rustwide/target" "-e" "CARGO_INCREMENTAL=0" "-e" "RUST_BACKTRACE=full" "-e" "RUSTFLAGS=--cap-lints=warn" "-e" "RUSTDOCFLAGS=--cap-lints=warn" "-e" "CARGO_HOME=/opt/rustwide/cargo-home" "-e" "RUSTUP_HOME=/opt/rustwide/rustup-home" "-w" "/opt/rustwide/workdir" "-m" "1610612736" "--user" "0:0" "--network" "none" "ghcr.io/rust-lang/crates-build-env/linux@sha256:f3a9d4ad9d972b27faf3965f35b62e55ba32bbce8f20bc8fe909558a86702fde" "/opt/rustwide/cargo-home/bin/cargo" "+1.83.0" "test" "--frozen", kill_on_drop: false }`
[INFO] [stdout] 7ce5c69894958f35ce64e48761f546349df450285843eaade2a454b995b70233
[INFO] running `Command { std: "docker" "start" "-a" "7ce5c69894958f35ce64e48761f546349df450285843eaade2a454b995b70233", kill_on_drop: false }`
[INFO] [stderr]     Finished `test` profile [optimized + debuginfo] target(s) in 0.03s
[INFO] [stderr] warning: the following packages contain code that will be rejected by a future version of Rust: rocm_smi_lib_sys v0.2.5 (/opt/rustwide/workdir)
[INFO] [stderr] note: to see what the problems were, use the option `--future-incompat-report`, or run `cargo report future-incompatibilities --id 3`
[INFO] [stderr]      Running unittests src/lib.rs (/opt/rustwide/target/debug/deps/rocm_smi_lib_sys-fc95a8998b71dd39)
[INFO] [stdout] 
[INFO] [stdout] running 6 tests
[INFO] [stdout] test test::gpu_metrics_test ... FAILED
[INFO] [stdout] test test::firmware ... FAILED
[INFO] [stdout] test test::processes ... FAILED
[INFO] [stdout] test test::activity_test ... FAILED
[INFO] [stdout] test test::power_profile_test ... FAILED
[INFO] [stdout] test test::name_brand_rev_sku_test ... FAILED
[INFO] [stdout] 
[INFO] [stdout] failures:
[INFO] [stdout] 
[INFO] [stdout] ---- test::gpu_metrics_test stdout ----
[INFO] [stdout] Error: RsmiLibLoadingError
[INFO] [stderr] error: test failed, to rerun pass `--lib`
[INFO] [stdout] 
[INFO] [stdout] ---- test::firmware stdout ----
[INFO] [stdout] Error: RsmiLibLoadingError
[INFO] [stdout] 
[INFO] [stdout] ---- test::processes stdout ----
[INFO] [stdout] Error: RsmiLibLoadingError
[INFO] [stdout] 
[INFO] [stdout] ---- test::activity_test stdout ----
[INFO] [stdout] Error: RsmiLibLoadingError
[INFO] [stdout] 
[INFO] [stdout] ---- test::power_profile_test stdout ----
[INFO] [stdout] Error: RsmiLibLoadingError
[INFO] [stdout] 
[INFO] [stdout] ---- test::name_brand_rev_sku_test stdout ----
[INFO] [stdout] Error: RsmiLibLoadingError
[INFO] [stdout] 
[INFO] [stdout] 
[INFO] [stdout] failures:
[INFO] [stdout]     test::activity_test
[INFO] [stdout]     test::firmware
[INFO] [stdout]     test::gpu_metrics_test
[INFO] [stdout]     test::name_brand_rev_sku_test
[INFO] [stdout]     test::power_profile_test
[INFO] [stdout]     test::processes
[INFO] [stdout] 
[INFO] [stdout] test result: FAILED. 0 passed; 6 failed; 0 ignored; 0 measured; 0 filtered out; finished in 0.01s
[INFO] [stdout] 
[INFO] running `Command { std: "docker" "inspect" "7ce5c69894958f35ce64e48761f546349df450285843eaade2a454b995b70233", kill_on_drop: false }`
[INFO] running `Command { std: "docker" "rm" "-f" "7ce5c69894958f35ce64e48761f546349df450285843eaade2a454b995b70233", kill_on_drop: false }`
[INFO] [stdout] 7ce5c69894958f35ce64e48761f546349df450285843eaade2a454b995b70233
