[INFO] cloning repository https://github.com/OscarCreator/aoc
[INFO] running `Command { std: "git" "-c" "credential.helper=" "-c" "credential.helper=/workspace/cargo-home/bin/git-credential-null" "clone" "--bare" "https://github.com/OscarCreator/aoc" "/workspace/cache/git-repos/https%3A%2F%2Fgithub.com%2FOscarCreator%2Faoc", kill_on_drop: false }`
[INFO] [stderr] Cloning into bare repository '/workspace/cache/git-repos/https%3A%2F%2Fgithub.com%2FOscarCreator%2Faoc'...
[INFO] running `Command { std: "git" "rev-parse" "HEAD", kill_on_drop: false }`
[INFO] [stdout] ed6b1a29765e7458f99819c7b26c04f2be8df41a
[INFO] testing OscarCreator/aoc against 1.83.0 for beta-1.84.0-4-retry
[INFO] running `Command { std: "git" "clone" "/workspace/cache/git-repos/https%3A%2F%2Fgithub.com%2FOscarCreator%2Faoc" "/workspace/builds/worker-6-tc1/source", kill_on_drop: false }`
[INFO] [stderr] Cloning into '/workspace/builds/worker-6-tc1/source'...
[INFO] [stderr] done.
[INFO] validating manifest of git repo https://github.com/OscarCreator/aoc on toolchain 1.83.0
[INFO] running `Command { std: CARGO_HOME="/workspace/cargo-home" RUSTUP_HOME="/workspace/rustup-home" "/workspace/cargo-home/bin/cargo" "+1.83.0" "metadata" "--manifest-path" "Cargo.toml" "--no-deps", kill_on_drop: false }`
[INFO] started tweaking git repo https://github.com/OscarCreator/aoc
[INFO] finished tweaking git repo https://github.com/OscarCreator/aoc
[INFO] tweaked toml for git repo https://github.com/OscarCreator/aoc written to /workspace/builds/worker-6-tc1/source/Cargo.toml
[INFO] crate git repo https://github.com/OscarCreator/aoc already has a lockfile, it will not be regenerated
[INFO] running `Command { std: CARGO_HOME="/workspace/cargo-home" RUSTUP_HOME="/workspace/rustup-home" "/workspace/cargo-home/bin/cargo" "+1.83.0" "fetch" "--manifest-path" "Cargo.toml", kill_on_drop: false }`
[INFO] running `Command { std: "docker" "create" "-v" "/var/lib/crater-agent-workspace/builds/worker-6-tc1/target:/opt/rustwide/target:rw,Z" "-v" "/var/lib/crater-agent-workspace/builds/worker-6-tc1/source:/opt/rustwide/workdir:ro,Z" "-v" "/var/lib/crater-agent-workspace/cargo-home:/opt/rustwide/cargo-home:ro,Z" "-v" "/var/lib/crater-agent-workspace/rustup-home:/opt/rustwide/rustup-home:ro,Z" "-e" "SOURCE_DIR=/opt/rustwide/workdir" "-e" "CARGO_TARGET_DIR=/opt/rustwide/target" "-e" "CARGO_HOME=/opt/rustwide/cargo-home" "-e" "RUSTUP_HOME=/opt/rustwide/rustup-home" "-w" "/opt/rustwide/workdir" "-m" "1610612736" "--user" "0:0" "--network" "none" "ghcr.io/rust-lang/crates-build-env/linux@sha256:f3a9d4ad9d972b27faf3965f35b62e55ba32bbce8f20bc8fe909558a86702fde" "/opt/rustwide/cargo-home/bin/cargo" "+1.83.0" "metadata" "--no-deps" "--format-version=1", kill_on_drop: false }`
[INFO] [stdout] 3d42c975aadad843ff9782a35d16a0b5774d3c3c9a2bc4b8823cf15025e012fa
[INFO] running `Command { std: "docker" "start" "-a" "3d42c975aadad843ff9782a35d16a0b5774d3c3c9a2bc4b8823cf15025e012fa", kill_on_drop: false }`
[INFO] running `Command { std: "docker" "inspect" "3d42c975aadad843ff9782a35d16a0b5774d3c3c9a2bc4b8823cf15025e012fa", kill_on_drop: false }`
[INFO] running `Command { std: "docker" "rm" "-f" "3d42c975aadad843ff9782a35d16a0b5774d3c3c9a2bc4b8823cf15025e012fa", kill_on_drop: false }`
[INFO] [stdout] 3d42c975aadad843ff9782a35d16a0b5774d3c3c9a2bc4b8823cf15025e012fa
[INFO] running `Command { std: "docker" "create" "-v" "/var/lib/crater-agent-workspace/builds/worker-6-tc1/target:/opt/rustwide/target:rw,Z" "-v" "/var/lib/crater-agent-workspace/builds/worker-6-tc1/source:/opt/rustwide/workdir:ro,Z" "-v" "/var/lib/crater-agent-workspace/cargo-home:/opt/rustwide/cargo-home:ro,Z" "-v" "/var/lib/crater-agent-workspace/rustup-home:/opt/rustwide/rustup-home:ro,Z" "-e" "SOURCE_DIR=/opt/rustwide/workdir" "-e" "CARGO_TARGET_DIR=/opt/rustwide/target" "-e" "CARGO_INCREMENTAL=0" "-e" "RUST_BACKTRACE=full" "-e" "RUSTFLAGS=--cap-lints=warn" "-e" "RUSTDOCFLAGS=--cap-lints=warn" "-e" "CARGO_HOME=/opt/rustwide/cargo-home" "-e" "RUSTUP_HOME=/opt/rustwide/rustup-home" "-w" "/opt/rustwide/workdir" "-m" "1610612736" "--user" "0:0" "--network" "none" "ghcr.io/rust-lang/crates-build-env/linux@sha256:f3a9d4ad9d972b27faf3965f35b62e55ba32bbce8f20bc8fe909558a86702fde" "/opt/rustwide/cargo-home/bin/cargo" "+1.83.0" "build" "--frozen" "--message-format=json", kill_on_drop: false }`
[INFO] [stdout] 21f9bc758a9d64dbbdb1e6938f92373cc77e647a5739dfb9f3e219b242100d05
[INFO] running `Command { std: "docker" "start" "-a" "21f9bc758a9d64dbbdb1e6938f92373cc77e647a5739dfb9f3e219b242100d05", kill_on_drop: false }`
[INFO] [stderr]    Compiling num-traits v0.2.17
[INFO] [stderr]    Compiling proc-macro2 v1.0.70
[INFO] [stderr]    Compiling num-integer v0.1.45
[INFO] [stderr]    Compiling unicode-ident v1.0.12
[INFO] [stderr]    Compiling num-bigint v0.4.4
[INFO] [stderr]    Compiling num-iter v0.1.43
[INFO] [stderr]    Compiling num-rational v0.4.1
[INFO] [stderr]    Compiling cfg-if v1.0.0
[INFO] [stderr]    Compiling either v1.9.0
[INFO] [stderr]    Compiling itertools v0.12.0
[INFO] [stderr]    Compiling quote v1.0.33
[INFO] [stderr]    Compiling syn v2.0.39
[INFO] [stderr]    Compiling num-complex v0.4.4
[INFO] [stderr]    Compiling num v0.4.1
[INFO] [stderr]    Compiling test-case-core v3.3.1
[INFO] [stderr]    Compiling test-case-macros v3.3.1
[INFO] [stderr]    Compiling test-case v3.3.1
[INFO] [stderr]    Compiling aoc v0.1.0 (/opt/rustwide/workdir)
[INFO] [stdout] warning: unused imports: `DerefMut`, `Not`, and `borrow::BorrowMut`
[INFO] [stdout]  --> src/23/day10/main.rs:1:21
[INFO] [stdout]   |
[INFO] [stdout] 1 | use std::{fs, ops::{DerefMut, SubAssign, AddAssign, Div, Not}, borrow::BorrowMut};
[INFO] [stdout]   |                     ^^^^^^^^                             ^^^   ^^^^^^^^^^^^^^^^^
[INFO] [stdout]   |
[INFO] [stdout]   = note: `#[warn(unused_imports)]` on by default
[INFO] [stdout] 
[INFO] [stdout] 
[INFO] [stdout] warning: struct `Seed` is never constructed
[INFO] [stdout]  --> src/23/day5/main.rs:4:8
[INFO] [stdout]   |
[INFO] [stdout] 4 | struct Seed {
[INFO] [stdout]   |        ^^^^
[INFO] [stdout]   |
[INFO] [stdout]   = note: `#[warn(dead_code)]` on by default
[INFO] [stdout] 
[INFO] [stdout] 
[INFO] [stdout] warning: unused import: `num`
[INFO] [stdout]  --> src/23/day3/main.rs:1:33
[INFO] [stdout]   |
[INFO] [stdout] 1 | use std::{fs, ops::RangeBounds, num};
[INFO] [stdout]   |                                 ^^^
[INFO] [stdout]   |
[INFO] [stdout]   = note: `#[warn(unused_imports)]` on by default
[INFO] [stdout] 
[INFO] [stdout] 
[INFO] [stdout] warning: unused import: `ops::RangeBounds`
[INFO] [stdout]  --> src/23/day3/main.rs:1:15
[INFO] [stdout]   |
[INFO] [stdout] 1 | use std::{fs, ops::RangeBounds, num};
[INFO] [stdout]   |               ^^^^^^^^^^^^^^^^
[INFO] [stdout] 
[INFO] [stdout] 
[INFO] [stdout] warning: unused imports: `BTreeMap`, `LinkedList`, and `u32::MAX`
[INFO] [stdout]  --> src/23/day8/main.rs:2:19
[INFO] [stdout]   |
[INFO] [stdout] 2 |     collections::{BTreeMap, HashMap, LinkedList},
[INFO] [stdout]   |                   ^^^^^^^^           ^^^^^^^^^^
[INFO] [stdout] 3 |     fs, u32::MAX,
[INFO] [stdout]   |         ^^^^^^^^
[INFO] [stdout]   |
[INFO] [stdout]   = note: `#[warn(unused_imports)]` on by default
[INFO] [stdout] 
[INFO] [stdout] 
[INFO] [stdout] warning: unused variable: `s`
[INFO] [stdout]    --> src/23/day10/main.rs:110:23
[INFO] [stdout]     |
[INFO] [stdout] 110 |         let (s_index, s) = points.iter().find_position(|p| p.c == 'S').unwrap();
[INFO] [stdout]     |                       ^ help: if this is intentional, prefix it with an underscore: `_s`
[INFO] [stdout]     |
[INFO] [stdout]     = note: `#[warn(unused_variables)]` on by default
[INFO] [stdout] 
[INFO] [stdout] 
[INFO] [stdout] warning: variable does not need to be mutable
[INFO] [stdout]    --> src/23/day10/main.rs:170:13
[INFO] [stdout]     |
[INFO] [stdout] 170 |         let mut offset_points: Vec<Vec2f> = points.into_iter().map(|p| {
[INFO] [stdout]     |             ----^^^^^^^^^^^^^
[INFO] [stdout]     |             |
[INFO] [stdout]     |             help: remove this `mut`
[INFO] [stdout]     |
[INFO] [stdout]     = note: `#[warn(unused_mut)]` on by default
[INFO] [stdout] 
[INFO] [stdout] 
[INFO] [stdout] warning: field `expand_list` is never read
[INFO] [stdout]   --> src/23/day11/main.rs:12:5
[INFO] [stdout]    |
[INFO] [stdout] 11 | struct Universe {
[INFO] [stdout]    |        -------- field in this struct
[INFO] [stdout] 12 |     expand_list: Vec<Expand>,
[INFO] [stdout]    |     ^^^^^^^^^^^
[INFO] [stdout]    |
[INFO] [stdout]    = note: `#[warn(dead_code)]` on by default
[INFO] [stdout] 
[INFO] [stdout] 
[INFO] [stdout] warning: function `solve1` is never used
[INFO] [stdout]  --> src/23/day1/main.rs:4:4
[INFO] [stdout]   |
[INFO] [stdout] 4 | fn solve1() -> u32 {
[INFO] [stdout]   |    ^^^^^^
[INFO] [stdout]   |
[INFO] [stdout]   = note: `#[warn(dead_code)]` on by default
[INFO] [stdout] 
[INFO] [stdout] 
[INFO] [stdout] warning: function `solve2` is never used
[INFO] [stdout]   --> src/23/day1/main.rs:17:4
[INFO] [stdout]    |
[INFO] [stdout] 17 | fn solve2() -> u32 {
[INFO] [stdout]    |    ^^^^^^
[INFO] [stdout] 
[INFO] [stdout] 
[INFO] [stdout] warning: variable does not need to be mutable
[INFO] [stdout]   --> src/23/day12/main.rs:20:13
[INFO] [stdout]    |
[INFO] [stdout] 20 |         let mut groups: Vec<usize> = group_str.split(',').map(|i| i.parse().unwrap()).collect();
[INFO] [stdout]    |             ----^^^^^^
[INFO] [stdout]    |             |
[INFO] [stdout]    |             help: remove this `mut`
[INFO] [stdout]    |
[INFO] [stdout]    = note: `#[warn(unused_mut)]` on by default
[INFO] [stdout] 
[INFO] [stdout] 
[INFO] [stderr]     Finished `dev` profile [unoptimized + debuginfo] target(s) in 10.74s
[INFO] running `Command { std: "docker" "inspect" "21f9bc758a9d64dbbdb1e6938f92373cc77e647a5739dfb9f3e219b242100d05", kill_on_drop: false }`
[INFO] running `Command { std: "docker" "rm" "-f" "21f9bc758a9d64dbbdb1e6938f92373cc77e647a5739dfb9f3e219b242100d05", kill_on_drop: false }`
[INFO] [stdout] 21f9bc758a9d64dbbdb1e6938f92373cc77e647a5739dfb9f3e219b242100d05
[INFO] running `Command { std: "docker" "create" "-v" "/var/lib/crater-agent-workspace/builds/worker-6-tc1/target:/opt/rustwide/target:rw,Z" "-v" "/var/lib/crater-agent-workspace/builds/worker-6-tc1/source:/opt/rustwide/workdir:ro,Z" "-v" "/var/lib/crater-agent-workspace/cargo-home:/opt/rustwide/cargo-home:ro,Z" "-v" "/var/lib/crater-agent-workspace/rustup-home:/opt/rustwide/rustup-home:ro,Z" "-e" "SOURCE_DIR=/opt/rustwide/workdir" "-e" "CARGO_TARGET_DIR=/opt/rustwide/target" "-e" "CARGO_INCREMENTAL=0" "-e" "RUST_BACKTRACE=full" "-e" "RUSTFLAGS=--cap-lints=warn" "-e" "RUSTDOCFLAGS=--cap-lints=warn" "-e" "CARGO_HOME=/opt/rustwide/cargo-home" "-e" "RUSTUP_HOME=/opt/rustwide/rustup-home" "-w" "/opt/rustwide/workdir" "-m" "1610612736" "--user" "0:0" "--network" "none" "ghcr.io/rust-lang/crates-build-env/linux@sha256:f3a9d4ad9d972b27faf3965f35b62e55ba32bbce8f20bc8fe909558a86702fde" "/opt/rustwide/cargo-home/bin/cargo" "+1.83.0" "test" "--frozen" "--no-run" "--message-format=json", kill_on_drop: false }`
[INFO] [stdout] 444cf3fedd520afe87482ffaf113a478ef89e294c062a15968be3977d3986c3a
[INFO] running `Command { std: "docker" "start" "-a" "444cf3fedd520afe87482ffaf113a478ef89e294c062a15968be3977d3986c3a", kill_on_drop: false }`
[INFO] [stderr]    Compiling aoc v0.1.0 (/opt/rustwide/workdir)
[INFO] [stdout] warning: unused imports: `BTreeMap`, `LinkedList`, and `u32::MAX`
[INFO] [stdout]  --> src/23/day8/main.rs:2:19
[INFO] [stdout]   |
[INFO] [stdout] 2 |     collections::{BTreeMap, HashMap, LinkedList},
[INFO] [stdout]   |                   ^^^^^^^^           ^^^^^^^^^^
[INFO] [stdout] 3 |     fs, u32::MAX,
[INFO] [stdout]   |         ^^^^^^^^
[INFO] [stdout]   |
[INFO] [stdout]   = note: `#[warn(unused_imports)]` on by default
[INFO] [stdout] 
[INFO] [stdout] 
[INFO] [stdout] warning: unused import: `num`
[INFO] [stdout]  --> src/23/day3/main.rs:1:33
[INFO] [stdout]   |
[INFO] [stdout] 1 | use std::{fs, ops::RangeBounds, num};
[INFO] [stdout]   |                                 ^^^
[INFO] [stdout]   |
[INFO] [stdout]   = note: `#[warn(unused_imports)]` on by default
[INFO] [stdout] 
[INFO] [stdout] 
[INFO] [stdout] warning: variable does not need to be mutable
[INFO] [stdout]   --> src/23/day12/main.rs:20:13
[INFO] [stdout]    |
[INFO] [stdout] 20 |         let mut groups: Vec<usize> = group_str.split(',').map(|i| i.parse().unwrap()).collect();
[INFO] [stdout]    |             ----^^^^^^
[INFO] [stdout]    |             |
[INFO] [stdout]    |             help: remove this `mut`
[INFO] [stdout]    |
[INFO] [stdout]    = note: `#[warn(unused_mut)]` on by default
[INFO] [stdout] 
[INFO] [stdout] 
[INFO] [stdout] warning: unused import: `ops::RangeBounds`
[INFO] [stdout]  --> src/23/day3/main.rs:1:15
[INFO] [stdout]   |
[INFO] [stdout] 1 | use std::{fs, ops::RangeBounds, num};
[INFO] [stdout]   |               ^^^^^^^^^^^^^^^^
[INFO] [stdout] 
[INFO] [stdout] 
[INFO] [stdout] warning: unused imports: `DerefMut`, `Not`, and `borrow::BorrowMut`
[INFO] [stdout]  --> src/23/day10/main.rs:1:21
[INFO] [stdout]   |
[INFO] [stdout] 1 | use std::{fs, ops::{DerefMut, SubAssign, AddAssign, Div, Not}, borrow::BorrowMut};
[INFO] [stdout]   |                     ^^^^^^^^                             ^^^   ^^^^^^^^^^^^^^^^^
[INFO] [stdout]   |
[INFO] [stdout]   = note: `#[warn(unused_imports)]` on by default
[INFO] [stdout] 
[INFO] [stdout] 
[INFO] [stdout] warning: struct `Seed` is never constructed
[INFO] [stdout]  --> src/23/day5/main.rs:4:8
[INFO] [stdout]   |
[INFO] [stdout] 4 | struct Seed {
[INFO] [stdout]   |        ^^^^
[INFO] [stdout]   |
[INFO] [stdout]   = note: `#[warn(dead_code)]` on by default
[INFO] [stdout] 
[INFO] [stdout] 
[INFO] [stdout] warning: unused variable: `s`
[INFO] [stdout]    --> src/23/day10/main.rs:110:23
[INFO] [stdout]     |
[INFO] [stdout] 110 |         let (s_index, s) = points.iter().find_position(|p| p.c == 'S').unwrap();
[INFO] [stdout]     |                       ^ help: if this is intentional, prefix it with an underscore: `_s`
[INFO] [stdout]     |
[INFO] [stdout]     = note: `#[warn(unused_variables)]` on by default
[INFO] [stdout] 
[INFO] [stdout] 
[INFO] [stdout] warning: variable does not need to be mutable
[INFO] [stdout]    --> src/23/day10/main.rs:170:13
[INFO] [stdout]     |
[INFO] [stdout] 170 |         let mut offset_points: Vec<Vec2f> = points.into_iter().map(|p| {
[INFO] [stdout]     |             ----^^^^^^^^^^^^^
[INFO] [stdout]     |             |
[INFO] [stdout]     |             help: remove this `mut`
[INFO] [stdout]     |
[INFO] [stdout]     = note: `#[warn(unused_mut)]` on by default
[INFO] [stdout] 
[INFO] [stdout] 
[INFO] [stderr]     Finished `test` profile [unoptimized + debuginfo] target(s) in 2.63s
[INFO] running `Command { std: "docker" "inspect" "444cf3fedd520afe87482ffaf113a478ef89e294c062a15968be3977d3986c3a", kill_on_drop: false }`
[INFO] running `Command { std: "docker" "rm" "-f" "444cf3fedd520afe87482ffaf113a478ef89e294c062a15968be3977d3986c3a", kill_on_drop: false }`
[INFO] [stdout] 444cf3fedd520afe87482ffaf113a478ef89e294c062a15968be3977d3986c3a
[INFO] running `Command { std: "docker" "create" "-v" "/var/lib/crater-agent-workspace/builds/worker-6-tc1/target:/opt/rustwide/target:rw,Z" "-v" "/var/lib/crater-agent-workspace/builds/worker-6-tc1/source:/opt/rustwide/workdir:ro,Z" "-v" "/var/lib/crater-agent-workspace/cargo-home:/opt/rustwide/cargo-home:ro,Z" "-v" "/var/lib/crater-agent-workspace/rustup-home:/opt/rustwide/rustup-home:ro,Z" "-e" "SOURCE_DIR=/opt/rustwide/workdir" "-e" "CARGO_TARGET_DIR=/opt/rustwide/target" "-e" "CARGO_INCREMENTAL=0" "-e" "RUST_BACKTRACE=full" "-e" "RUSTFLAGS=--cap-lints=warn" "-e" "RUSTDOCFLAGS=--cap-lints=warn" "-e" "CARGO_HOME=/opt/rustwide/cargo-home" "-e" "RUSTUP_HOME=/opt/rustwide/rustup-home" "-w" "/opt/rustwide/workdir" "-m" "1610612736" "--user" "0:0" "--network" "none" "ghcr.io/rust-lang/crates-build-env/linux@sha256:f3a9d4ad9d972b27faf3965f35b62e55ba32bbce8f20bc8fe909558a86702fde" "/opt/rustwide/cargo-home/bin/cargo" "+1.83.0" "test" "--frozen", kill_on_drop: false }`
[INFO] [stdout] 878868204a7ebfb2d051e87ce7f82b0e86b5ec7201dfd4aaee77c98ccc7d7265
[INFO] running `Command { std: "docker" "start" "-a" "878868204a7ebfb2d051e87ce7f82b0e86b5ec7201dfd4aaee77c98ccc7d7265", kill_on_drop: false }`
[INFO] [stderr] warning: struct `Seed` is never constructed
[INFO] [stderr]  --> src/23/day5/main.rs:4:8
[INFO] [stderr]   |
[INFO] [stderr] 4 | struct Seed {
[INFO] [stderr]   |        ^^^^
[INFO] [stderr]   |
[INFO] [stderr]   = note: `#[warn(dead_code)]` on by default
[INFO] [stderr] 
[INFO] [stderr] warning: unused imports: `BTreeMap`, `LinkedList`, and `u32::MAX`
[INFO] [stderr]  --> src/23/day8/main.rs:2:19
[INFO] [stderr]   |
[INFO] [stderr] 2 |     collections::{BTreeMap, HashMap, LinkedList},
[INFO] [stderr]   |                   ^^^^^^^^           ^^^^^^^^^^
[INFO] [stderr] 3 |     fs, u32::MAX,
[INFO] [stderr]   |         ^^^^^^^^
[INFO] [stderr]   |
[INFO] [stderr]   = note: `#[warn(unused_imports)]` on by default
[INFO] [stderr] 
[INFO] [stderr] warning: unused imports: `DerefMut`, `Not`, and `borrow::BorrowMut`
[INFO] [stderr]  --> src/23/day10/main.rs:1:21
[INFO] [stderr]   |
[INFO] [stderr] 1 | use std::{fs, ops::{DerefMut, SubAssign, AddAssign, Div, Not}, borrow::BorrowMut};
[INFO] [stderr]   |                     ^^^^^^^^                             ^^^   ^^^^^^^^^^^^^^^^^
[INFO] [stderr]   |
[INFO] [stderr]   = note: `#[warn(unused_imports)]` on by default
[INFO] [stderr] 
[INFO] [stderr] warning: unused variable: `s`
[INFO] [stderr]    --> src/23/day10/main.rs:110:23
[INFO] [stderr]     |
[INFO] [stderr] 110 |         let (s_index, s) = points.iter().find_position(|p| p.c == 'S').unwrap();
[INFO] [stderr]     |                       ^ help: if this is intentional, prefix it with an underscore: `_s`
[INFO] [stderr]     |
[INFO] [stderr]     = note: `#[warn(unused_variables)]` on by default
[INFO] [stderr] 
[INFO] [stderr] warning: variable does not need to be mutable
[INFO] [stderr]    --> src/23/day10/main.rs:170:13
[INFO] [stderr]     |
[INFO] [stderr] 170 |         let mut offset_points: Vec<Vec2f> = points.into_iter().map(|p| {
[INFO] [stderr]     |             ----^^^^^^^^^^^^^
[INFO] [stderr]     |             |
[INFO] [stderr]     |             help: remove this `mut`
[INFO] [stderr]     |
[INFO] [stderr]     = note: `#[warn(unused_mut)]` on by default
[INFO] [stderr] 
[INFO] [stderr] warning: variable does not need to be mutable
[INFO] [stderr]   --> src/23/day12/main.rs:20:13
[INFO] [stderr]    |
[INFO] [stderr] 20 |         let mut groups: Vec<usize> = group_str.split(',').map(|i| i.parse().unwrap()).collect();
[INFO] [stderr]    |             ----^^^^^^
[INFO] [stderr]    |             |
[INFO] [stderr]    |             help: remove this `mut`
[INFO] [stderr]    |
[INFO] [stderr]    = note: `#[warn(unused_mut)]` on by default
[INFO] [stderr] 
[INFO] [stderr] warning: unused import: `num`
[INFO] [stderr]  --> src/23/day3/main.rs:1:33
[INFO] [stderr]   |
[INFO] [stderr] 1 | use std::{fs, ops::RangeBounds, num};
[INFO] [stderr]   |                                 ^^^
[INFO] [stderr]   |
[INFO] [stderr]   = note: `#[warn(unused_imports)]` on by default
[INFO] [stderr] 
[INFO] [stderr] warning: unused import: `ops::RangeBounds`
[INFO] [stderr]  --> src/23/day3/main.rs:1:15
[INFO] [stderr]   |
[INFO] [stderr] 1 | use std::{fs, ops::RangeBounds, num};
[INFO] [stderr]   |               ^^^^^^^^^^^^^^^^
[INFO] [stderr] 
[INFO] [stderr] warning: `aoc` (bin "23-day5" test) generated 1 warning
[INFO] [stderr] warning: `aoc` (bin "23-day8" test) generated 1 warning (run `cargo fix --bin "23-day8" --tests` to apply 1 suggestion)
[INFO] [stderr] warning: `aoc` (bin "23-day10" test) generated 3 warnings (run `cargo fix --bin "23-day10" --tests` to apply 2 suggestions)
[INFO] [stderr] warning: `aoc` (bin "23-day12" test) generated 1 warning (run `cargo fix --bin "23-day12" --tests` to apply 1 suggestion)
[INFO] [stderr] warning: `aoc` (bin "23-day3" test) generated 2 warnings (run `cargo fix --bin "23-day3" --tests` to apply 1 suggestion)
[INFO] [stderr]     Finished `test` profile [unoptimized + debuginfo] target(s) in 0.03s
[INFO] [stdout] 
[INFO] [stderr]      Running unittests src/23/day1/main.rs (/opt/rustwide/target/debug/deps/23_day1-b1e590614752b1ed)
[INFO] [stdout] running 1 test
[INFO] [stdout] test test::test ... ok
[INFO] [stdout] 
[INFO] [stdout] test result: ok. 1 passed; 0 failed; 0 ignored; 0 measured; 0 filtered out; finished in 0.01s
[INFO] [stdout] 
[INFO] [stderr]      Running unittests src/23/day10/main.rs (/opt/rustwide/target/debug/deps/23_day10-1591056e985c328b)
[INFO] [stdout] 
[INFO] [stdout] running 8 tests
[INFO] [stdout] test test::test_area::_n_s_7_n_n_l_j_n_n_1_0_expects ... ok
[INFO] [stdout] test test::test_full::_f7_n_fj_n_sj_l7_n_f_j_n_lj_8_expects ... ok
[INFO] [stdout] test test::test_area::_n_s7_n_lj_0_0_expects ... ok
[INFO] [stdout] test test::test_area::_n_s_7_n_f_7_n_n_n_l_7_f_j_n_n_l_j_l_j_n_4_0_expects ... ok
[INFO] [stdout] test test::test_full::_f7f7_n_lj_nf_s_n_f_j_n_l_7_nl_j_13_expects ... ok
[INFO] [stdout] test test::test_full::_n_s_7_n_n_l_j_n_n_4_expects ... ok
[INFO] [stdout] test test::test_get::_n_s_7_n_n_l_j_n_n_expects ... ok
[INFO] [stdout] test test::test_next::_n_s_7_n_n_l_j_n_n_expects ... ok
[INFO] [stdout] 
[INFO] [stdout] test result: ok. 8 passed; 0 failed; 0 ignored; 0 measured; 0 filtered out; finished in 0.02s
[INFO] [stderr]      Running unittests src/23/day11/main.rs (/opt/rustwide/target/debug/deps/23_day11-31c2ba9140df73b7)
[INFO] [stdout] 
[INFO] [stdout] 
[INFO] [stdout] running 10 tests
[INFO] [stdout] test test::galaxy_cost::galaxy_x_0_y_0_galaxy_x_0_y_1_1_expects ... ok
[INFO] [stdout] test test::galaxy_cost::galaxy_x_3_y_3_galaxy_x_0_y_1_5_expects ... ok
[INFO] [stdout] test test::galaxy_cost::galaxy_x_0_y_0_galaxy_x_2_y_3_5_expects ... ok
[INFO] [stdout] test test::test_galaxies::_n_vec_expects ... ok
[INFO] [stdout] test test::test_galaxies::_n_vec_galaxy_x_0_y_0_galaxy_x_1_y_1_expects ... ok
[INFO] [stdout] test test::test_universe::_n_vec_expects ... ok
[INFO] [stdout] test test::test_universe::_n_vec_row_0_column_0_expects ... ok
[INFO] [stdout] test test::test_universe::_n_vec_row_0_row_1_column_0_column_1_expects ... ok
[INFO] [stdout] test test::test_pair ... ok
[INFO] [stdout] test test::test_galaxies::_n_vec_galaxy_x_2_y_2_expects ... FAILED
[INFO] [stdout] 
[INFO] [stdout] failures:
[INFO] [stdout] 
[INFO] [stdout] ---- test::test_galaxies::_n_vec_galaxy_x_2_y_2_expects stdout ----
[INFO] [stdout] thread 'test::test_galaxies::_n_vec_galaxy_x_2_y_2_expects' panicked at src/23/day11/main.rs:142:9:
[INFO] [stdout] assertion `left == right` failed
[INFO] [stderr] error: test failed, to rerun pass `--bin 23-day11`
[INFO] [stdout]   left: [Galaxy { x: 3, y: 3 }]
[INFO] [stdout]  right: [Galaxy { x: 2, y: 2 }]
[INFO] [stdout] stack backtrace:
[INFO] [stdout]    0:     0x5bb9c0a7864a - std::backtrace_rs::backtrace::libunwind::trace::h5a5b8284f2d0c266
[INFO] [stdout]                                at /rustc/90b35a6239c3d8bdabc530a6a0816f7ff89a0aaf/library/std/src/../../backtrace/src/backtrace/libunwind.rs:116:5
[INFO] [stdout]    1:     0x5bb9c0a7864a - std::backtrace_rs::backtrace::trace_unsynchronized::h76d4f1c9b0b875e3
[INFO] [stdout]                                at /rustc/90b35a6239c3d8bdabc530a6a0816f7ff89a0aaf/library/std/src/../../backtrace/src/backtrace/mod.rs:66:5
[INFO] [stdout]    2:     0x5bb9c0a7864a - std::sys::backtrace::_print_fmt::hc4546b8364a537c6
[INFO] [stdout]                                at /rustc/90b35a6239c3d8bdabc530a6a0816f7ff89a0aaf/library/std/src/sys/backtrace.rs:66:9
[INFO] [stdout]    3:     0x5bb9c0a7864a - <std::sys::backtrace::BacktraceLock::print::DisplayBacktrace as core::fmt::Display>::fmt::h5b6bd5631a6d1f6b
[INFO] [stdout]                                at /rustc/90b35a6239c3d8bdabc530a6a0816f7ff89a0aaf/library/std/src/sys/backtrace.rs:39:26
[INFO] [stdout]    4:     0x5bb9c0a9da63 - core::fmt::rt::Argument::fmt::h270f6602a2b96f62
[INFO] [stdout]                                at /rustc/90b35a6239c3d8bdabc530a6a0816f7ff89a0aaf/library/core/src/fmt/rt.rs:177:76
[INFO] [stdout]    5:     0x5bb9c0a9da63 - core::fmt::write::h7550c97b06c86515
[INFO] [stdout]                                at /rustc/90b35a6239c3d8bdabc530a6a0816f7ff89a0aaf/library/core/src/fmt/mod.rs:1186:21
[INFO] [stdout]    6:     0x5bb9c0a75813 - std::io::Write::write_fmt::h509ff860e5956e5e
[INFO] [stdout]                                at /rustc/90b35a6239c3d8bdabc530a6a0816f7ff89a0aaf/library/std/src/io/mod.rs:1839:15
[INFO] [stdout]    7:     0x5bb9c0a78492 - std::sys::backtrace::BacktraceLock::print::h2395ccd2c84ba3aa
[INFO] [stdout]                                at /rustc/90b35a6239c3d8bdabc530a6a0816f7ff89a0aaf/library/std/src/sys/backtrace.rs:42:9
[INFO] [stdout]    8:     0x5bb9c0a79aaa - std::panicking::default_hook::{{closure}}::he19d4c7230e07961
[INFO] [stdout]                                at /rustc/90b35a6239c3d8bdabc530a6a0816f7ff89a0aaf/library/std/src/panicking.rs:268:22
[INFO] [stdout]    9:     0x5bb9c0a798b4 - std::panicking::default_hook::hf614597d3c67bbdb
[INFO] [stdout]                                at /rustc/90b35a6239c3d8bdabc530a6a0816f7ff89a0aaf/library/std/src/panicking.rs:292:9
[INFO] [stdout]   10:     0x5bb9c0a44fb9 - <alloc::boxed::Box<F,A> as core::ops::function::Fn<Args>>::call::h39b51ce4599c23d1
[INFO] [stdout]                                at /rustc/90b35a6239c3d8bdabc530a6a0816f7ff89a0aaf/library/alloc/src/boxed.rs:2468:9
[INFO] [stdout]   11:     0x5bb9c0a44fb9 - test::test_main::{{closure}}::he977ae839a582784
[INFO] [stdout]                                at /rustc/90b35a6239c3d8bdabc530a6a0816f7ff89a0aaf/library/test/src/lib.rs:133:21
[INFO] [stdout]   12:     0x5bb9c0a7a148 - <alloc::boxed::Box<F,A> as core::ops::function::Fn<Args>>::call::h9455091b6b06f9fb
[INFO] [stdout]                                at /rustc/90b35a6239c3d8bdabc530a6a0816f7ff89a0aaf/library/alloc/src/boxed.rs:2468:9
[INFO] [stdout]   13:     0x5bb9c0a7a148 - std::panicking::rust_panic_with_hook::h8942133a8b252070
[INFO] [stdout]                                at /rustc/90b35a6239c3d8bdabc530a6a0816f7ff89a0aaf/library/std/src/panicking.rs:809:13
[INFO] [stdout]   14:     0x5bb9c0a79f0a - std::panicking::begin_panic_handler::{{closure}}::hb5f5963570096b29
[INFO] [stdout]                                at /rustc/90b35a6239c3d8bdabc530a6a0816f7ff89a0aaf/library/std/src/panicking.rs:674:13
[INFO] [stdout]   15:     0x5bb9c0a78b29 - std::sys::backtrace::__rust_end_short_backtrace::h6208cedc1922feda
[INFO] [stdout]                                at /rustc/90b35a6239c3d8bdabc530a6a0816f7ff89a0aaf/library/std/src/sys/backtrace.rs:170:18
[INFO] [stdout]   16:     0x5bb9c0a79b9c - rust_begin_unwind
[INFO] [stdout]                                at /rustc/90b35a6239c3d8bdabc530a6a0816f7ff89a0aaf/library/std/src/panicking.rs:665:5
[INFO] [stdout]   17:     0x5bb9c09fea60 - core::panicking::panic_fmt::h0c3082644d1bf418
[INFO] [stdout]                                at /rustc/90b35a6239c3d8bdabc530a6a0816f7ff89a0aaf/library/core/src/panicking.rs:74:14
[INFO] [stdout]   18:     0x5bb9c09fee2b - core::panicking::assert_failed_inner::h2ddf1fcc067fa858
[INFO] [stdout]   19:     0x5bb9c0a07729 - core::panicking::assert_failed::h5244194da73a0500
[INFO] [stdout]                                at /rustc/90b35a6239c3d8bdabc530a6a0816f7ff89a0aaf/library/core/src/panicking.rs:367:5
[INFO] [stdout]   20:     0x5bb9c0a03fee - _23_day11::test::test_galaxies::hdc30c80429d7dba2
[INFO] [stdout]                                at /opt/rustwide/workdir/src/23/day11/main.rs:142:9
[INFO] [stdout]   21:     0x5bb9c0a09219 - _23_day11::test::test_galaxies::_n_vec_galaxy_x_2_y_2_expects::h7defad7c8ec8f194
[INFO] [stdout]                                at /opt/rustwide/workdir/src/23/day11/main.rs:137:5
[INFO] [stdout]   22:     0x5bb9c0a091a7 - _23_day11::test::test_galaxies::_n_vec_galaxy_x_2_y_2_expects::{{closure}}::he6d19c19ba544e0d
[INFO] [stdout]                                at /opt/rustwide/workdir/src/23/day11/main.rs:137:35
[INFO] [stdout]   23:     0x5bb9c0a055c6 - core::ops::function::FnOnce::call_once::ha30c6d84a817046f
[INFO] [stdout]                                at /rustc/90b35a6239c3d8bdabc530a6a0816f7ff89a0aaf/library/core/src/ops/function.rs:250:5
[INFO] [stdout]   24:     0x5bb9c0a4997b - core::ops::function::FnOnce::call_once::h109cf8051a59b34e
[INFO] [stdout]                                at /rustc/90b35a6239c3d8bdabc530a6a0816f7ff89a0aaf/library/core/src/ops/function.rs:250:5
[INFO] [stdout]   25:     0x5bb9c0a4997b - test::__rust_begin_short_backtrace::hf4fff89d377446ba
[INFO] [stdout]                                at /rustc/90b35a6239c3d8bdabc530a6a0816f7ff89a0aaf/library/test/src/lib.rs:621:18
[INFO] [stdout]   26:     0x5bb9c0a491b7 - test::run_test_in_process::{{closure}}::h0e39181dd7ee5a43
[INFO] [stdout]                                at /rustc/90b35a6239c3d8bdabc530a6a0816f7ff89a0aaf/library/test/src/lib.rs:644:60
[INFO] [stdout]   27:     0x5bb9c0a491b7 - <core::panic::unwind_safe::AssertUnwindSafe<F> as core::ops::function::FnOnce<()>>::call_once::hc5a66a30f0bdfd1f
[INFO] [stdout]                                at /rustc/90b35a6239c3d8bdabc530a6a0816f7ff89a0aaf/library/core/src/panic/unwind_safe.rs:272:9
[INFO] [stdout]   28:     0x5bb9c0a491b7 - std::panicking::try::do_call::h873b7cf639554a5e
[INFO] [stdout]                                at /rustc/90b35a6239c3d8bdabc530a6a0816f7ff89a0aaf/library/std/src/panicking.rs:557:40
[INFO] [stdout]   29:     0x5bb9c0a491b7 - std::panicking::try::hdb19862fad9c8bd1
[INFO] [stdout]                                at /rustc/90b35a6239c3d8bdabc530a6a0816f7ff89a0aaf/library/std/src/panicking.rs:520:19
[INFO] [stdout]   30:     0x5bb9c0a491b7 - std::panic::catch_unwind::h281fe732d236d260
[INFO] [stdout]                                at /rustc/90b35a6239c3d8bdabc530a6a0816f7ff89a0aaf/library/std/src/panic.rs:358:14
[INFO] [stdout]   31:     0x5bb9c0a491b7 - test::run_test_in_process::h949b6df8457ed338
[INFO] [stdout]                                at /rustc/90b35a6239c3d8bdabc530a6a0816f7ff89a0aaf/library/test/src/lib.rs:644:27
[INFO] [stdout]   32:     0x5bb9c0a491b7 - test::run_test::{{closure}}::h52c556a6d4740e10
[INFO] [stdout]                                at /rustc/90b35a6239c3d8bdabc530a6a0816f7ff89a0aaf/library/test/src/lib.rs:565:43
[INFO] [stdout]   33:     0x5bb9c0a0e494 - test::run_test::{{closure}}::h4237f6381c45ccb9
[INFO] [stdout]                                at /rustc/90b35a6239c3d8bdabc530a6a0816f7ff89a0aaf/library/test/src/lib.rs:595:41
[INFO] [stdout]   34:     0x5bb9c0a0e494 - std::sys::backtrace::__rust_begin_short_backtrace::h505c97a579eca628
[INFO] [stdout]                                at /rustc/90b35a6239c3d8bdabc530a6a0816f7ff89a0aaf/library/std/src/sys/backtrace.rs:154:18
[INFO] [stdout]   35:     0x5bb9c0a11b5e - std::thread::Builder::spawn_unchecked_::{{closure}}::{{closure}}::h9e86b2e2bc107ea3
[INFO] [stdout]                                at /rustc/90b35a6239c3d8bdabc530a6a0816f7ff89a0aaf/library/std/src/thread/mod.rs:538:17
[INFO] [stdout]   36:     0x5bb9c0a11b5e - <core::panic::unwind_safe::AssertUnwindSafe<F> as core::ops::function::FnOnce<()>>::call_once::h8b06ddb275ff4a25
[INFO] [stdout]                                at /rustc/90b35a6239c3d8bdabc530a6a0816f7ff89a0aaf/library/core/src/panic/unwind_safe.rs:272:9
[INFO] [stdout]   37:     0x5bb9c0a11b5e - std::panicking::try::do_call::hb26ecd7cd9a9355d
[INFO] [stdout]                                at /rustc/90b35a6239c3d8bdabc530a6a0816f7ff89a0aaf/library/std/src/panicking.rs:557:40
[INFO] [stdout]   38:     0x5bb9c0a11b5e - std::panicking::try::h8ddeca9d705f9069
[INFO] [stdout]                                at /rustc/90b35a6239c3d8bdabc530a6a0816f7ff89a0aaf/library/std/src/panicking.rs:520:19
[INFO] [stdout]   39:     0x5bb9c0a11b5e - std::panic::catch_unwind::h49e1c33078844c46
[INFO] [stdout]                                at /rustc/90b35a6239c3d8bdabc530a6a0816f7ff89a0aaf/library/std/src/panic.rs:358:14
[INFO] [stdout]   40:     0x5bb9c0a11b5e - std::thread::Builder::spawn_unchecked_::{{closure}}::h6073db6ff56ad35d
[INFO] [stdout]                                at /rustc/90b35a6239c3d8bdabc530a6a0816f7ff89a0aaf/library/std/src/thread/mod.rs:537:30
[INFO] [stdout]   41:     0x5bb9c0a11b5e - core::ops::function::FnOnce::call_once{{vtable.shim}}::h2c5a5f3779c774f1
[INFO] [stdout]                                at /rustc/90b35a6239c3d8bdabc530a6a0816f7ff89a0aaf/library/core/src/ops/function.rs:250:5
[INFO] [stdout]   42:     0x5bb9c0a7de9b - <alloc::boxed::Box<F,A> as core::ops::function::FnOnce<Args>>::call_once::hf75717d9f28faebf
[INFO] [stdout]                                at /rustc/90b35a6239c3d8bdabc530a6a0816f7ff89a0aaf/library/alloc/src/boxed.rs:2454:9
[INFO] [stdout]   43:     0x5bb9c0a7de9b - <alloc::boxed::Box<F,A> as core::ops::function::FnOnce<Args>>::call_once::h7bd883a5f3c5f3c1
[INFO] [stdout]                                at /rustc/90b35a6239c3d8bdabc530a6a0816f7ff89a0aaf/library/alloc/src/boxed.rs:2454:9
[INFO] [stdout]   44:     0x5bb9c0a7de9b - std::sys::pal::unix::thread::Thread::new::thread_start::hcc78f3943333fa94
[INFO] [stdout]                                at /rustc/90b35a6239c3d8bdabc530a6a0816f7ff89a0aaf/library/std/src/sys/pal/unix/thread.rs:105:17
[INFO] [stdout]   45:     0x796706b98ac3 - <unknown>
[INFO] [stdout]   46:     0x796706c29a04 - clone
[INFO] [stdout]   47:                0x0 - <unknown>
[INFO] [stdout] 
[INFO] [stdout] 
[INFO] [stdout] failures:
[INFO] [stdout]     test::test_galaxies::_n_vec_galaxy_x_2_y_2_expects
[INFO] [stdout] 
[INFO] [stdout] test result: FAILED. 9 passed; 1 failed; 0 ignored; 0 measured; 0 filtered out; finished in 0.02s
[INFO] [stdout] 
[INFO] running `Command { std: "docker" "inspect" "878868204a7ebfb2d051e87ce7f82b0e86b5ec7201dfd4aaee77c98ccc7d7265", kill_on_drop: false }`
[INFO] running `Command { std: "docker" "rm" "-f" "878868204a7ebfb2d051e87ce7f82b0e86b5ec7201dfd4aaee77c98ccc7d7265", kill_on_drop: false }`
[INFO] [stdout] 878868204a7ebfb2d051e87ce7f82b0e86b5ec7201dfd4aaee77c98ccc7d7265
