[INFO] cloning repository https://github.com/OrnitOnGithub/terminal-minecraft-rust
[INFO] running `Command { std: "git" "-c" "credential.helper=" "-c" "credential.helper=/workspace/cargo-home/bin/git-credential-null" "clone" "--bare" "https://github.com/OrnitOnGithub/terminal-minecraft-rust" "/workspace/cache/git-repos/https%3A%2F%2Fgithub.com%2FOrnitOnGithub%2Fterminal-minecraft-rust", kill_on_drop: false }`
[INFO] [stderr] Cloning into bare repository '/workspace/cache/git-repos/https%3A%2F%2Fgithub.com%2FOrnitOnGithub%2Fterminal-minecraft-rust'...
[INFO] running `Command { std: "git" "rev-parse" "HEAD", kill_on_drop: false }`
[INFO] [stdout] a2efd7c7b21f977b4360a86fcdb2c2f50bd9e112
[INFO] testing OrnitOnGithub/terminal-minecraft-rust against 1.83.0 for beta-1.84.0-4-retry
[INFO] running `Command { std: "git" "clone" "/workspace/cache/git-repos/https%3A%2F%2Fgithub.com%2FOrnitOnGithub%2Fterminal-minecraft-rust" "/workspace/builds/worker-6-tc1/source", kill_on_drop: false }`
[INFO] [stderr] Cloning into '/workspace/builds/worker-6-tc1/source'...
[INFO] [stderr] done.
[INFO] validating manifest of git repo https://github.com/OrnitOnGithub/terminal-minecraft-rust on toolchain 1.83.0
[INFO] running `Command { std: CARGO_HOME="/workspace/cargo-home" RUSTUP_HOME="/workspace/rustup-home" "/workspace/cargo-home/bin/cargo" "+1.83.0" "metadata" "--manifest-path" "Cargo.toml" "--no-deps", kill_on_drop: false }`
[INFO] started tweaking git repo https://github.com/OrnitOnGithub/terminal-minecraft-rust
[INFO] finished tweaking git repo https://github.com/OrnitOnGithub/terminal-minecraft-rust
[INFO] tweaked toml for git repo https://github.com/OrnitOnGithub/terminal-minecraft-rust written to /workspace/builds/worker-6-tc1/source/Cargo.toml
[INFO] crate git repo https://github.com/OrnitOnGithub/terminal-minecraft-rust already has a lockfile, it will not be regenerated
[INFO] running `Command { std: CARGO_HOME="/workspace/cargo-home" RUSTUP_HOME="/workspace/rustup-home" "/workspace/cargo-home/bin/cargo" "+1.83.0" "fetch" "--manifest-path" "Cargo.toml", kill_on_drop: false }`
[INFO] [stderr]  Downloading crates ...
[INFO] [stderr]   Downloaded terminfo v0.8.0
[INFO] [stderr]   Downloaded clearscreen v3.0.0
[INFO] running `Command { std: "docker" "create" "-v" "/var/lib/crater-agent-workspace/builds/worker-6-tc1/target:/opt/rustwide/target:rw,Z" "-v" "/var/lib/crater-agent-workspace/builds/worker-6-tc1/source:/opt/rustwide/workdir:ro,Z" "-v" "/var/lib/crater-agent-workspace/cargo-home:/opt/rustwide/cargo-home:ro,Z" "-v" "/var/lib/crater-agent-workspace/rustup-home:/opt/rustwide/rustup-home:ro,Z" "-e" "SOURCE_DIR=/opt/rustwide/workdir" "-e" "CARGO_TARGET_DIR=/opt/rustwide/target" "-e" "CARGO_HOME=/opt/rustwide/cargo-home" "-e" "RUSTUP_HOME=/opt/rustwide/rustup-home" "-w" "/opt/rustwide/workdir" "-m" "1610612736" "--user" "0:0" "--network" "none" "ghcr.io/rust-lang/crates-build-env/linux@sha256:f3a9d4ad9d972b27faf3965f35b62e55ba32bbce8f20bc8fe909558a86702fde" "/opt/rustwide/cargo-home/bin/cargo" "+1.83.0" "metadata" "--no-deps" "--format-version=1", kill_on_drop: false }`
[INFO] [stdout] 56d1838766ba4d2d4191677304c3c605b3022da3d4eb980ead7c986078b6c3b6
[INFO] running `Command { std: "docker" "start" "-a" "56d1838766ba4d2d4191677304c3c605b3022da3d4eb980ead7c986078b6c3b6", kill_on_drop: false }`
[INFO] running `Command { std: "docker" "inspect" "56d1838766ba4d2d4191677304c3c605b3022da3d4eb980ead7c986078b6c3b6", kill_on_drop: false }`
[INFO] running `Command { std: "docker" "rm" "-f" "56d1838766ba4d2d4191677304c3c605b3022da3d4eb980ead7c986078b6c3b6", kill_on_drop: false }`
[INFO] [stdout] 56d1838766ba4d2d4191677304c3c605b3022da3d4eb980ead7c986078b6c3b6
[INFO] running `Command { std: "docker" "create" "-v" "/var/lib/crater-agent-workspace/builds/worker-6-tc1/target:/opt/rustwide/target:rw,Z" "-v" "/var/lib/crater-agent-workspace/builds/worker-6-tc1/source:/opt/rustwide/workdir:ro,Z" "-v" "/var/lib/crater-agent-workspace/cargo-home:/opt/rustwide/cargo-home:ro,Z" "-v" "/var/lib/crater-agent-workspace/rustup-home:/opt/rustwide/rustup-home:ro,Z" "-e" "SOURCE_DIR=/opt/rustwide/workdir" "-e" "CARGO_TARGET_DIR=/opt/rustwide/target" "-e" "CARGO_INCREMENTAL=0" "-e" "RUST_BACKTRACE=full" "-e" "RUSTFLAGS=--cap-lints=warn" "-e" "RUSTDOCFLAGS=--cap-lints=warn" "-e" "CARGO_HOME=/opt/rustwide/cargo-home" "-e" "RUSTUP_HOME=/opt/rustwide/rustup-home" "-w" "/opt/rustwide/workdir" "-m" "1610612736" "--user" "0:0" "--network" "none" "ghcr.io/rust-lang/crates-build-env/linux@sha256:f3a9d4ad9d972b27faf3965f35b62e55ba32bbce8f20bc8fe909558a86702fde" "/opt/rustwide/cargo-home/bin/cargo" "+1.83.0" "build" "--frozen" "--message-format=json", kill_on_drop: false }`
[INFO] [stdout] f4f2c38e48222c33dbc6880a708e6ca5ac327044ccf95280eb4c55b56a946cab
[INFO] running `Command { std: "docker" "start" "-a" "f4f2c38e48222c33dbc6880a708e6ca5ac327044ccf95280eb4c55b56a946cab", kill_on_drop: false }`
[INFO] [stderr]    Compiling siphasher v0.3.11
[INFO] [stderr]    Compiling libc v0.2.153
[INFO] [stderr]    Compiling rand_core v0.6.4
[INFO] [stderr]    Compiling proc-macro2 v1.0.81
[INFO] [stderr]    Compiling rustix v0.38.34
[INFO] [stderr]    Compiling cfg_aliases v0.1.1
[INFO] [stderr]    Compiling bitflags v2.5.0
[INFO] [stderr]    Compiling thiserror v1.0.59
[INFO] [stderr]    Compiling nix v0.28.0
[INFO] [stderr]    Compiling rand v0.8.5
[INFO] [stderr]    Compiling phf_shared v0.11.2
[INFO] [stderr]    Compiling memchr v2.7.2
[INFO] [stderr]    Compiling minimal-lexical v0.2.1
[INFO] [stderr]    Compiling linux-raw-sys v0.4.13
[INFO] [stderr]    Compiling autocfg v1.2.0
[INFO] [stderr]    Compiling phf v0.11.2
[INFO] [stderr]    Compiling home v0.5.9
[INFO] [stderr]    Compiling either v1.11.0
[INFO] [stderr]    Compiling unicode-width v0.1.11
[INFO] [stderr]    Compiling phf_generator v0.11.2
[INFO] [stderr]    Compiling num-traits v0.2.18
[INFO] [stderr]    Compiling phf_codegen v0.11.2
[INFO] [stderr]    Compiling nom v7.1.3
[INFO] [stderr]    Compiling quote v1.0.36
[INFO] [stderr]    Compiling terminfo v0.8.0
[INFO] [stderr]    Compiling syn v2.0.60
[INFO] [stderr]    Compiling colored v2.1.0
[INFO] [stderr]    Compiling dirs-sys v0.3.7
[INFO] [stderr]    Compiling console v0.15.8
[INFO] [stderr]    Compiling dirs v4.0.0
[INFO] [stderr]    Compiling which v6.0.1
[INFO] [stderr]    Compiling thiserror-impl v1.0.59
[INFO] [stderr]    Compiling clearscreen v3.0.0
[INFO] [stderr]    Compiling rust-terminal-mc v0.1.0 (/opt/rustwide/workdir)
[INFO] [stdout] warning: value assigned to `main_screen` is never read
[INFO] [stdout]   --> src/main.rs:35:11
[INFO] [stdout]    |
[INFO] [stdout] 35 |   let mut main_screen: Screen = Screen { pixels: Vec::new(), size_x: SCREEN_X_SIZE, size_y: SCREEN_Y_SIZE };
[INFO] [stdout]    |           ^^^^^^^^^^^
[INFO] [stdout]    |
[INFO] [stdout]    = help: maybe it is overwritten before being read?
[INFO] [stdout]    = note: `#[warn(unused_assignments)]` on by default
[INFO] [stdout] 
[INFO] [stdout] 
[INFO] [stdout] warning: unused variable: `idle_interval`
[INFO] [stdout]   --> src/main.rs:85:9
[INFO] [stdout]    |
[INFO] [stdout] 85 |     let idle_interval = std::time::Duration::from_millis(10);
[INFO] [stdout]    |         ^^^^^^^^^^^^^ help: if this is intentional, prefix it with an underscore: `_idle_interval`
[INFO] [stdout]    |
[INFO] [stdout]    = note: `#[warn(unused_variables)]` on by default
[INFO] [stdout] 
[INFO] [stdout] 
[INFO] [stdout] warning: variable does not need to be mutable
[INFO] [stdout]   --> src/main.rs:31:7
[INFO] [stdout]    |
[INFO] [stdout] 31 |   let mut camera_rotation_vertical: f32 = 0.0 * (PI/180.0);
[INFO] [stdout]    |       ----^^^^^^^^^^^^^^^^^^^^^^^^
[INFO] [stdout]    |       |
[INFO] [stdout]    |       help: remove this `mut`
[INFO] [stdout]    |
[INFO] [stdout]    = note: `#[warn(unused_mut)]` on by default
[INFO] [stdout] 
[INFO] [stdout] 
[INFO] [stdout] warning: variable does not need to be mutable
[INFO] [stdout]   --> src/main.rs:39:7
[INFO] [stdout]    |
[INFO] [stdout] 39 |   let mut world_data: Vec<CubeType> = load_world("world.rmc");
[INFO] [stdout]    |       ----^^^^^^^^^^
[INFO] [stdout]    |       |
[INFO] [stdout]    |       help: remove this `mut`
[INFO] [stdout] 
[INFO] [stdout] 
[INFO] [stdout] warning: constant `SUN_DIRECTION` is never used
[INFO] [stdout]   --> src/main.rs:16:7
[INFO] [stdout]    |
[INFO] [stdout] 16 | const SUN_DIRECTION: Vector3 = Vector3{x: 0.0, y: 0.0, z: -1.0};
[INFO] [stdout]    |       ^^^^^^^^^^^^^
[INFO] [stdout]    |
[INFO] [stdout]    = note: `#[warn(dead_code)]` on by default
[INFO] [stdout] 
[INFO] [stdout] 
[INFO] [stdout] warning: function `vector3_to_linear_index` is never used
[INFO] [stdout]    --> src/main.rs:384:4
[INFO] [stdout]     |
[INFO] [stdout] 384 | fn vector3_to_linear_index(position: Vector3) -> usize {
[INFO] [stdout]     |    ^^^^^^^^^^^^^^^^^^^^^^^
[INFO] [stdout] 
[INFO] [stdout] 
[INFO] [stdout] warning: function `vector3_distance` is never used
[INFO] [stdout]    --> src/main.rs:478:4
[INFO] [stdout]     |
[INFO] [stdout] 478 | fn vector3_distance(vec1: Vector3, vec2: Vector3) -> f32 {
[INFO] [stdout]     |    ^^^^^^^^^^^^^^^^
[INFO] [stdout] 
[INFO] [stdout] 
[INFO] [stderr]     Finished `dev` profile [unoptimized + debuginfo] target(s) in 27.01s
[INFO] running `Command { std: "docker" "inspect" "f4f2c38e48222c33dbc6880a708e6ca5ac327044ccf95280eb4c55b56a946cab", kill_on_drop: false }`
[INFO] running `Command { std: "docker" "rm" "-f" "f4f2c38e48222c33dbc6880a708e6ca5ac327044ccf95280eb4c55b56a946cab", kill_on_drop: false }`
[INFO] [stdout] f4f2c38e48222c33dbc6880a708e6ca5ac327044ccf95280eb4c55b56a946cab
[INFO] running `Command { std: "docker" "create" "-v" "/var/lib/crater-agent-workspace/builds/worker-6-tc1/target:/opt/rustwide/target:rw,Z" "-v" "/var/lib/crater-agent-workspace/builds/worker-6-tc1/source:/opt/rustwide/workdir:ro,Z" "-v" "/var/lib/crater-agent-workspace/cargo-home:/opt/rustwide/cargo-home:ro,Z" "-v" "/var/lib/crater-agent-workspace/rustup-home:/opt/rustwide/rustup-home:ro,Z" "-e" "SOURCE_DIR=/opt/rustwide/workdir" "-e" "CARGO_TARGET_DIR=/opt/rustwide/target" "-e" "CARGO_INCREMENTAL=0" "-e" "RUST_BACKTRACE=full" "-e" "RUSTFLAGS=--cap-lints=warn" "-e" "RUSTDOCFLAGS=--cap-lints=warn" "-e" "CARGO_HOME=/opt/rustwide/cargo-home" "-e" "RUSTUP_HOME=/opt/rustwide/rustup-home" "-w" "/opt/rustwide/workdir" "-m" "1610612736" "--user" "0:0" "--network" "none" "ghcr.io/rust-lang/crates-build-env/linux@sha256:f3a9d4ad9d972b27faf3965f35b62e55ba32bbce8f20bc8fe909558a86702fde" "/opt/rustwide/cargo-home/bin/cargo" "+1.83.0" "test" "--frozen" "--no-run" "--message-format=json", kill_on_drop: false }`
[INFO] [stdout] 14fe1040270148ed006462986d828edab8feb2b6fade645db8fefcc31f9eeb48
[INFO] running `Command { std: "docker" "start" "-a" "14fe1040270148ed006462986d828edab8feb2b6fade645db8fefcc31f9eeb48", kill_on_drop: false }`
[INFO] [stderr]    Compiling rust-terminal-mc v0.1.0 (/opt/rustwide/workdir)
[INFO] [stdout] warning: value assigned to `main_screen` is never read
[INFO] [stdout]   --> src/main.rs:35:11
[INFO] [stdout]    |
[INFO] [stdout] 35 |   let mut main_screen: Screen = Screen { pixels: Vec::new(), size_x: SCREEN_X_SIZE, size_y: SCREEN_Y_SIZE };
[INFO] [stdout]    |           ^^^^^^^^^^^
[INFO] [stdout]    |
[INFO] [stdout]    = help: maybe it is overwritten before being read?
[INFO] [stdout]    = note: `#[warn(unused_assignments)]` on by default
[INFO] [stdout] 
[INFO] [stdout] 
[INFO] [stdout] warning: unused variable: `idle_interval`
[INFO] [stdout]   --> src/main.rs:85:9
[INFO] [stdout]    |
[INFO] [stdout] 85 |     let idle_interval = std::time::Duration::from_millis(10);
[INFO] [stdout]    |         ^^^^^^^^^^^^^ help: if this is intentional, prefix it with an underscore: `_idle_interval`
[INFO] [stdout]    |
[INFO] [stdout]    = note: `#[warn(unused_variables)]` on by default
[INFO] [stdout] 
[INFO] [stdout] 
[INFO] [stdout] warning: variable does not need to be mutable
[INFO] [stdout]   --> src/main.rs:31:7
[INFO] [stdout]    |
[INFO] [stdout] 31 |   let mut camera_rotation_vertical: f32 = 0.0 * (PI/180.0);
[INFO] [stdout]    |       ----^^^^^^^^^^^^^^^^^^^^^^^^
[INFO] [stdout]    |       |
[INFO] [stdout]    |       help: remove this `mut`
[INFO] [stdout]    |
[INFO] [stdout]    = note: `#[warn(unused_mut)]` on by default
[INFO] [stdout] 
[INFO] [stdout] 
[INFO] [stdout] warning: variable does not need to be mutable
[INFO] [stdout]   --> src/main.rs:39:7
[INFO] [stdout]    |
[INFO] [stdout] 39 |   let mut world_data: Vec<CubeType> = load_world("world.rmc");
[INFO] [stdout]    |       ----^^^^^^^^^^
[INFO] [stdout]    |       |
[INFO] [stdout]    |       help: remove this `mut`
[INFO] [stdout] 
[INFO] [stdout] 
[INFO] [stdout] warning: constant `SUN_DIRECTION` is never used
[INFO] [stdout]   --> src/main.rs:16:7
[INFO] [stdout]    |
[INFO] [stdout] 16 | const SUN_DIRECTION: Vector3 = Vector3{x: 0.0, y: 0.0, z: -1.0};
[INFO] [stdout]    |       ^^^^^^^^^^^^^
[INFO] [stdout]    |
[INFO] [stdout]    = note: `#[warn(dead_code)]` on by default
[INFO] [stdout] 
[INFO] [stdout] 
[INFO] [stderr]     Finished `test` profile [unoptimized + debuginfo] target(s) in 0.59s
[INFO] running `Command { std: "docker" "inspect" "14fe1040270148ed006462986d828edab8feb2b6fade645db8fefcc31f9eeb48", kill_on_drop: false }`
[INFO] running `Command { std: "docker" "rm" "-f" "14fe1040270148ed006462986d828edab8feb2b6fade645db8fefcc31f9eeb48", kill_on_drop: false }`
[INFO] [stdout] 14fe1040270148ed006462986d828edab8feb2b6fade645db8fefcc31f9eeb48
[INFO] running `Command { std: "docker" "create" "-v" "/var/lib/crater-agent-workspace/builds/worker-6-tc1/target:/opt/rustwide/target:rw,Z" "-v" "/var/lib/crater-agent-workspace/builds/worker-6-tc1/source:/opt/rustwide/workdir:ro,Z" "-v" "/var/lib/crater-agent-workspace/cargo-home:/opt/rustwide/cargo-home:ro,Z" "-v" "/var/lib/crater-agent-workspace/rustup-home:/opt/rustwide/rustup-home:ro,Z" "-e" "SOURCE_DIR=/opt/rustwide/workdir" "-e" "CARGO_TARGET_DIR=/opt/rustwide/target" "-e" "CARGO_INCREMENTAL=0" "-e" "RUST_BACKTRACE=full" "-e" "RUSTFLAGS=--cap-lints=warn" "-e" "RUSTDOCFLAGS=--cap-lints=warn" "-e" "CARGO_HOME=/opt/rustwide/cargo-home" "-e" "RUSTUP_HOME=/opt/rustwide/rustup-home" "-w" "/opt/rustwide/workdir" "-m" "1610612736" "--user" "0:0" "--network" "none" "ghcr.io/rust-lang/crates-build-env/linux@sha256:f3a9d4ad9d972b27faf3965f35b62e55ba32bbce8f20bc8fe909558a86702fde" "/opt/rustwide/cargo-home/bin/cargo" "+1.83.0" "test" "--frozen", kill_on_drop: false }`
[INFO] [stdout] 2f2ba90ea947b8d3a834c43c3d216b90c8ea3bf22576f80345451686be3b94e5
[INFO] running `Command { std: "docker" "start" "-a" "2f2ba90ea947b8d3a834c43c3d216b90c8ea3bf22576f80345451686be3b94e5", kill_on_drop: false }`
[INFO] [stderr] warning: value assigned to `main_screen` is never read
[INFO] [stderr]   --> src/main.rs:35:11
[INFO] [stderr]    |
[INFO] [stderr] 35 |   let mut main_screen: Screen = Screen { pixels: Vec::new(), size_x: SCREEN_X_SIZE, size_y: SCREEN_Y_SIZE };
[INFO] [stderr]    |           ^^^^^^^^^^^
[INFO] [stderr]    |
[INFO] [stderr]    = help: maybe it is overwritten before being read?
[INFO] [stderr]    = note: `#[warn(unused_assignments)]` on by default
[INFO] [stderr] 
[INFO] [stderr] warning: unused variable: `idle_interval`
[INFO] [stderr]   --> src/main.rs:85:9
[INFO] [stderr]    |
[INFO] [stderr] 85 |     let idle_interval = std::time::Duration::from_millis(10);
[INFO] [stderr]    |         ^^^^^^^^^^^^^ help: if this is intentional, prefix it with an underscore: `_idle_interval`
[INFO] [stderr]    |
[INFO] [stderr]    = note: `#[warn(unused_variables)]` on by default
[INFO] [stderr] 
[INFO] [stderr] warning: variable does not need to be mutable
[INFO] [stderr]   --> src/main.rs:31:7
[INFO] [stderr]    |
[INFO] [stderr] 31 |   let mut camera_rotation_vertical: f32 = 0.0 * (PI/180.0);
[INFO] [stderr]    |       ----^^^^^^^^^^^^^^^^^^^^^^^^
[INFO] [stderr]    |       |
[INFO] [stderr]    |       help: remove this `mut`
[INFO] [stderr]    |
[INFO] [stderr]    = note: `#[warn(unused_mut)]` on by default
[INFO] [stderr] 
[INFO] [stderr] warning: variable does not need to be mutable
[INFO] [stderr]   --> src/main.rs:39:7
[INFO] [stderr]    |
[INFO] [stderr] 39 |   let mut world_data: Vec<CubeType> = load_world("world.rmc");
[INFO] [stderr]    |       ----^^^^^^^^^^
[INFO] [stderr]    |       |
[INFO] [stderr]    |       help: remove this `mut`
[INFO] [stderr] 
[INFO] [stderr] warning: constant `SUN_DIRECTION` is never used
[INFO] [stderr]   --> src/main.rs:16:7
[INFO] [stderr]    |
[INFO] [stderr] 16 | const SUN_DIRECTION: Vector3 = Vector3{x: 0.0, y: 0.0, z: -1.0};
[INFO] [stderr]    |       ^^^^^^^^^^^^^
[INFO] [stderr]    |
[INFO] [stderr]    = note: `#[warn(dead_code)]` on by default
[INFO] [stderr] 
[INFO] [stderr] warning: `rust-terminal-mc` (bin "rust-terminal-mc" test) generated 5 warnings (run `cargo fix --bin "rust-terminal-mc" --tests` to apply 2 suggestions)
[INFO] [stderr]     Finished `test` profile [unoptimized + debuginfo] target(s) in 0.08s
[INFO] [stderr]      Running unittests src/main.rs (/opt/rustwide/target/debug/deps/rust_terminal_mc-204944fcd460eba2)
[INFO] [stdout] 
[INFO] [stdout] running 9 tests
[INFO] [stdout] test tests::dot_product ... ok
[INFO] [stdout] test tests::angle_to_vector3 ... ok
[INFO] [stdout] test tests::distance ... ok
[INFO] [stdout] test tests::triangle_contains ... ok
[INFO] [stdout] test tests::triangle_normal_and_camera_dot ... ok
[INFO] [stdout] test tests::projection_2d_to_1d ... ok
[INFO] [stdout] test tests::triangle_depth ... ok
[INFO] [stdout] test tests::vertex_render ... FAILED
[INFO] [stdout] test tests::indexing ... FAILED
[INFO] [stdout] 
[INFO] [stdout] failures:
[INFO] [stdout] 
[INFO] [stdout] ---- tests::vertex_render stdout ----
[INFO] [stdout] thread 'tests::vertex_render' panicked at src/main.rs:648:7:
[INFO] [stdout] assertion `left == right` failed
[INFO] [stdout]   left: Vector2 { x: 89.99999, y: -233.28973 }
[INFO] [stdout]  right: Vector2 { x: 0.0, y: 0.0 }
[INFO] [stdout] stack backtrace:
[INFO] [stdout]    0:     0x58d24ba29a5a - std::backtrace_rs::backtrace::libunwind::trace::h5a5b8284f2d0c266
[INFO] [stdout]                                at /rustc/90b35a6239c3d8bdabc530a6a0816f7ff89a0aaf/library/std/src/../../backtrace/src/backtrace/libunwind.rs:116:5
[INFO] [stdout]    1:     0x58d24ba29a5a - std::backtrace_rs::backtrace::trace_unsynchronized::h76d4f1c9b0b875e3
[INFO] [stdout]                                at /rustc/90b35a6239c3d8bdabc530a6a0816f7ff89a0aaf/library/std/src/../../backtrace/src/backtrace/mod.rs:66:5
[INFO] [stdout]    2:     0x58d24ba29a5a - std::sys::backtrace::_print_fmt::hc4546b8364a537c6
[INFO] [stdout]                                at /rustc/90b35a6239c3d8bdabc530a6a0816f7ff89a0aaf/library/std/src/sys/backtrace.rs:66:9
[INFO] [stdout]    3:     0x58d24ba29a5a - <std::sys::backtrace::BacktraceLock::print::DisplayBacktrace as core::fmt::Display>::fmt::h5b6bd5631a6d1f6b
[INFO] [stdout]                                at /rustc/90b35a6239c3d8bdabc530a6a0816f7ff89a0aaf/library/std/src/sys/backtrace.rs:39:26
[INFO] [stdout]    4:     0x58d24ba4f7c3 - core::fmt::rt::Argument::fmt::h270f6602a2b96f62
[INFO] [stdout]                                at /rustc/90b35a6239c3d8bdabc530a6a0816f7ff89a0aaf/library/core/src/fmt/rt.rs:177:76
[INFO] [stdout]    5:     0x58d24ba4f7c3 - core::fmt::write::h7550c97b06c86515
[INFO] [stdout]                                at /rustc/90b35a6239c3d8bdabc530a6a0816f7ff89a0aaf/library/core/src/fmt/mod.rs:1186:21
[INFO] [stdout]    6:     0x58d24ba26c23 - std::io::Write::write_fmt::h509ff860e5956e5e
[INFO] [stdout]                                at /rustc/90b35a6239c3d8bdabc530a6a0816f7ff89a0aaf/library/std/src/io/mod.rs:1839:15
[INFO] [stdout]    7:     0x58d24ba298a2 - std::sys::backtrace::BacktraceLock::print::h2395ccd2c84ba3aa
[INFO] [stdout]                                at /rustc/90b35a6239c3d8bdabc530a6a0816f7ff89a0aaf/library/std/src/sys/backtrace.rs:42:9
[INFO] [stdout]    8:     0x58d24ba2aeba - std::panicking::default_hook::{{closure}}::he19d4c7230e07961
[INFO] [stdout]                                at /rustc/90b35a6239c3d8bdabc530a6a0816f7ff89a0aaf/library/std/src/panicking.rs:268:22
[INFO] [stdout]    9:     0x58d24ba2acc4 - std::panicking::default_hook::hf614597d3c67bbdb
[INFO] [stdout]                                at /rustc/90b35a6239c3d8bdabc530a6a0816f7ff89a0aaf/library/std/src/panicking.rs:292:9
[INFO] [stdout]   10:     0x58d24b9f5db9 - <alloc::boxed::Box<F,A> as core::ops::function::Fn<Args>>::call::h39b51ce4599c23d1
[INFO] [stdout]                                at /rustc/90b35a6239c3d8bdabc530a6a0816f7ff89a0aaf/library/alloc/src/boxed.rs:2468:9
[INFO] [stdout]   11:     0x58d24b9f5db9 - test::test_main::{{closure}}::he977ae839a582784
[INFO] [stdout]                                at /rustc/90b35a6239c3d8bdabc530a6a0816f7ff89a0aaf/library/test/src/lib.rs:133:21
[INFO] [stdout]   12:     0x58d24ba2b558 - <alloc::boxed::Box<F,A> as core::ops::function::Fn<Args>>::call::h9455091b6b06f9fb
[INFO] [stdout]                                at /rustc/90b35a6239c3d8bdabc530a6a0816f7ff89a0aaf/library/alloc/src/boxed.rs:2468:9
[INFO] [stdout]   13:     0x58d24ba2b558 - std::panicking::rust_panic_with_hook::h8942133a8b252070
[INFO] [stdout]                                at /rustc/90b35a6239c3d8bdabc530a6a0816f7ff89a0aaf/library/std/src/panicking.rs:809:13
[INFO] [stdout]   14:     0x58d24ba2b31a - std::panicking::begin_panic_handler::{{closure}}::hb5f5963570096b29
[INFO] [stdout]                                at /rustc/90b35a6239c3d8bdabc530a6a0816f7ff89a0aaf/library/std/src/panicking.rs:674:13
[INFO] [stdout]   15:     0x58d24ba29f39 - std::sys::backtrace::__rust_end_short_backtrace::h6208cedc1922feda
[INFO] [stdout]                                at /rustc/90b35a6239c3d8bdabc530a6a0816f7ff89a0aaf/library/std/src/sys/backtrace.rs:170:18
[INFO] [stdout]   16:     0x58d24ba2afac - rust_begin_unwind
[INFO] [stdout]                                at /rustc/90b35a6239c3d8bdabc530a6a0816f7ff89a0aaf/library/std/src/panicking.rs:665:5
[INFO] [stdout]   17:     0x58d24b9baa50 - core::panicking::panic_fmt::h0c3082644d1bf418
[INFO] [stdout]                                at /rustc/90b35a6239c3d8bdabc530a6a0816f7ff89a0aaf/library/core/src/panicking.rs:74:14
[INFO] [stdout]   18:     0x58d24b9bad7b - core::panicking::assert_failed_inner::h2ddf1fcc067fa858
[INFO] [stdout]   19:     0x58d24b9bb8b0 - core::panicking::assert_failed::hb100023c3ab1c1f8
[INFO] [stdout]                                at /rustc/90b35a6239c3d8bdabc530a6a0816f7ff89a0aaf/library/core/src/panicking.rs:367:5
[INFO] [stdout]   20:     0x58d24b9bcf7b - rust_terminal_mc::tests::vertex_render::h4338262b2da73a74
[INFO] [stdout]                                at /opt/rustwide/workdir/src/main.rs:648:7
[INFO] [stdout]   21:     0x58d24b9bce27 - rust_terminal_mc::tests::vertex_render::{{closure}}::hbbaadc723abc24b4
[INFO] [stdout]                                at /opt/rustwide/workdir/src/main.rs:637:23
[INFO] [stdout]   22:     0x58d24b9bb6b6 - core::ops::function::FnOnce::call_once::heee6fbbd432276bb
[INFO] [stdout]                                at /rustc/90b35a6239c3d8bdabc530a6a0816f7ff89a0aaf/library/core/src/ops/function.rs:250:5
[INFO] [stdout]   23:     0x58d24b9fa77b - core::ops::function::FnOnce::call_once::h109cf8051a59b34e
[INFO] [stdout]                                at /rustc/90b35a6239c3d8bdabc530a6a0816f7ff89a0aaf/library/core/src/ops/function.rs:250:5
[INFO] [stdout]   24:     0x58d24b9fa77b - test::__rust_begin_short_backtrace::hf4fff89d377446ba
[INFO] [stdout]                                at /rustc/90b35a6239c3d8bdabc530a6a0816f7ff89a0aaf/library/test/src/lib.rs:621:18
[INFO] [stdout]   25:     0x58d24b9f9fb7 - test::run_test_in_process::{{closure}}::h0e39181dd7ee5a43
[INFO] [stdout]                                at /rustc/90b35a6239c3d8bdabc530a6a0816f7ff89a0aaf/library/test/src/lib.rs:644:60
[INFO] [stdout]   26:     0x58d24b9f9fb7 - <core::panic::unwind_safe::AssertUnwindSafe<F> as core::ops::function::FnOnce<()>>::call_once::hc5a66a30f0bdfd1f
[INFO] [stdout]                                at /rustc/90b35a6239c3d8bdabc530a6a0816f7ff89a0aaf/library/core/src/panic/unwind_safe.rs:272:9
[INFO] [stdout]   27:     0x58d24b9f9fb7 - std::panicking::try::do_call::h873b7cf639554a5e
[INFO] [stdout]                                at /rustc/90b35a6239c3d8bdabc530a6a0816f7ff89a0aaf/library/std/src/panicking.rs:557:40
[INFO] [stdout]   28:     0x58d24b9f9fb7 - std::panicking::try::hdb19862fad9c8bd1
[INFO] [stdout]                                at /rustc/90b35a6239c3d8bdabc530a6a0816f7ff89a0aaf/library/std/src/panicking.rs:520:19
[INFO] [stdout]   29:     0x58d24b9f9fb7 - std::panic::catch_unwind::h281fe732d236d260
[INFO] [stdout]                                at /rustc/90b35a6239c3d8bdabc530a6a0816f7ff89a0aaf/library/std/src/panic.rs:358:14
[INFO] [stdout]   30:     0x58d24b9f9fb7 - test::run_test_in_process::h949b6df8457ed338
[INFO] [stdout]                                at /rustc/90b35a6239c3d8bdabc530a6a0816f7ff89a0aaf/library/test/src/lib.rs:644:27
[INFO] [stdout]   31:     0x58d24b9f9fb7 - test::run_test::{{closure}}::h52c556a6d4740e10
[INFO] [stdout]                                at /rustc/90b35a6239c3d8bdabc530a6a0816f7ff89a0aaf/library/test/src/lib.rs:565:43
[INFO] [stdout]   32:     0x58d24b9bf294 - test::run_test::{{closure}}::h4237f6381c45ccb9
[INFO] [stdout]                                at /rustc/90b35a6239c3d8bdabc530a6a0816f7ff89a0aaf/library/test/src/lib.rs:595:41
[INFO] [stdout]   33:     0x58d24b9bf294 - std::sys::backtrace::__rust_begin_short_backtrace::h505c97a579eca628
[INFO] [stdout]                                at /rustc/90b35a6239c3d8bdabc530a6a0816f7ff89a0aaf/library/std/src/sys/backtrace.rs:154:18
[INFO] [stdout]   34:     0x58d24b9c295e - std::thread::Builder::spawn_unchecked_::{{closure}}::{{closure}}::h9e86b2e2bc107ea3
[INFO] [stdout]                                at /rustc/90b35a6239c3d8bdabc530a6a0816f7ff89a0aaf/library/std/src/thread/mod.rs:538:17
[INFO] [stdout]   35:     0x58d24b9c295e - <core::panic::unwind_safe::AssertUnwindSafe<F> as core::ops::function::FnOnce<()>>::call_once::h8b06ddb275ff4a25
[INFO] [stdout]                                at /rustc/90b35a6239c3d8bdabc530a6a0816f7ff89a0aaf/library/core/src/panic/unwind_safe.rs:272:9
[INFO] [stdout]   36:     0x58d24b9c295e - std::panicking::try::do_call::hb26ecd7cd9a9355d
[INFO] [stdout]                                at /rustc/90b35a6239c3d8bdabc530a6a0816f7ff89a0aaf/library/std/src/panicking.rs:557:40
[INFO] [stdout]   37:     0x58d24b9c295e - std::panicking::try::h8ddeca9d705f9069
[INFO] [stdout]                                at /rustc/90b35a6239c3d8bdabc530a6a0816f7ff89a0aaf/library/std/src/panicking.rs:520:19
[INFO] [stdout]   38:     0x58d24b9c295e - std::panic::catch_unwind::h49e1c33078844c46
[INFO] [stdout]                                at /rustc/90b35a6239c3d8bdabc530a6a0816f7ff89a0aaf/library/std/src/panic.rs:358:14
[INFO] [stdout]   39:     0x58d24b9c295e - std::thread::Builder::spawn_unchecked_::{{closure}}::h6073db6ff56ad35d
[INFO] [stdout]                                at /rustc/90b35a6239c3d8bdabc530a6a0816f7ff89a0aaf/library/std/src/thread/mod.rs:537:30
[INFO] [stdout]   40:     0x58d24b9c295e - core::ops::function::FnOnce::call_once{{vtable.shim}}::h2c5a5f3779c774f1
[INFO] [stdout]                                at /rustc/90b35a6239c3d8bdabc530a6a0816f7ff89a0aaf/library/core/src/ops/function.rs:250:5
[INFO] [stdout]   41:     0x58d24ba2f2ab - <alloc::boxed::Box<F,A> as core::ops::function::FnOnce<Args>>::call_once::hf75717d9f28faebf
[INFO] [stdout]                                at /rustc/90b35a6239c3d8bdabc530a6a0816f7ff89a0aaf/library/alloc/src/boxed.rs:2454:9
[INFO] [stdout]   42:     0x58d24ba2f2ab - <alloc::boxed::Box<F,A> as core::ops::function::FnOnce<Args>>::call_once::h7bd883a5f3c5f3c1
[INFO] [stdout]                                at /rustc/90b35a6239c3d8bdabc530a6a0816f7ff89a0aaf/library/alloc/src/boxed.rs:2454:9
[INFO] [stdout]   43:     0x58d24ba2f2ab - std::sys::pal::unix::thread::Thread::new::thread_start::hcc78f3943333fa94
[INFO] [stdout]                                at /rustc/90b35a6239c3d8bdabc530a6a0816f7ff89a0aaf/library/std/src/sys/pal/unix/thread.rs:105:17
[INFO] [stdout]   44:     0x72b8aecb1ac3 - <unknown>
[INFO] [stdout]   45:     0x72b8aed42a04 - clone
[INFO] [stdout]   46:                0x0 - <unknown>
[INFO] [stdout] 
[INFO] [stdout] ---- tests::indexing stdout ----
[INFO] [stdout] thread 'tests::indexing' panicked at src/main.rs:672:7:
[INFO] [stdout] assertion `left == right` failed
[INFO] [stdout]   left: Vector3 { x: 12.0, y: 12.0, z: 12.0 }
[INFO] [stdout]  right: Vector3 { x: 13.0, y: 3.0, z: 2.0 }
[INFO] [stdout] stack backtrace:
[INFO] [stdout]    0:     0x58d24ba29a5a - std::backtrace_rs::backtrace::libunwind::trace::h5a5b8284f2d0c266
[INFO] [stdout]                                at /rustc/90b35a6239c3d8bdabc530a6a0816f7ff89a0aaf/library/std/src/../../backtrace/src/backtrace/libunwind.rs:116:5
[INFO] [stdout]    1:     0x58d24ba29a5a - std::backtrace_rs::backtrace::trace_unsynchronized::h76d4f1c9b0b875e3
[INFO] [stdout]                                at /rustc/90b35a6239c3d8bdabc530a6a0816f7ff89a0aaf/library/std/src/../../backtrace/src/backtrace/mod.rs:66:5
[INFO] [stdout]    2:     0x58d24ba29a5a - std::sys::backtrace::_print_fmt::hc4546b8364a537c6
[INFO] [stdout]                                at /rustc/90b35a6239c3d8bdabc530a6a0816f7ff89a0aaf/library/std/src/sys/backtrace.rs:66:9
[INFO] [stdout]    3:     0x58d24ba29a5a - <std::sys::backtrace::BacktraceLock::print::DisplayBacktrace as core::fmt::Display>::fmt::h5b6bd5631a6d1f6b
[INFO] [stdout]                                at /rustc/90b35a6239c3d8bdabc530a6a0816f7ff89a0aaf/library/std/src/sys/backtrace.rs:39:26
[INFO] [stdout]    4:     0x58d24ba4f7c3 - core::fmt::rt::Argument::fmt::h270f6602a2b96f62
[INFO] [stdout]                                at /rustc/90b35a6239c3d8bdabc530a6a0816f7ff89a0aaf/library/core/src/fmt/rt.rs:177:76
[INFO] [stdout]    5:     0x58d24ba4f7c3 - core::fmt::write::h7550c97b06c86515
[INFO] [stdout]                                at /rustc/90b35a6239c3d8bdabc530a6a0816f7ff89a0aaf/library/core/src/fmt/mod.rs:1186:21
[INFO] [stdout]    6:     0x58d24ba26c23 - std::io::Write::write_fmt::h509ff860e5956e5e
[INFO] [stdout]                                at /rustc/90b35a6239c3d8bdabc530a6a0816f7ff89a0aaf/library/std/src/io/mod.rs:1839:15
[INFO] [stdout]    7:     0x58d24ba298a2 - std::sys::backtrace::BacktraceLock::print::h2395ccd2c84ba3aa
[INFO] [stdout]                                at /rustc/90b35a6239c3d8bdabc530a6a0816f7ff89a0aaf/library/std/src/sys/backtrace.rs:42:9
[INFO] [stdout]    8:     0x58d24ba2aeba - std::panicking::default_hook::{{closure}}::he19d4c7230e07961
[INFO] [stdout]                                at /rustc/90b35a6239c3d8bdabc530a6a0816f7ff89a0aaf/library/std/src/panicking.rs:268:22
[INFO] [stdout]    9:     0x58d24ba2acc4 - std::panicking::default_hook::hf614597d3c67bbdb
[INFO] [stdout]                                at /rustc/90b35a6239c3d8bdabc530a6a0816f7ff89a0aaf/library/std/src/panicking.rs:292:9
[INFO] [stdout]   10:     0x58d24b9f5db9 - <alloc::boxed::Box<F,A> as core::ops::function::Fn<Args>>::call::h39b51ce4599c23d1
[INFO] [stdout]                                at /rustc/90b35a6239c3d8bdabc530a6a0816f7ff89a0aaf/library/alloc/src/boxed.rs:2468:9
[INFO] [stdout]   11:     0x58d24b9f5db9 - test::test_main::{{closure}}::he977ae839a582784
[INFO] [stdout]                                at /rustc/90b35a6239c3d8bdabc530a6a0816f7ff89a0aaf/library/test/src/lib.rs:133:21
[INFO] [stdout]   12:     0x58d24ba2b558 - <alloc::boxed::Box<F,A> as core::ops::function::Fn<Args>>::call::h9455091b6b06f9fb
[INFO] [stdout]                                at /rustc/90b35a6239c3d8bdabc530a6a0816f7ff89a0aaf/library/alloc/src/boxed.rs:2468:9
[INFO] [stdout]   13:     0x58d24ba2b558 - std::panicking::rust_panic_with_hook::h8942133a8b252070
[INFO] [stdout]                                at /rustc/90b35a6239c3d8bdabc530a6a0816f7ff89a0aaf/library/std/src/panicking.rs:809:13
[INFO] [stdout]   14:     0x58d24ba2b31a - std::panicking::begin_panic_handler::{{closure}}::hb5f5963570096b29
[INFO] [stdout]                                at /rustc/90b35a6239c3d8bdabc530a6a0816f7ff89a0aaf/library/std/src/panicking.rs:674:13
[INFO] [stdout]   15:     0x58d24ba29f39 - std::sys::backtrace::__rust_end_short_backtrace::h6208cedc1922feda
[INFO] [stdout]                                at /rustc/90b35a6239c3d8bdabc530a6a0816f7ff89a0aaf/library/std/src/sys/backtrace.rs:170:18
[INFO] [stdout]   16:     0x58d24ba2afac - rust_begin_unwind
[INFO] [stdout]                                at /rustc/90b35a6239c3d8bdabc530a6a0816f7ff89a0aaf/library/std/src/panicking.rs:665:5
[INFO] [stdout]   17:     0x58d24b9baa50 - core::panicking::panic_fmt::h0c3082644d1bf418
[INFO] [stdout]                                at /rustc/90b35a6239c3d8bdabc530a6a0816f7ff89a0aaf/library/core/src/panicking.rs:74:14
[INFO] [stdout]   18:     0x58d24b9bad7b - core::panicking::assert_failed_inner::h2ddf1fcc067fa858
[INFO] [stdout]   19:     0x58d24b9bb834 - core::panicking::assert_failed::h159324de898b184b
[INFO] [stdout]                                at /rustc/90b35a6239c3d8bdabc530a6a0816f7ff89a0aaf/library/core/src/panicking.rs:367:5
[INFO] [stdout]   20:     0x58d24b9bd241 - rust_terminal_mc::tests::indexing::h4bc3638e5ffed34f
[INFO] [stdout]                                at /opt/rustwide/workdir/src/main.rs:672:7
[INFO] [stdout]   21:     0x58d24b9bd177 - rust_terminal_mc::tests::indexing::{{closure}}::hb2026010044044bf
[INFO] [stdout]                                at /opt/rustwide/workdir/src/main.rs:667:18
[INFO] [stdout]   22:     0x58d24b9bb636 - core::ops::function::FnOnce::call_once::h9a0be556f92bb3e9
[INFO] [stdout]                                at /rustc/90b35a6239c3d8bdabc530a6a0816f7ff89a0aaf/library/core/src/ops/function.rs:250:5
[INFO] [stdout]   23:     0x58d24b9fa77b - core::ops::function::FnOnce::call_once::h109cf8051a59b34e
[INFO] [stdout]                                at /rustc/90b35a6239c3d8bdabc530a6a0816f7ff89a0aaf/library/core/src/ops/function.rs:250:5
[INFO] [stdout]   24:     0x58d24b9fa77b - test::__rust_begin_short_backtrace::hf4fff89d377446ba
[INFO] [stdout]                                at /rustc/90b35a6239c3d8bdabc530a6a0816f7ff89a0aaf/library/test/src/lib.rs:621:18
[INFO] [stdout]   25:     0x58d24b9f9fb7 - test::run_test_in_process::{{closure}}::h0e39181dd7ee5a43
[INFO] [stdout]                                at /rustc/90b35a6239c3d8bdabc530a6a0816f7ff89a0aaf/library/test/src/lib.rs:644:60
[INFO] [stdout]   26:     0x58d24b9f9fb7 - <core::panic::unwind_safe::AssertUnwindSafe<F> as core::ops::function::FnOnce<()>>::call_once::hc5a66a30f0bdfd1f
[INFO] [stdout]                                at /rustc/90b35a6239c3d8bdabc530a6a0816f7ff89a0aaf/library/core/src/panic/unwind_safe.rs:272:9
[INFO] [stdout]   27:     0x58d24b9f9fb7 - std::panicking::try::do_call::h873b7cf639554a5e
[INFO] [stdout]                                at /rustc/90b35a6239c3d8bdabc530a6a0816f7ff89a0aaf/library/std/src/panicking.rs:557:40
[INFO] [stdout]   28:     0x58d24b9f9fb7 - std::panicking::try::hdb19862fad9c8bd1
[INFO] [stdout]                                at /rustc/90b35a6239c3d8bdabc530a6a0816f7ff89a0aaf/library/std/src/panicking.rs:520:19
[INFO] [stdout]   29:     0x58d24b9f9fb7 - std::panic::catch_unwind::h281fe732d236d260
[INFO] [stdout]                                at /rustc/90b35a6239c3d8bdabc530a6a0816f7ff89a0aaf/library/std/src/panic.rs:358:14
[INFO] [stdout]   30:     0x58d24b9f9fb7 - test::run_test_in_process::h949b6df8457ed338
[INFO] [stdout]                                at /rustc/90b35a6239c3d8bdabc530a6a0816f7ff89a0aaf/library/test/src/lib.rs:644:27
[INFO] [stdout]   31:     0x58d24b9f9fb7 - test::run_test::{{closure}}::h52c556a6d4740e10
[INFO] [stdout]                                at /rustc/90b35a6239c3d8bdabc530a6a0816f7ff89a0aaf/library/test/src/lib.rs:565:43
[INFO] [stdout]   32:     0x58d24b9bf294 - test::run_test::{{closure}}::h4237f6381c45ccb9
[INFO] [stdout]                                at /rustc/90b35a6239c3d8bdabc530a6a0816f7ff89a0aaf/library/test/src/lib.rs:595:41
[INFO] [stdout]   33:     0x58d24b9bf294 - std::sys::backtrace::__rust_begin_short_backtrace::h505c97a579eca628
[INFO] [stdout]                                at /rustc/90b35a6239c3d8bdabc530a6a0816f7ff89a0aaf/library/std/src/sys/backtrace.rs:154:18
[INFO] [stdout]   34:     0x58d24b9c295e - std::thread::Builder::spawn_unchecked_::{{closure}}::{{closure}}::h9e86b2e2bc107ea3
[INFO] [stdout]                                at /rustc/90b35a6239c3d8bdabc530a6a0816f7ff89a0aaf/library/std/src/thread/mod.rs:538:17
[INFO] [stdout]   35:     0x58d24b9c295e - <core::panic::unwind_safe::AssertUnwindSafe<F> as core::ops::function::FnOnce<()>>::call_once::h8b06ddb275ff4a25
[INFO] [stdout]                                at /rustc/90b35a6239c3d8bdabc530a6a0816f7ff89a0aaf/library/core/src/panic/unwind_safe.rs:272:9
[INFO] [stdout]   36:     0x58d24b9c295e - std::panicking::try::do_call::hb26ecd7cd9a9355d
[INFO] [stdout]                                at /rustc/90b35a6239c3d8bdabc530a6a0816f7ff89a0aaf/library/std/src/panicking.rs:557:40
[INFO] [stdout]   37:     0x58d24b9c295e - std::panicking::try::h8ddeca9d705f9069
[INFO] [stdout]                                at /rustc/90b35a6239c3d8bdabc530a6a0816f7ff89a0aaf/library/std/src/panicking.rs:520:19
[INFO] [stdout]   38:     0x58d24b9c295e - std::panic::catch_unwind::h49e1c33078844c46
[INFO] [stdout]                                at /rustc/90b35a6239c3d8bdabc530a6a0816f7ff89a0aaf/library/std/src/panic.rs:358:14
[INFO] [stdout]   39:     0x58d24b9c295e - std::thread::Builder::spawn_unchecked_::{{closure}}::h6073db6ff56ad35d
[INFO] [stdout]                                at /rustc/90b35a6239c3d8bdabc530a6a0816f7ff89a0aaf/library/std/src/thread/mod.rs:537:30
[INFO] [stdout]   40:     0x58d24b9c295e - core::ops::function::FnOnce::call_once{{vtable.shim}}::h2c5a5f3779c774f1
[INFO] [stdout]                                at /rustc/90b35a6239c3d8bdabc530a6a0816f7ff89a0aaf/library/core/src/ops/function.rs:250:5
[INFO] [stdout]   41:     0x58d24ba2f2ab - <alloc::boxed::Box<F,A> as core::ops::function::FnOnce<Args>>::call_once::hf75717d9f28faebf
[INFO] [stdout]                                at /rustc/90b35a6239c3d8bdabc530a6a0816f7ff89a0aaf/library/alloc/src/boxed.rs:2454:9
[INFO] [stdout]   42:     0x58d24ba2f2ab - <alloc::boxed::Box<F,A> as core::ops::function::FnOnce<Args>>::call_once::h7bd883a5f3c5f3c1
[INFO] [stdout]                                at /rustc/90b35a6239c3d8bdabc530a6a0816f7ff89a0aaf/library/alloc/src/boxed.rs:2454:9
[INFO] [stdout]   43:     0x58d24ba2f2ab - std::sys::pal::unix::thread::Thread::new::thread_start::hcc78f3943333fa94
[INFO] [stdout]                                at /rustc/90b35a6239c3d8bdabc530a6a0816f7ff89a0aaf/library/std/src/sys/pal/unix/thread.rs:105:17
[INFO] [stdout]   44:     0x72b8aecb1ac3 - <unknown>
[INFO] [stdout]   45:     0x72b8aed42a04 - clone
[INFO] [stdout]   46:                0x0 - <unknown>
[INFO] [stdout] 
[INFO] [stdout] 
[INFO] [stdout] failures:
[INFO] [stdout]     tests::indexing
[INFO] [stdout]     tests::vertex_render
[INFO] [stdout] 
[INFO] [stdout] test result: FAILED. 7 passed; 2 failed; 0 ignored; 0 measured; 0 filtered out; finished in 0.03s
[INFO] [stdout] 
[INFO] [stderr] error: test failed, to rerun pass `--bin rust-terminal-mc`
[INFO] running `Command { std: "docker" "inspect" "2f2ba90ea947b8d3a834c43c3d216b90c8ea3bf22576f80345451686be3b94e5", kill_on_drop: false }`
[INFO] running `Command { std: "docker" "rm" "-f" "2f2ba90ea947b8d3a834c43c3d216b90c8ea3bf22576f80345451686be3b94e5", kill_on_drop: false }`
[INFO] [stdout] 2f2ba90ea947b8d3a834c43c3d216b90c8ea3bf22576f80345451686be3b94e5
