[INFO] cloning repository https://github.com/Oriolus-Software/LOTUS-Scripting
[INFO] running `Command { std: "git" "-c" "credential.helper=" "-c" "credential.helper=/workspace/cargo-home/bin/git-credential-null" "clone" "--bare" "https://github.com/Oriolus-Software/LOTUS-Scripting" "/workspace/cache/git-repos/https%3A%2F%2Fgithub.com%2FOriolus-Software%2FLOTUS-Scripting", kill_on_drop: false }`
[INFO] [stderr] Cloning into bare repository '/workspace/cache/git-repos/https%3A%2F%2Fgithub.com%2FOriolus-Software%2FLOTUS-Scripting'...
[INFO] running `Command { std: "git" "rev-parse" "HEAD", kill_on_drop: false }`
[INFO] [stdout] a33b14c94a0802c54e961a4a1035ca4d5caf1108
[INFO] testing Oriolus-Software/LOTUS-Scripting against 1.83.0 for beta-1.84.0-4-retry
[INFO] running `Command { std: "git" "clone" "/workspace/cache/git-repos/https%3A%2F%2Fgithub.com%2FOriolus-Software%2FLOTUS-Scripting" "/workspace/builds/worker-5-tc1/source", kill_on_drop: false }`
[INFO] [stderr] Cloning into '/workspace/builds/worker-5-tc1/source'...
[INFO] [stderr] done.
[INFO] validating manifest of git repo https://github.com/Oriolus-Software/LOTUS-Scripting on toolchain 1.83.0
[INFO] running `Command { std: CARGO_HOME="/workspace/cargo-home" RUSTUP_HOME="/workspace/rustup-home" "/workspace/cargo-home/bin/cargo" "+1.83.0" "metadata" "--manifest-path" "Cargo.toml" "--no-deps", kill_on_drop: false }`
[INFO] started tweaking git repo https://github.com/Oriolus-Software/LOTUS-Scripting
[INFO] finished tweaking git repo https://github.com/Oriolus-Software/LOTUS-Scripting
[INFO] tweaked toml for git repo https://github.com/Oriolus-Software/LOTUS-Scripting written to /workspace/builds/worker-5-tc1/source/Cargo.toml
[INFO] crate git repo https://github.com/Oriolus-Software/LOTUS-Scripting already has a lockfile, it will not be regenerated
[INFO] running `Command { std: CARGO_HOME="/workspace/cargo-home" RUSTUP_HOME="/workspace/rustup-home" "/workspace/cargo-home/bin/cargo" "+1.83.0" "fetch" "--manifest-path" "Cargo.toml", kill_on_drop: false }`
[INFO] [stderr]  Downloading crates ...
[INFO] [stderr]   Downloaded cargo_toml v0.20.5
[INFO] [stderr]   Downloaded bevy_color v0.15.1
[INFO] [stderr]   Downloaded wat v1.220.0
[INFO] [stderr]   Downloaded postcard v1.0.10
[INFO] [stderr]   Downloaded wast v220.0.0
[INFO] [stderr]   Downloaded wasm-encoder v0.220.0
[INFO] [stderr]   Downloaded wasmparser v0.220.0
[INFO] running `Command { std: "docker" "create" "-v" "/var/lib/crater-agent-workspace/builds/worker-5-tc1/target:/opt/rustwide/target:rw,Z" "-v" "/var/lib/crater-agent-workspace/builds/worker-5-tc1/source:/opt/rustwide/workdir:ro,Z" "-v" "/var/lib/crater-agent-workspace/cargo-home:/opt/rustwide/cargo-home:ro,Z" "-v" "/var/lib/crater-agent-workspace/rustup-home:/opt/rustwide/rustup-home:ro,Z" "-e" "SOURCE_DIR=/opt/rustwide/workdir" "-e" "CARGO_TARGET_DIR=/opt/rustwide/target" "-e" "CARGO_HOME=/opt/rustwide/cargo-home" "-e" "RUSTUP_HOME=/opt/rustwide/rustup-home" "-w" "/opt/rustwide/workdir" "-m" "1610612736" "--user" "0:0" "--network" "none" "ghcr.io/rust-lang/crates-build-env/linux@sha256:f3a9d4ad9d972b27faf3965f35b62e55ba32bbce8f20bc8fe909558a86702fde" "/opt/rustwide/cargo-home/bin/cargo" "+1.83.0" "metadata" "--no-deps" "--format-version=1", kill_on_drop: false }`
[INFO] [stdout] 5f4858415ffb4453bfa9170d9b2886aa2a0614606108a0d6e54a09cc633adcfc
[INFO] running `Command { std: "docker" "start" "-a" "5f4858415ffb4453bfa9170d9b2886aa2a0614606108a0d6e54a09cc633adcfc", kill_on_drop: false }`
[INFO] running `Command { std: "docker" "inspect" "5f4858415ffb4453bfa9170d9b2886aa2a0614606108a0d6e54a09cc633adcfc", kill_on_drop: false }`
[INFO] running `Command { std: "docker" "rm" "-f" "5f4858415ffb4453bfa9170d9b2886aa2a0614606108a0d6e54a09cc633adcfc", kill_on_drop: false }`
[INFO] [stdout] 5f4858415ffb4453bfa9170d9b2886aa2a0614606108a0d6e54a09cc633adcfc
[INFO] running `Command { std: "docker" "create" "-v" "/var/lib/crater-agent-workspace/builds/worker-5-tc1/target:/opt/rustwide/target:rw,Z" "-v" "/var/lib/crater-agent-workspace/builds/worker-5-tc1/source:/opt/rustwide/workdir:ro,Z" "-v" "/var/lib/crater-agent-workspace/cargo-home:/opt/rustwide/cargo-home:ro,Z" "-v" "/var/lib/crater-agent-workspace/rustup-home:/opt/rustwide/rustup-home:ro,Z" "-e" "SOURCE_DIR=/opt/rustwide/workdir" "-e" "CARGO_TARGET_DIR=/opt/rustwide/target" "-e" "CARGO_INCREMENTAL=0" "-e" "RUST_BACKTRACE=full" "-e" "RUSTFLAGS=--cap-lints=warn" "-e" "RUSTDOCFLAGS=--cap-lints=warn" "-e" "CARGO_HOME=/opt/rustwide/cargo-home" "-e" "RUSTUP_HOME=/opt/rustwide/rustup-home" "-w" "/opt/rustwide/workdir" "-m" "1610612736" "--user" "0:0" "--network" "none" "ghcr.io/rust-lang/crates-build-env/linux@sha256:f3a9d4ad9d972b27faf3965f35b62e55ba32bbce8f20bc8fe909558a86702fde" "/opt/rustwide/cargo-home/bin/cargo" "+1.83.0" "build" "--frozen" "--message-format=json", kill_on_drop: false }`
[INFO] [stdout] c0dfb1802e17fc521e67eb4b1e86b2cbc47bb75e34e218f5911558653635c834
[INFO] running `Command { std: "docker" "start" "-a" "c0dfb1802e17fc521e67eb4b1e86b2cbc47bb75e34e218f5911558653635c834", kill_on_drop: false }`
[INFO] [stderr]    Compiling proc-macro2 v1.0.92
[INFO] [stderr]    Compiling unicode-ident v1.0.14
[INFO] [stderr]    Compiling serde v1.0.215
[INFO] [stderr]    Compiling autocfg v1.4.0
[INFO] [stderr]    Compiling paste v1.0.15
[INFO] [stderr]    Compiling once_cell v1.20.2
[INFO] [stderr]    Compiling byteorder v1.5.0
[INFO] [stderr]    Compiling hashbrown v0.15.1
[INFO] [stderr]    Compiling utf8parse v0.2.2
[INFO] [stderr]    Compiling libc v0.2.164
[INFO] [stderr]    Compiling equivalent v1.0.1
[INFO] [stderr]    Compiling thiserror v2.0.3
[INFO] [stderr]    Compiling serde_json v1.0.133
[INFO] [stderr]    Compiling ryu v1.0.18
[INFO] [stderr]    Compiling itoa v1.0.13
[INFO] [stderr]    Compiling is_terminal_polyfill v1.70.1
[INFO] [stderr]    Compiling tracing-core v0.1.32
[INFO] [stderr]    Compiling anstyle-parse v0.2.6
[INFO] [stderr]    Compiling winnow v0.6.20
[INFO] [stderr]    Compiling anstyle v1.0.10
[INFO] [stderr]    Compiling anstyle-query v1.1.2
[INFO] [stderr]    Compiling colorchoice v1.0.3
[INFO] [stderr]    Compiling memchr v2.7.4
[INFO] [stderr]    Compiling heck v0.5.0
[INFO] [stderr]    Compiling cfg-if v1.0.0
[INFO] [stderr]    Compiling overload v0.1.1
[INFO] [stderr]    Compiling log v0.4.22
[INFO] [stderr]    Compiling strsim v0.11.1
[INFO] [stderr]    Compiling option-ext v0.2.0
[INFO] [stderr]    Compiling lazy_static v1.5.0
[INFO] [stderr]    Compiling clap_lex v0.7.3
[INFO] [stderr]    Compiling anstream v0.6.18
[INFO] [stderr]    Compiling anyhow v1.0.93
[INFO] [stderr]    Compiling sharded-slab v0.1.7
[INFO] [stderr]    Compiling tracing-log v0.2.0
[INFO] [stderr]    Compiling nu-ansi-term v0.46.0
[INFO] [stderr]    Compiling indexmap v2.6.0
[INFO] [stderr]    Compiling quote v1.0.37
[INFO] [stderr]    Compiling num-traits v0.2.19
[INFO] [stderr]    Compiling clap_builder v4.5.21
[INFO] [stderr]    Compiling syn v2.0.89
[INFO] [stderr]    Compiling thread_local v1.1.8
[INFO] [stderr]    Compiling dirs-sys v0.4.1
[INFO] [stderr]    Compiling smallvec v1.13.2
[INFO] [stderr]    Compiling pin-project-lite v0.2.15
[INFO] [stderr]    Compiling dirs v5.0.1
[INFO] [stderr]    Compiling tracing-subscriber v0.3.18
[INFO] [stderr]    Compiling rmp v0.8.14
[INFO] [stderr]    Compiling serde_derive v1.0.215
[INFO] [stderr]    Compiling lotus-bindgen-macros v0.1.1 (/opt/rustwide/workdir/lotus-bindgen-macros)
[INFO] [stderr]    Compiling thiserror-impl v2.0.3
[INFO] [stderr]    Compiling serde_repr v0.1.19
[INFO] [stderr]    Compiling tracing-attributes v0.1.27
[INFO] [stderr]    Compiling clap_derive v4.5.18
[INFO] [stderr]    Compiling tracing v0.1.40
[INFO] [stderr]    Compiling clap v4.5.21
[INFO] [stderr]    Compiling toml_datetime v0.6.8
[INFO] [stderr]    Compiling serde_spanned v0.6.8
[INFO] [stderr]    Compiling rmp-serde v1.3.0
[INFO] [stderr]    Compiling toml_edit v0.22.22
[INFO] [stderr]    Compiling lotus-script-sys v0.2.3 (/opt/rustwide/workdir/lotus-script-sys)
[INFO] [stderr]    Compiling lotus-shared v0.3.4 (/opt/rustwide/workdir/lotus-shared)
[INFO] [stderr]    Compiling lotus-script v0.5.8 (/opt/rustwide/workdir/lotus-script)
[INFO] [stderr]    Compiling toml v0.8.19
[INFO] [stderr]    Compiling cargo_toml v0.20.5
[INFO] [stderr]    Compiling lotus-sc v0.2.0 (/opt/rustwide/workdir/lotus-sc)
[INFO] [stderr]     Finished `dev` profile [optimized + debuginfo] target(s) in 44.42s
[INFO] running `Command { std: "docker" "inspect" "c0dfb1802e17fc521e67eb4b1e86b2cbc47bb75e34e218f5911558653635c834", kill_on_drop: false }`
[INFO] running `Command { std: "docker" "rm" "-f" "c0dfb1802e17fc521e67eb4b1e86b2cbc47bb75e34e218f5911558653635c834", kill_on_drop: false }`
[INFO] [stdout] c0dfb1802e17fc521e67eb4b1e86b2cbc47bb75e34e218f5911558653635c834
[INFO] running `Command { std: "docker" "create" "-v" "/var/lib/crater-agent-workspace/builds/worker-5-tc1/target:/opt/rustwide/target:rw,Z" "-v" "/var/lib/crater-agent-workspace/builds/worker-5-tc1/source:/opt/rustwide/workdir:ro,Z" "-v" "/var/lib/crater-agent-workspace/cargo-home:/opt/rustwide/cargo-home:ro,Z" "-v" "/var/lib/crater-agent-workspace/rustup-home:/opt/rustwide/rustup-home:ro,Z" "-e" "SOURCE_DIR=/opt/rustwide/workdir" "-e" "CARGO_TARGET_DIR=/opt/rustwide/target" "-e" "CARGO_INCREMENTAL=0" "-e" "RUST_BACKTRACE=full" "-e" "RUSTFLAGS=--cap-lints=warn" "-e" "RUSTDOCFLAGS=--cap-lints=warn" "-e" "CARGO_HOME=/opt/rustwide/cargo-home" "-e" "RUSTUP_HOME=/opt/rustwide/rustup-home" "-w" "/opt/rustwide/workdir" "-m" "1610612736" "--user" "0:0" "--network" "none" "ghcr.io/rust-lang/crates-build-env/linux@sha256:f3a9d4ad9d972b27faf3965f35b62e55ba32bbce8f20bc8fe909558a86702fde" "/opt/rustwide/cargo-home/bin/cargo" "+1.83.0" "test" "--frozen" "--no-run" "--message-format=json", kill_on_drop: false }`
[INFO] [stdout] 9859f1d4ac8802cf7fa37344b6fd85b0654d53a90925e8936a35b8585f25ef48
[INFO] running `Command { std: "docker" "start" "-a" "9859f1d4ac8802cf7fa37344b6fd85b0654d53a90925e8936a35b8585f25ef48", kill_on_drop: false }`
[INFO] [stderr]    Compiling lotus-bindgen-macros v0.1.1 (/opt/rustwide/workdir/lotus-bindgen-macros)
[INFO] [stderr]    Compiling lotus-script-sys v0.2.3 (/opt/rustwide/workdir/lotus-script-sys)
[INFO] [stderr]    Compiling lotus-shared v0.3.4 (/opt/rustwide/workdir/lotus-shared)
[INFO] [stderr]    Compiling lotus-script v0.5.8 (/opt/rustwide/workdir/lotus-script)
[INFO] [stderr]    Compiling lotus-sc v0.2.0 (/opt/rustwide/workdir/lotus-sc)
[INFO] [stderr]     Finished `test` profile [optimized + debuginfo] target(s) in 1.73s
[INFO] running `Command { std: "docker" "inspect" "9859f1d4ac8802cf7fa37344b6fd85b0654d53a90925e8936a35b8585f25ef48", kill_on_drop: false }`
[INFO] running `Command { std: "docker" "rm" "-f" "9859f1d4ac8802cf7fa37344b6fd85b0654d53a90925e8936a35b8585f25ef48", kill_on_drop: false }`
[INFO] [stdout] 9859f1d4ac8802cf7fa37344b6fd85b0654d53a90925e8936a35b8585f25ef48
[INFO] running `Command { std: "docker" "create" "-v" "/var/lib/crater-agent-workspace/builds/worker-5-tc1/target:/opt/rustwide/target:rw,Z" "-v" "/var/lib/crater-agent-workspace/builds/worker-5-tc1/source:/opt/rustwide/workdir:ro,Z" "-v" "/var/lib/crater-agent-workspace/cargo-home:/opt/rustwide/cargo-home:ro,Z" "-v" "/var/lib/crater-agent-workspace/rustup-home:/opt/rustwide/rustup-home:ro,Z" "-e" "SOURCE_DIR=/opt/rustwide/workdir" "-e" "CARGO_TARGET_DIR=/opt/rustwide/target" "-e" "CARGO_INCREMENTAL=0" "-e" "RUST_BACKTRACE=full" "-e" "RUSTFLAGS=--cap-lints=warn" "-e" "RUSTDOCFLAGS=--cap-lints=warn" "-e" "CARGO_HOME=/opt/rustwide/cargo-home" "-e" "RUSTUP_HOME=/opt/rustwide/rustup-home" "-w" "/opt/rustwide/workdir" "-m" "1610612736" "--user" "0:0" "--network" "none" "ghcr.io/rust-lang/crates-build-env/linux@sha256:f3a9d4ad9d972b27faf3965f35b62e55ba32bbce8f20bc8fe909558a86702fde" "/opt/rustwide/cargo-home/bin/cargo" "+1.83.0" "test" "--frozen", kill_on_drop: false }`
[INFO] [stdout] abdf886f6d8f69ddc5bd8ba321a52bed175425a3850e0e760ca7cfe30ac4e971
[INFO] running `Command { std: "docker" "start" "-a" "abdf886f6d8f69ddc5bd8ba321a52bed175425a3850e0e760ca7cfe30ac4e971", kill_on_drop: false }`
[INFO] [stderr]     Finished `test` profile [optimized + debuginfo] target(s) in 0.19s
[INFO] [stderr]      Running unittests src/lib.rs (/opt/rustwide/target/debug/deps/lotus_bindgen_macros-ca656e3c0bbb20cb)
[INFO] [stdout] 
[INFO] [stdout] running 0 tests
[INFO] [stdout] 
[INFO] [stdout] test result: ok. 0 passed; 0 failed; 0 ignored; 0 measured; 0 filtered out; finished in 0.00s
[INFO] [stdout] 
[INFO] [stderr]      Running unittests src/main.rs (/opt/rustwide/target/debug/deps/lotus_sc-18aa6507309a10d5)
[INFO] [stdout] 
[INFO] [stdout] running 0 tests
[INFO] [stdout] 
[INFO] [stdout] test result: ok. 0 passed; 0 failed; 0 ignored; 0 measured; 0 filtered out; finished in 0.00s
[INFO] [stdout] 
[INFO] [stderr]      Running unittests src/lib.rs (/opt/rustwide/target/debug/deps/lotus_script-9f708149177ed28d)
[INFO] [stdout] 
[INFO] [stdout] running 0 tests
[INFO] [stdout] 
[INFO] [stdout] test result: ok. 0 passed; 0 failed; 0 ignored; 0 measured; 0 filtered out; finished in 0.00s
[INFO] [stdout] 
[INFO] [stderr]      Running unittests src/lib.rs (/opt/rustwide/target/debug/deps/lotus_script_sys-6704cdaf37dc5903)
[INFO] [stdout] 
[INFO] [stdout] running 0 tests
[INFO] [stdout] 
[INFO] [stdout] test result: ok. 0 passed; 0 failed; 0 ignored; 0 measured; 0 filtered out; finished in 0.00s
[INFO] [stdout] 
[INFO] [stderr]      Running unittests src/lib.rs (/opt/rustwide/target/debug/deps/lotus_shared-5e8a0cdab5f7a3a6)
[INFO] [stdout] 
[INFO] [stdout] running 1 test
[INFO] [stderr]    Doc-tests lotus_bindgen_macros
[INFO] [stdout] test message::tests::test_message ... ok
[INFO] [stdout] 
[INFO] [stdout] test result: ok. 1 passed; 0 failed; 0 ignored; 0 measured; 0 filtered out; finished in 0.00s
[INFO] [stdout] 
[INFO] [stdout] 
[INFO] [stdout] running 0 tests
[INFO] [stdout] 
[INFO] [stdout] test result: ok. 0 passed; 0 failed; 0 ignored; 0 measured; 0 filtered out; finished in 0.00s
[INFO] [stdout] 
[INFO] [stderr]    Doc-tests lotus_script
[INFO] [stdout] 
[INFO] [stdout] running 0 tests
[INFO] [stdout] 
[INFO] [stdout] test result: ok. 0 passed; 0 failed; 0 ignored; 0 measured; 0 filtered out; finished in 0.00s
[INFO] [stdout] 
[INFO] [stderr]    Doc-tests lotus_script_sys
[INFO] [stdout] 
[INFO] [stdout] running 0 tests
[INFO] [stdout] 
[INFO] [stdout] test result: ok. 0 passed; 0 failed; 0 ignored; 0 measured; 0 filtered out; finished in 0.00s
[INFO] [stdout] 
[INFO] [stderr]    Doc-tests lotus_shared
[INFO] [stdout] 
[INFO] [stdout] running 1 test
[INFO] [stdout] test lotus-shared/src/message.rs - message::Message (line 8) - compile ... FAILED
[INFO] [stdout] 
[INFO] [stdout] failures:
[INFO] [stdout] 
[INFO] [stdout] ---- lotus-shared/src/message.rs - message::Message (line 8) stdout ----
[INFO] [stdout] error[E0433]: failed to resolve: use of undeclared crate or module `lotus_script`
[INFO] [stdout]  --> lotus-shared/src/message.rs:10:5
[INFO] [stdout]   |
[INFO] [stdout] 4 | use lotus_script::prelude::*;
[INFO] [stdout]   |     ^^^^^^^^^^^^ use of undeclared crate or module `lotus_script`
[INFO] [stdout]   |
[INFO] [stdout] help: there is a crate or module with a similar name
[INFO] [stdout]   |
[INFO] [stdout] 4 | use lotus_script_sys::prelude::*;
[INFO] [stdout]   |     ~~~~~~~~~~~~~~~~
[INFO] [stdout] 
[INFO] [stdout] error[E0433]: failed to resolve: use of undeclared crate or module `log`
[INFO] [stdout]   --> lotus-shared/src/message.rs:24:8
[INFO] [stdout]    |
[INFO] [stdout] 18 |        log::info!("Received message: {}", m.value);
[INFO] [stdout]    |        ^^^ use of undeclared crate or module `log`
[INFO] [stdout] 
[INFO] [stdout] error[E0405]: cannot find trait `MessageType` in this scope
[INFO] [stdout]   --> lotus-shared/src/message.rs:16:6
[INFO] [stdout]    |
[INFO] [stdout] 10 | impl MessageType for TestMessage {
[INFO] [stdout]    |      ^^^^^^^^^^^ not found in this scope
[INFO] [stdout]    |
[INFO] [stdout] help: consider importing this trait
[INFO] [stdout]    |
[INFO] [stdout] 2  + use lotus_shared::message::MessageType;
[INFO] [stdout]    |
[INFO] [stdout] 
[INFO] [stdout] error[E0412]: cannot find type `Message` in this scope
[INFO] [stdout]   --> lotus-shared/src/message.rs:22:21
[INFO] [stdout]    |
[INFO] [stdout] 16 | fn handle(message: &Message) {
[INFO] [stdout]    |                     ^^^^^^^ not found in this scope
[INFO] [stdout]    |
[INFO] [stdout] help: consider importing this struct
[INFO] [stdout]    |
[INFO] [stdout] 2  + use lotus_shared::message::Message;
[INFO] [stdout]    |
[INFO] [stdout] 
[INFO] [stdout] error[E0433]: failed to resolve: use of undeclared type `Message`
[INFO] [stdout]   --> lotus-shared/src/message.rs:28:9
[INFO] [stdout]    |
[INFO] [stdout] 22 | handle(&Message::new(TestMessage { value: 42 }));
[INFO] [stdout]    |         ^^^^^^^ use of undeclared type `Message`
[INFO] [stdout]    |
[INFO] [stdout] help: consider importing this struct
[INFO] [stdout]    |
[INFO] [stdout] 2  + use lotus_shared::message::Message;
[INFO] [stdout]    |
[INFO] [stdout] 
[INFO] [stdout] error: aborting due to 5 previous errors
[INFO] [stdout] 
[INFO] [stdout] Some errors have detailed explanations: E0405, E0412, E0433.
[INFO] [stdout] For more information about an error, try `rustc --explain E0405`.
[INFO] [stdout] Couldn't compile the test.
[INFO] [stdout] 
[INFO] [stdout] failures:
[INFO] [stdout]     lotus-shared/src/message.rs - message::Message (line 8)
[INFO] [stdout] 
[INFO] [stdout] test result: FAILED. 0 passed; 1 failed; 0 ignored; 0 measured; 0 filtered out; finished in 0.10s
[INFO] [stdout] 
[INFO] [stderr] error: doctest failed, to rerun pass `-p lotus-shared --doc`
[INFO] running `Command { std: "docker" "inspect" "abdf886f6d8f69ddc5bd8ba321a52bed175425a3850e0e760ca7cfe30ac4e971", kill_on_drop: false }`
[INFO] running `Command { std: "docker" "rm" "-f" "abdf886f6d8f69ddc5bd8ba321a52bed175425a3850e0e760ca7cfe30ac4e971", kill_on_drop: false }`
[INFO] [stdout] abdf886f6d8f69ddc5bd8ba321a52bed175425a3850e0e760ca7cfe30ac4e971
